[INFO] fetching crate cowbird 0.1.1...
[INFO] testing cowbird-0.1.1 against 1.100.0-beta.1+cargoflags=--release for beta-release-1.100-2
[INFO] extracting crate cowbird 0.1.1 into /workspace/builds/worker-3-tc2/source
[INFO] started tweaking crates.io crate cowbird 0.1.1
[INFO] finished tweaking crates.io crate cowbird 0.1.1
[INFO] tweaked toml for crates.io crate cowbird 0.1.1 written to /workspace/builds/worker-3-tc2/source/Cargo.toml
[INFO] validating manifest of crates.io crate cowbird 0.1.1 on toolchain 1.100.0-beta.1
[INFO] running `Command { std: CARGO_HOME="/workspace/cargo-home" RUSTUP_HOME="/workspace/rustup-home" "/workspace/cargo-home/bin/cargo" "+1.100.0-beta.1" "metadata" "--manifest-path" "Cargo.toml" "--no-deps", kill_on_drop: false }`
[INFO] crate crates.io crate cowbird 0.1.1 already has a lockfile, it will not be regenerated
[INFO] running `Command { std: CARGO_HOME="/workspace/cargo-home" RUSTUP_HOME="/workspace/rustup-home" "/workspace/cargo-home/bin/cargo" "+1.100.0-beta.1" "fetch" "--manifest-path" "Cargo.toml", kill_on_drop: false }`
[INFO] running `Command { std: "docker" "create" "-v" "/var/lib/crater-agent-workspace/builds/worker-3-tc2/source:/opt/rustwide/workdir:ro,Z" "-v" "/var/lib/crater-agent-workspace/builds/worker-3-tc2/target:/opt/rustwide/target:rw,Z" "-v" "/var/lib/crater-agent-workspace/cargo-home:/opt/rustwide/cargo-home:ro,Z" "-v" "/var/lib/crater-agent-workspace/rustup-home:/opt/rustwide/rustup-home:ro,Z" "-m" "1610612736" "--network" "none" "ghcr.io/rust-lang/crates-build-env/linux@sha256:77db811e55d90add9212f6832c23229e3de5f1c1f9905e8cb07319ea15df73ac" "sleep" "infinity", kill_on_drop: false }`
[INFO] [stdout] 531e1048630cc730dc369a185051ae3f9762d6349f77309672948e7b7b5e171c
[INFO] running `Command { std: "docker" "start" "531e1048630cc730dc369a185051ae3f9762d6349f77309672948e7b7b5e171c", kill_on_drop: false }`
[INFO] running `Command { std: "docker" "inspect" "531e1048630cc730dc369a185051ae3f9762d6349f77309672948e7b7b5e171c", kill_on_drop: false }`
[INFO] running `Command { std: "docker" "exec" "-e" "SOURCE_DIR=/opt/rustwide/workdir" "-e" "CARGO_HOME=/opt/rustwide/cargo-home" "-e" "RUSTUP_HOME=/opt/rustwide/rustup-home" "-e" "CARGO_TARGET_DIR=/opt/rustwide/target" "-w" "/opt/rustwide/workdir" "--user" "0:0" "531e1048630cc730dc369a185051ae3f9762d6349f77309672948e7b7b5e171c" "/opt/rustwide/cargo-home/bin/cargo" "+1.100.0-beta.1" "metadata" "--no-deps" "--format-version=1", kill_on_drop: false }`
[INFO] running `Command { std: "docker" "inspect" "531e1048630cc730dc369a185051ae3f9762d6349f77309672948e7b7b5e171c", kill_on_drop: false }`
[INFO] running `Command { std: "docker" "exec" "-e" "SOURCE_DIR=/opt/rustwide/workdir" "-e" "CARGO_HOME=/opt/rustwide/cargo-home" "-e" "RUSTUP_HOME=/opt/rustwide/rustup-home" "-e" "CARGO_TARGET_DIR=/opt/rustwide/target" "-e" "CARGO_INCREMENTAL=0" "-e" "RUST_BACKTRACE=full" "-e" "RUSTFLAGS=--cap-lints=warn" "-e" "RUSTDOCFLAGS=--cap-lints=warn" "-w" "/opt/rustwide/workdir" "--user" "0:0" "531e1048630cc730dc369a185051ae3f9762d6349f77309672948e7b7b5e171c" "/opt/rustwide/cargo-home/bin/cargo" "+1.100.0-beta.1" "build" "--frozen" "--message-format=json" "--release", kill_on_drop: false }`
[INFO] [stderr]    Compiling proc-macro2 v1.0.36
[INFO] [stderr]    Compiling libc v0.2.115
[INFO] [stderr]    Compiling syn v1.0.86
[INFO] [stderr]    Compiling slog v2.5.2
[INFO] [stderr]    Compiling num-traits v0.2.14
[INFO] [stderr]    Compiling memchr v2.4.1
[INFO] [stderr]    Compiling num-integer v0.1.44
[INFO] [stderr]    Compiling serde_derive v1.0.136
[INFO] [stderr]    Compiling crossbeam-utils v0.8.6
[INFO] [stderr]    Compiling serde v1.0.136
[INFO] [stderr]    Compiling indexmap v1.8.0
[INFO] [stderr]    Compiling log v0.4.14
[INFO] [stderr]    Compiling once_cell v1.9.0
[INFO] [stderr]    Compiling slog-async v2.7.0
[INFO] [stderr]    Compiling arc-swap v1.5.0
[INFO] [stderr]    Compiling serde_json v1.0.78
[INFO] [stderr]    Compiling ryu v1.0.9
[INFO] [stderr]    Compiling substring v1.4.5
[INFO] [stderr]    Compiling take_mut v0.2.2
[INFO] [stderr]    Compiling thread_local v1.1.4
[INFO] [stderr]    Compiling itoa v1.0.1
[INFO] [stderr]    Compiling heck v0.4.0
[INFO] [stderr]    Compiling yaml-rust v0.4.5
[INFO] [stderr]    Compiling remove_dir_all v0.5.3
[INFO] [stderr]    Compiling textwrap v0.14.2
[INFO] [stderr]    Compiling byteorder v0.5.3
[INFO] [stderr]    Compiling termcolor v1.1.2
[INFO] [stderr]    Compiling crossbeam-channel v0.5.2
[INFO] [stderr]    Compiling fastrand v1.7.0
[INFO] [stderr]    Compiling slog-scope v4.4.0
[INFO] [stderr]    Compiling whoami v1.2.1
[INFO] [stderr]    Compiling time v0.1.43
[INFO] [stderr]    Compiling dirs-sys-next v0.1.2
[INFO] [stderr]    Compiling atty v0.2.14
[INFO] [stderr]    Compiling quote v1.0.15
[INFO] [stderr]    Compiling slog-stdlog v4.1.0
[INFO] [stderr]    Compiling tempfile v3.3.0
[INFO] [stderr]    Compiling positioned-io v0.2.2
[INFO] [stderr]    Compiling stdio-override v0.1.3
[INFO] [stderr]    Compiling dirs-next v2.0.0
[INFO] [stderr]    Compiling term v0.7.0
[INFO] [stderr]    Compiling aho-corasick v0.7.18
[INFO] [stderr]    Compiling os_str_bytes v6.0.0
[INFO] [stderr]    Compiling proc-macro-error-attr v1.0.4
[INFO] [stderr]    Compiling chrono v0.4.19
[INFO] [stderr]    Compiling regex v1.5.4
[INFO] [stderr]    Compiling slog-term v2.8.0
[INFO] [stderr]    Compiling proc-macro-error v1.0.4
[INFO] [stderr]    Compiling slog-envlogger v2.2.0
[INFO] [stderr]    Compiling thiserror-impl v1.0.30
[INFO] [stderr]    Compiling clap_derive v3.0.12
[INFO] [stderr]    Compiling thiserror v1.0.30
[INFO] [stderr]    Compiling yaml-split v0.3.2
[INFO] [stderr]    Compiling clap v3.0.13
[INFO] [stderr]    Compiling serde_yaml v0.8.23
[INFO] [stderr]    Compiling slog-json v2.5.0
[INFO] [stderr]    Compiling cowbird v0.1.1 (/opt/rustwide/workdir)
[INFO] [stderr] warning: unused dependency `stdio-override`
[INFO] [stderr]   --> Cargo.toml:57:52
[INFO] [stderr]    |
[INFO] [stderr] 57 | [target.'cfg(target_family = "unix")'.dependencies.stdio-override]
[INFO] [stderr]    |                                                    ^^^^^^^^^^^^^^^
[INFO] [stderr]    |
[INFO] [stderr]    = note: `cargo::unused_dependencies` is set to `warn` by default
[INFO] [stderr] help: consider removing the dependency on `stdio-override`
[INFO] [stderr] warning: unused dependency `tempfile`
[INFO] [stderr]   --> Cargo.toml:39:15
[INFO] [stderr]    |
[INFO] [stderr] 39 | [dependencies.tempfile]
[INFO] [stderr]    |               ^^^^^^^^^
[INFO] [stderr]    |
[INFO] [stderr] help: consider removing the dependency on `tempfile`
[INFO] [stderr] warning: `cowbird` (manifest) generated 2 warnings
[INFO] [stderr]     Finished `release` profile [optimized] target(s) in 47.45s
[INFO] running `Command { std: "docker" "inspect" "531e1048630cc730dc369a185051ae3f9762d6349f77309672948e7b7b5e171c", kill_on_drop: false }`
[INFO] running `Command { std: "docker" "exec" "-e" "SOURCE_DIR=/opt/rustwide/workdir" "-e" "CARGO_HOME=/opt/rustwide/cargo-home" "-e" "RUSTUP_HOME=/opt/rustwide/rustup-home" "-e" "CARGO_TARGET_DIR=/opt/rustwide/target" "-e" "CARGO_INCREMENTAL=0" "-e" "RUST_BACKTRACE=full" "-e" "RUSTFLAGS=--cap-lints=warn" "-e" "RUSTDOCFLAGS=--cap-lints=warn" "-w" "/opt/rustwide/workdir" "--user" "0:0" "531e1048630cc730dc369a185051ae3f9762d6349f77309672948e7b7b5e171c" "/opt/rustwide/cargo-home/bin/cargo" "+1.100.0-beta.1" "test" "--frozen" "--no-run" "--message-format=json" "--release", kill_on_drop: false }`
[INFO] [stderr]    Compiling cowbird v0.1.1 (/opt/rustwide/workdir)
[INFO] [stderr] warning: unused dependency `stdio-override`
[INFO] [stderr]   --> Cargo.toml:57:52
[INFO] [stderr]    |
[INFO] [stderr] 57 | [target.'cfg(target_family = "unix")'.dependencies.stdio-override]
[INFO] [stderr]    |                                                    ^^^^^^^^^^^^^^^
[INFO] [stderr]    |
[INFO] [stderr]    = note: `cargo::unused_dependencies` is set to `warn` by default
[INFO] [stderr] help: consider removing the dependency on `stdio-override`
[INFO] [stderr] help: to still use for development builds, move to `dev-dependencies`
[INFO] [stderr] warning: unused dependency `tempfile`
[INFO] [stderr]   --> Cargo.toml:39:15
[INFO] [stderr]    |
[INFO] [stderr] 39 | [dependencies.tempfile]
[INFO] [stderr]    |               ^^^^^^^^^
[INFO] [stderr]    |
[INFO] [stderr] help: consider removing the dependency on `tempfile`
[INFO] [stderr] help: to still use for development builds, move to `dev-dependencies`
[INFO] [stderr] warning: `cowbird` (manifest) generated 2 warnings
[INFO] [stderr]     Finished `release` profile [optimized] target(s) in 4.68s
[INFO] running `Command { std: "docker" "inspect" "531e1048630cc730dc369a185051ae3f9762d6349f77309672948e7b7b5e171c", kill_on_drop: false }`
[INFO] running `Command { std: "docker" "exec" "-e" "SOURCE_DIR=/opt/rustwide/workdir" "-e" "CARGO_HOME=/opt/rustwide/cargo-home" "-e" "RUSTUP_HOME=/opt/rustwide/rustup-home" "-e" "CARGO_TARGET_DIR=/opt/rustwide/target" "-e" "CARGO_INCREMENTAL=0" "-e" "RUST_BACKTRACE=full" "-e" "RUSTFLAGS=--cap-lints=warn" "-e" "RUSTDOCFLAGS=--cap-lints=warn" "-w" "/opt/rustwide/workdir" "--user" "0:0" "531e1048630cc730dc369a185051ae3f9762d6349f77309672948e7b7b5e171c" "/opt/rustwide/cargo-home/bin/cargo" "+1.100.0-beta.1" "test" "--frozen" "--release", kill_on_drop: false }`
[INFO] [stderr] warning: unused dependency `stdio-override`
[INFO] [stderr]   --> Cargo.toml:57:52
[INFO] [stderr]    |
[INFO] [stderr] 57 | [target.'cfg(target_family = "unix")'.dependencies.stdio-override]
[INFO] [stderr]    |                                                    ^^^^^^^^^^^^^^^
[INFO] [stderr]    |
[INFO] [stderr]    = note: `cargo::unused_dependencies` is set to `warn` by default
[INFO] [stderr] help: consider removing the dependency on `stdio-override`
[INFO] [stderr] help: to still use for development builds, move to `dev-dependencies`
[INFO] [stderr] warning: unused dependency `tempfile`
[INFO] [stderr]   --> Cargo.toml:39:15
[INFO] [stderr]    |
[INFO] [stderr] 39 | [dependencies.tempfile]
[INFO] [stderr]    |               ^^^^^^^^^
[INFO] [stderr]    |
[INFO] [stderr] help: consider removing the dependency on `tempfile`
[INFO] [stderr] help: to still use for development builds, move to `dev-dependencies`
[INFO] [stderr] warning: `cowbird` (manifest) generated 2 warnings
[INFO] [stderr]     Finished `release` profile [optimized] target(s) in 0.10s
[INFO] [stderr]      Running unittests src/lib.rs (/opt/rustwide/target/release/build/cowbird/4ebfabd167daa9ca/out/cowbird-4ebfabd167daa9ca)
[INFO] [stdout] 
[INFO] [stdout] running 7 tests
[INFO] [stdout] {"msg":"ok","level":"INFO","ts":"2026-10-18T06:35:27.515065348+00:00","file":"/tmp/.tmpwshvwN/create-test","cmd":"create","type":"file","pid":1559,"cmd_line":"/opt/rustwide/target/release/build/cowbird/4ebfabd167daa9ca/out/cowbird-4ebfabd167daa9ca","username":"root","version":"0.1.1","name":"cowbird"}
[INFO] [stdout] {"msg":"ok","level":"INFO","ts":"2026-10-18T06:35:27.515896117+00:00","file":"/tmp/.tmpjnn5aA","cmd":"delete","type":"file","pid":1559,"cmd_line":"/opt/rustwide/target/release/build/cowbird/4ebfabd167daa9ca/out/cowbird-4ebfabd167daa9ca","username":"root","version":"0.1.1","name":"cowbird"}
[INFO] [stdout] test file::tests::test_delete ... ok
[INFO] [stdout] test file::tests::test_create ... ok
[INFO] [stdout] {"msg":"ok","level":"INFO","ts":"2026-10-18T06:35:27.516638548+00:00","dest":"127.0.0.1:38166","proto":"UDP","cmd":"send","type":"network","pid":1559,"cmd_line":"/opt/rustwide/target/release/build/cowbird/4ebfabd167daa9ca/out/cowbird-4ebfabd167daa9ca","username":"root","version":"0.1.1","name":"cowbird","size":9,"source":"0.0.0.0:52471"}
[INFO] [stdout] {"msg":"ok","level":"INFO","ts":"2026-10-18T06:35:27.516673808+00:00","offset":0,"size":2,"file":"/tmp/.tmpkn91wq","cmd":"modify","type":"file","pid":1559,"cmd_line":"/opt/rustwide/target/release/build/cowbird/4ebfabd167daa9ca/out/cowbird-4ebfabd167daa9ca","username":"root","version":"0.1.1","name":"cowbird"}
[INFO] [stderr]      Running unittests src/main.rs (/opt/rustwide/target/release/build/cowbird/c4b5e376df1069bf/out/cowbird-c4b5e376df1069bf)
[INFO] [stdout] {"msg":"ok","level":"INFO","ts":"2026-10-18T06:35:27.516727497+00:00","offset":2,"size":3,"file":"/tmp/.tmpkn91wq","cmd":"modify","type":"file","pid":1559,"cmd_line":"/opt/rustwide/target/release/build/cowbird/4ebfabd167daa9ca/out/cowbird-4ebfabd167daa9ca","username":"root","version":"0.1.1","name":"cowbird"}
[INFO] [stdout] {"msg":"ok","level":"INFO","ts":"2026-10-18T06:35:27.517203748+00:00","dest":"127.0.0.1:38681","proto":"TCP","cmd":"send","type":"network","pid":1559,"cmd_line":"/opt/rustwide/target/release/build/cowbird/4ebfabd167daa9ca/out/cowbird-4ebfabd167daa9ca","username":"root","version":"0.1.1","name":"cowbird","size":9,"source":"127.0.0.1:46742"}
[INFO] [stdout] test network::tests::test_send_udp ... ok
[INFO] [stdout] test file::tests::test_modify ... ok
[INFO] [stdout] test network::tests::test_send_tcp ... ok
[INFO] [stdout] {"msg":"ok","level":"INFO","ts":"2026-10-18T06:35:27.522496857+00:00","start_ts":"2026-10-18T06:35:27.515831248+00:00","args":"/tmp/.tmpegtbCv/proc-start-touch-test","exec":"touch","cmd":"start","type":"process","pid":1559,"cmd_line":"/opt/rustwide/target/release/build/cowbird/4ebfabd167daa9ca/out/cowbird-4ebfabd167daa9ca","username":"root","version":"0.1.1","name":"cowbird"}
[INFO] [stdout] test process::tests::test_start ... ok
[INFO] [stdout] {"msg":"ok","level":"INFO","ts":"2026-10-18T06:35:27.522780977+00:00","start_ts":"2026-10-18T06:35:27.517086628+00:00","args":"/tmp/.tmpvTiT8y/proc-start-touch-test","exec":"touch","cmd":"start","type":"process","pid":1559,"cmd_line":"/opt/rustwide/target/release/build/cowbird/4ebfabd167daa9ca/out/cowbird-4ebfabd167daa9ca","username":"root","version":"0.1.1","name":"cowbird"}
[INFO] [stdout] test util::tests::test_script ... ok
[INFO] [stdout] 
[INFO] [stdout] test result: ok. 7 passed; 0 failed; 0 ignored; 0 measured; 0 filtered out; finished in 0.01s
[INFO] [stdout] 
[INFO] [stdout] 
[INFO] [stderr]      Running tests/example_script.rs (/opt/rustwide/target/release/build/cowbird/e00d1f51edc2e01b/out/example_script-e00d1f51edc2e01b)
[INFO] [stdout] running 0 tests
[INFO] [stdout] 
[INFO] [stdout] test result: ok. 0 passed; 0 failed; 0 ignored; 0 measured; 0 filtered out; finished in 0.00s
[INFO] [stdout] 
[INFO] [stdout] 
[INFO] [stdout] running 2 tests
[INFO] [stdout] test test_example_script ... ignored
[INFO] [stderr] cat: test.tmp: No such file or directory
[INFO] [stderr] error: test failed, to rerun pass `--test example_script`
[INFO] [stdout] test test_script_api ... FAILED
[INFO] [stdout] 
[INFO] [stdout] failures:
[INFO] [stdout] 
[INFO] [stdout] ---- test_script_api stdout ----
[INFO] [stdout] 
[INFO] [stdout] thread 'test_script_api' (1571) panicked at tests/example_script.rs:41:5:
[INFO] [stdout] assertion `left == right` failed: stderr: {"msg":"ok","level":"INFO","ts":"2026-10-18T06:35:27.582255452+00:00","start_ts":"2026-10-18T06:35:27.537064556+00:00","args":"","exec":"echo","cmd":"start","type":"process","pid":1570,"cmd_line":"/opt/rustwide/target/release/build/cowbird/e00d1f51edc2e01b/out/example_script-e00d1f51edc2e01b","username":"root","version":"0.1.1","name":"cowbird"}
[INFO] [stdout] {"msg":"error: Read-only file system (os error 30)","level":"ERRO","ts":"2026-10-18T06:35:27.582676232+00:00","file":"test.tmp","cmd":"create","type":"file","pid":1570,"cmd_line":"/opt/rustwide/target/release/build/cowbird/e00d1f51edc2e01b/out/example_script-e00d1f51edc2e01b","username":"root","version":"0.1.1","name":"cowbird"}
[INFO] [stdout] {"msg":"error: open: No such file or directory (os error 2)","level":"ERRO","ts":"2026-10-18T06:35:27.582945972+00:00","offset":0,"size":2,"file":"test.tmp","cmd":"modify","type":"file","pid":1570,"cmd_line":"/opt/rustwide/target/release/build/cowbird/e00d1f51edc2e01b/out/example_script-e00d1f51edc2e01b","username":"root","version":"0.1.1","name":"cowbird"}
[INFO] [stdout] {"msg":"error: open: No such file or directory (os error 2)","level":"ERRO","ts":"2026-10-18T06:35:27.583242392+00:00","offset":2,"size":1,"file":"test.tmp","cmd":"modify","type":"file","pid":1570,"cmd_line":"/opt/rustwide/target/release/build/cowbird/e00d1f51edc2e01b/out/example_script-e00d1f51edc2e01b","username":"root","version":"0.1.1","name":"cowbird"}
[INFO] [stdout] {"msg":"exit status: 1","level":"WARN","ts":"2026-10-18T06:35:27.591514331+00:00","start_ts":"2026-10-18T06:35:27.583505202+00:00","args":"test.tmp","exec":"cat","cmd":"start","type":"process","pid":1570,"cmd_line":"/opt/rustwide/target/release/build/cowbird/e00d1f51edc2e01b/out/example_script-e00d1f51edc2e01b","username":"root","version":"0.1.1","name":"cowbird"}
[INFO] [stdout] {"msg":"error: Read-only file system (os error 30)","level":"ERRO","ts":"2026-10-18T06:35:27.591812562+00:00","file":"test.tmp","cmd":"delete","type":"file","pid":1570,"cmd_line":"/opt/rustwide/target/release/build/cowbird/e00d1f51edc2e01b/out/example_script-e00d1f51edc2e01b","username":"root","version":"0.1.1","name":"cowbird"}
[INFO] [stdout] {"msg":"Network is unreachable (os error 101)","level":"ERRO","ts":"2026-10-18T06:35:27.592083431+00:00","dest":"8.8.8.8:8888","proto":"UDP","cmd":"send","type":"network","pid":1570,"cmd_line":"/opt/rustwide/target/release/build/cowbird/e00d1f51edc2e01b/out/example_script-e00d1f51edc2e01b","username":"root","version":"0.1.1","name":"cowbird"}
[INFO] [stdout] {"msg":"ok","level":"INFO","ts":"2026-10-18T06:35:27.592528891+00:00","dest":"127.0.0.1:8888","proto":"TCP","cmd":"send","type":"network","pid":1570,"cmd_line":"/opt/rustwide/target/release/build/cowbird/e00d1f51edc2e01b/out/example_script-e00d1f51edc2e01b","username":"root","version":"0.1.1","name":"cowbird","size":4,"source":"127.0.0.1:60494"}
[INFO] [stdout] {"msg":"ok","level":"INFO","ts":"2026-10-18T06:35:27.598980261+00:00","start_ts":"2026-10-18T06:35:27.592780171+00:00","args":"","exec":"echo","cmd":"start","type":"process","pid":1570,"cmd_line":"/opt/rustwide/target/release/build/cowbird/e00d1f51edc2e01b/out/example_script-e00d1f51edc2e01b","username":"root","version":"0.1.1","name":"cowbird"}
[INFO] [stdout] 
[INFO] [stdout]   left: "\n\n"
[INFO] [stdout]  right: "\nok\n\n"
[INFO] [stdout] stack backtrace:
[INFO] [stdout]    0:     0x5b5ca8641aa1 - <<std[617be2ca0a6fd877]::sys::backtrace::BacktraceLock>::print::DisplayBacktrace as core[a373ad73a504971]::fmt::Display>::fmt
[INFO] [stdout]    1:     0x5b5ca865b0ba - core[a373ad73a504971]::fmt::write
[INFO] [stdout]    2:     0x5b5ca86481ec - <alloc[2e1b2a31b91974c5]::vec::Vec<u8> as core[a373ad73a504971]::io::write::Write>::write_fmt
[INFO] [stdout]    3:     0x5b5ca861c686 - std[617be2ca0a6fd877]::panicking::default_hook::{closure#0}
[INFO] [stdout]    4:     0x5b5ca86393a9 - std[617be2ca0a6fd877]::panicking::default_hook
[INFO] [stdout]    5:     0x5b5ca85cdf40 - test[aada8e7e76ba119b]::test_main_inner::{closure#0}
[INFO] [stdout]    6:     0x5b5ca8639562 - std[617be2ca0a6fd877]::panicking::panic_with_hook
[INFO] [stdout]    7:     0x5b5ca861c732 - std[617be2ca0a6fd877]::panicking::panic_handler::{closure#0}
[INFO] [stdout]    8:     0x5b5ca8614f19 - std[617be2ca0a6fd877]::sys::backtrace::__rust_end_short_backtrace::<std[617be2ca0a6fd877]::panicking::panic_handler::{closure#0}, !>
[INFO] [stdout]    9:     0x5b5ca861d5ad - __rustc[ea4f61d10b84890b]::rust_begin_unwind
[INFO] [stdout]   10:     0x5b5ca865b81c - core[a373ad73a504971]::panicking::panic_fmt
[INFO] [stdout]   11:     0x5b5ca865b793 - core[a373ad73a504971]::panicking::assert_failed_inner
[INFO] [stdout]   12:     0x5b5ca850e419 - core[a373ad73a504971]::panicking::assert_failed::<alloc[2e1b2a31b91974c5]::string::String, &str>
[INFO] [stdout]   13:     0x5b5ca850cbda - example_script[72f08906db11b3ff]::verify
[INFO] [stdout]   14:     0x5b5ca850d80c - <example_script[72f08906db11b3ff]::test_script_api::{closure#0} as core[a373ad73a504971]::ops::function::FnOnce<()>>::call_once
[INFO] [stdout]   15:     0x5b5ca85c138b - test[aada8e7e76ba119b]::__rust_begin_short_backtrace::<core[a373ad73a504971]::result::Result<(), alloc[2e1b2a31b91974c5]::string::String>, fn() -> core[a373ad73a504971]::result::Result<(), alloc[2e1b2a31b91974c5]::string::String>>
[INFO] [stdout]   16:     0x5b5ca85ce565 - test[aada8e7e76ba119b]::run_test::{closure#0}
[INFO] [stdout]   17:     0x5b5ca85c7e54 - std[617be2ca0a6fd877]::sys::backtrace::__rust_begin_short_backtrace::<test[aada8e7e76ba119b]::run_test::{closure#1}, ()>
[INFO] [stdout]   18:     0x5b5ca85d15f2 - <std[617be2ca0a6fd877]::thread::lifecycle::spawn_unchecked<test[aada8e7e76ba119b]::run_test::{closure#1}, ()>::{closure#1} as core[a373ad73a504971]::ops::function::FnOnce<()>>::call_once::{shim:vtable#0}
[INFO] [stdout]   19:     0x5b5ca86406bf - <std[617be2ca0a6fd877]::sys::thread::unix::Thread>::new::thread_start
[INFO] [stdout]   20:     0x797bba7a7dfa - <unknown>
[INFO] [stdout]   21:     0x797bba83b3d4 - clone
[INFO] [stdout]   22:                0x0 - <unknown>
[INFO] [stdout] 
[INFO] [stdout] 
[INFO] [stdout] failures:
[INFO] [stdout]     test_script_api
[INFO] [stdout] 
[INFO] [stdout] test result: FAILED. 0 passed; 1 failed; 1 ignored; 0 measured; 0 filtered out; finished in 0.07s
[INFO] [stdout] 
[INFO] running `Command { std: "docker" "inspect" "531e1048630cc730dc369a185051ae3f9762d6349f77309672948e7b7b5e171c", kill_on_drop: false }`
[INFO] running `Command { std: "docker" "rm" "-f" "531e1048630cc730dc369a185051ae3f9762d6349f77309672948e7b7b5e171c", kill_on_drop: false }`
[INFO] [stdout] 531e1048630cc730dc369a185051ae3f9762d6349f77309672948e7b7b5e171c
