[INFO] fetching crate covy-cli 0.2.0...
[INFO] testing covy-cli-0.2.0 against 1.100.0-beta.1+cargoflags=--release for beta-release-1.100-2
[INFO] extracting crate covy-cli 0.2.0 into /workspace/builds/worker-2-tc2/source
[INFO] started tweaking crates.io crate covy-cli 0.2.0
[INFO] removed 0 missing tests
[INFO] finished tweaking crates.io crate covy-cli 0.2.0
[INFO] tweaked toml for crates.io crate covy-cli 0.2.0 written to /workspace/builds/worker-2-tc2/source/Cargo.toml
[INFO] validating manifest of crates.io crate covy-cli 0.2.0 on toolchain 1.100.0-beta.1
[INFO] running `Command { std: CARGO_HOME="/workspace/cargo-home" RUSTUP_HOME="/workspace/rustup-home" "/workspace/cargo-home/bin/cargo" "+1.100.0-beta.1" "metadata" "--manifest-path" "Cargo.toml" "--no-deps", kill_on_drop: false }`
[INFO] crate crates.io crate covy-cli 0.2.0 already has a lockfile, it will not be regenerated
[INFO] running `Command { std: CARGO_HOME="/workspace/cargo-home" RUSTUP_HOME="/workspace/rustup-home" "/workspace/cargo-home/bin/cargo" "+1.100.0-beta.1" "fetch" "--manifest-path" "Cargo.toml", kill_on_drop: false }`
[INFO] running `Command { std: "docker" "create" "-v" "/var/lib/crater-agent-workspace/builds/worker-2-tc2/source:/opt/rustwide/workdir:ro,Z" "-v" "/var/lib/crater-agent-workspace/builds/worker-2-tc2/target:/opt/rustwide/target:rw,Z" "-v" "/var/lib/crater-agent-workspace/cargo-home:/opt/rustwide/cargo-home:ro,Z" "-v" "/var/lib/crater-agent-workspace/rustup-home:/opt/rustwide/rustup-home:ro,Z" "-m" "1610612736" "--network" "none" "ghcr.io/rust-lang/crates-build-env/linux@sha256:77db811e55d90add9212f6832c23229e3de5f1c1f9905e8cb07319ea15df73ac" "sleep" "infinity", kill_on_drop: false }`
[INFO] [stdout] fd299245a14a681bdcf610c56d749111ab522abc36c2a4433f85075ad60c4b54
[INFO] running `Command { std: "docker" "start" "fd299245a14a681bdcf610c56d749111ab522abc36c2a4433f85075ad60c4b54", kill_on_drop: false }`
[INFO] running `Command { std: "docker" "inspect" "fd299245a14a681bdcf610c56d749111ab522abc36c2a4433f85075ad60c4b54", kill_on_drop: false }`
[INFO] running `Command { std: "docker" "exec" "-e" "SOURCE_DIR=/opt/rustwide/workdir" "-e" "CARGO_HOME=/opt/rustwide/cargo-home" "-e" "RUSTUP_HOME=/opt/rustwide/rustup-home" "-e" "CARGO_TARGET_DIR=/opt/rustwide/target" "-w" "/opt/rustwide/workdir" "--user" "0:0" "fd299245a14a681bdcf610c56d749111ab522abc36c2a4433f85075ad60c4b54" "/opt/rustwide/cargo-home/bin/cargo" "+1.100.0-beta.1" "metadata" "--no-deps" "--format-version=1", kill_on_drop: false }`
[INFO] running `Command { std: "docker" "inspect" "fd299245a14a681bdcf610c56d749111ab522abc36c2a4433f85075ad60c4b54", kill_on_drop: false }`
[INFO] running `Command { std: "docker" "exec" "-e" "SOURCE_DIR=/opt/rustwide/workdir" "-e" "CARGO_HOME=/opt/rustwide/cargo-home" "-e" "RUSTUP_HOME=/opt/rustwide/rustup-home" "-e" "CARGO_TARGET_DIR=/opt/rustwide/target" "-e" "CARGO_INCREMENTAL=0" "-e" "RUST_BACKTRACE=full" "-e" "RUSTFLAGS=--cap-lints=warn" "-e" "RUSTDOCFLAGS=--cap-lints=warn" "-w" "/opt/rustwide/workdir" "--user" "0:0" "fd299245a14a681bdcf610c56d749111ab522abc36c2a4433f85075ad60c4b54" "/opt/rustwide/cargo-home/bin/cargo" "+1.100.0-beta.1" "build" "--frozen" "--message-format=json" "--release", kill_on_drop: false }`
[INFO] [stderr]    Compiling libc v0.2.182
[INFO] [stderr]    Compiling cc v1.2.56
[INFO] [stderr]    Compiling log v0.4.29
[INFO] [stderr]    Compiling aho-corasick v1.1.4
[INFO] [stderr]    Compiling rustix v1.1.3
[INFO] [stderr]    Compiling quote v1.0.44
[INFO] [stderr]    Compiling tracing-core v0.1.36
[INFO] [stderr]    Compiling bitflags v2.11.0
[INFO] [stderr]    Compiling serde_json v1.0.149
[INFO] [stderr]    Compiling linux-raw-sys v0.11.0
[INFO] [stderr]    Compiling bstr v1.12.1
[INFO] [stderr]    Compiling winnow v0.7.14
[INFO] [stderr]    Compiling httparse v1.10.1
[INFO] [stderr]    Compiling arrayvec v0.7.6
[INFO] [stderr]    Compiling simd-adler32 v0.3.8
[INFO] [stderr]    Compiling constant_time_eq v0.4.2
[INFO] [stderr]    Compiling rustls v0.23.36
[INFO] [stderr]    Compiling arrayref v0.3.9
[INFO] [stderr]    Compiling syn v2.0.116
[INFO] [stderr]    Compiling bytemuck v1.25.0
[INFO] [stderr]    Compiling miniz_oxide v0.8.9
[INFO] [stderr]    Compiling anstream v0.6.21
[INFO] [stderr]    Compiling http v1.4.0
[INFO] [stderr]    Compiling roaring v0.10.12
[INFO] [stderr]    Compiling colored v3.1.1
[INFO] [stderr]    Compiling clap_lex v1.0.0
[INFO] [stderr]    Compiling tracing-log v0.2.0
[INFO] [stderr]    Compiling ureq-proto v0.5.3
[INFO] [stderr]    Compiling clap_builder v4.5.59
[INFO] [stderr]    Compiling flate2 v1.1.9
[INFO] [stderr]    Compiling webpki-roots v1.0.6
[INFO] [stderr]    Compiling parking_lot_core v0.9.12
[INFO] [stderr]    Compiling getrandom v0.2.17
[INFO] [stderr]    Compiling ring v0.17.14
[INFO] [stderr]    Compiling blake3 v1.8.3
[INFO] [stderr]    Compiling parking_lot v0.12.5
[INFO] [stderr]    Compiling crossterm v0.29.0
[INFO] [stderr]    Compiling regex-automata v0.4.14
[INFO] [stderr]    Compiling comfy-table v7.2.2
[INFO] [stderr]    Compiling serde_derive v1.0.228
[INFO] [stderr]    Compiling tracing-attributes v0.1.31
[INFO] [stderr]    Compiling thiserror-impl v2.0.18
[INFO] [stderr]    Compiling clap_derive v4.5.55
[INFO] [stderr]    Compiling thiserror v2.0.18
[INFO] [stderr]    Compiling tracing v0.1.44
[INFO] [stderr]    Compiling clap v4.5.59
[INFO] [stderr]    Compiling globset v0.4.18
[INFO] [stderr]    Compiling regex v1.12.3
[INFO] [stderr]    Compiling matchers v0.2.0
[INFO] [stderr]    Compiling tracing-subscriber v0.3.22
[INFO] [stderr]    Compiling serde v1.0.228
[INFO] [stderr]    Compiling ignore v0.4.25
[INFO] [stderr]    Compiling toml_datetime v0.6.11
[INFO] [stderr]    Compiling serde_spanned v0.6.9
[INFO] [stderr]    Compiling bincode v1.3.3
[INFO] [stderr]    Compiling toml_edit v0.22.27
[INFO] [stderr]    Compiling quick-xml v0.37.5
[INFO] [stderr]    Compiling toml v0.8.23
[INFO] [stderr]    Compiling covy-core v0.2.0
[INFO] [stderr]    Compiling rustls-webpki v0.103.9
[INFO] [stderr]    Compiling covy-ingest v0.2.0
[INFO] [stderr]    Compiling ureq v3.2.0
[INFO] [stderr]    Compiling covy-cli v0.2.0 (/opt/rustwide/workdir)
[INFO] [stderr]     Finished `release` profile [optimized] target(s) in 2m 00s
[INFO] running `Command { std: "docker" "inspect" "fd299245a14a681bdcf610c56d749111ab522abc36c2a4433f85075ad60c4b54", kill_on_drop: false }`
[INFO] running `Command { std: "docker" "exec" "-e" "SOURCE_DIR=/opt/rustwide/workdir" "-e" "CARGO_HOME=/opt/rustwide/cargo-home" "-e" "RUSTUP_HOME=/opt/rustwide/rustup-home" "-e" "CARGO_TARGET_DIR=/opt/rustwide/target" "-e" "CARGO_INCREMENTAL=0" "-e" "RUST_BACKTRACE=full" "-e" "RUSTFLAGS=--cap-lints=warn" "-e" "RUSTDOCFLAGS=--cap-lints=warn" "-w" "/opt/rustwide/workdir" "--user" "0:0" "fd299245a14a681bdcf610c56d749111ab522abc36c2a4433f85075ad60c4b54" "/opt/rustwide/cargo-home/bin/cargo" "+1.100.0-beta.1" "test" "--frozen" "--no-run" "--message-format=json" "--release", kill_on_drop: false }`
[INFO] [stderr]    Compiling rustix v1.1.3
[INFO] [stderr]    Compiling bstr v1.12.1
[INFO] [stderr]    Compiling getrandom v0.4.1
[INFO] [stderr]    Compiling float-cmp v0.10.0
[INFO] [stderr]    Compiling assert_cmd v2.1.2
[INFO] [stderr]    Compiling wait-timeout v0.2.1
[INFO] [stderr]    Compiling predicates v3.1.4
[INFO] [stderr]    Compiling globset v0.4.18
[INFO] [stderr]    Compiling ignore v0.4.25
[INFO] [stderr]    Compiling crossterm v0.29.0
[INFO] [stderr]    Compiling tempfile v3.25.0
[INFO] [stderr]    Compiling comfy-table v7.2.2
[INFO] [stderr]    Compiling covy-core v0.2.0
[INFO] [stderr]    Compiling covy-ingest v0.2.0
[INFO] [stderr]    Compiling covy-cli v0.2.0 (/opt/rustwide/workdir)
[INFO] [stderr]     Finished `release` profile [optimized] target(s) in 59.13s
[INFO] running `Command { std: "docker" "inspect" "fd299245a14a681bdcf610c56d749111ab522abc36c2a4433f85075ad60c4b54", kill_on_drop: false }`
[INFO] running `Command { std: "docker" "exec" "-e" "SOURCE_DIR=/opt/rustwide/workdir" "-e" "CARGO_HOME=/opt/rustwide/cargo-home" "-e" "RUSTUP_HOME=/opt/rustwide/rustup-home" "-e" "CARGO_TARGET_DIR=/opt/rustwide/target" "-e" "CARGO_INCREMENTAL=0" "-e" "RUST_BACKTRACE=full" "-e" "RUSTFLAGS=--cap-lints=warn" "-e" "RUSTDOCFLAGS=--cap-lints=warn" "-w" "/opt/rustwide/workdir" "--user" "0:0" "fd299245a14a681bdcf610c56d749111ab522abc36c2a4433f85075ad60c4b54" "/opt/rustwide/cargo-home/bin/cargo" "+1.100.0-beta.1" "test" "--frozen" "--release", kill_on_drop: false }`
[INFO] [stderr]     Finished `release` profile [optimized] target(s) in 0.29s
[INFO] [stderr]      Running unittests src/main.rs (/opt/rustwide/target/release/build/covy-cli/1f5978b40fc90434/out/covy-1f5978b40fc90434)
[INFO] [stdout] 
[INFO] [stdout] running 58 tests
[INFO] [stdout] test cmd_annotate::tests::test_uncovered_blocks_generates_exact_locations ... ok
[INFO] [stdout] test cmd_comment::tests::test_render_comment_markdown_basic_snapshot_shape ... ok
[INFO] [stdout] test cmd_doctor::tests::test_load_config_checked_reports_precise_path ... ok
[INFO] [stdout] test cmd_doctor::tests::test_top_prefixes_ranks_deterministically ... ok
[INFO] [stdout] test cmd_impact::tests::test_build_print_command ... ok
[INFO] [stdout] test cmd_impact::tests::test_apply_policy_sets_escalation_threshold ... ok
[INFO] [stdout] test cmd_impact::tests::test_build_print_command_mixed_languages ... ok
[INFO] [stdout] test cmd_impact::tests::test_build_run_command_args_appends_tests_when_no_placeholders ... ok
[INFO] [stdout] test cmd_impact::tests::test_collect_inputs_from_manifest_rejects_empty_test_id ... ok
[INFO] [stdout] test cmd_impact::tests::test_is_stale_with_zero_timestamp ... ok
[INFO] [stdout] test cmd_init::tests::test_detect_project_name_fallback_to_dir ... ok
[INFO] [stdout] test cmd_impact::tests::test_run_impact_run_skips_execution_for_empty_plan ... ok
[INFO] [stdout] test cmd_init::tests::test_detect_project_name_from_cargo_toml ... ok
[INFO] [stdout] test cmd_impact::tests::test_build_run_command_args_expands_placeholders ... ok
[INFO] [stdout] test cmd_init::tests::test_detect_project_name_from_pom_xml ... ok
[INFO] [stdout] test cmd_init::tests::test_discover_finds_reports ... ok
[INFO] [stdout] test cmd_init::tests::test_generate_config_with_reports ... ok
[INFO] [stdout] test cmd_init::tests::test_resolve_init_config_path_defaults_to_cwd ... ok
[INFO] [stdout] test cmd_init::tests::test_generate_config_without_reports ... ok
[INFO] [stdout] test cmd_map_paths::tests::test_explain_path_prefers_replace_prefix ... ok
[INFO] [stdout] test cmd_init::tests::test_resolve_init_config_path_honors_explicit_relative_config ... ok
[INFO] [stdout] test cmd_map_paths::tests::test_learn_counts_package_style_paths_as_mapped ... ok
[INFO] [stdout] test cmd_map_paths::tests::test_learn_strip_prefixes_from_absolute_paths ... ok
[INFO] [stdout] test cmd_impact::tests::test_run_impact_run_executes_command ... ok
[INFO] [stdout] test cmd_merge::tests::test_write_file_creates_parent_dirs ... ok
[INFO] [stdout] test cmd_map_paths::tests::test_write_strip_prefixes_updates_paths_table ... ok
[INFO] [stdout] test cmd_init::tests::test_discover_excludes_node_modules_dir ... ok
[INFO] [stdout] test cmd_shard::tests::test_apply_tag_filters_pr_excludes_slow ... ok
[INFO] [stdout] test cmd_map_paths::tests::test_resolve_report_files_deduplicates_and_sorts ... ok
[INFO] [stdout] test cmd_shard::tests::test_apply_timing_observations_updates_history ... ok
[INFO] [stdout] test cmd_merge::tests::test_resolve_globs_empty_ok ... ok
[INFO] [stdout] test cmd_shard::tests::test_load_tests_from_file ... ok
[INFO] [stdout] test cmd_shard::tests::test_load_tests_from_impact_json_with_python_nodeids ... ok
[INFO] [stdout] test cmd_shard::tests::test_load_tests_from_tasks_json ... ok
[INFO] [stdout] test cmd_shard::tests::test_resolve_plan_algorithm_prefers_cli_flag ... ok
[INFO] [stdout] test cmd_shard::tests::test_resolve_plan_algorithm_rejects_invalid_config ... ok
[INFO] [stdout] test cmd_shard::tests::test_write_and_load_timings_round_trip ... ok
[INFO] [stdout] test cmd_testmap::tests::test_build_file_to_tests_index ... ok
[INFO] [stdout] test cmd_testmap::tests::test_build_test_language_index_infers_python_nodeid ... ok
[INFO] [stdout] test cmd_init::tests::test_detect_project_name_from_package_json ... ok
[INFO] [stdout] test cmd_testmap::tests::test_manifest_record_coverage_paths ... ok
[INFO] [stdout] test cmd_testmap::tests::test_validate_manifest_records_missing_coverage ... ok
[INFO] [stdout] test cmd_testmap::tests::test_validate_manifest_records_success ... ok
[INFO] [stdout] test shard_timing::tests::test_parse_junit_xml_content ... ok
[INFO] [stdout] test cmd_doctor::tests::test_infer_strip_prefixes_from_suffix_matches ... ok
[INFO] [stdout] test cmd_annotate::tests::test_build_sarif_limits_findings_without_post_truncate ... ok
[INFO] [stdout] test cmd_testmap::tests::test_normalize_language ... ok
[INFO] [stdout] test cmd_comment::tests::test_compute_uncovered_blocks_compacts_ranges ... ok
[INFO] [stdout] test cmd_testmap::tests::test_build_test_timing_history_from_manifest_durations ... ok
[INFO] [stdout] test shard_timing::tests::test_parse_junit_xml_content_class_aggregates_durations ... ok
[INFO] [stdout] test shard_timing::tests::test_parse_timing_jsonl_content ... ok
[INFO] [stdout] test cmd_annotate::tests::test_build_sarif_has_required_top_level_shape ... ok
[INFO] [stdout] test cmd_impact::tests::test_apply_policy_adds_smoke_and_sets_confidence ... ok
[INFO] [stdout] test cmd_impact::tests::test_build_testmap_index_populates_v2_fields ... FAILED
[INFO] [stderr] hint: Using 'master' as the name for the initial branch. This default branch name
[INFO] [stderr] hint: will change to "main" in Git 3.0. To configure the initial branch name
[INFO] [stderr] hint: to use in all of your new repositories, which will suppress this warning,
[INFO] [stderr] hint: call:
[INFO] [stderr] hint:
[INFO] [stderr] hint: 	git config --global init.defaultBranch <name>
[INFO] [stderr] hint:
[INFO] [stderr] hint: Names commonly chosen instead of 'master' are 'main', 'trunk' and
[INFO] [stderr] hint: 'development'. The just-created branch can be renamed via this command:
[INFO] [stderr] hint:
[INFO] [stderr] hint: 	git branch -m <name>
[INFO] [stderr] hint:
[INFO] [stderr] hint: Disable this message with "git config set advice.defaultBranchName false"
[INFO] [stdout] Initialized empty Git repository in /tmp/.tmp93LcL7/.git/
[INFO] [stdout] test cmd_init::tests::test_resolve_init_config_path_repo_root_mode ... ok
[INFO] [stdout] test cmd_common::tests::test_resolve_report_globs_for_config_accepts_repo_relative_pattern ... ok
[INFO] [stdout] test cmd_common::tests::test_resolve_report_globs_for_config_uses_config_dir ... ok
[INFO] [stdout] test cmd_impact::tests::test_build_print_command_python_nodeids ... ok
[INFO] [stdout] 
[INFO] [stdout] failures:
[INFO] [stdout] 
[INFO] [stdout] ---- cmd_impact::tests::test_build_testmap_index_populates_v2_fields stdout ----
[INFO] [stdout] 
[INFO] [stdout] thread 'cmd_impact::tests::test_build_testmap_index_populates_v2_fields' (2256) panicked at src/cmd_impact.rs:909:69:
[INFO] [stdout] called `Result::unwrap()` on an `Err` value: Failed to parse coverage report '/opt/tests/fixtures/lcov/basic.info' for test 'com.foo.BarTest'
[INFO] [stdout] 
[INFO] [stdout] Caused by:
[INFO] [stdout]     0: IO error: No such file or directory (os error 2)
[INFO] [stdout]     1: No such file or directory (os error 2)
[INFO] [stdout] 
[INFO] [stdout] Stack backtrace:
[INFO] [stdout]    0: <covy_core::error::CovyError as anyhow::context::ext::StdError>::ext_context::<alloc::string::String>
[INFO] [stdout]    1: covy::cmd_impact::build_testmap_index
[INFO] [stdout]    2: <covy::cmd_impact::tests::test_build_testmap_index_populates_v2_fields::{closure#0} as core::ops::function::FnOnce<()>>::call_once
[INFO] [stdout]    3: test::__rust_begin_short_backtrace::<core::result::Result<(), alloc::string::String>, fn() -> core::result::Result<(), alloc::string::String>>
[INFO] [stdout]    4: test::run_test::{closure#0}
[INFO] [stdout]    5: std::sys::backtrace::__rust_begin_short_backtrace::<test::run_test::{closure#1}, ()>
[INFO] [stdout]    6: <std::thread::lifecycle::spawn_unchecked<test::run_test::{closure#1}, ()>::{closure#1} as core::ops::function::FnOnce<()>>::call_once::{shim:vtable#0}
[INFO] [stdout]    7: <std::sys::thread::unix::Thread>::new::thread_start
[INFO] [stdout]    8: <unknown>
[INFO] [stdout]    9: clone
[INFO] [stdout] stack backtrace:
[INFO] [stdout]    0:     0x5ea844fd8ab1 - <<std[617be2ca0a6fd877]::sys::backtrace::BacktraceLock>::print::DisplayBacktrace as core[a373ad73a504971]::fmt::Display>::fmt
[INFO] [stdout]    1:     0x5ea844fef56a - core[a373ad73a504971]::fmt::write
[INFO] [stdout]    2:     0x5ea844fdd4bc - <alloc[2e1b2a31b91974c5]::vec::Vec<u8> as core[a373ad73a504971]::io::write::Write>::write_fmt
[INFO] [stdout]    3:     0x5ea844fb1b96 - std[617be2ca0a6fd877]::panicking::default_hook::{closure#0}
[INFO] [stdout]    4:     0x5ea844fcfb49 - std[617be2ca0a6fd877]::panicking::default_hook
[INFO] [stdout]    5:     0x5ea844dca9f0 - test[aada8e7e76ba119b]::test_main_inner::{closure#0}
[INFO] [stdout]    6:     0x5ea844fcfd02 - std[617be2ca0a6fd877]::panicking::panic_with_hook
[INFO] [stdout]    7:     0x5ea844fb1c42 - std[617be2ca0a6fd877]::panicking::panic_handler::{closure#0}
[INFO] [stdout]    8:     0x5ea844fa9fe9 - std[617be2ca0a6fd877]::sys::backtrace::__rust_end_short_backtrace::<std[617be2ca0a6fd877]::panicking::panic_handler::{closure#0}, !>
[INFO] [stdout]    9:     0x5ea844fb295d - __rustc[ea4f61d10b84890b]::rust_begin_unwind
[INFO] [stdout]   10:     0x5ea844fefd4c - core[a373ad73a504971]::panicking::panic_fmt
[INFO] [stdout]   11:     0x5ea844fefb22 - core[a373ad73a504971]::result::unwrap_failed
[INFO] [stdout]   12:     0x5ea844d49e8c - <covy[5fbfc4fa72b026c]::cmd_impact::tests::test_build_testmap_index_populates_v2_fields::{closure#0} as core[a373ad73a504971]::ops::function::FnOnce<()>>::call_once
[INFO] [stdout]   13:     0x5ea844dbde3b - test[aada8e7e76ba119b]::__rust_begin_short_backtrace::<core[a373ad73a504971]::result::Result<(), alloc[2e1b2a31b91974c5]::string::String>, fn() -> core[a373ad73a504971]::result::Result<(), alloc[2e1b2a31b91974c5]::string::String>>
[INFO] [stdout]   14:     0x5ea844dcb015 - test[aada8e7e76ba119b]::run_test::{closure#0}
[INFO] [stdout]   15:     0x5ea844dc4904 - std[617be2ca0a6fd877]::sys::backtrace::__rust_begin_short_backtrace::<test[aada8e7e76ba119b]::run_test::{closure#1}, ()>
[INFO] [stdout]   16:     0x5ea844dce0a2 - <std[617be2ca0a6fd877]::thread::lifecycle::spawn_unchecked<test[aada8e7e76ba119b]::run_test::{closure#1}, ()>::{closure#1} as core[a373ad73a504971]::ops::function::FnOnce<()>>::call_once::{shim:vtable#0}
[INFO] [stdout]   17:     0x5ea844fd7a8f - <std[617be2ca0a6fd877]::sys::thread::unix::Thread>::new::thread_start
[INFO] [stdout]   18:     0x70da32da7dfa - <unknown>
[INFO] [stdout]   19:     0x70da32e3b3d4 - clone
[INFO] [stdout]   20:                0x0 - <unknown>
[INFO] [stdout] 
[INFO] [stdout] 
[INFO] [stdout] failures:
[INFO] [stdout]     cmd_impact::tests::test_build_testmap_index_populates_v2_fields
[INFO] [stdout] 
[INFO] [stdout] test result: FAILED. 57 passed; 1 failed; 0 ignored; 0 measured; 0 filtered out; finished in 0.09s
[INFO] [stdout] 
[INFO] [stderr] error: test failed, to rerun pass `--bin covy`
[INFO] running `Command { std: "docker" "inspect" "fd299245a14a681bdcf610c56d749111ab522abc36c2a4433f85075ad60c4b54", kill_on_drop: false }`
[INFO] running `Command { std: "docker" "rm" "-f" "fd299245a14a681bdcf610c56d749111ab522abc36c2a4433f85075ad60c4b54", kill_on_drop: false }`
[INFO] [stdout] fd299245a14a681bdcf610c56d749111ab522abc36c2a4433f85075ad60c4b54
