[INFO] fetching crate covguard 0.1.0...
[INFO] testing covguard-0.1.0 against 1.100.0-beta.1+cargoflags=--release for beta-release-1.100-2
[INFO] extracting crate covguard 0.1.0 into /workspace/builds/worker-4-tc2/source
[INFO] started tweaking crates.io crate covguard 0.1.0
[INFO] removed 0 missing tests
[INFO] finished tweaking crates.io crate covguard 0.1.0
[INFO] tweaked toml for crates.io crate covguard 0.1.0 written to /workspace/builds/worker-4-tc2/source/Cargo.toml
[INFO] validating manifest of crates.io crate covguard 0.1.0 on toolchain 1.100.0-beta.1
[INFO] running `Command { std: CARGO_HOME="/workspace/cargo-home" RUSTUP_HOME="/workspace/rustup-home" "/workspace/cargo-home/bin/cargo" "+1.100.0-beta.1" "metadata" "--manifest-path" "Cargo.toml" "--no-deps", kill_on_drop: false }`
[INFO] crate crates.io crate covguard 0.1.0 already has a lockfile, it will not be regenerated
[INFO] running `Command { std: CARGO_HOME="/workspace/cargo-home" RUSTUP_HOME="/workspace/rustup-home" "/workspace/cargo-home/bin/cargo" "+1.100.0-beta.1" "fetch" "--manifest-path" "Cargo.toml", kill_on_drop: false }`
[INFO] [stderr] warning: `package.homepage` is redundant with `package.repository`
[INFO] [stderr]   --> Cargo.toml:71:12
[INFO] [stderr]    |
[INFO] [stderr] 71 | homepage = "https://github.com/effortlessmetrics/cov-guard"
[INFO] [stderr]    |            ^^^^^^^^^^^^^^^^^^^^^^^^^^^^^^^^^^^^^^^^^^^^^^^^
[INFO] [stderr] ...
[INFO] [stderr] 76 | repository = "https://github.com/effortlessmetrics/cov-guard"
[INFO] [stderr]    |              ------------------------------------------------
[INFO] [stderr]    |
[INFO] [stderr]    = note: `cargo::redundant_homepage` is set to `warn` by default
[INFO] [stderr] help: consider removing `package.homepage`
[INFO] [stderr] warning: `covguard` (manifest) generated 1 warning
[INFO] running `Command { std: "docker" "create" "-v" "/var/lib/crater-agent-workspace/builds/worker-4-tc2/source:/opt/rustwide/workdir:ro,Z" "-v" "/var/lib/crater-agent-workspace/builds/worker-4-tc2/target:/opt/rustwide/target:rw,Z" "-v" "/var/lib/crater-agent-workspace/cargo-home:/opt/rustwide/cargo-home:ro,Z" "-v" "/var/lib/crater-agent-workspace/rustup-home:/opt/rustwide/rustup-home:ro,Z" "-m" "1610612736" "--network" "none" "ghcr.io/rust-lang/crates-build-env/linux@sha256:77db811e55d90add9212f6832c23229e3de5f1c1f9905e8cb07319ea15df73ac" "sleep" "infinity", kill_on_drop: false }`
[INFO] [stdout] f916350326efefcb19c5a99966d916181d6135e79c88110cb6c14bf3dc688170
[INFO] running `Command { std: "docker" "start" "f916350326efefcb19c5a99966d916181d6135e79c88110cb6c14bf3dc688170", kill_on_drop: false }`
[INFO] running `Command { std: "docker" "inspect" "f916350326efefcb19c5a99966d916181d6135e79c88110cb6c14bf3dc688170", kill_on_drop: false }`
[INFO] running `Command { std: "docker" "exec" "-e" "SOURCE_DIR=/opt/rustwide/workdir" "-e" "CARGO_HOME=/opt/rustwide/cargo-home" "-e" "RUSTUP_HOME=/opt/rustwide/rustup-home" "-e" "CARGO_TARGET_DIR=/opt/rustwide/target" "-w" "/opt/rustwide/workdir" "--user" "0:0" "f916350326efefcb19c5a99966d916181d6135e79c88110cb6c14bf3dc688170" "/opt/rustwide/cargo-home/bin/cargo" "+1.100.0-beta.1" "metadata" "--no-deps" "--format-version=1", kill_on_drop: false }`
[INFO] running `Command { std: "docker" "inspect" "f916350326efefcb19c5a99966d916181d6135e79c88110cb6c14bf3dc688170", kill_on_drop: false }`
[INFO] running `Command { std: "docker" "exec" "-e" "SOURCE_DIR=/opt/rustwide/workdir" "-e" "CARGO_HOME=/opt/rustwide/cargo-home" "-e" "RUSTUP_HOME=/opt/rustwide/rustup-home" "-e" "CARGO_TARGET_DIR=/opt/rustwide/target" "-e" "CARGO_INCREMENTAL=0" "-e" "RUST_BACKTRACE=full" "-e" "RUSTFLAGS=--cap-lints=warn" "-e" "RUSTDOCFLAGS=--cap-lints=warn" "-w" "/opt/rustwide/workdir" "--user" "0:0" "f916350326efefcb19c5a99966d916181d6135e79c88110cb6c14bf3dc688170" "/opt/rustwide/cargo-home/bin/cargo" "+1.100.0-beta.1" "build" "--frozen" "--message-format=json" "--release", kill_on_drop: false }`
[INFO] [stderr] warning: `package.homepage` is redundant with `package.repository`
[INFO] [stderr]   --> Cargo.toml:71:12
[INFO] [stderr]    |
[INFO] [stderr] 71 | homepage = "https://github.com/effortlessmetrics/cov-guard"
[INFO] [stderr]    |            ^^^^^^^^^^^^^^^^^^^^^^^^^^^^^^^^^^^^^^^^^^^^^^^^
[INFO] [stderr] ...
[INFO] [stderr] 76 | repository = "https://github.com/effortlessmetrics/cov-guard"
[INFO] [stderr]    |              ------------------------------------------------
[INFO] [stderr]    |
[INFO] [stderr]    = note: `cargo::redundant_homepage` is set to `warn` by default
[INFO] [stderr] help: consider removing `package.homepage`
[INFO] [stderr] warning: `covguard` (manifest) generated 1 warning
[INFO] [stderr]    Compiling zmij v1.0.19
[INFO] [stderr]    Compiling proc-macro2 v1.0.106
[INFO] [stderr]    Compiling winnow v0.7.14
[INFO] [stderr]    Compiling toml_writer v1.0.6+spec-1.1.0
[INFO] [stderr]    Compiling covguard-paths v0.1.0
[INFO] [stderr]    Compiling glob v0.3.3
[INFO] [stderr]    Compiling anstyle-parse v0.2.7
[INFO] [stderr]    Compiling colorchoice v1.0.4
[INFO] [stderr]    Compiling anstyle v1.0.13
[INFO] [stderr]    Compiling covguard-ranges v0.1.0
[INFO] [stderr]    Compiling serde_spanned v1.0.4
[INFO] [stderr]    Compiling toml_datetime v0.7.5+spec-1.1.0
[INFO] [stderr]    Compiling clap_lex v0.7.7
[INFO] [stderr]    Compiling covguard v0.1.0 (/opt/rustwide/workdir)
[INFO] [stderr]    Compiling anstream v0.6.21
[INFO] [stderr]    Compiling serde_json v1.0.149
[INFO] [stderr]    Compiling clap_builder v4.5.57
[INFO] [stderr]    Compiling quote v1.0.44
[INFO] [stderr]    Compiling syn v2.0.114
[INFO] [stderr]    Compiling toml_parser v1.0.6+spec-1.1.0
[INFO] [stderr]    Compiling toml v0.9.11+spec-1.1.0
[INFO] [stderr]    Compiling serde_derive v1.0.228
[INFO] [stderr]    Compiling thiserror-impl v2.0.18
[INFO] [stderr]    Compiling clap_derive v4.5.55
[INFO] [stderr]    Compiling thiserror v2.0.18
[INFO] [stderr]    Compiling clap v4.5.57
[INFO] [stderr]    Compiling serde v1.0.228
[INFO] [stderr]    Compiling chrono v0.4.43
[INFO] [stderr]    Compiling covguard-policy v0.1.0
[INFO] [stderr]    Compiling covguard-types v0.1.0
[INFO] [stderr]    Compiling covguard-ports v0.1.0
[INFO] [stderr]    Compiling covguard-directives v0.1.0
[INFO] [stderr]    Compiling covguard-adapters-diff v0.1.0
[INFO] [stderr]    Compiling covguard-adapters-coverage v0.1.0
[INFO] [stderr]    Compiling covguard-adapters-repo v0.1.0
[INFO] [stderr]    Compiling covguard-render v0.1.0
[INFO] [stderr]    Compiling covguard-domain v0.1.0
[INFO] [stderr]    Compiling covguard-adapters-artifacts v0.1.0
[INFO] [stderr]    Compiling covguard-output-features v0.1.0
[INFO] [stderr]    Compiling covguard-output v0.1.0
[INFO] [stderr]    Compiling covguard-config v0.1.0
[INFO] [stderr]    Compiling covguard-reporting v0.1.0
[INFO] [stderr]    Compiling covguard-orchestrator v0.1.0
[INFO] [stderr]    Compiling covguard-app v0.1.0
[INFO] [stderr]     Finished `release` profile [optimized] target(s) in 39.66s
[INFO] running `Command { std: "docker" "inspect" "f916350326efefcb19c5a99966d916181d6135e79c88110cb6c14bf3dc688170", kill_on_drop: false }`
[INFO] running `Command { std: "docker" "exec" "-e" "SOURCE_DIR=/opt/rustwide/workdir" "-e" "CARGO_HOME=/opt/rustwide/cargo-home" "-e" "RUSTUP_HOME=/opt/rustwide/rustup-home" "-e" "CARGO_TARGET_DIR=/opt/rustwide/target" "-e" "CARGO_INCREMENTAL=0" "-e" "RUST_BACKTRACE=full" "-e" "RUSTFLAGS=--cap-lints=warn" "-e" "RUSTDOCFLAGS=--cap-lints=warn" "-w" "/opt/rustwide/workdir" "--user" "0:0" "f916350326efefcb19c5a99966d916181d6135e79c88110cb6c14bf3dc688170" "/opt/rustwide/cargo-home/bin/cargo" "+1.100.0-beta.1" "test" "--frozen" "--no-run" "--message-format=json" "--release", kill_on_drop: false }`
[INFO] [stderr] warning: `package.homepage` is redundant with `package.repository`
[INFO] [stderr]   --> Cargo.toml:71:12
[INFO] [stderr]    |
[INFO] [stderr] 71 | homepage = "https://github.com/effortlessmetrics/cov-guard"
[INFO] [stderr]    |            ^^^^^^^^^^^^^^^^^^^^^^^^^^^^^^^^^^^^^^^^^^^^^^^^
[INFO] [stderr] ...
[INFO] [stderr] 76 | repository = "https://github.com/effortlessmetrics/cov-guard"
[INFO] [stderr]    |              ------------------------------------------------
[INFO] [stderr]    |
[INFO] [stderr]    = note: `cargo::redundant_homepage` is set to `warn` by default
[INFO] [stderr] help: consider removing `package.homepage`
[INFO] [stderr] warning: `covguard` (manifest) generated 1 warning
[INFO] [stderr]    Compiling num-traits v0.2.19
[INFO] [stderr]    Compiling libm v0.2.16
[INFO] [stderr]    Compiling libc v0.2.183
[INFO] [stderr]    Compiling const-oid v0.9.6
[INFO] [stderr]    Compiling constant_time_eq v0.4.2
[INFO] [stderr]    Compiling zerocopy v0.8.37
[INFO] [stderr]    Compiling blake3 v1.8.3
[INFO] [stderr]    Compiling rustix v1.1.4
[INFO] [stderr]    Compiling spin v0.9.8
[INFO] [stderr]    Compiling bitflags v2.10.0
[INFO] [stderr]    Compiling base64ct v1.8.3
[INFO] [stderr]    Compiling num-bigint-dig v0.8.6
[INFO] [stderr]    Compiling regex-automata v0.4.13
[INFO] [stderr]    Compiling predicates-core v1.0.9
[INFO] [stderr]    Compiling termtree v0.5.1
[INFO] [stderr]    Compiling assert_cmd v2.1.2
[INFO] [stderr]    Compiling bit-vec v0.8.0
[INFO] [stderr]    Compiling lazy_static v1.5.0
[INFO] [stderr]    Compiling unarray v0.1.4
[INFO] [stderr]    Compiling predicates-tree v1.0.12
[INFO] [stderr]    Compiling digest v0.10.7
[INFO] [stderr]    Compiling pem-rfc7468 v0.7.0
[INFO] [stderr]    Compiling bit-set v0.8.0
[INFO] [stderr]    Compiling sha2 v0.10.9
[INFO] [stderr]    Compiling der v0.7.10
[INFO] [stderr]    Compiling uselesskey-core-hash v0.2.0
[INFO] [stderr]    Compiling uselesskey-core-seed v0.2.0
[INFO] [stderr]    Compiling uselesskey-core-kid v0.2.0
[INFO] [stderr]    Compiling uselesskey-core-negative-der v0.2.0
[INFO] [stderr]    Compiling uselesskey-core-negative-pem v0.2.0
[INFO] [stderr]    Compiling uselesskey-core-id v0.2.0
[INFO] [stderr]    Compiling uselesskey-core-negative v0.2.0
[INFO] [stderr]    Compiling getrandom v0.3.4
[INFO] [stderr]    Compiling getrandom v0.2.17
[INFO] [stderr]    Compiling parking_lot_core v0.9.12
[INFO] [stderr]    Compiling wait-timeout v0.2.1
[INFO] [stderr]    Compiling rand_core v0.6.4
[INFO] [stderr]    Compiling rand_core v0.9.5
[INFO] [stderr]    Compiling signature v2.2.0
[INFO] [stderr]    Compiling dashmap v6.1.0
[INFO] [stderr]    Compiling rand_xorshift v0.4.0
[INFO] [stderr]    Compiling rand v0.9.2
[INFO] [stderr]    Compiling spki v0.7.3
[INFO] [stderr]    Compiling pkcs8 v0.10.2
[INFO] [stderr]    Compiling chrono v0.4.43
[INFO] [stderr]    Compiling num-integer v0.1.46
[INFO] [stderr]    Compiling float-cmp v0.10.0
[INFO] [stderr]    Compiling uselesskey-core-cache v0.2.0
[INFO] [stderr]    Compiling pkcs1 v0.7.5
[INFO] [stderr]    Compiling num-iter v0.1.45
[INFO] [stderr]    Compiling tempfile v3.26.0
[INFO] [stderr]    Compiling uselesskey-core-sink v0.2.0
[INFO] [stderr]    Compiling rusty-fork v0.3.1
[INFO] [stderr]    Compiling covguard-types v0.1.0
[INFO] [stderr]    Compiling covguard-ports v0.1.0
[INFO] [stderr]    Compiling covguard-directives v0.1.0
[INFO] [stderr]    Compiling covguard-adapters-diff v0.1.0
[INFO] [stderr]    Compiling covguard-adapters-coverage v0.1.0
[INFO] [stderr]    Compiling covguard-adapters-repo v0.1.0
[INFO] [stderr]    Compiling regex v1.12.2
[INFO] [stderr]    Compiling bstr v1.12.1
[INFO] [stderr]    Compiling covguard-render v0.1.0
[INFO] [stderr]    Compiling covguard-domain v0.1.0
[INFO] [stderr]    Compiling predicates v3.1.3
[INFO] [stderr]    Compiling covguard-adapters-artifacts v0.1.0
[INFO] [stderr]    Compiling covguard-output-features v0.1.0
[INFO] [stderr]    Compiling covguard-output v0.1.0
[INFO] [stderr]    Compiling covguard-reporting v0.1.0
[INFO] [stderr]    Compiling covguard-config v0.1.0
[INFO] [stderr]    Compiling ppv-lite86 v0.2.21
[INFO] [stderr]    Compiling covguard-orchestrator v0.1.0
[INFO] [stderr]    Compiling covguard-app v0.1.0
[INFO] [stderr]    Compiling rand_chacha v0.3.1
[INFO] [stderr]    Compiling rand v0.8.5
[INFO] [stderr]    Compiling uselesskey-core-factory v0.2.0
[INFO] [stderr]    Compiling uselesskey-core v0.2.0
[INFO] [stderr]    Compiling rand_chacha v0.9.0
[INFO] [stderr]    Compiling uselesskey-core-keypair-material v0.2.0
[INFO] [stderr]    Compiling proptest v1.10.0
[INFO] [stderr]    Compiling covguard v0.1.0 (/opt/rustwide/workdir)
[INFO] [stderr]    Compiling rsa v0.9.10
[INFO] [stderr]    Compiling uselesskey-rsa v0.2.0
[INFO] [stderr]    Compiling uselesskey v0.2.0
[INFO] [stderr]     Finished `release` profile [optimized] target(s) in 1m 08s
[INFO] running `Command { std: "docker" "inspect" "f916350326efefcb19c5a99966d916181d6135e79c88110cb6c14bf3dc688170", kill_on_drop: false }`
[INFO] running `Command { std: "docker" "exec" "-e" "SOURCE_DIR=/opt/rustwide/workdir" "-e" "CARGO_HOME=/opt/rustwide/cargo-home" "-e" "RUSTUP_HOME=/opt/rustwide/rustup-home" "-e" "CARGO_TARGET_DIR=/opt/rustwide/target" "-e" "CARGO_INCREMENTAL=0" "-e" "RUST_BACKTRACE=full" "-e" "RUSTFLAGS=--cap-lints=warn" "-e" "RUSTDOCFLAGS=--cap-lints=warn" "-w" "/opt/rustwide/workdir" "--user" "0:0" "f916350326efefcb19c5a99966d916181d6135e79c88110cb6c14bf3dc688170" "/opt/rustwide/cargo-home/bin/cargo" "+1.100.0-beta.1" "test" "--frozen" "--release", kill_on_drop: false }`
[INFO] [stderr] warning: `package.homepage` is redundant with `package.repository`
[INFO] [stderr]   --> Cargo.toml:71:12
[INFO] [stderr]    |
[INFO] [stderr] 71 | homepage = "https://github.com/effortlessmetrics/cov-guard"
[INFO] [stderr]    |            ^^^^^^^^^^^^^^^^^^^^^^^^^^^^^^^^^^^^^^^^^^^^^^^^
[INFO] [stderr] ...
[INFO] [stderr] 76 | repository = "https://github.com/effortlessmetrics/cov-guard"
[INFO] [stderr]    |              ------------------------------------------------
[INFO] [stderr]    |
[INFO] [stderr]    = note: `cargo::redundant_homepage` is set to `warn` by default
[INFO] [stderr] help: consider removing `package.homepage`
[INFO] [stderr] warning: `covguard` (manifest) generated 1 warning
[INFO] [stderr]     Finished `release` profile [optimized] target(s) in 0.19s
[INFO] [stderr]      Running unittests src/main.rs (/opt/rustwide/target/release/build/covguard/3154ead257cd18bc/out/covguard-3154ead257cd18bc)
[INFO] [stdout] 
[INFO] [stdout] running 73 tests
[INFO] [stdout] test tests::test_cli_mode_default ... ok
[INFO] [stdout] test tests::test_cli_output_limits_parsing ... ok
[INFO] [stdout] test tests::test_cli_accepts_all_profile_values ... ok
[INFO] [stdout] test tests::test_cli_all_optional_args_together ... ok
[INFO] [stdout] test tests::test_cli_parsing ... ok
[INFO] [stdout] test tests::test_cli_default_values ... ok
[INFO] [stdout] test tests::test_cli_threshold_rejects_non_numeric ... ok
[INFO] [stdout] test tests::test_cli_mode_cockpit ... ok
[INFO] [stdout] test tests::test_ensure_parent_dir_blocked_parent_errors ... ok
[INFO] [stdout] test tests::test_cli_rejects_invalid_profile ... ok
[INFO] [stdout] test tests::test_ensure_parent_dir_creates_nested ... ok
[INFO] [stdout] test tests::test_cli_threshold_accepts_boundary_values ... ok
[INFO] [stdout] test tests::test_cli_accepts_all_scope_values ... ok
[INFO] [stdout] test tests::test_cli_rejects_invalid_scope ... ok
[INFO] [stdout] test tests::test_ensure_parent_dir_with_simple_path ... ok
[INFO] [stdout] test tests::test_extract_out_from_args_variants ... ok
[INFO] [stdout] test tests::test_fallback_reasons_conflicting_diff_source ... ok
[INFO] [stdout] test tests::test_fallback_reasons_missing_lcov ... ok
[INFO] [stdout] test tests::test_read_diff_from_reader_empty_explicit_some ... ok
[INFO] [stdout] test tests::test_fallback_reasons_file_read ... ok
[INFO] [stdout] test tests::test_fallback_reasons_missing_diff_source ... ok
[INFO] [stdout] test tests::test_missing_lcov_in_standard_mode ... ok
[INFO] [stdout] test tests::test_is_cockpit_in_args_detects_flag ... ok
[INFO] [stdout] test tests::test_conflicting_diff_source ... ok
[INFO] [stdout] test tests::test_missing_diff_source ... ok
[INFO] [stdout] test tests::test_read_diff_from_reader_terminal_returns_none ... ok
[INFO] [stdout] test tests::test_partial_git_refs ... ok
[INFO] [stdout] test tests::test_read_diff_from_reader_error ... ok
[INFO] [stdout] test tests::test_read_diff_from_reader_returns_content ... ok
[INFO] [stdout] test tests::test_read_diff_from_reader_empty_non_explicit_none ... ok
[INFO] [stdout] test tests::test_run_check_config_load_error ... ok
[INFO] [stdout] test tests::test_run_check_cockpit_default_payload_path ... FAILED
[INFO] [stdout] test tests::test_run_check_cockpit_out_write_error ... FAILED
[INFO] [stdout] test tests::test_run_check_config_load_success ... FAILED
[INFO] [stdout] test proptests::threshold_accepts_valid_numbers ... ok
[INFO] [stdout] test tests::test_run_check_diff_file_missing_errors ... ok
[INFO] [stdout] test tests::test_run_check_diff_file_dash_without_stdin_errors ... ok
[INFO] [stdout] test proptests::cli_parsing_does_not_panic ... ok
[INFO] [stdout] test tests::test_run_check_prints_annotations ... FAILED
[INFO] [stdout] test tests::test_run_check_reads_diff_from_stdin_without_diff_file ... FAILED
[INFO] [stdout] test tests::test_resolve_repo_root_git_empty_output ... ok
[INFO] [stdout] test tests::test_run_check_cockpit_payload_write_error ... FAILED
[INFO] [stdout] test tests::test_run_check_git_diff_root_missing_errors ... ok
[INFO] [stdout] test tests::test_run_check_standard_md_write_error ... FAILED
[INFO] [stdout] test tests::test_run_check_fail_on_mapping_warn_never ... FAILED
[INFO] [stdout] test tests::test_run_check_profile_mapping_variants ... FAILED
[INFO] [stderr] error: unexpected argument '--unknown' found
[INFO] [stdout] test tests::test_run_cli_with_args_cockpit_parse_error_fallback_write_fails ... ok
[INFO] [stderr] 
[INFO] [stdout] test tests::test_run_cli_with_args_cockpit_parse_error_writes_fallback ... ok
[INFO] [stderr] Usage: covguard check --mode <MODE> --out <OUT>
[INFO] [stderr] 
[INFO] [stderr] For more information, try '--help'.
[INFO] [stdout] test tests::test_run_cli_with_args_run_error ... ok
[INFO] [stdout] test tests::test_run_cli_with_args_parse_error_non_cockpit ... ok
[INFO] [stderr] error: unexpected argument '--unknown' found
[INFO] [stdout] test tests::test_run_explain_command ... ok
[INFO] [stderr] 
[INFO] [stdout] test tests::test_run_explain_known_and_unknown ... ok
[INFO] [stderr] Usage: covguard check [OPTIONS]
[INFO] [stdout] test tests::test_write_fallback_receipt_file_write_error ... ok
[INFO] [stderr] 
[INFO] [stdout] test tests::test_run_check_with_stdin_dash ... ok
[INFO] [stderr] For more information, try '--help'.
[INFO] [stdout] test tests::test_write_fallback_receipt_writes_valid_json ... ok
[INFO] [stdout] test tests::test_run_check_standard_out_write_error ... FAILED
[INFO] [stdout] test tests::test_run_cli_with_args_success ... FAILED
[INFO] [stdout] test tests::test_run_check_standard_sarif_write_error ... FAILED
[INFO] [stdout] test tests::test_run_cockpit_fallback_write_success ... ok
[INFO] [stdout] test tests::test_write_raw_artifacts_diff_write_error ... ok
[INFO] [stdout] test tests::test_write_raw_artifacts_dir_create_error ... ok
[INFO] [stdout] test tests::test_write_raw_artifacts_lcov_write_error ... ok
[INFO] [stdout] test tests::test_write_raw_artifacts_to_writes_files ... ok
[INFO] [stdout] test tests::test_run_check_lcov_file_missing_errors ... ok
[INFO] [stdout] test tests::test_run_cockpit_fallback_write_failure ... ok
[INFO] [stdout] test tests::test_resolve_repo_root_git_and_fallback ... ok
[INFO] [stdout] test tests::test_resolve_repo_root_git_success ... ok
[INFO] [stdout] test tests::test_run_check_standard_writes_outputs ... FAILED
[INFO] [stdout] test tests::test_run_check_with_git_refs ... ok
[INFO] [stdout] test proptests::partial_head_ref_error ... ok
[INFO] [stdout] test proptests::missing_diff_source_always_error ... ok
[INFO] [stdout] test proptests::partial_base_ref_error ... ok
[INFO] [stdout] test proptests::conflicting_sources_always_error ... ok
[INFO] [stderr] error: test failed, to rerun pass `--bin covguard`
[INFO] [stdout] 
[INFO] [stdout] failures:
[INFO] [stdout] 
[INFO] [stdout] ---- tests::test_run_check_cockpit_default_payload_path stdout ----
[INFO] [stdout] 
[INFO] [stdout] thread 'tests::test_run_check_cockpit_default_payload_path' (2329) panicked at src/main.rs:1679:10:
[INFO] [stdout] run_check: FileRead { path: "/opt/fixtures/diff/simple_added.patch", source: Os { code: 2, kind: NotFound, message: "No such file or directory" } }
[INFO] [stdout] stack backtrace:
[INFO] [stdout]    0:     0x60751c4c4151 - <<std[617be2ca0a6fd877]::sys::backtrace::BacktraceLock>::print::DisplayBacktrace as core[a373ad73a504971]::fmt::Display>::fmt
[INFO] [stdout]    1:     0x60751c4dccaa - core[a373ad73a504971]::fmt::write
[INFO] [stdout]    2:     0x60751c4c960c - <alloc[2e1b2a31b91974c5]::vec::Vec<u8> as core[a373ad73a504971]::io::write::Write>::write_fmt
[INFO] [stdout]    3:     0x60751c49d996 - std[617be2ca0a6fd877]::panicking::default_hook::{closure#0}
[INFO] [stdout]    4:     0x60751c4bb639 - std[617be2ca0a6fd877]::panicking::default_hook
[INFO] [stdout]    5:     0x60751c333a30 - test[aada8e7e76ba119b]::test_main_inner::{closure#0}
[INFO] [stdout]    6:     0x60751c4bb7f2 - std[617be2ca0a6fd877]::panicking::panic_with_hook
[INFO] [stdout]    7:     0x60751c49da42 - std[617be2ca0a6fd877]::panicking::panic_handler::{closure#0}
[INFO] [stdout]    8:     0x60751c496259 - std[617be2ca0a6fd877]::sys::backtrace::__rust_end_short_backtrace::<std[617be2ca0a6fd877]::panicking::panic_handler::{closure#0}, !>
[INFO] [stdout]    9:     0x60751c49e92d - __rustc[ea4f61d10b84890b]::rust_begin_unwind
[INFO] [stdout]   10:     0x60751c4dd4cc - core[a373ad73a504971]::panicking::panic_fmt
[INFO] [stdout]   11:     0x60751c4dd2a2 - core[a373ad73a504971]::result::unwrap_failed
[INFO] [stdout]   12:     0x60751c2e5bf5 - <covguard[7280ffa61664606d]::tests::test_run_check_cockpit_default_payload_path::{closure#0} as core[a373ad73a504971]::ops::function::FnOnce<()>>::call_once
[INFO] [stdout]   13:     0x60751c326e7b - test[aada8e7e76ba119b]::__rust_begin_short_backtrace::<core[a373ad73a504971]::result::Result<(), alloc[2e1b2a31b91974c5]::string::String>, fn() -> core[a373ad73a504971]::result::Result<(), alloc[2e1b2a31b91974c5]::string::String>>
[INFO] [stdout]   14:     0x60751c334055 - test[aada8e7e76ba119b]::run_test::{closure#0}
[INFO] [stdout]   15:     0x60751c32d944 - std[617be2ca0a6fd877]::sys::backtrace::__rust_begin_short_backtrace::<test[aada8e7e76ba119b]::run_test::{closure#1}, ()>
[INFO] [stdout]   16:     0x60751c3370e2 - <std[617be2ca0a6fd877]::thread::lifecycle::spawn_unchecked<test[aada8e7e76ba119b]::run_test::{closure#1}, ()>::{closure#1} as core[a373ad73a504971]::ops::function::FnOnce<()>>::call_once::{shim:vtable#0}
[INFO] [stdout]   17:     0x60751c4c346f - <std[617be2ca0a6fd877]::sys::thread::unix::Thread>::new::thread_start
[INFO] [stdout]   18:     0x7b73f8aaedfa - <unknown>
[INFO] [stdout]   19:     0x7b73f8b423d4 - clone
[INFO] [stdout]   20:                0x0 - <unknown>
[INFO] [stdout] 
[INFO] [stdout] ---- tests::test_run_check_cockpit_out_write_error stdout ----
[INFO] [stdout] 
[INFO] [stdout] thread 'tests::test_run_check_cockpit_out_write_error' (2333) panicked at src/main.rs:2405:9:
[INFO] [stdout] assertion failed: matches!(result, Err(CliError::FileWrite { .. }))
[INFO] [stdout] stack backtrace:
[INFO] [stdout]    0:     0x60751c4c4151 - <<std[617be2ca0a6fd877]::sys::backtrace::BacktraceLock>::print::DisplayBacktrace as core[a373ad73a504971]::fmt::Display>::fmt
[INFO] [stdout]    1:     0x60751c4dccaa - core[a373ad73a504971]::fmt::write
[INFO] [stdout]    2:     0x60751c4c960c - <alloc[2e1b2a31b91974c5]::vec::Vec<u8> as core[a373ad73a504971]::io::write::Write>::write_fmt
[INFO] [stdout]    3:     0x60751c49d996 - std[617be2ca0a6fd877]::panicking::default_hook::{closure#0}
[INFO] [stdout]    4:     0x60751c4bb639 - std[617be2ca0a6fd877]::panicking::default_hook
[INFO] [stdout]    5:     0x60751c333a30 - test[aada8e7e76ba119b]::test_main_inner::{closure#0}
[INFO] [stdout]    6:     0x60751c4bb7f2 - std[617be2ca0a6fd877]::panicking::panic_with_hook
[INFO] [stdout]    7:     0x60751c49da74 - std[617be2ca0a6fd877]::panicking::panic_handler::{closure#0}
[INFO] [stdout]    8:     0x60751c496259 - std[617be2ca0a6fd877]::sys::backtrace::__rust_end_short_backtrace::<std[617be2ca0a6fd877]::panicking::panic_handler::{closure#0}, !>
[INFO] [stdout]    9:     0x60751c49e92d - __rustc[ea4f61d10b84890b]::rust_begin_unwind
[INFO] [stdout]   10:     0x60751c4dd4cc - core[a373ad73a504971]::panicking::panic_fmt
[INFO] [stdout]   11:     0x60751c4dd492 - core[a373ad73a504971]::panicking::panic
[INFO] [stdout]   12:     0x60751c2dac31 - <covguard[7280ffa61664606d]::tests::test_run_check_cockpit_out_write_error::{closure#0} as core[a373ad73a504971]::ops::function::FnOnce<()>>::call_once
[INFO] [stdout]   13:     0x60751c326e7b - test[aada8e7e76ba119b]::__rust_begin_short_backtrace::<core[a373ad73a504971]::result::Result<(), alloc[2e1b2a31b91974c5]::string::String>, fn() -> core[a373ad73a504971]::result::Result<(), alloc[2e1b2a31b91974c5]::string::String>>
[INFO] [stdout]   14:     0x60751c334055 - test[aada8e7e76ba119b]::run_test::{closure#0}
[INFO] [stdout]   15:     0x60751c32d944 - std[617be2ca0a6fd877]::sys::backtrace::__rust_begin_short_backtrace::<test[aada8e7e76ba119b]::run_test::{closure#1}, ()>
[INFO] [stdout]   16:     0x60751c3370e2 - <std[617be2ca0a6fd877]::thread::lifecycle::spawn_unchecked<test[aada8e7e76ba119b]::run_test::{closure#1}, ()>::{closure#1} as core[a373ad73a504971]::ops::function::FnOnce<()>>::call_once::{shim:vtable#0}
[INFO] [stdout]   17:     0x60751c4c346f - <std[617be2ca0a6fd877]::sys::thread::unix::Thread>::new::thread_start
[INFO] [stdout]   18:     0x7b73f8aaedfa - <unknown>
[INFO] [stdout]   19:     0x7b73f8b423d4 - clone
[INFO] [stdout]   20:                0x0 - <unknown>
[INFO] [stdout] 
[INFO] [stdout] ---- tests::test_run_check_config_load_success stdout ----
[INFO] [stdout] 
[INFO] [stdout] thread 'tests::test_run_check_config_load_success' (2342) panicked at src/main.rs:1906:10:
[INFO] [stdout] run_check: FileRead { path: "/opt/fixtures/diff/simple_added.patch", source: Os { code: 2, kind: NotFound, message: "No such file or directory" } }
[INFO] [stdout] stack backtrace:
[INFO] [stdout]    0:     0x60751c4c4151 - <<std[617be2ca0a6fd877]::sys::backtrace::BacktraceLock>::print::DisplayBacktrace as core[a373ad73a504971]::fmt::Display>::fmt
[INFO] [stdout]    1:     0x60751c4dccaa - core[a373ad73a504971]::fmt::write
[INFO] [stdout]    2:     0x60751c4c960c - <alloc[2e1b2a31b91974c5]::vec::Vec<u8> as core[a373ad73a504971]::io::write::Write>::write_fmt
[INFO] [stdout]    3:     0x60751c49d996 - std[617be2ca0a6fd877]::panicking::default_hook::{closure#0}
[INFO] [stdout]    4:     0x60751c4bb639 - std[617be2ca0a6fd877]::panicking::default_hook
[INFO] [stdout]    5:     0x60751c333a30 - test[aada8e7e76ba119b]::test_main_inner::{closure#0}
[INFO] [stdout]    6:     0x60751c4bb7f2 - std[617be2ca0a6fd877]::panicking::panic_with_hook
[INFO] [stdout]    7:     0x60751c49da42 - std[617be2ca0a6fd877]::panicking::panic_handler::{closure#0}
[INFO] [stdout]    8:     0x60751c496259 - std[617be2ca0a6fd877]::sys::backtrace::__rust_end_short_backtrace::<std[617be2ca0a6fd877]::panicking::panic_handler::{closure#0}, !>
[INFO] [stdout]    9:     0x60751c49e92d - __rustc[ea4f61d10b84890b]::rust_begin_unwind
[INFO] [stdout]   10:     0x60751c4dd4cc - core[a373ad73a504971]::panicking::panic_fmt
[INFO] [stdout]   11:     0x60751c4dd2a2 - core[a373ad73a504971]::result::unwrap_failed
[INFO] [stdout]   12:     0x60751c2d850a - <covguard[7280ffa61664606d]::tests::test_run_check_config_load_success::{closure#0} as core[a373ad73a504971]::ops::function::FnOnce<()>>::call_once
[INFO] [stdout]   13:     0x60751c326e7b - test[aada8e7e76ba119b]::__rust_begin_short_backtrace::<core[a373ad73a504971]::result::Result<(), alloc[2e1b2a31b91974c5]::string::String>, fn() -> core[a373ad73a504971]::result::Result<(), alloc[2e1b2a31b91974c5]::string::String>>
[INFO] [stdout]   14:     0x60751c334055 - test[aada8e7e76ba119b]::run_test::{closure#0}
[INFO] [stdout]   15:     0x60751c32d944 - std[617be2ca0a6fd877]::sys::backtrace::__rust_begin_short_backtrace::<test[aada8e7e76ba119b]::run_test::{closure#1}, ()>
[INFO] [stdout]   16:     0x60751c3370e2 - <std[617be2ca0a6fd877]::thread::lifecycle::spawn_unchecked<test[aada8e7e76ba119b]::run_test::{closure#1}, ()>::{closure#1} as core[a373ad73a504971]::ops::function::FnOnce<()>>::call_once::{shim:vtable#0}
[INFO] [stdout]   17:     0x60751c4c346f - <std[617be2ca0a6fd877]::sys::thread::unix::Thread>::new::thread_start
[INFO] [stdout]   18:     0x7b73f8aaedfa - <unknown>
[INFO] [stdout]   19:     0x7b73f8b423d4 - clone
[INFO] [stdout]   20:                0x0 - <unknown>
[INFO] [stdout] 
[INFO] [stdout] ---- tests::test_run_check_prints_annotations stdout ----
[INFO] [stdout] 
[INFO] [stdout] thread 'tests::test_run_check_prints_annotations' (2352) panicked at src/main.rs:1941:10:
[INFO] [stdout] run_check: FileRead { path: "/opt/fixtures/diff/simple_added.patch", source: Os { code: 2, kind: NotFound, message: "No such file or directory" } }
[INFO] [stdout] stack backtrace:
[INFO] [stdout]    0:     0x60751c4c4151 - <<std[617be2ca0a6fd877]::sys::backtrace::BacktraceLock>::print::DisplayBacktrace as core[a373ad73a504971]::fmt::Display>::fmt
[INFO] [stdout]    1:     0x60751c4dccaa - core[a373ad73a504971]::fmt::write
[INFO] [stdout]    2:     0x60751c4c960c - <alloc[2e1b2a31b91974c5]::vec::Vec<u8> as core[a373ad73a504971]::io::write::Write>::write_fmt
[INFO] [stdout]    3:     0x60751c49d996 - std[617be2ca0a6fd877]::panicking::default_hook::{closure#0}
[INFO] [stdout]    4:     0x60751c4bb639 - std[617be2ca0a6fd877]::panicking::default_hook
[INFO] [stdout]    5:     0x60751c333a30 - test[aada8e7e76ba119b]::test_main_inner::{closure#0}
[INFO] [stdout]    6:     0x60751c4bb7f2 - std[617be2ca0a6fd877]::panicking::panic_with_hook
[INFO] [stdout]    7:     0x60751c49da42 - std[617be2ca0a6fd877]::panicking::panic_handler::{closure#0}
[INFO] [stdout]    8:     0x60751c496259 - std[617be2ca0a6fd877]::sys::backtrace::__rust_end_short_backtrace::<std[617be2ca0a6fd877]::panicking::panic_handler::{closure#0}, !>
[INFO] [stdout]    9:     0x60751c49e92d - __rustc[ea4f61d10b84890b]::rust_begin_unwind
[INFO] [stdout]   10:     0x60751c4dd4cc - core[a373ad73a504971]::panicking::panic_fmt
[INFO] [stdout]   11:     0x60751c4dd2a2 - core[a373ad73a504971]::result::unwrap_failed
[INFO] [stdout]   12:     0x60751c2d6dec - <covguard[7280ffa61664606d]::tests::test_run_check_prints_annotations::{closure#0} as core[a373ad73a504971]::ops::function::FnOnce<()>>::call_once
[INFO] [stdout]   13:     0x60751c326e7b - test[aada8e7e76ba119b]::__rust_begin_short_backtrace::<core[a373ad73a504971]::result::Result<(), alloc[2e1b2a31b91974c5]::string::String>, fn() -> core[a373ad73a504971]::result::Result<(), alloc[2e1b2a31b91974c5]::string::String>>
[INFO] [stdout]   14:     0x60751c334055 - test[aada8e7e76ba119b]::run_test::{closure#0}
[INFO] [stdout]   15:     0x60751c32d944 - std[617be2ca0a6fd877]::sys::backtrace::__rust_begin_short_backtrace::<test[aada8e7e76ba119b]::run_test::{closure#1}, ()>
[INFO] [stdout]   16:     0x60751c3370e2 - <std[617be2ca0a6fd877]::thread::lifecycle::spawn_unchecked<test[aada8e7e76ba119b]::run_test::{closure#1}, ()>::{closure#1} as core[a373ad73a504971]::ops::function::FnOnce<()>>::call_once::{shim:vtable#0}
[INFO] [stdout]   17:     0x60751c4c346f - <std[617be2ca0a6fd877]::sys::thread::unix::Thread>::new::thread_start
[INFO] [stdout]   18:     0x7b73f8aaedfa - <unknown>
[INFO] [stdout]   19:     0x7b73f8b423d4 - clone
[INFO] [stdout]   20:                0x0 - <unknown>
[INFO] [stdout] 
[INFO] [stdout] ---- tests::test_run_check_reads_diff_from_stdin_without_diff_file stdout ----
[INFO] [stdout] 
[INFO] [stdout] thread 'tests::test_run_check_reads_diff_from_stdin_without_diff_file' (2354) panicked at src/main.rs:2229:54:
[INFO] [stdout] read diff: Os { code: 2, kind: NotFound, message: "No such file or directory" }
[INFO] [stdout] stack backtrace:
[INFO] [stdout]    0:     0x60751c4c4151 - <<std[617be2ca0a6fd877]::sys::backtrace::BacktraceLock>::print::DisplayBacktrace as core[a373ad73a504971]::fmt::Display>::fmt
[INFO] [stdout]    1:     0x60751c4dccaa - core[a373ad73a504971]::fmt::write
[INFO] [stdout]    2:     0x60751c4c960c - <alloc[2e1b2a31b91974c5]::vec::Vec<u8> as core[a373ad73a504971]::io::write::Write>::write_fmt
[INFO] [stdout]    3:     0x60751c49d996 - std[617be2ca0a6fd877]::panicking::default_hook::{closure#0}
[INFO] [stdout]    4:     0x60751c4bb639 - std[617be2ca0a6fd877]::panicking::default_hook
[INFO] [stdout]    5:     0x60751c333a30 - test[aada8e7e76ba119b]::test_main_inner::{closure#0}
[INFO] [stdout]    6:     0x60751c4bb7f2 - std[617be2ca0a6fd877]::panicking::panic_with_hook
[INFO] [stdout]    7:     0x60751c49da42 - std[617be2ca0a6fd877]::panicking::panic_handler::{closure#0}
[INFO] [stdout]    8:     0x60751c496259 - std[617be2ca0a6fd877]::sys::backtrace::__rust_end_short_backtrace::<std[617be2ca0a6fd877]::panicking::panic_handler::{closure#0}, !>
[INFO] [stdout]    9:     0x60751c49e92d - __rustc[ea4f61d10b84890b]::rust_begin_unwind
[INFO] [stdout]   10:     0x60751c4dd4cc - core[a373ad73a504971]::panicking::panic_fmt
[INFO] [stdout]   11:     0x60751c4dd2a2 - core[a373ad73a504971]::result::unwrap_failed
[INFO] [stdout]   12:     0x60751c2e89c6 - <covguard[7280ffa61664606d]::tests::test_run_check_reads_diff_from_stdin_without_diff_file::{closure#0} as core[a373ad73a504971]::ops::function::FnOnce<()>>::call_once
[INFO] [stdout]   13:     0x60751c326e7b - test[aada8e7e76ba119b]::__rust_begin_short_backtrace::<core[a373ad73a504971]::result::Result<(), alloc[2e1b2a31b91974c5]::string::String>, fn() -> core[a373ad73a504971]::result::Result<(), alloc[2e1b2a31b91974c5]::string::String>>
[INFO] [stdout]   14:     0x60751c334055 - test[aada8e7e76ba119b]::run_test::{closure#0}
[INFO] [stdout]   15:     0x60751c32d944 - std[617be2ca0a6fd877]::sys::backtrace::__rust_begin_short_backtrace::<test[aada8e7e76ba119b]::run_test::{closure#1}, ()>
[INFO] [stdout]   16:     0x60751c3370e2 - <std[617be2ca0a6fd877]::thread::lifecycle::spawn_unchecked<test[aada8e7e76ba119b]::run_test::{closure#1}, ()>::{closure#1} as core[a373ad73a504971]::ops::function::FnOnce<()>>::call_once::{shim:vtable#0}
[INFO] [stdout]   17:     0x60751c4c346f - <std[617be2ca0a6fd877]::sys::thread::unix::Thread>::new::thread_start
[INFO] [stdout]   18:     0x7b73f8aaedfa - <unknown>
[INFO] [stdout]   19:     0x7b73f8b423d4 - clone
[INFO] [stdout]   20:                0x0 - <unknown>
[INFO] [stdout] 
[INFO] [stdout] ---- tests::test_run_check_cockpit_payload_write_error stdout ----
[INFO] [stdout] 
[INFO] [stdout] thread 'tests::test_run_check_cockpit_payload_write_error' (2340) panicked at src/main.rs:2440:9:
[INFO] [stdout] assertion failed: matches!(result, Err(CliError::FileWrite { .. }))
[INFO] [stdout] stack backtrace:
[INFO] [stdout]    0:     0x60751c4c4151 - <<std[617be2ca0a6fd877]::sys::backtrace::BacktraceLock>::print::DisplayBacktrace as core[a373ad73a504971]::fmt::Display>::fmt
[INFO] [stdout]    1:     0x60751c4dccaa - core[a373ad73a504971]::fmt::write
[INFO] [stdout]    2:     0x60751c4c960c - <alloc[2e1b2a31b91974c5]::vec::Vec<u8> as core[a373ad73a504971]::io::write::Write>::write_fmt
[INFO] [stdout]    3:     0x60751c49d996 - std[617be2ca0a6fd877]::panicking::default_hook::{closure#0}
[INFO] [stdout]    4:     0x60751c4bb639 - std[617be2ca0a6fd877]::panicking::default_hook
[INFO] [stdout]    5:     0x60751c333a30 - test[aada8e7e76ba119b]::test_main_inner::{closure#0}
[INFO] [stdout]    6:     0x60751c4bb7f2 - std[617be2ca0a6fd877]::panicking::panic_with_hook
[INFO] [stdout]    7:     0x60751c49da74 - std[617be2ca0a6fd877]::panicking::panic_handler::{closure#0}
[INFO] [stdout]    8:     0x60751c496259 - std[617be2ca0a6fd877]::sys::backtrace::__rust_end_short_backtrace::<std[617be2ca0a6fd877]::panicking::panic_handler::{closure#0}, !>
[INFO] [stdout]    9:     0x60751c49e92d - __rustc[ea4f61d10b84890b]::rust_begin_unwind
[INFO] [stdout]   10:     0x60751c4dd4cc - core[a373ad73a504971]::panicking::panic_fmt
[INFO] [stdout]   11:     0x60751c4dd492 - core[a373ad73a504971]::panicking::panic
[INFO] [stdout]   12:     0x60751c2e5152 - <covguard[7280ffa61664606d]::tests::test_run_check_cockpit_payload_write_error::{closure#0} as core[a373ad73a504971]::ops::function::FnOnce<()>>::call_once
[INFO] [stdout]   13:     0x60751c326e7b - test[aada8e7e76ba119b]::__rust_begin_short_backtrace::<core[a373ad73a504971]::result::Result<(), alloc[2e1b2a31b91974c5]::string::String>, fn() -> core[a373ad73a504971]::result::Result<(), alloc[2e1b2a31b91974c5]::string::String>>
[INFO] [stdout]   14:     0x60751c334055 - test[aada8e7e76ba119b]::run_test::{closure#0}
[INFO] [stdout]   15:     0x60751c32d944 - std[617be2ca0a6fd877]::sys::backtrace::__rust_begin_short_backtrace::<test[aada8e7e76ba119b]::run_test::{closure#1}, ()>
[INFO] [stdout]   16:     0x60751c3370e2 - <std[617be2ca0a6fd877]::thread::lifecycle::spawn_unchecked<test[aada8e7e76ba119b]::run_test::{closure#1}, ()>::{closure#1} as core[a373ad73a504971]::ops::function::FnOnce<()>>::call_once::{shim:vtable#0}
[INFO] [stdout]   17:     0x60751c4c346f - <std[617be2ca0a6fd877]::sys::thread::unix::Thread>::new::thread_start
[INFO] [stdout]   18:     0x7b73f8aaedfa - <unknown>
[INFO] [stdout]   19:     0x7b73f8b423d4 - clone
[INFO] [stdout]   20:                0x0 - <unknown>
[INFO] [stdout] 
[INFO] [stdout] ---- tests::test_run_check_standard_md_write_error stdout ----
[INFO] [stdout] 
[INFO] [stdout] thread 'tests::test_run_check_standard_md_write_error' (2355) panicked at src/main.rs:2509:9:
[INFO] [stdout] assertion failed: matches!(result, Err(CliError::FileWrite { .. }))
[INFO] [stdout] stack backtrace:
[INFO] [stdout]    0:     0x60751c4c4151 - <<std[617be2ca0a6fd877]::sys::backtrace::BacktraceLock>::print::DisplayBacktrace as core[a373ad73a504971]::fmt::Display>::fmt
[INFO] [stdout]    1:     0x60751c4dccaa - core[a373ad73a504971]::fmt::write
[INFO] [stdout]    2:     0x60751c4c960c - <alloc[2e1b2a31b91974c5]::vec::Vec<u8> as core[a373ad73a504971]::io::write::Write>::write_fmt
[INFO] [stdout]    3:     0x60751c49d996 - std[617be2ca0a6fd877]::panicking::default_hook::{closure#0}
[INFO] [stdout]    4:     0x60751c4bb639 - std[617be2ca0a6fd877]::panicking::default_hook
[INFO] [stdout]    5:     0x60751c333a30 - test[aada8e7e76ba119b]::test_main_inner::{closure#0}
[INFO] [stdout]    6:     0x60751c4bb7f2 - std[617be2ca0a6fd877]::panicking::panic_with_hook
[INFO] [stdout]    7:     0x60751c49da74 - std[617be2ca0a6fd877]::panicking::panic_handler::{closure#0}
[INFO] [stdout]    8:     0x60751c496259 - std[617be2ca0a6fd877]::sys::backtrace::__rust_end_short_backtrace::<std[617be2ca0a6fd877]::panicking::panic_handler::{closure#0}, !>
[INFO] [stdout]    9:     0x60751c49e92d - __rustc[ea4f61d10b84890b]::rust_begin_unwind
[INFO] [stdout]   10:     0x60751c4dd4cc - core[a373ad73a504971]::panicking::panic_fmt
[INFO] [stdout]   11:     0x60751c4dd492 - core[a373ad73a504971]::panicking::panic
[INFO] [stdout]   12:     0x60751c2db651 - <covguard[7280ffa61664606d]::tests::test_run_check_standard_md_write_error::{closure#0} as core[a373ad73a504971]::ops::function::FnOnce<()>>::call_once
[INFO] [stdout]   13:     0x60751c326e7b - test[aada8e7e76ba119b]::__rust_begin_short_backtrace::<core[a373ad73a504971]::result::Result<(), alloc[2e1b2a31b91974c5]::string::String>, fn() -> core[a373ad73a504971]::result::Result<(), alloc[2e1b2a31b91974c5]::string::String>>
[INFO] [stdout]   14:     0x60751c334055 - test[aada8e7e76ba119b]::run_test::{closure#0}
[INFO] [stdout]   15:     0x60751c32d944 - std[617be2ca0a6fd877]::sys::backtrace::__rust_begin_short_backtrace::<test[aada8e7e76ba119b]::run_test::{closure#1}, ()>
[INFO] [stdout]   16:     0x60751c3370e2 - <std[617be2ca0a6fd877]::thread::lifecycle::spawn_unchecked<test[aada8e7e76ba119b]::run_test::{closure#1}, ()>::{closure#1} as core[a373ad73a504971]::ops::function::FnOnce<()>>::call_once::{shim:vtable#0}
[INFO] [stdout]   17:     0x60751c4c346f - <std[617be2ca0a6fd877]::sys::thread::unix::Thread>::new::thread_start
[INFO] [stdout]   18:     0x7b73f8aaedfa - <unknown>
[INFO] [stdout]   19:     0x7b73f8b423d4 - clone
[INFO] [stdout]   20:                0x0 - <unknown>
[INFO] [stdout] 
[INFO] [stdout] ---- tests::test_run_check_fail_on_mapping_warn_never stdout ----
[INFO] [stdout] 
[INFO] [stdout] thread 'tests::test_run_check_fail_on_mapping_warn_never' (2349) panicked at src/main.rs:2369:14:
[INFO] [stdout] run_check: FileRead { path: "/opt/fixtures/diff/simple_added.patch", source: Os { code: 2, kind: NotFound, message: "No such file or directory" } }
[INFO] [stdout] stack backtrace:
[INFO] [stdout]    0:     0x60751c4c4151 - <<std[617be2ca0a6fd877]::sys::backtrace::BacktraceLock>::print::DisplayBacktrace as core[a373ad73a504971]::fmt::Display>::fmt
[INFO] [stdout]    1:     0x60751c4dccaa - core[a373ad73a504971]::fmt::write
[INFO] [stdout]    2:     0x60751c4c960c - <alloc[2e1b2a31b91974c5]::vec::Vec<u8> as core[a373ad73a504971]::io::write::Write>::write_fmt
[INFO] [stdout]    3:     0x60751c49d996 - std[617be2ca0a6fd877]::panicking::default_hook::{closure#0}
[INFO] [stdout]    4:     0x60751c4bb639 - std[617be2ca0a6fd877]::panicking::default_hook
[INFO] [stdout]    5:     0x60751c333a30 - test[aada8e7e76ba119b]::test_main_inner::{closure#0}
[INFO] [stdout]    6:     0x60751c4bb7f2 - std[617be2ca0a6fd877]::panicking::panic_with_hook
[INFO] [stdout]    7:     0x60751c49da42 - std[617be2ca0a6fd877]::panicking::panic_handler::{closure#0}
[INFO] [stdout]    8:     0x60751c496259 - std[617be2ca0a6fd877]::sys::backtrace::__rust_end_short_backtrace::<std[617be2ca0a6fd877]::panicking::panic_handler::{closure#0}, !>
[INFO] [stdout]    9:     0x60751c49e92d - __rustc[ea4f61d10b84890b]::rust_begin_unwind
[INFO] [stdout]   10:     0x60751c4dd4cc - core[a373ad73a504971]::panicking::panic_fmt
[INFO] [stdout]   11:     0x60751c4dd2a2 - core[a373ad73a504971]::result::unwrap_failed
[INFO] [stdout]   12:     0x60751c2e2a7d - <covguard[7280ffa61664606d]::tests::test_run_check_fail_on_mapping_warn_never::{closure#0} as core[a373ad73a504971]::ops::function::FnOnce<()>>::call_once
[INFO] [stdout]   13:     0x60751c326e7b - test[aada8e7e76ba119b]::__rust_begin_short_backtrace::<core[a373ad73a504971]::result::Result<(), alloc[2e1b2a31b91974c5]::string::String>, fn() -> core[a373ad73a504971]::result::Result<(), alloc[2e1b2a31b91974c5]::string::String>>
[INFO] [stdout]   14:     0x60751c334055 - test[aada8e7e76ba119b]::run_test::{closure#0}
[INFO] [stdout]   15:     0x60751c32d944 - std[617be2ca0a6fd877]::sys::backtrace::__rust_begin_short_backtrace::<test[aada8e7e76ba119b]::run_test::{closure#1}, ()>
[INFO] [stdout]   16:     0x60751c3370e2 - <std[617be2ca0a6fd877]::thread::lifecycle::spawn_unchecked<test[aada8e7e76ba119b]::run_test::{closure#1}, ()>::{closure#1} as core[a373ad73a504971]::ops::function::FnOnce<()>>::call_once::{shim:vtable#0}
[INFO] [stdout]   17:     0x60751c4c346f - <std[617be2ca0a6fd877]::sys::thread::unix::Thread>::new::thread_start
[INFO] [stdout]   18:     0x7b73f8aaedfa - <unknown>
[INFO] [stdout]   19:     0x7b73f8b423d4 - clone
[INFO] [stdout]   20:                0x0 - <unknown>
[INFO] [stdout] 
[INFO] [stdout] ---- tests::test_run_check_profile_mapping_variants stdout ----
[INFO] [stdout] 
[INFO] [stdout] thread 'tests::test_run_check_profile_mapping_variants' (2353) panicked at src/main.rs:2329:14:
[INFO] [stdout] run_check: FileRead { path: "/opt/fixtures/diff/simple_added.patch", source: Os { code: 2, kind: NotFound, message: "No such file or directory" } }
[INFO] [stdout] stack backtrace:
[INFO] [stdout]    0:     0x60751c4c4151 - <<std[617be2ca0a6fd877]::sys::backtrace::BacktraceLock>::print::DisplayBacktrace as core[a373ad73a504971]::fmt::Display>::fmt
[INFO] [stdout]    1:     0x60751c4dccaa - core[a373ad73a504971]::fmt::write
[INFO] [stdout]    2:     0x60751c4c960c - <alloc[2e1b2a31b91974c5]::vec::Vec<u8> as core[a373ad73a504971]::io::write::Write>::write_fmt
[INFO] [stdout]    3:     0x60751c49d996 - std[617be2ca0a6fd877]::panicking::default_hook::{closure#0}
[INFO] [stdout]    4:     0x60751c4bb639 - std[617be2ca0a6fd877]::panicking::default_hook
[INFO] [stdout]    5:     0x60751c333a30 - test[aada8e7e76ba119b]::test_main_inner::{closure#0}
[INFO] [stdout]    6:     0x60751c4bb7f2 - std[617be2ca0a6fd877]::panicking::panic_with_hook
[INFO] [stdout]    7:     0x60751c49da42 - std[617be2ca0a6fd877]::panicking::panic_handler::{closure#0}
[INFO] [stdout]    8:     0x60751c496259 - std[617be2ca0a6fd877]::sys::backtrace::__rust_end_short_backtrace::<std[617be2ca0a6fd877]::panicking::panic_handler::{closure#0}, !>
[INFO] [stdout]    9:     0x60751c49e92d - __rustc[ea4f61d10b84890b]::rust_begin_unwind
[INFO] [stdout]   10:     0x60751c4dd4cc - core[a373ad73a504971]::panicking::panic_fmt
[INFO] [stdout]   11:     0x60751c4dd2a2 - core[a373ad73a504971]::result::unwrap_failed
[INFO] [stdout]   12:     0x60751c2e0001 - <covguard[7280ffa61664606d]::tests::test_run_check_profile_mapping_variants::{closure#0} as core[a373ad73a504971]::ops::function::FnOnce<()>>::call_once
[INFO] [stdout]   13:     0x60751c326e7b - test[aada8e7e76ba119b]::__rust_begin_short_backtrace::<core[a373ad73a504971]::result::Result<(), alloc[2e1b2a31b91974c5]::string::String>, fn() -> core[a373ad73a504971]::result::Result<(), alloc[2e1b2a31b91974c5]::string::String>>
[INFO] [stdout]   14:     0x60751c334055 - test[aada8e7e76ba119b]::run_test::{closure#0}
[INFO] [stdout]   15:     0x60751c32d944 - std[617be2ca0a6fd877]::sys::backtrace::__rust_begin_short_backtrace::<test[aada8e7e76ba119b]::run_test::{closure#1}, ()>
[INFO] [stdout]   16:     0x60751c3370e2 - <std[617be2ca0a6fd877]::thread::lifecycle::spawn_unchecked<test[aada8e7e76ba119b]::run_test::{closure#1}, ()>::{closure#1} as core[a373ad73a504971]::ops::function::FnOnce<()>>::call_once::{shim:vtable#0}
[INFO] [stdout]   17:     0x60751c4c346f - <std[617be2ca0a6fd877]::sys::thread::unix::Thread>::new::thread_start
[INFO] [stdout]   18:     0x7b73f8aaedfa - <unknown>
[INFO] [stdout]   19:     0x7b73f8b423d4 - clone
[INFO] [stdout]   20:                0x0 - <unknown>
[INFO] [stdout] 
[INFO] [stdout] ---- tests::test_run_check_standard_out_write_error stdout ----
[INFO] [stdout] 
[INFO] [stdout] thread 'tests::test_run_check_standard_out_write_error' (2362) panicked at src/main.rs:2474:9:
[INFO] [stdout] assertion failed: matches!(result, Err(CliError::FileWrite { .. }))
[INFO] [stdout] stack backtrace:
[INFO] [stdout]    0:     0x60751c4c4151 - <<std[617be2ca0a6fd877]::sys::backtrace::BacktraceLock>::print::DisplayBacktrace as core[a373ad73a504971]::fmt::Display>::fmt
[INFO] [stdout]    1:     0x60751c4dccaa - core[a373ad73a504971]::fmt::write
[INFO] [stdout]    2:     0x60751c4c960c - <alloc[2e1b2a31b91974c5]::vec::Vec<u8> as core[a373ad73a504971]::io::write::Write>::write_fmt
[INFO] [stdout]    3:     0x60751c49d996 - std[617be2ca0a6fd877]::panicking::default_hook::{closure#0}
[INFO] [stdout]    4:     0x60751c4bb639 - std[617be2ca0a6fd877]::panicking::default_hook
[INFO] [stdout]    5:     0x60751c333a30 - test[aada8e7e76ba119b]::test_main_inner::{closure#0}
[INFO] [stdout]    6:     0x60751c4bb7f2 - std[617be2ca0a6fd877]::panicking::panic_with_hook
[INFO] [stdout]    7:     0x60751c49da74 - std[617be2ca0a6fd877]::panicking::panic_handler::{closure#0}
[INFO] [stdout]    8:     0x60751c496259 - std[617be2ca0a6fd877]::sys::backtrace::__rust_end_short_backtrace::<std[617be2ca0a6fd877]::panicking::panic_handler::{closure#0}, !>
[INFO] [stdout]    9:     0x60751c49e92d - __rustc[ea4f61d10b84890b]::rust_begin_unwind
[INFO] [stdout]   10:     0x60751c4dd4cc - core[a373ad73a504971]::panicking::panic_fmt
[INFO] [stdout]   11:     0x60751c4dd492 - core[a373ad73a504971]::panicking::panic
[INFO] [stdout]   12:     0x60751c2e08fe - <covguard[7280ffa61664606d]::tests::test_run_check_standard_out_write_error::{closure#0} as core[a373ad73a504971]::ops::function::FnOnce<()>>::call_once
[INFO] [stdout]   13:     0x60751c326e7b - test[aada8e7e76ba119b]::__rust_begin_short_backtrace::<core[a373ad73a504971]::result::Result<(), alloc[2e1b2a31b91974c5]::string::String>, fn() -> core[a373ad73a504971]::result::Result<(), alloc[2e1b2a31b91974c5]::string::String>>
[INFO] [stdout]   14:     0x60751c334055 - test[aada8e7e76ba119b]::run_test::{closure#0}
[INFO] [stdout]   15:     0x60751c32d944 - std[617be2ca0a6fd877]::sys::backtrace::__rust_begin_short_backtrace::<test[aada8e7e76ba119b]::run_test::{closure#1}, ()>
[INFO] [stdout]   16:     0x60751c3370e2 - <std[617be2ca0a6fd877]::thread::lifecycle::spawn_unchecked<test[aada8e7e76ba119b]::run_test::{closure#1}, ()>::{closure#1} as core[a373ad73a504971]::ops::function::FnOnce<()>>::call_once::{shim:vtable#0}
[INFO] [stdout]   17:     0x60751c4c346f - <std[617be2ca0a6fd877]::sys::thread::unix::Thread>::new::thread_start
[INFO] [stdout]   18:     0x7b73f8aaedfa - <unknown>
[INFO] [stdout]   19:     0x7b73f8b423d4 - clone
[INFO] [stdout]   20:                0x0 - <unknown>
[INFO] [stdout] 
[INFO] [stdout] ---- tests::test_run_cli_with_args_success stdout ----
[INFO] [stdout] error: Failed to read file '/opt/fixtures/diff/simple_added.patch': No such file or directory (os error 2)
[INFO] [stdout] 
[INFO] [stdout] thread 'tests::test_run_cli_with_args_success' (2378) panicked at src/main.rs:1462:9:
[INFO] [stdout] assertion `left == right` failed
[INFO] [stdout]   left: 1
[INFO] [stdout]  right: 0
[INFO] [stdout] stack backtrace:
[INFO] [stdout]    0:     0x60751c4c4151 - <<std[617be2ca0a6fd877]::sys::backtrace::BacktraceLock>::print::DisplayBacktrace as core[a373ad73a504971]::fmt::Display>::fmt
[INFO] [stdout]    1:     0x60751c4dccaa - core[a373ad73a504971]::fmt::write
[INFO] [stdout]    2:     0x60751c4c960c - <alloc[2e1b2a31b91974c5]::vec::Vec<u8> as core[a373ad73a504971]::io::write::Write>::write_fmt
[INFO] [stdout]    3:     0x60751c49d996 - std[617be2ca0a6fd877]::panicking::default_hook::{closure#0}
[INFO] [stdout]    4:     0x60751c4bb639 - std[617be2ca0a6fd877]::panicking::default_hook
[INFO] [stdout]    5:     0x60751c333a30 - test[aada8e7e76ba119b]::test_main_inner::{closure#0}
[INFO] [stdout]    6:     0x60751c4bb7f2 - std[617be2ca0a6fd877]::panicking::panic_with_hook
[INFO] [stdout]    7:     0x60751c49da42 - std[617be2ca0a6fd877]::panicking::panic_handler::{closure#0}
[INFO] [stdout]    8:     0x60751c496259 - std[617be2ca0a6fd877]::sys::backtrace::__rust_end_short_backtrace::<std[617be2ca0a6fd877]::panicking::panic_handler::{closure#0}, !>
[INFO] [stdout]    9:     0x60751c49e92d - __rustc[ea4f61d10b84890b]::rust_begin_unwind
[INFO] [stdout]   10:     0x60751c4dd4cc - core[a373ad73a504971]::panicking::panic_fmt
[INFO] [stdout]   11:     0x60751c4dd3e3 - core[a373ad73a504971]::panicking::assert_failed_inner
[INFO] [stdout]   12:     0x60751c495a25 - core[a373ad73a504971]::panicking::assert_failed::<i32, i32>
[INFO] [stdout]   13:     0x60751c2d4fc0 - <covguard[7280ffa61664606d]::tests::test_run_cli_with_args_success::{closure#0} as core[a373ad73a504971]::ops::function::FnOnce<()>>::call_once
[INFO] [stdout]   14:     0x60751c326e7b - test[aada8e7e76ba119b]::__rust_begin_short_backtrace::<core[a373ad73a504971]::result::Result<(), alloc[2e1b2a31b91974c5]::string::String>, fn() -> core[a373ad73a504971]::result::Result<(), alloc[2e1b2a31b91974c5]::string::String>>
[INFO] [stdout]   15:     0x60751c334055 - test[aada8e7e76ba119b]::run_test::{closure#0}
[INFO] [stdout]   16:     0x60751c32d944 - std[617be2ca0a6fd877]::sys::backtrace::__rust_begin_short_backtrace::<test[aada8e7e76ba119b]::run_test::{closure#1}, ()>
[INFO] [stdout]   17:     0x60751c3370e2 - <std[617be2ca0a6fd877]::thread::lifecycle::spawn_unchecked<test[aada8e7e76ba119b]::run_test::{closure#1}, ()>::{closure#1} as core[a373ad73a504971]::ops::function::FnOnce<()>>::call_once::{shim:vtable#0}
[INFO] [stdout]   18:     0x60751c4c346f - <std[617be2ca0a6fd877]::sys::thread::unix::Thread>::new::thread_start
[INFO] [stdout]   19:     0x7b73f8aaedfa - <unknown>
[INFO] [stdout]   20:     0x7b73f8b423d4 - clone
[INFO] [stdout]   21:                0x0 - <unknown>
[INFO] [stdout] 
[INFO] [stdout] ---- tests::test_run_check_standard_sarif_write_error stdout ----
[INFO] [stdout] 
[INFO] [stdout] thread 'tests::test_run_check_standard_sarif_write_error' (2364) panicked at src/main.rs:2544:9:
[INFO] [stdout] assertion failed: matches!(result, Err(CliError::FileWrite { .. }))
[INFO] [stdout] stack backtrace:
[INFO] [stdout]    0:     0x60751c4c4151 - <<std[617be2ca0a6fd877]::sys::backtrace::BacktraceLock>::print::DisplayBacktrace as core[a373ad73a504971]::fmt::Display>::fmt
[INFO] [stdout]    1:     0x60751c4dccaa - core[a373ad73a504971]::fmt::write
[INFO] [stdout]    2:     0x60751c4c960c - <alloc[2e1b2a31b91974c5]::vec::Vec<u8> as core[a373ad73a504971]::io::write::Write>::write_fmt
[INFO] [stdout]    3:     0x60751c49d996 - std[617be2ca0a6fd877]::panicking::default_hook::{closure#0}
[INFO] [stdout]    4:     0x60751c4bb639 - std[617be2ca0a6fd877]::panicking::default_hook
[INFO] [stdout]    5:     0x60751c333a30 - test[aada8e7e76ba119b]::test_main_inner::{closure#0}
[INFO] [stdout]    6:     0x60751c4bb7f2 - std[617be2ca0a6fd877]::panicking::panic_with_hook
[INFO] [stdout]    7:     0x60751c49da74 - std[617be2ca0a6fd877]::panicking::panic_handler::{closure#0}
[INFO] [stdout]    8:     0x60751c496259 - std[617be2ca0a6fd877]::sys::backtrace::__rust_end_short_backtrace::<std[617be2ca0a6fd877]::panicking::panic_handler::{closure#0}, !>
[INFO] [stdout]    9:     0x60751c49e92d - __rustc[ea4f61d10b84890b]::rust_begin_unwind
[INFO] [stdout]   10:     0x60751c4dd4cc - core[a373ad73a504971]::panicking::panic_fmt
[INFO] [stdout]   11:     0x60751c4dd492 - core[a373ad73a504971]::panicking::panic
[INFO] [stdout]   12:     0x60751c2e34f1 - <covguard[7280ffa61664606d]::tests::test_run_check_standard_sarif_write_error::{closure#0} as core[a373ad73a504971]::ops::function::FnOnce<()>>::call_once
[INFO] [stdout]   13:     0x60751c326e7b - test[aada8e7e76ba119b]::__rust_begin_short_backtrace::<core[a373ad73a504971]::result::Result<(), alloc[2e1b2a31b91974c5]::string::String>, fn() -> core[a373ad73a504971]::result::Result<(), alloc[2e1b2a31b91974c5]::string::String>>
[INFO] [stdout]   14:     0x60751c334055 - test[aada8e7e76ba119b]::run_test::{closure#0}
[INFO] [stdout]   15:     0x60751c32d944 - std[617be2ca0a6fd877]::sys::backtrace::__rust_begin_short_backtrace::<test[aada8e7e76ba119b]::run_test::{closure#1}, ()>
[INFO] [stdout]   16:     0x60751c3370e2 - <std[617be2ca0a6fd877]::thread::lifecycle::spawn_unchecked<test[aada8e7e76ba119b]::run_test::{closure#1}, ()>::{closure#1} as core[a373ad73a504971]::ops::function::FnOnce<()>>::call_once::{shim:vtable#0}
[INFO] [stdout]   17:     0x60751c4c346f - <std[617be2ca0a6fd877]::sys::thread::unix::Thread>::new::thread_start
[INFO] [stdout]   18:     0x7b73f8aaedfa - <unknown>
[INFO] [stdout]   19:     0x7b73f8b423d4 - clone
[INFO] [stdout]   20:                0x0 - <unknown>
[INFO] [stdout] 
[INFO] [stdout] ---- tests::test_run_check_standard_writes_outputs stdout ----
[INFO] [stdout] 
[INFO] [stdout] thread 'tests::test_run_check_standard_writes_outputs' (2365) panicked at src/main.rs:1637:10:
[INFO] [stdout] run_check: FileRead { path: "/opt/fixtures/diff/simple_added.patch", source: Os { code: 2, kind: NotFound, message: "No such file or directory" } }
[INFO] [stdout] stack backtrace:
[INFO] [stdout]    0:     0x60751c4c4151 - <<std[617be2ca0a6fd877]::sys::backtrace::BacktraceLock>::print::DisplayBacktrace as core[a373ad73a504971]::fmt::Display>::fmt
[INFO] [stdout]    1:     0x60751c4dccaa - core[a373ad73a504971]::fmt::write
[INFO] [stdout]    2:     0x60751c4c960c - <alloc[2e1b2a31b91974c5]::vec::Vec<u8> as core[a373ad73a504971]::io::write::Write>::write_fmt
[INFO] [stdout]    3:     0x60751c49d996 - std[617be2ca0a6fd877]::panicking::default_hook::{closure#0}
[INFO] [stdout]    4:     0x60751c4bb639 - std[617be2ca0a6fd877]::panicking::default_hook
[INFO] [stdout]    5:     0x60751c333a30 - test[aada8e7e76ba119b]::test_main_inner::{closure#0}
[INFO] [stdout]    6:     0x60751c4bb7f2 - std[617be2ca0a6fd877]::panicking::panic_with_hook
[INFO] [stdout]    7:     0x60751c49da42 - std[617be2ca0a6fd877]::panicking::panic_handler::{closure#0}
[INFO] [stdout]    8:     0x60751c496259 - std[617be2ca0a6fd877]::sys::backtrace::__rust_end_short_backtrace::<std[617be2ca0a6fd877]::panicking::panic_handler::{closure#0}, !>
[INFO] [stdout]    9:     0x60751c49e92d - __rustc[ea4f61d10b84890b]::rust_begin_unwind
[INFO] [stdout]   10:     0x60751c4dd4cc - core[a373ad73a504971]::panicking::panic_fmt
[INFO] [stdout]   11:     0x60751c4dd2a2 - core[a373ad73a504971]::result::unwrap_failed
[INFO] [stdout]   12:     0x60751c2dc6a2 - <covguard[7280ffa61664606d]::tests::test_run_check_standard_writes_outputs::{closure#0} as core[a373ad73a504971]::ops::function::FnOnce<()>>::call_once
[INFO] [stdout]   13:     0x60751c326e7b - test[aada8e7e76ba119b]::__rust_begin_short_backtrace::<core[a373ad73a504971]::result::Result<(), alloc[2e1b2a31b91974c5]::string::String>, fn() -> core[a373ad73a504971]::result::Result<(), alloc[2e1b2a31b91974c5]::string::String>>
[INFO] [stdout]   14:     0x60751c334055 - test[aada8e7e76ba119b]::run_test::{closure#0}
[INFO] [stdout]   15:     0x60751c32d944 - std[617be2ca0a6fd877]::sys::backtrace::__rust_begin_short_backtrace::<test[aada8e7e76ba119b]::run_test::{closure#1}, ()>
[INFO] [stdout]   16:     0x60751c3370e2 - <std[617be2ca0a6fd877]::thread::lifecycle::spawn_unchecked<test[aada8e7e76ba119b]::run_test::{closure#1}, ()>::{closure#1} as core[a373ad73a504971]::ops::function::FnOnce<()>>::call_once::{shim:vtable#0}
[INFO] [stdout]   17:     0x60751c4c346f - <std[617be2ca0a6fd877]::sys::thread::unix::Thread>::new::thread_start
[INFO] [stdout]   18:     0x7b73f8aaedfa - <unknown>
[INFO] [stdout]   19:     0x7b73f8b423d4 - clone
[INFO] [stdout]   20:                0x0 - <unknown>
[INFO] [stdout] 
[INFO] [stdout] 
[INFO] [stdout] failures:
[INFO] [stdout]     tests::test_run_check_cockpit_default_payload_path
[INFO] [stdout]     tests::test_run_check_cockpit_out_write_error
[INFO] [stdout]     tests::test_run_check_cockpit_payload_write_error
[INFO] [stdout]     tests::test_run_check_config_load_success
[INFO] [stdout]     tests::test_run_check_fail_on_mapping_warn_never
[INFO] [stdout]     tests::test_run_check_prints_annotations
[INFO] [stdout]     tests::test_run_check_profile_mapping_variants
[INFO] [stdout]     tests::test_run_check_reads_diff_from_stdin_without_diff_file
[INFO] [stdout]     tests::test_run_check_standard_md_write_error
[INFO] [stdout]     tests::test_run_check_standard_out_write_error
[INFO] [stdout]     tests::test_run_check_standard_sarif_write_error
[INFO] [stdout]     tests::test_run_check_standard_writes_outputs
[INFO] [stdout]     tests::test_run_cli_with_args_success
[INFO] [stdout] 
[INFO] [stdout] test result: FAILED. 60 passed; 13 failed; 0 ignored; 0 measured; 0 filtered out; finished in 1.51s
[INFO] [stdout] 
[INFO] running `Command { std: "docker" "inspect" "f916350326efefcb19c5a99966d916181d6135e79c88110cb6c14bf3dc688170", kill_on_drop: false }`
[INFO] running `Command { std: "docker" "rm" "-f" "f916350326efefcb19c5a99966d916181d6135e79c88110cb6c14bf3dc688170", kill_on_drop: false }`
[INFO] [stdout] f916350326efefcb19c5a99966d916181d6135e79c88110cb6c14bf3dc688170
