[INFO] fetching crate covguard-adapters-diff 0.1.0...
[INFO] testing covguard-adapters-diff-0.1.0 against 1.100.0-beta.1+cargoflags=--release for beta-release-1.100-2
[INFO] extracting crate covguard-adapters-diff 0.1.0 into /workspace/builds/worker-2-tc2/source
[INFO] started tweaking crates.io crate covguard-adapters-diff 0.1.0
[INFO] removed 0 missing tests
[INFO] finished tweaking crates.io crate covguard-adapters-diff 0.1.0
[INFO] tweaked toml for crates.io crate covguard-adapters-diff 0.1.0 written to /workspace/builds/worker-2-tc2/source/Cargo.toml
[INFO] validating manifest of crates.io crate covguard-adapters-diff 0.1.0 on toolchain 1.100.0-beta.1
[INFO] running `Command { std: CARGO_HOME="/workspace/cargo-home" RUSTUP_HOME="/workspace/rustup-home" "/workspace/cargo-home/bin/cargo" "+1.100.0-beta.1" "metadata" "--manifest-path" "Cargo.toml" "--no-deps", kill_on_drop: false }`
[INFO] crate crates.io crate covguard-adapters-diff 0.1.0 already has a lockfile, it will not be regenerated
[INFO] running `Command { std: CARGO_HOME="/workspace/cargo-home" RUSTUP_HOME="/workspace/rustup-home" "/workspace/cargo-home/bin/cargo" "+1.100.0-beta.1" "fetch" "--manifest-path" "Cargo.toml", kill_on_drop: false }`
[INFO] [stderr] warning: `package.homepage` is redundant with `package.repository`
[INFO] [stderr]   --> Cargo.toml:31:12
[INFO] [stderr]    |
[INFO] [stderr] 31 | homepage = "https://github.com/effortlessmetrics/cov-guard"
[INFO] [stderr]    |            ^^^^^^^^^^^^^^^^^^^^^^^^^^^^^^^^^^^^^^^^^^^^^^^^
[INFO] [stderr] ...
[INFO] [stderr] 36 | repository = "https://github.com/effortlessmetrics/cov-guard"
[INFO] [stderr]    |              ------------------------------------------------
[INFO] [stderr]    |
[INFO] [stderr]    = note: `cargo::redundant_homepage` is set to `warn` by default
[INFO] [stderr] help: consider removing `package.homepage`
[INFO] [stderr] warning: `covguard-adapters-diff` (manifest) generated 1 warning
[INFO] running `Command { std: "docker" "create" "-v" "/var/lib/crater-agent-workspace/builds/worker-2-tc2/source:/opt/rustwide/workdir:ro,Z" "-v" "/var/lib/crater-agent-workspace/builds/worker-2-tc2/target:/opt/rustwide/target:rw,Z" "-v" "/var/lib/crater-agent-workspace/cargo-home:/opt/rustwide/cargo-home:ro,Z" "-v" "/var/lib/crater-agent-workspace/rustup-home:/opt/rustwide/rustup-home:ro,Z" "-m" "1610612736" "--network" "none" "ghcr.io/rust-lang/crates-build-env/linux@sha256:77db811e55d90add9212f6832c23229e3de5f1c1f9905e8cb07319ea15df73ac" "sleep" "infinity", kill_on_drop: false }`
[INFO] [stdout] 6a0bbd8ae80d919ca17d1fa87e4ae0928fa8297d89d2a47e1997ca98a1459d0f
[INFO] running `Command { std: "docker" "start" "6a0bbd8ae80d919ca17d1fa87e4ae0928fa8297d89d2a47e1997ca98a1459d0f", kill_on_drop: false }`
[INFO] running `Command { std: "docker" "inspect" "6a0bbd8ae80d919ca17d1fa87e4ae0928fa8297d89d2a47e1997ca98a1459d0f", kill_on_drop: false }`
[INFO] running `Command { std: "docker" "exec" "-e" "SOURCE_DIR=/opt/rustwide/workdir" "-e" "CARGO_HOME=/opt/rustwide/cargo-home" "-e" "RUSTUP_HOME=/opt/rustwide/rustup-home" "-e" "CARGO_TARGET_DIR=/opt/rustwide/target" "-w" "/opt/rustwide/workdir" "--user" "0:0" "6a0bbd8ae80d919ca17d1fa87e4ae0928fa8297d89d2a47e1997ca98a1459d0f" "/opt/rustwide/cargo-home/bin/cargo" "+1.100.0-beta.1" "metadata" "--no-deps" "--format-version=1", kill_on_drop: false }`
[INFO] running `Command { std: "docker" "inspect" "6a0bbd8ae80d919ca17d1fa87e4ae0928fa8297d89d2a47e1997ca98a1459d0f", kill_on_drop: false }`
[INFO] running `Command { std: "docker" "exec" "-e" "SOURCE_DIR=/opt/rustwide/workdir" "-e" "CARGO_HOME=/opt/rustwide/cargo-home" "-e" "RUSTUP_HOME=/opt/rustwide/rustup-home" "-e" "CARGO_TARGET_DIR=/opt/rustwide/target" "-e" "CARGO_INCREMENTAL=0" "-e" "RUST_BACKTRACE=full" "-e" "RUSTFLAGS=--cap-lints=warn" "-e" "RUSTDOCFLAGS=--cap-lints=warn" "-w" "/opt/rustwide/workdir" "--user" "0:0" "6a0bbd8ae80d919ca17d1fa87e4ae0928fa8297d89d2a47e1997ca98a1459d0f" "/opt/rustwide/cargo-home/bin/cargo" "+1.100.0-beta.1" "build" "--frozen" "--message-format=json" "--release", kill_on_drop: false }`
[INFO] [stderr] warning: `package.homepage` is redundant with `package.repository`
[INFO] [stderr]   --> Cargo.toml:31:12
[INFO] [stderr]    |
[INFO] [stderr] 31 | homepage = "https://github.com/effortlessmetrics/cov-guard"
[INFO] [stderr]    |            ^^^^^^^^^^^^^^^^^^^^^^^^^^^^^^^^^^^^^^^^^^^^^^^^
[INFO] [stderr] ...
[INFO] [stderr] 36 | repository = "https://github.com/effortlessmetrics/cov-guard"
[INFO] [stderr]    |              ------------------------------------------------
[INFO] [stderr]    |
[INFO] [stderr]    = note: `cargo::redundant_homepage` is set to `warn` by default
[INFO] [stderr] help: consider removing `package.homepage`
[INFO] [stderr] warning: `covguard-adapters-diff` (manifest) generated 1 warning
[INFO] [stderr]    Compiling serde_core v1.0.228
[INFO] [stderr]    Compiling serde v1.0.228
[INFO] [stderr]    Compiling proc-macro2 v1.0.106
[INFO] [stderr]    Compiling covguard-ranges v0.1.0
[INFO] [stderr]    Compiling covguard-paths v0.1.0
[INFO] [stderr]    Compiling quote v1.0.44
[INFO] [stderr]    Compiling syn v2.0.114
[INFO] [stderr]    Compiling thiserror-impl v2.0.18
[INFO] [stderr]    Compiling chrono v0.4.43
[INFO] [stderr]    Compiling thiserror v2.0.18
[INFO] [stderr]    Compiling covguard-ports v0.1.0
[INFO] [stderr]    Compiling covguard-adapters-diff v0.1.0 (/opt/rustwide/workdir)
[INFO] [stderr]     Finished `release` profile [optimized] target(s) in 14.71s
[INFO] running `Command { std: "docker" "inspect" "6a0bbd8ae80d919ca17d1fa87e4ae0928fa8297d89d2a47e1997ca98a1459d0f", kill_on_drop: false }`
[INFO] running `Command { std: "docker" "exec" "-e" "SOURCE_DIR=/opt/rustwide/workdir" "-e" "CARGO_HOME=/opt/rustwide/cargo-home" "-e" "RUSTUP_HOME=/opt/rustwide/rustup-home" "-e" "CARGO_TARGET_DIR=/opt/rustwide/target" "-e" "CARGO_INCREMENTAL=0" "-e" "RUST_BACKTRACE=full" "-e" "RUSTFLAGS=--cap-lints=warn" "-e" "RUSTDOCFLAGS=--cap-lints=warn" "-w" "/opt/rustwide/workdir" "--user" "0:0" "6a0bbd8ae80d919ca17d1fa87e4ae0928fa8297d89d2a47e1997ca98a1459d0f" "/opt/rustwide/cargo-home/bin/cargo" "+1.100.0-beta.1" "test" "--frozen" "--no-run" "--message-format=json" "--release", kill_on_drop: false }`
[INFO] [stderr] warning: `package.homepage` is redundant with `package.repository`
[INFO] [stderr]   --> Cargo.toml:31:12
[INFO] [stderr]    |
[INFO] [stderr] 31 | homepage = "https://github.com/effortlessmetrics/cov-guard"
[INFO] [stderr]    |            ^^^^^^^^^^^^^^^^^^^^^^^^^^^^^^^^^^^^^^^^^^^^^^^^
[INFO] [stderr] ...
[INFO] [stderr] 36 | repository = "https://github.com/effortlessmetrics/cov-guard"
[INFO] [stderr]    |              ------------------------------------------------
[INFO] [stderr]    |
[INFO] [stderr]    = note: `cargo::redundant_homepage` is set to `warn` by default
[INFO] [stderr] help: consider removing `package.homepage`
[INFO] [stderr] warning: `covguard-adapters-diff` (manifest) generated 1 warning
[INFO] [stderr]    Compiling libc v0.2.183
[INFO] [stderr]    Compiling num-traits v0.2.19
[INFO] [stderr]    Compiling zerocopy v0.8.37
[INFO] [stderr]    Compiling rustix v1.1.4
[INFO] [stderr]    Compiling once_cell v1.21.3
[INFO] [stderr]    Compiling quick-error v1.2.3
[INFO] [stderr]    Compiling bit-vec v0.8.0
[INFO] [stderr]    Compiling regex-syntax v0.8.8
[INFO] [stderr]    Compiling unarray v0.1.4
[INFO] [stderr]    Compiling bit-set v0.8.0
[INFO] [stderr]    Compiling chrono v0.4.43
[INFO] [stderr]    Compiling getrandom v0.3.4
[INFO] [stderr]    Compiling wait-timeout v0.2.1
[INFO] [stderr]    Compiling rand_core v0.9.5
[INFO] [stderr]    Compiling rand v0.9.2
[INFO] [stderr]    Compiling rand_xorshift v0.4.0
[INFO] [stderr]    Compiling tempfile v3.26.0
[INFO] [stderr]    Compiling rusty-fork v0.3.1
[INFO] [stderr]    Compiling covguard-ports v0.1.0
[INFO] [stderr]    Compiling covguard-adapters-diff v0.1.0 (/opt/rustwide/workdir)
[INFO] [stderr]    Compiling ppv-lite86 v0.2.21
[INFO] [stderr]    Compiling rand_chacha v0.9.0
[INFO] [stderr]    Compiling proptest v1.10.0
[INFO] [stderr]     Finished `release` profile [optimized] target(s) in 45.70s
[INFO] running `Command { std: "docker" "inspect" "6a0bbd8ae80d919ca17d1fa87e4ae0928fa8297d89d2a47e1997ca98a1459d0f", kill_on_drop: false }`
[INFO] running `Command { std: "docker" "exec" "-e" "SOURCE_DIR=/opt/rustwide/workdir" "-e" "CARGO_HOME=/opt/rustwide/cargo-home" "-e" "RUSTUP_HOME=/opt/rustwide/rustup-home" "-e" "CARGO_TARGET_DIR=/opt/rustwide/target" "-e" "CARGO_INCREMENTAL=0" "-e" "RUST_BACKTRACE=full" "-e" "RUSTFLAGS=--cap-lints=warn" "-e" "RUSTDOCFLAGS=--cap-lints=warn" "-w" "/opt/rustwide/workdir" "--user" "0:0" "6a0bbd8ae80d919ca17d1fa87e4ae0928fa8297d89d2a47e1997ca98a1459d0f" "/opt/rustwide/cargo-home/bin/cargo" "+1.100.0-beta.1" "test" "--frozen" "--release", kill_on_drop: false }`
[INFO] [stderr] warning: `package.homepage` is redundant with `package.repository`
[INFO] [stderr]   --> Cargo.toml:31:12
[INFO] [stderr]    |
[INFO] [stderr] 31 | homepage = "https://github.com/effortlessmetrics/cov-guard"
[INFO] [stderr]    |            ^^^^^^^^^^^^^^^^^^^^^^^^^^^^^^^^^^^^^^^^^^^^^^^^
[INFO] [stderr] ...
[INFO] [stderr] 36 | repository = "https://github.com/effortlessmetrics/cov-guard"
[INFO] [stderr]    |              ------------------------------------------------
[INFO] [stderr]    |
[INFO] [stderr]    = note: `cargo::redundant_homepage` is set to `warn` by default
[INFO] [stderr] help: consider removing `package.homepage`
[INFO] [stderr] warning: `covguard-adapters-diff` (manifest) generated 1 warning
[INFO] [stderr]     Finished `release` profile [optimized] target(s) in 0.09s
[INFO] [stderr]      Running unittests src/lib.rs (/opt/rustwide/target/release/build/covguard-adapters-diff/7197ffe032f5b796/out/covguard_adapters_diff-7197ffe032f5b796)
[INFO] [stdout] 
[INFO] [stdout] running 33 tests
[INFO] [stdout] test tests::test_normalize_path_a_prefix ... ok
[INFO] [stdout] test tests::test_normalize_path_b_prefix ... ok
[INFO] [stdout] test tests::test_normalize_path_dot_slash ... ok
[INFO] [stdout] test tests::test_normalize_path_no_change ... ok
[INFO] [stdout] test tests::test_parse_fixture_simple_added_patch ... ok
[INFO] [stdout] test tests::test_parse_hunk_header_missing_plus_returns_none ... ok
[INFO] [stdout] test tests::test_parse_hunk_header_new_file ... ok
[INFO] [stdout] test tests::test_normalize_path_combined ... ok
[INFO] [stdout] test tests::test_parse_hunk_header_with_counts ... ok
[INFO] [stdout] test tests::test_parse_patch_binary_files_marker ... ok
[INFO] [stdout] test tests::test_parse_patch_binary_files_marker_dev_null ... ok
[INFO] [stdout] test proptests::normalize_path_never_panics ... ok
[INFO] [stdout] test proptests::normalize_path_removes_leading_b_prefix ... ok
[INFO] [stdout] test tests::test_parse_patch_context_without_leading_space ... ok
[INFO] [stdout] test tests::test_git_diff_provider_parse_patch ... ok
[INFO] [stdout] test tests::test_parse_patch_crlf ... ok
[INFO] [stdout] test tests::test_parse_hunk_header_without_counts ... ok
[INFO] [stdout] test tests::test_parse_patch_deleted_file ... ok
[INFO] [stdout] test tests::test_parse_patch_deletion_only_hunk ... ok
[INFO] [stdout] test tests::test_parse_patch_empty ... ok
[INFO] [stdout] test tests::test_parse_patch_git_binary_patch_marker ... ok
[INFO] [stdout] test tests::test_parse_patch_malformed_hunk_header_returns_error ... ok
[INFO] [stdout] test tests::test_parse_patch_multiple_files ... ok
[INFO] [stdout] test tests::test_parse_patch_no_newline_marker ... ok
[INFO] [stdout] test tests::test_load_diff_from_git_bad_repo_path_returns_io_error ... ok
[INFO] [stdout] test tests::test_parse_patch_binary_files_marker_without_and ... ok
[INFO] [stdout] test tests::test_parse_patch_empty_line_in_hunk ... ok
[INFO] [stdout] test tests::test_parse_patch_mixed_additions_deletions ... ok
[INFO] [stdout] test tests::test_parse_patch_modified_file_multiple_hunks ... ok
[INFO] [stdout] test tests::test_parse_patch_rename ... ok
[INFO] [stdout] test tests::test_parse_patch_simple_added ... ok
[INFO] [stdout] test tests::test_normalize_path_backslash ... ok
[INFO] [stdout] test tests::test_load_diff_from_git_success_in_temp_repo ... ok
[INFO] [stdout] 
[INFO] [stdout] test result: ok. 33 passed; 0 failed; 0 ignored; 0 measured; 0 filtered out; finished in 0.05s
[INFO] [stdout] 
[INFO] [stderr]      Running tests/deep_analysis.rs (/opt/rustwide/target/release/build/covguard-adapters-diff/32c16861918818d8/out/deep_analysis-32c16861918818d8)
[INFO] [stdout] 
[INFO] [stdout] running 31 tests
[INFO] [stdout] test test_edge_case_empty_diff ... ok
[INFO] [stdout] test test_edge_case_large_line_numbers ... ok
[INFO] [stdout] test test_edge_case_multiple_hunks_same_file ... ok
[INFO] [stdout] test test_edge_case_mixed_additions_deletions ... ok
[INFO] [stdout] test test_binary_detection_git_binary_patch ... ok
[INFO] [stdout] test test_binary_detection_dev_null ... ok
[INFO] [stdout] test test_edge_case_no_newline_marker ... ok
[INFO] [stdout] test test_edge_case_crlf_endings ... ok
[INFO] [stdout] test test_binary_detection_binary_files_marker ... ok
[INFO] [stdout] test test_all_fixtures_summary ... ok
[INFO] [stdout] test test_edge_case_only_context_lines ... ok
[INFO] [stdout] test test_edge_case_overlapping_hunks ... ok
[INFO] [stdout] test test_fixture_binary_file ... FAILED
[INFO] [stdout] test test_fixture_delete_only ... FAILED
[INFO] [stdout] test test_fixture_multiple_files ... FAILED
[INFO] [stdout] test test_fixture_renamed_file ... FAILED
[INFO] [stdout] test test_fixture_simple_added ... FAILED
[INFO] [stdout] test test_edge_case_deleted_file ... ok
[INFO] [stdout] test test_fuzz_empty_hunk ... FAILED
[INFO] [stdout] test test_fuzz_crlf_endings ... FAILED
[INFO] [stdout] test test_path_normalization_b_prefix ... ok
[INFO] [stdout] test test_fixture_with_ignore_directive ... FAILED
[INFO] [stdout] test test_path_normalization_backslash ... ok
[INFO] [stdout] test test_path_normalization_combined ... ok
[INFO] [stdout] test test_fuzz_large_line_numbers ... FAILED
[INFO] [stdout] test test_path_normalization_a_prefix ... ok
[INFO] [stdout] test test_path_normalization_whitespace ... ok
[INFO] [stdout] test test_rename_handling_with_subdirectory ... ok
[INFO] [stdout] test test_path_normalization_dot_slash ... ok
[INFO] [stdout] test test_path_normalization_no_change ... ok
[INFO] [stdout] test test_rename_handling_basic ... ok
[INFO] [stdout] 
[INFO] [stdout] failures:
[INFO] [stdout] 
[INFO] [stdout] ---- test_fixture_binary_file stdout ----
[INFO] [stdout] 
[INFO] [stdout] thread 'test_fixture_binary_file' (849) panicked at tests/deep_analysis.rs:134:10:
[INFO] [stdout] Failed to read binary_file.patch: Os { code: 2, kind: NotFound, message: "No such file or directory" }
[INFO] [stdout] stack backtrace:
[INFO] [stdout]    0:     0x60c233e43341 - <<std[617be2ca0a6fd877]::sys::backtrace::BacktraceLock>::print::DisplayBacktrace as core[a373ad73a504971]::fmt::Display>::fmt
[INFO] [stdout]    1:     0x60c233e5767a - core[a373ad73a504971]::fmt::write
[INFO] [stdout]    2:     0x60c233e4755c - <alloc[2e1b2a31b91974c5]::vec::Vec<u8> as core[a373ad73a504971]::io::write::Write>::write_fmt
[INFO] [stdout]    3:     0x60c233e1f446 - std[617be2ca0a6fd877]::panicking::default_hook::{closure#0}
[INFO] [stdout]    4:     0x60c233e3b679 - std[617be2ca0a6fd877]::panicking::default_hook
[INFO] [stdout]    5:     0x60c233dcc850 - test[aada8e7e76ba119b]::test_main_inner::{closure#0}
[INFO] [stdout]    6:     0x60c233e3b832 - std[617be2ca0a6fd877]::panicking::panic_with_hook
[INFO] [stdout]    7:     0x60c233e1f4f2 - std[617be2ca0a6fd877]::panicking::panic_handler::{closure#0}
[INFO] [stdout]    8:     0x60c233e18079 - std[617be2ca0a6fd877]::sys::backtrace::__rust_end_short_backtrace::<std[617be2ca0a6fd877]::panicking::panic_handler::{closure#0}, !>
[INFO] [stdout]    9:     0x60c233e200fd - __rustc[ea4f61d10b84890b]::rust_begin_unwind
[INFO] [stdout]   10:     0x60c233e57dac - core[a373ad73a504971]::panicking::panic_fmt
[INFO] [stdout]   11:     0x60c233e57b82 - core[a373ad73a504971]::result::unwrap_failed
[INFO] [stdout]   12:     0x60c233db872b - <deep_analysis[5c22f605261e4fcf]::test_fixture_binary_file::{closure#0} as core[a373ad73a504971]::ops::function::FnOnce<()>>::call_once
[INFO] [stdout]   13:     0x60c233dbfc9b - test[aada8e7e76ba119b]::__rust_begin_short_backtrace::<core[a373ad73a504971]::result::Result<(), alloc[2e1b2a31b91974c5]::string::String>, fn() -> core[a373ad73a504971]::result::Result<(), alloc[2e1b2a31b91974c5]::string::String>>
[INFO] [stdout]   14:     0x60c233dcce75 - test[aada8e7e76ba119b]::run_test::{closure#0}
[INFO] [stdout]   15:     0x60c233dc6764 - std[617be2ca0a6fd877]::sys::backtrace::__rust_begin_short_backtrace::<test[aada8e7e76ba119b]::run_test::{closure#1}, ()>
[INFO] [stdout]   16:     0x60c233dcff02 - <std[617be2ca0a6fd877]::thread::lifecycle::spawn_unchecked<test[aada8e7e76ba119b]::run_test::{closure#1}, ()>::{closure#1} as core[a373ad73a504971]::ops::function::FnOnce<()>>::call_once::{shim:vtable#0}
[INFO] [stdout]   17:     0x60c233e4283f - <std[617be2ca0a6fd877]::sys::thread::unix::Thread>::new::thread_start
[INFO] [stdout]   18:     0x7da69a0c9dfa - <unknown>
[INFO] [stdout]   19:     0x7da69a15d3d4 - clone
[INFO] [stdout]   20:                0x0 - <unknown>
[INFO] [stdout] 
[INFO] [stdout] ---- test_fixture_delete_only stdout ----
[INFO] [stdout] 
[INFO] [stdout] thread 'test_fixture_delete_only' (850) panicked at tests/deep_analysis.rs:52:10:
[INFO] [stdout] Failed to read delete_only.patch: Os { code: 2, kind: NotFound, message: "No such file or directory" }
[INFO] [stdout] stack backtrace:
[INFO] [stdout]    0:     0x60c233e43341 - <<std[617be2ca0a6fd877]::sys::backtrace::BacktraceLock>::print::DisplayBacktrace as core[a373ad73a504971]::fmt::Display>::fmt
[INFO] [stdout]    1:     0x60c233e5767a - core[a373ad73a504971]::fmt::write
[INFO] [stdout]    2:     0x60c233e4755c - <alloc[2e1b2a31b91974c5]::vec::Vec<u8> as core[a373ad73a504971]::io::write::Write>::write_fmt
[INFO] [stdout]    3:     0x60c233e1f446 - std[617be2ca0a6fd877]::panicking::default_hook::{closure#0}
[INFO] [stdout]    4:     0x60c233e3b679 - std[617be2ca0a6fd877]::panicking::default_hook
[INFO] [stdout]    5:     0x60c233dcc850 - test[aada8e7e76ba119b]::test_main_inner::{closure#0}
[INFO] [stdout]    6:     0x60c233e3b832 - std[617be2ca0a6fd877]::panicking::panic_with_hook
[INFO] [stdout]    7:     0x60c233e1f4f2 - std[617be2ca0a6fd877]::panicking::panic_handler::{closure#0}
[INFO] [stdout]    8:     0x60c233e18079 - std[617be2ca0a6fd877]::sys::backtrace::__rust_end_short_backtrace::<std[617be2ca0a6fd877]::panicking::panic_handler::{closure#0}, !>
[INFO] [stdout]    9:     0x60c233e200fd - __rustc[ea4f61d10b84890b]::rust_begin_unwind
[INFO] [stdout]   10:     0x60c233e57dac - core[a373ad73a504971]::panicking::panic_fmt
[INFO] [stdout]   11:     0x60c233e57b82 - core[a373ad73a504971]::result::unwrap_failed
[INFO] [stdout]   12:     0x60c233db8b7d - <deep_analysis[5c22f605261e4fcf]::test_fixture_delete_only::{closure#0} as core[a373ad73a504971]::ops::function::FnOnce<()>>::call_once
[INFO] [stdout]   13:     0x60c233dbfc9b - test[aada8e7e76ba119b]::__rust_begin_short_backtrace::<core[a373ad73a504971]::result::Result<(), alloc[2e1b2a31b91974c5]::string::String>, fn() -> core[a373ad73a504971]::result::Result<(), alloc[2e1b2a31b91974c5]::string::String>>
[INFO] [stdout]   14:     0x60c233dcce75 - test[aada8e7e76ba119b]::run_test::{closure#0}
[INFO] [stdout]   15:     0x60c233dc6764 - std[617be2ca0a6fd877]::sys::backtrace::__rust_begin_short_backtrace::<test[aada8e7e76ba119b]::run_test::{closure#1}, ()>
[INFO] [stdout]   16:     0x60c233dcff02 - <std[617be2ca0a6fd877]::thread::lifecycle::spawn_unchecked<test[aada8e7e76ba119b]::run_test::{closure#1}, ()>::{closure#1} as core[a373ad73a504971]::ops::function::FnOnce<()>>::call_once::{shim:vtable#0}
[INFO] [stdout]   17:     0x60c233e4283f - <std[617be2ca0a6fd877]::sys::thread::unix::Thread>::new::thread_start
[INFO] [stdout]   18:     0x7da69a0c9dfa - <unknown>
[INFO] [stdout]   19:     0x7da69a15d3d4 - clone
[INFO] [stdout]   20:                0x0 - <unknown>
[INFO] [stdout] 
[INFO] [stdout] ---- test_fixture_multiple_files stdout ----
[INFO] [stdout] 
[INFO] [stdout] thread 'test_fixture_multiple_files' (851) panicked at tests/deep_analysis.rs:70:10:
[INFO] [stdout] Failed to read multiple_files.patch: Os { code: 2, kind: NotFound, message: "No such file or directory" }
[INFO] [stdout] stack backtrace:
[INFO] [stdout]    0:     0x60c233e43341 - <<std[617be2ca0a6fd877]::sys::backtrace::BacktraceLock>::print::DisplayBacktrace as core[a373ad73a504971]::fmt::Display>::fmt
[INFO] [stdout]    1:     0x60c233e5767a - core[a373ad73a504971]::fmt::write
[INFO] [stdout]    2:     0x60c233e4755c - <alloc[2e1b2a31b91974c5]::vec::Vec<u8> as core[a373ad73a504971]::io::write::Write>::write_fmt
[INFO] [stdout]    3:     0x60c233e1f446 - std[617be2ca0a6fd877]::panicking::default_hook::{closure#0}
[INFO] [stdout]    4:     0x60c233e3b679 - std[617be2ca0a6fd877]::panicking::default_hook
[INFO] [stdout]    5:     0x60c233dcc850 - test[aada8e7e76ba119b]::test_main_inner::{closure#0}
[INFO] [stdout]    6:     0x60c233e3b832 - std[617be2ca0a6fd877]::panicking::panic_with_hook
[INFO] [stdout]    7:     0x60c233e1f4f2 - std[617be2ca0a6fd877]::panicking::panic_handler::{closure#0}
[INFO] [stdout]    8:     0x60c233e18079 - std[617be2ca0a6fd877]::sys::backtrace::__rust_end_short_backtrace::<std[617be2ca0a6fd877]::panicking::panic_handler::{closure#0}, !>
[INFO] [stdout]    9:     0x60c233e200fd - __rustc[ea4f61d10b84890b]::rust_begin_unwind
[INFO] [stdout]   10:     0x60c233e57dac - core[a373ad73a504971]::panicking::panic_fmt
[INFO] [stdout]   11:     0x60c233e57b82 - core[a373ad73a504971]::result::unwrap_failed
[INFO] [stdout]   12:     0x60c233dbbf0d - <deep_analysis[5c22f605261e4fcf]::test_fixture_multiple_files::{closure#0} as core[a373ad73a504971]::ops::function::FnOnce<()>>::call_once
[INFO] [stdout]   13:     0x60c233dbfc9b - test[aada8e7e76ba119b]::__rust_begin_short_backtrace::<core[a373ad73a504971]::result::Result<(), alloc[2e1b2a31b91974c5]::string::String>, fn() -> core[a373ad73a504971]::result::Result<(), alloc[2e1b2a31b91974c5]::string::String>>
[INFO] [stdout]   14:     0x60c233dcce75 - test[aada8e7e76ba119b]::run_test::{closure#0}
[INFO] [stdout]   15:     0x60c233dc6764 - std[617be2ca0a6fd877]::sys::backtrace::__rust_begin_short_backtrace::<test[aada8e7e76ba119b]::run_test::{closure#1}, ()>
[INFO] [stdout]   16:     0x60c233dcff02 - <std[617be2ca0a6fd877]::thread::lifecycle::spawn_unchecked<test[aada8e7e76ba119b]::run_test::{closure#1}, ()>::{closure#1} as core[a373ad73a504971]::ops::function::FnOnce<()>>::call_once::{shim:vtable#0}
[INFO] [stdout]   17:     0x60c233e4283f - <std[617be2ca0a6fd877]::sys::thread::unix::Thread>::new::thread_start
[INFO] [stdout]   18:     0x7da69a0c9dfa - <unknown>
[INFO] [stdout]   19:     0x7da69a15d3d4 - clone
[INFO] [stdout]   20:                0x0 - <unknown>
[INFO] [stdout] 
[INFO] [stdout] ---- test_fixture_renamed_file stdout ----
[INFO] [stdout] 
[INFO] [stdout] thread 'test_fixture_renamed_file' (852) panicked at tests/deep_analysis.rs:106:10:
[INFO] [stdout] Failed to read renamed_file.patch: Os { code: 2, kind: NotFound, message: "No such file or directory" }
[INFO] [stdout] stack backtrace:
[INFO] [stdout]    0:     0x60c233e43341 - <<std[617be2ca0a6fd877]::sys::backtrace::BacktraceLock>::print::DisplayBacktrace as core[a373ad73a504971]::fmt::Display>::fmt
[INFO] [stdout]    1:     0x60c233e5767a - core[a373ad73a504971]::fmt::write
[INFO] [stdout]    2:     0x60c233e4755c - <alloc[2e1b2a31b91974c5]::vec::Vec<u8> as core[a373ad73a504971]::io::write::Write>::write_fmt
[INFO] [stdout]    3:     0x60c233e1f446 - std[617be2ca0a6fd877]::panicking::default_hook::{closure#0}
[INFO] [stdout]    4:     0x60c233e3b679 - std[617be2ca0a6fd877]::panicking::default_hook
[INFO] [stdout]    5:     0x60c233dcc850 - test[aada8e7e76ba119b]::test_main_inner::{closure#0}
[INFO] [stdout]    6:     0x60c233e3b832 - std[617be2ca0a6fd877]::panicking::panic_with_hook
[INFO] [stdout]    7:     0x60c233e1f4f2 - std[617be2ca0a6fd877]::panicking::panic_handler::{closure#0}
[INFO] [stdout]    8:     0x60c233e18079 - std[617be2ca0a6fd877]::sys::backtrace::__rust_end_short_backtrace::<std[617be2ca0a6fd877]::panicking::panic_handler::{closure#0}, !>
[INFO] [stdout]    9:     0x60c233e200fd - __rustc[ea4f61d10b84890b]::rust_begin_unwind
[INFO] [stdout]   10:     0x60c233e57dac - core[a373ad73a504971]::panicking::panic_fmt
[INFO] [stdout]   11:     0x60c233e57b82 - core[a373ad73a504971]::result::unwrap_failed
[INFO] [stdout]   12:     0x60c233dba661 - <deep_analysis[5c22f605261e4fcf]::test_fixture_renamed_file::{closure#0} as core[a373ad73a504971]::ops::function::FnOnce<()>>::call_once
[INFO] [stdout]   13:     0x60c233dbfc9b - test[aada8e7e76ba119b]::__rust_begin_short_backtrace::<core[a373ad73a504971]::result::Result<(), alloc[2e1b2a31b91974c5]::string::String>, fn() -> core[a373ad73a504971]::result::Result<(), alloc[2e1b2a31b91974c5]::string::String>>
[INFO] [stdout]   14:     0x60c233dcce75 - test[aada8e7e76ba119b]::run_test::{closure#0}
[INFO] [stdout]   15:     0x60c233dc6764 - std[617be2ca0a6fd877]::sys::backtrace::__rust_begin_short_backtrace::<test[aada8e7e76ba119b]::run_test::{closure#1}, ()>
[INFO] [stdout]   16:     0x60c233dcff02 - <std[617be2ca0a6fd877]::thread::lifecycle::spawn_unchecked<test[aada8e7e76ba119b]::run_test::{closure#1}, ()>::{closure#1} as core[a373ad73a504971]::ops::function::FnOnce<()>>::call_once::{shim:vtable#0}
[INFO] [stdout]   17:     0x60c233e4283f - <std[617be2ca0a6fd877]::sys::thread::unix::Thread>::new::thread_start
[INFO] [stdout]   18:     0x7da69a0c9dfa - <unknown>
[INFO] [stdout]   19:     0x7da69a15d3d4 - clone
[INFO] [stdout]   20:                0x0 - <unknown>
[INFO] [stdout] 
[INFO] [stdout] ---- test_fixture_simple_added stdout ----
[INFO] [stdout] 
[INFO] [stdout] thread 'test_fixture_simple_added' (853) panicked at tests/deep_analysis.rs:33:10:
[INFO] [stdout] Failed to read simple_added.patch: Os { code: 2, kind: NotFound, message: "No such file or directory" }
[INFO] [stdout] stack backtrace:
[INFO] [stdout]    0:     0x60c233e43341 - <<std[617be2ca0a6fd877]::sys::backtrace::BacktraceLock>::print::DisplayBacktrace as core[a373ad73a504971]::fmt::Display>::fmt
[INFO] [stdout]    1:     0x60c233e5767a - core[a373ad73a504971]::fmt::write
[INFO] [stdout]    2:     0x60c233e4755c - <alloc[2e1b2a31b91974c5]::vec::Vec<u8> as core[a373ad73a504971]::io::write::Write>::write_fmt
[INFO] [stdout]    3:     0x60c233e1f446 - std[617be2ca0a6fd877]::panicking::default_hook::{closure#0}
[INFO] [stdout]    4:     0x60c233e3b679 - std[617be2ca0a6fd877]::panicking::default_hook
[INFO] [stdout]    5:     0x60c233dcc850 - test[aada8e7e76ba119b]::test_main_inner::{closure#0}
[INFO] [stdout]    6:     0x60c233e3b832 - std[617be2ca0a6fd877]::panicking::panic_with_hook
[INFO] [stdout]    7:     0x60c233e1f4f2 - std[617be2ca0a6fd877]::panicking::panic_handler::{closure#0}
[INFO] [stdout]    8:     0x60c233e18079 - std[617be2ca0a6fd877]::sys::backtrace::__rust_end_short_backtrace::<std[617be2ca0a6fd877]::panicking::panic_handler::{closure#0}, !>
[INFO] [stdout]    9:     0x60c233e200fd - __rustc[ea4f61d10b84890b]::rust_begin_unwind
[INFO] [stdout]   10:     0x60c233e57dac - core[a373ad73a504971]::panicking::panic_fmt
[INFO] [stdout]   11:     0x60c233e57b82 - core[a373ad73a504971]::result::unwrap_failed
[INFO] [stdout]   12:     0x60c233dbabf7 - <deep_analysis[5c22f605261e4fcf]::test_fixture_simple_added::{closure#0} as core[a373ad73a504971]::ops::function::FnOnce<()>>::call_once
[INFO] [stdout]   13:     0x60c233dbfc9b - test[aada8e7e76ba119b]::__rust_begin_short_backtrace::<core[a373ad73a504971]::result::Result<(), alloc[2e1b2a31b91974c5]::string::String>, fn() -> core[a373ad73a504971]::result::Result<(), alloc[2e1b2a31b91974c5]::string::String>>
[INFO] [stdout]   14:     0x60c233dcce75 - test[aada8e7e76ba119b]::run_test::{closure#0}
[INFO] [stdout]   15:     0x60c233dc6764 - std[617be2ca0a6fd877]::sys::backtrace::__rust_begin_short_backtrace::<test[aada8e7e76ba119b]::run_test::{closure#1}, ()>
[INFO] [stdout]   16:     0x60c233dcff02 - <std[617be2ca0a6fd877]::thread::lifecycle::spawn_unchecked<test[aada8e7e76ba119b]::run_test::{closure#1}, ()>::{closure#1} as core[a373ad73a504971]::ops::function::FnOnce<()>>::call_once::{shim:vtable#0}
[INFO] [stdout]   17:     0x60c233e4283f - <std[617be2ca0a6fd877]::sys::thread::unix::Thread>::new::thread_start
[INFO] [stdout]   18:     0x7da69a0c9dfa - <unknown>
[INFO] [stdout]   19:     0x7da69a15d3d4 - clone
[INFO] [stdout]   20:                0x0 - <unknown>
[INFO] [stdout] 
[INFO] [stdout] ---- test_fuzz_empty_hunk stdout ----
[INFO] [stdout] 
[INFO] [stdout] thread 'test_fuzz_empty_hunk' (856) panicked at tests/deep_analysis.rs:557:6:
[INFO] [stdout] Failed to read empty_hunk.patch: Os { code: 2, kind: NotFound, message: "No such file or directory" }
[INFO] [stdout] stack backtrace:
[INFO] [stdout]    0:     0x60c233e43341 - <<std[617be2ca0a6fd877]::sys::backtrace::BacktraceLock>::print::DisplayBacktrace as core[a373ad73a504971]::fmt::Display>::fmt
[INFO] [stdout]    1:     0x60c233e5767a - core[a373ad73a504971]::fmt::write
[INFO] [stdout]    2:     0x60c233e4755c - <alloc[2e1b2a31b91974c5]::vec::Vec<u8> as core[a373ad73a504971]::io::write::Write>::write_fmt
[INFO] [stdout]    3:     0x60c233e1f446 - std[617be2ca0a6fd877]::panicking::default_hook::{closure#0}
[INFO] [stdout]    4:     0x60c233e3b679 - std[617be2ca0a6fd877]::panicking::default_hook
[INFO] [stdout]    5:     0x60c233dcc850 - test[aada8e7e76ba119b]::test_main_inner::{closure#0}
[INFO] [stdout]    6:     0x60c233e3b832 - std[617be2ca0a6fd877]::panicking::panic_with_hook
[INFO] [stdout]    7:     0x60c233e1f4f2 - std[617be2ca0a6fd877]::panicking::panic_handler::{closure#0}
[INFO] [stdout]    8:     0x60c233e18079 - std[617be2ca0a6fd877]::sys::backtrace::__rust_end_short_backtrace::<std[617be2ca0a6fd877]::panicking::panic_handler::{closure#0}, !>
[INFO] [stdout]    9:     0x60c233e200fd - __rustc[ea4f61d10b84890b]::rust_begin_unwind
[INFO] [stdout]   10:     0x60c233e57dac - core[a373ad73a504971]::panicking::panic_fmt
[INFO] [stdout]   11:     0x60c233e57b82 - core[a373ad73a504971]::result::unwrap_failed
[INFO] [stdout]   12:     0x60c233db7c4b - <deep_analysis[5c22f605261e4fcf]::test_fuzz_empty_hunk::{closure#0} as core[a373ad73a504971]::ops::function::FnOnce<()>>::call_once
[INFO] [stdout]   13:     0x60c233dbfc9b - test[aada8e7e76ba119b]::__rust_begin_short_backtrace::<core[a373ad73a504971]::result::Result<(), alloc[2e1b2a31b91974c5]::string::String>, fn() -> core[a373ad73a504971]::result::Result<(), alloc[2e1b2a31b91974c5]::string::String>>
[INFO] [stdout]   14:     0x60c233dcce75 - test[aada8e7e76ba119b]::run_test::{closure#0}
[INFO] [stdout]   15:     0x60c233dc6764 - std[617be2ca0a6fd877]::sys::backtrace::__rust_begin_short_backtrace::<test[aada8e7e76ba119b]::run_test::{closure#1}, ()>
[INFO] [stdout]   16:     0x60c233dcff02 - <std[617be2ca0a6fd877]::thread::lifecycle::spawn_unchecked<test[aada8e7e76ba119b]::run_test::{closure#1}, ()>::{closure#1} as core[a373ad73a504971]::ops::function::FnOnce<()>>::call_once::{shim:vtable#0}
[INFO] [stdout]   17:     0x60c233e4283f - <std[617be2ca0a6fd877]::sys::thread::unix::Thread>::new::thread_start
[INFO] [stdout]   18:     0x7da69a0c9dfa - <unknown>
[INFO] [stdout]   19:     0x7da69a15d3d4 - clone
[INFO] [stdout]   20:                0x0 - <unknown>
[INFO] [stdout] 
[INFO] [stdout] ---- test_fuzz_crlf_endings stdout ----
[INFO] [stdout] 
[INFO] [stdout] thread 'test_fuzz_crlf_endings' (855) panicked at tests/deep_analysis.rs:530:6:
[INFO] [stdout] Failed to read crlf_endings.patch: Os { code: 2, kind: NotFound, message: "No such file or directory" }
[INFO] [stdout] stack backtrace:
[INFO] [stdout]    0:     0x60c233e43341 - <<std[617be2ca0a6fd877]::sys::backtrace::BacktraceLock>::print::DisplayBacktrace as core[a373ad73a504971]::fmt::Display>::fmt
[INFO] [stdout]    1:     0x60c233e5767a - core[a373ad73a504971]::fmt::write
[INFO] [stdout]    2:     0x60c233e4755c - <alloc[2e1b2a31b91974c5]::vec::Vec<u8> as core[a373ad73a504971]::io::write::Write>::write_fmt
[INFO] [stdout]    3:     0x60c233e1f446 - std[617be2ca0a6fd877]::panicking::default_hook::{closure#0}
[INFO] [stdout]    4:     0x60c233e3b679 - std[617be2ca0a6fd877]::panicking::default_hook
[INFO] [stdout]    5:     0x60c233dcc850 - test[aada8e7e76ba119b]::test_main_inner::{closure#0}
[INFO] [stdout]    6:     0x60c233e3b832 - std[617be2ca0a6fd877]::panicking::panic_with_hook
[INFO] [stdout]    7:     0x60c233e1f4f2 - std[617be2ca0a6fd877]::panicking::panic_handler::{closure#0}
[INFO] [stdout]    8:     0x60c233e18079 - std[617be2ca0a6fd877]::sys::backtrace::__rust_end_short_backtrace::<std[617be2ca0a6fd877]::panicking::panic_handler::{closure#0}, !>
[INFO] [stdout]    9:     0x60c233e200fd - __rustc[ea4f61d10b84890b]::rust_begin_unwind
[INFO] [stdout]   10:     0x60c233e57dac - core[a373ad73a504971]::panicking::panic_fmt
[INFO] [stdout]   11:     0x60c233e57b82 - core[a373ad73a504971]::result::unwrap_failed
[INFO] [stdout]   12:     0x60c233db7fe7 - <deep_analysis[5c22f605261e4fcf]::test_fuzz_crlf_endings::{closure#0} as core[a373ad73a504971]::ops::function::FnOnce<()>>::call_once
[INFO] [stdout]   13:     0x60c233dbfc9b - test[aada8e7e76ba119b]::__rust_begin_short_backtrace::<core[a373ad73a504971]::result::Result<(), alloc[2e1b2a31b91974c5]::string::String>, fn() -> core[a373ad73a504971]::result::Result<(), alloc[2e1b2a31b91974c5]::string::String>>
[INFO] [stdout]   14:     0x60c233dcce75 - test[aada8e7e76ba119b]::run_test::{closure#0}
[INFO] [stdout]   15:     0x60c233dc6764 - std[617be2ca0a6fd877]::sys::backtrace::__rust_begin_short_backtrace::<test[aada8e7e76ba119b]::run_test::{closure#1}, ()>
[INFO] [stdout]   16:     0x60c233dcff02 - <std[617be2ca0a6fd877]::thread::lifecycle::spawn_unchecked<test[aada8e7e76ba119b]::run_test::{closure#1}, ()>::{closure#1} as core[a373ad73a504971]::ops::function::FnOnce<()>>::call_once::{shim:vtable#0}
[INFO] [stdout]   17:     0x60c233e4283f - <std[617be2ca0a6fd877]::sys::thread::unix::Thread>::new::thread_start
[INFO] [stdout]   18:     0x7da69a0c9dfa - <unknown>
[INFO] [stdout]   19:     0x7da69a15d3d4 - clone
[INFO] [stdout]   20:                0x0 - <unknown>
[INFO] [stdout] 
[INFO] [stdout] ---- test_fixture_with_ignore_directive stdout ----
[INFO] [stdout] 
[INFO] [stdout] thread 'test_fixture_with_ignore_directive' (854) panicked at tests/deep_analysis.rs:170:10:
[INFO] [stdout] Failed to read with_ignore_directive.patch: Os { code: 2, kind: NotFound, message: "No such file or directory" }
[INFO] [stdout] stack backtrace:
[INFO] [stdout]    0:     0x60c233e43341 - <<std[617be2ca0a6fd877]::sys::backtrace::BacktraceLock>::print::DisplayBacktrace as core[a373ad73a504971]::fmt::Display>::fmt
[INFO] [stdout]    1:     0x60c233e5767a - core[a373ad73a504971]::fmt::write
[INFO] [stdout]    2:     0x60c233e4755c - <alloc[2e1b2a31b91974c5]::vec::Vec<u8> as core[a373ad73a504971]::io::write::Write>::write_fmt
[INFO] [stdout]    3:     0x60c233e1f446 - std[617be2ca0a6fd877]::panicking::default_hook::{closure#0}
[INFO] [stdout]    4:     0x60c233e3b679 - std[617be2ca0a6fd877]::panicking::default_hook
[INFO] [stdout]    5:     0x60c233dcc850 - test[aada8e7e76ba119b]::test_main_inner::{closure#0}
[INFO] [stdout]    6:     0x60c233e3b832 - std[617be2ca0a6fd877]::panicking::panic_with_hook
[INFO] [stdout]    7:     0x60c233e1f4f2 - std[617be2ca0a6fd877]::panicking::panic_handler::{closure#0}
[INFO] [stdout]    8:     0x60c233e18079 - std[617be2ca0a6fd877]::sys::backtrace::__rust_end_short_backtrace::<std[617be2ca0a6fd877]::panicking::panic_handler::{closure#0}, !>
[INFO] [stdout]    9:     0x60c233e200fd - __rustc[ea4f61d10b84890b]::rust_begin_unwind
[INFO] [stdout]   10:     0x60c233e57dac - core[a373ad73a504971]::panicking::panic_fmt
[INFO] [stdout]   11:     0x60c233e57b82 - core[a373ad73a504971]::result::unwrap_failed
[INFO] [stdout]   12:     0x60c233dbe0d7 - <deep_analysis[5c22f605261e4fcf]::test_fixture_with_ignore_directive::{closure#0} as core[a373ad73a504971]::ops::function::FnOnce<()>>::call_once
[INFO] [stdout]   13:     0x60c233dbfc9b - test[aada8e7e76ba119b]::__rust_begin_short_backtrace::<core[a373ad73a504971]::result::Result<(), alloc[2e1b2a31b91974c5]::string::String>, fn() -> core[a373ad73a504971]::result::Result<(), alloc[2e1b2a31b91974c5]::string::String>>
[INFO] [stdout]   14:     0x60c233dcce75 - test[aada8e7e76ba119b]::run_test::{closure#0}
[INFO] [stdout]   15:     0x60c233dc6764 - std[617be2ca0a6fd877]::sys::backtrace::__rust_begin_short_backtrace::<test[aada8e7e76ba119b]::run_test::{closure#1}, ()>
[INFO] [stdout]   16:     0x60c233dcff02 - <std[617be2ca0a6fd877]::thread::lifecycle::spawn_unchecked<test[aada8e7e76ba119b]::run_test::{closure#1}, ()>::{closure#1} as core[a373ad73a504971]::ops::function::FnOnce<()>>::call_once::{shim:vtable#0}
[INFO] [stdout]   17:     0x60c233e4283f - <std[617be2ca0a6fd877]::sys::thread::unix::Thread>::new::thread_start
[INFO] [stdout]   18:     0x7da69a0c9dfa - <unknown>
[INFO] [stdout]   19:     0x7da69a15d3d4 - clone
[INFO] [stdout]   20:                0x0 - <unknown>
[INFO] [stdout] 
[INFO] [stdout] ---- test_fuzz_large_line_numbers stdout ----
[INFO] [stdout] 
[INFO] [stdout] thread 'test_fuzz_large_line_numbers' (857) panicked at tests/deep_analysis.rs:542:6:
[INFO] [stdout] Failed to read large_line_numbers.patch: Os { code: 2, kind: NotFound, message: "No such file or directory" }
[INFO] [stdout] stack backtrace:
[INFO] [stdout]    0:     0x60c233e43341 - <<std[617be2ca0a6fd877]::sys::backtrace::BacktraceLock>::print::DisplayBacktrace as core[a373ad73a504971]::fmt::Display>::fmt
[INFO] [stdout]    1:     0x60c233e5767a - core[a373ad73a504971]::fmt::write
[INFO] [stdout]    2:     0x60c233e4755c - <alloc[2e1b2a31b91974c5]::vec::Vec<u8> as core[a373ad73a504971]::io::write::Write>::write_fmt
[INFO] [stdout]    3:     0x60c233e1f446 - std[617be2ca0a6fd877]::panicking::default_hook::{closure#0}
[INFO] [stdout]    4:     0x60c233e3b679 - std[617be2ca0a6fd877]::panicking::default_hook
[INFO] [stdout]    5:     0x60c233dcc850 - test[aada8e7e76ba119b]::test_main_inner::{closure#0}
[INFO] [stdout]    6:     0x60c233e3b832 - std[617be2ca0a6fd877]::panicking::panic_with_hook
[INFO] [stdout]    7:     0x60c233e1f4f2 - std[617be2ca0a6fd877]::panicking::panic_handler::{closure#0}
[INFO] [stdout]    8:     0x60c233e18079 - std[617be2ca0a6fd877]::sys::backtrace::__rust_end_short_backtrace::<std[617be2ca0a6fd877]::panicking::panic_handler::{closure#0}, !>
[INFO] [stdout]    9:     0x60c233e200fd - __rustc[ea4f61d10b84890b]::rust_begin_unwind
[INFO] [stdout]   10:     0x60c233e57dac - core[a373ad73a504971]::panicking::panic_fmt
[INFO] [stdout]   11:     0x60c233e57b82 - core[a373ad73a504971]::result::unwrap_failed
[INFO] [stdout]   12:     0x60c233dbc4ef - <deep_analysis[5c22f605261e4fcf]::test_fuzz_large_line_numbers::{closure#0} as core[a373ad73a504971]::ops::function::FnOnce<()>>::call_once
[INFO] [stdout]   13:     0x60c233dbfc9b - test[aada8e7e76ba119b]::__rust_begin_short_backtrace::<core[a373ad73a504971]::result::Result<(), alloc[2e1b2a31b91974c5]::string::String>, fn() -> core[a373ad73a504971]::result::Result<(), alloc[2e1b2a31b91974c5]::string::String>>
[INFO] [stdout]   14:     0x60c233dcce75 - test[aada8e7e76ba119b]::run_test::{closure#0}
[INFO] [stdout]   15:     0x60c233dc6764 - std[617be2ca0a6fd877]::sys::backtrace::__rust_begin_short_backtrace::<test[aada8e7e76ba119b]::run_test::{closure#1}, ()>
[INFO] [stdout]   16:     0x60c233dcff02 - <std[617be2ca0a6fd877]::thread::lifecycle::spawn_unchecked<test[aada8e7e76ba119b]::run_test::{closure#1}, ()>::{closure#1} as core[a373ad73a504971]::ops::function::FnOnce<()>>::call_once::{shim:vtable#0}
[INFO] [stdout]   17:     0x60c233e4283f - <std[617be2ca0a6fd877]::sys::thread::unix::Thread>::new::thread_start
[INFO] [stdout]   18:     0x7da69a0c9dfa - <unknown>
[INFO] [stdout]   19:     0x7da69a15d3d4 - clone
[INFO] [stdout]   20:                0x0 - <unknown>
[INFO] [stdout] 
[INFO] [stdout] 
[INFO] [stdout] failures:
[INFO] [stdout]     test_fixture_binary_file
[INFO] [stdout]     test_fixture_delete_only
[INFO] [stdout]     test_fixture_multiple_files
[INFO] [stdout]     test_fixture_renamed_file
[INFO] [stdout]     test_fixture_simple_added
[INFO] [stdout]     test_fixture_with_ignore_directive
[INFO] [stdout]     test_fuzz_crlf_endings
[INFO] [stdout]     test_fuzz_empty_hunk
[INFO] [stdout]     test_fuzz_large_line_numbers
[INFO] [stdout] 
[INFO] [stdout] test result: FAILED. 22 passed; 9 failed; 0 ignored; 0 measured; 0 filtered out; finished in 0.03s
[INFO] [stdout] 
[INFO] [stderr] error: test failed, to rerun pass `--test deep_analysis`
[INFO] running `Command { std: "docker" "inspect" "6a0bbd8ae80d919ca17d1fa87e4ae0928fa8297d89d2a47e1997ca98a1459d0f", kill_on_drop: false }`
[INFO] running `Command { std: "docker" "rm" "-f" "6a0bbd8ae80d919ca17d1fa87e4ae0928fa8297d89d2a47e1997ca98a1459d0f", kill_on_drop: false }`
[INFO] [stdout] 6a0bbd8ae80d919ca17d1fa87e4ae0928fa8297d89d2a47e1997ca98a1459d0f
