[INFO] fetching crate coverio 0.0.8...
[INFO] testing coverio-0.0.8 against 1.100.0-beta.1+cargoflags=--release for beta-release-1.100-2
[INFO] extracting crate coverio 0.0.8 into /workspace/builds/worker-2-tc2/source
[INFO] started tweaking crates.io crate coverio 0.0.8
[INFO] removed 0 missing tests
[INFO] finished tweaking crates.io crate coverio 0.0.8
[INFO] tweaked toml for crates.io crate coverio 0.0.8 written to /workspace/builds/worker-2-tc2/source/Cargo.toml
[INFO] validating manifest of crates.io crate coverio 0.0.8 on toolchain 1.100.0-beta.1
[INFO] running `Command { std: CARGO_HOME="/workspace/cargo-home" RUSTUP_HOME="/workspace/rustup-home" "/workspace/cargo-home/bin/cargo" "+1.100.0-beta.1" "metadata" "--manifest-path" "Cargo.toml" "--no-deps", kill_on_drop: false }`
[INFO] crate crates.io crate coverio 0.0.8 already has a lockfile, it will not be regenerated
[INFO] running `Command { std: CARGO_HOME="/workspace/cargo-home" RUSTUP_HOME="/workspace/rustup-home" "/workspace/cargo-home/bin/cargo" "+1.100.0-beta.1" "fetch" "--manifest-path" "Cargo.toml", kill_on_drop: false }`
[INFO] running `Command { std: "docker" "create" "-v" "/var/lib/crater-agent-workspace/builds/worker-2-tc2/source:/opt/rustwide/workdir:ro,Z" "-v" "/var/lib/crater-agent-workspace/builds/worker-2-tc2/target:/opt/rustwide/target:rw,Z" "-v" "/var/lib/crater-agent-workspace/cargo-home:/opt/rustwide/cargo-home:ro,Z" "-v" "/var/lib/crater-agent-workspace/rustup-home:/opt/rustwide/rustup-home:ro,Z" "-m" "1610612736" "--network" "none" "ghcr.io/rust-lang/crates-build-env/linux@sha256:77db811e55d90add9212f6832c23229e3de5f1c1f9905e8cb07319ea15df73ac" "sleep" "infinity", kill_on_drop: false }`
[INFO] [stdout] a11be1ca3884e01b0a99cdf159da7c4f0462699acdcba3c2a37f18e90e6dd44b
[INFO] running `Command { std: "docker" "start" "a11be1ca3884e01b0a99cdf159da7c4f0462699acdcba3c2a37f18e90e6dd44b", kill_on_drop: false }`
[INFO] running `Command { std: "docker" "inspect" "a11be1ca3884e01b0a99cdf159da7c4f0462699acdcba3c2a37f18e90e6dd44b", kill_on_drop: false }`
[INFO] running `Command { std: "docker" "exec" "-e" "SOURCE_DIR=/opt/rustwide/workdir" "-e" "CARGO_HOME=/opt/rustwide/cargo-home" "-e" "RUSTUP_HOME=/opt/rustwide/rustup-home" "-e" "CARGO_TARGET_DIR=/opt/rustwide/target" "-w" "/opt/rustwide/workdir" "--user" "0:0" "a11be1ca3884e01b0a99cdf159da7c4f0462699acdcba3c2a37f18e90e6dd44b" "/opt/rustwide/cargo-home/bin/cargo" "+1.100.0-beta.1" "metadata" "--no-deps" "--format-version=1", kill_on_drop: false }`
[INFO] running `Command { std: "docker" "inspect" "a11be1ca3884e01b0a99cdf159da7c4f0462699acdcba3c2a37f18e90e6dd44b", kill_on_drop: false }`
[INFO] running `Command { std: "docker" "exec" "-e" "SOURCE_DIR=/opt/rustwide/workdir" "-e" "CARGO_HOME=/opt/rustwide/cargo-home" "-e" "RUSTUP_HOME=/opt/rustwide/rustup-home" "-e" "CARGO_TARGET_DIR=/opt/rustwide/target" "-e" "CARGO_INCREMENTAL=0" "-e" "RUST_BACKTRACE=full" "-e" "RUSTFLAGS=--cap-lints=warn" "-e" "RUSTDOCFLAGS=--cap-lints=warn" "-w" "/opt/rustwide/workdir" "--user" "0:0" "a11be1ca3884e01b0a99cdf159da7c4f0462699acdcba3c2a37f18e90e6dd44b" "/opt/rustwide/cargo-home/bin/cargo" "+1.100.0-beta.1" "build" "--frozen" "--message-format=json" "--release", kill_on_drop: false }`
[INFO] [stderr]    Compiling anstyle-parse v0.2.7
[INFO] [stderr]    Compiling serde_core v1.0.228
[INFO] [stderr]    Compiling anstyle-query v1.1.4
[INFO] [stderr]    Compiling colorchoice v1.0.4
[INFO] [stderr]    Compiling anstyle v1.0.11
[INFO] [stderr]    Compiling serde_json v1.0.145
[INFO] [stderr]    Compiling clap_lex v0.7.5
[INFO] [stderr]    Compiling memchr v2.7.5
[INFO] [stderr]    Compiling ryu v1.0.20
[INFO] [stderr]    Compiling itoa v1.0.15
[INFO] [stderr]    Compiling anstream v0.6.20
[INFO] [stderr]    Compiling clap_builder v4.5.53
[INFO] [stderr]    Compiling clap v4.5.53
[INFO] [stderr]    Compiling coverio v0.0.8 (/opt/rustwide/workdir)
[INFO] [stderr]     Finished `release` profile [optimized] target(s) in 15.62s
[INFO] running `Command { std: "docker" "inspect" "a11be1ca3884e01b0a99cdf159da7c4f0462699acdcba3c2a37f18e90e6dd44b", kill_on_drop: false }`
[INFO] running `Command { std: "docker" "exec" "-e" "SOURCE_DIR=/opt/rustwide/workdir" "-e" "CARGO_HOME=/opt/rustwide/cargo-home" "-e" "RUSTUP_HOME=/opt/rustwide/rustup-home" "-e" "CARGO_TARGET_DIR=/opt/rustwide/target" "-e" "CARGO_INCREMENTAL=0" "-e" "RUST_BACKTRACE=full" "-e" "RUSTFLAGS=--cap-lints=warn" "-e" "RUSTDOCFLAGS=--cap-lints=warn" "-w" "/opt/rustwide/workdir" "--user" "0:0" "a11be1ca3884e01b0a99cdf159da7c4f0462699acdcba3c2a37f18e90e6dd44b" "/opt/rustwide/cargo-home/bin/cargo" "+1.100.0-beta.1" "test" "--frozen" "--no-run" "--message-format=json" "--release", kill_on_drop: false }`
[INFO] [stderr]    Compiling libc v0.2.175
[INFO] [stderr]    Compiling getrandom v0.3.4
[INFO] [stderr]    Compiling rustix v1.1.2
[INFO] [stderr]    Compiling bitflags v2.10.0
[INFO] [stderr]    Compiling linux-raw-sys v0.11.0
[INFO] [stderr]    Compiling once_cell v1.21.3
[INFO] [stderr]    Compiling tempfile v3.23.0
[INFO] [stderr]    Compiling cli-assert v0.1.8
[INFO] [stderr]    Compiling coverio v0.0.8 (/opt/rustwide/workdir)
[INFO] [stderr]     Finished `release` profile [optimized] target(s) in 5.85s
[INFO] running `Command { std: "docker" "inspect" "a11be1ca3884e01b0a99cdf159da7c4f0462699acdcba3c2a37f18e90e6dd44b", kill_on_drop: false }`
[INFO] running `Command { std: "docker" "exec" "-e" "SOURCE_DIR=/opt/rustwide/workdir" "-e" "CARGO_HOME=/opt/rustwide/cargo-home" "-e" "RUSTUP_HOME=/opt/rustwide/rustup-home" "-e" "CARGO_TARGET_DIR=/opt/rustwide/target" "-e" "CARGO_INCREMENTAL=0" "-e" "RUST_BACKTRACE=full" "-e" "RUSTFLAGS=--cap-lints=warn" "-e" "RUSTDOCFLAGS=--cap-lints=warn" "-w" "/opt/rustwide/workdir" "--user" "0:0" "a11be1ca3884e01b0a99cdf159da7c4f0462699acdcba3c2a37f18e90e6dd44b" "/opt/rustwide/cargo-home/bin/cargo" "+1.100.0-beta.1" "test" "--frozen" "--release", kill_on_drop: false }`
[INFO] [stderr]     Finished `release` profile [optimized] target(s) in 0.05s
[INFO] [stderr]      Running unittests src/main.rs (/opt/rustwide/target/release/build/coverio/67f966948f01a83c/out/coverio-67f966948f01a83c)
[INFO] [stderr]      Running tests/mod.rs (/opt/rustwide/target/release/build/coverio/b76bac158847aab2/out/mod-b76bac158847aab2)
[INFO] [stdout] 
[INFO] [stdout] running 0 tests
[INFO] [stdout] 
[INFO] [stdout] test result: ok. 0 passed; 0 failed; 0 ignored; 0 measured; 0 filtered out; finished in 0.00s
[INFO] [stdout] 
[INFO] [stdout] 
[INFO] [stdout] running 57 tests
[INFO] [stdout] test input::invalid_data::_0006 ... ok
[INFO] [stdout] test input::invalid_data::_0007 ... ok
[INFO] [stdout] test input::invalid_data::_0002 ... ok
[INFO] [stdout] test input::invalid_data::_0005 ... ok
[INFO] [stdout] test input::invalid_data::_0009 ... ok
[INFO] [stdout] test input::collapse::_0002 ... ok
[INFO] [stdout] test input::invalid_data::_0001 ... ok
[INFO] [stdout] test input::invalid_data::_0012 ... ok
[INFO] [stdout] test input::invalid_data::_0003 ... ok
[INFO] [stdout] test input::collapse::_0001 ... ok
[INFO] [stdout] test input::invalid_data::_0004 ... ok
[INFO] [stdout] test input::invalid_data::_0011 ... ok
[INFO] [stdout] test input::collapse::_0003 ... ok
[INFO] [stdout] test input::invalid_data::_0013 ... ok
[INFO] [stdout] test input::invalid_data::_0008 ... ok
[INFO] [stdout] test input::invalid_data::_0016 ... ok
[INFO] [stdout] test input::invalid_data::_0014 ... ok
[INFO] [stdout] test input::invalid_data::_0010 ... ok
[INFO] [stdout] test input::invalid_data::_0015 ... ok
[INFO] [stdout] test input::invalid_data::_0018 ... ok
[INFO] [stdout] test input::non_existing_input_file::_0001 ... ok
[INFO] [stdout] test input::invalid_input_file::_0001 ... ok
[INFO] [stdout] test input::invalid_stdin::_0002 ... ok
[INFO] [stdout] test input::no_percent_sign::_0002 ... ok
[INFO] [stdout] test input::invalid_stdin::_0001 ... ok
[INFO] [stdout] test input::no_percent_sign::_0001 ... ok
[INFO] [stdout] test input::no_percent_sign::_0003 ... ok
[INFO] [stdout] test input::invalid_data::_0017 ... ok
[INFO] [stdout] test input::separators::_0006 ... ok
[INFO] [stdout] test input::separators::_0003 ... ok
[INFO] [stdout] test input::separators::_0004 ... ok
[INFO] [stdout] test input::replacement::_0002 ... ok
[INFO] [stdout] test input::styles::_0005 ... ok
[INFO] [stdout] test input::styles::_0007 ... ok
[INFO] [stdout] test input::styles::_0004 ... ok
[INFO] [stdout] test input::styles::_0006 ... ok
[INFO] [stdout] test input::styles::_0008 ... ok
[INFO] [stdout] test input::valid_green_stdin::_0001 ... ok
[INFO] [stdout] test input::replacement::_0001 ... ok
[INFO] [stdout] test input::separators::_0007 ... ok
[INFO] [stdout] test input::separators::_0001 ... ok
[INFO] [stdout] test input::separators::_0005 ... ok
[INFO] [stdout] test input::replacement::_0004 ... FAILED
[INFO] [stdout] test input::valid_yellow_stdin::_0001 ... ok
[INFO] [stdout] test input::valid_zero_red_stdin::_0001 ... ok
[INFO] [stdout] test input::valid_zero_yellow_stdin::_0001 ... ok
[INFO] [stdout] test input::valid_zero_green_stdin::_0001 ... ok
[INFO] [stdout] test input::valid_stdin::_0002 ... ok
[INFO] [stdout] test input::styles::_0001 ... ok
[INFO] [stdout] test input::styles::_0003 ... ok
[INFO] [stdout] test input::replacement::_0003 ... ok
[INFO] [stdout] test input::separators::_0002 ... ok
[INFO] [stdout] test input::valid_input_file::_0001 ... ok
[INFO] [stdout] test input::valid_red_stdin::_0001 ... ok
[INFO] [stdout] test input::styles::_0002 ... ok
[INFO] [stdout] test input::valid_stdin::_0001 ... ok
[INFO] [stdout] test input::valid_zero_input_file::_0001 ... ok
[INFO] [stdout] 
[INFO] [stdout] failures:
[INFO] [stdout] 
[INFO] [stdout] ---- input::replacement::_0004 stdout ----
[INFO] [stdout] 
[INFO] [stdout] expected status code: 1
[INFO] [stdout]   actual status code: 0
[INFO] [stdout] 
[INFO] [stdout] thread 'input::replacement::_0004' (666) panicked at /opt/rustwide/cargo-home/registry/src/index.crates.io-1949cf8c6b5b557f/cli-assert-0.1.8/src/command.rs:198:9:
[INFO] [stdout] unexpected status
[INFO] [stdout] stack backtrace:
[INFO] [stdout]    0:     0x5ce61ec15461 - <<std[617be2ca0a6fd877]::sys::backtrace::BacktraceLock>::print::DisplayBacktrace as core[a373ad73a504971]::fmt::Display>::fmt
[INFO] [stdout]    1:     0x5ce61ec296fa - core[a373ad73a504971]::fmt::write
[INFO] [stdout]    2:     0x5ce61ec1994c - <alloc[2e1b2a31b91974c5]::vec::Vec<u8> as core[a373ad73a504971]::io::write::Write>::write_fmt
[INFO] [stdout]    3:     0x5ce61ebef906 - std[617be2ca0a6fd877]::panicking::default_hook::{closure#0}
[INFO] [stdout]    4:     0x5ce61ec0cda9 - std[617be2ca0a6fd877]::panicking::default_hook
[INFO] [stdout]    5:     0x5ce61eba7a50 - test[aada8e7e76ba119b]::test_main_inner::{closure#0}
[INFO] [stdout]    6:     0x5ce61ec0cf62 - std[617be2ca0a6fd877]::panicking::panic_with_hook
[INFO] [stdout]    7:     0x5ce61ebef9e4 - std[617be2ca0a6fd877]::panicking::panic_handler::{closure#0}
[INFO] [stdout]    8:     0x5ce61ebe8419 - std[617be2ca0a6fd877]::sys::backtrace::__rust_end_short_backtrace::<std[617be2ca0a6fd877]::panicking::panic_handler::{closure#0}, !>
[INFO] [stdout]    9:     0x5ce61ebf067d - __rustc[ea4f61d10b84890b]::rust_begin_unwind
[INFO] [stdout]   10:     0x5ce61ec29e2c - core[a373ad73a504971]::panicking::panic_fmt
[INFO] [stdout]   11:     0x5ce61eb98ba4 - <cli_assert[2f28f0d618b908cc]::command::Command>::wait
[INFO] [stdout]   12:     0x5ce61eb9320c - <mod[fe734f1636cb521e]::input::replacement::_0004::{closure#0} as core[a373ad73a504971]::ops::function::FnOnce<()>>::call_once
[INFO] [stdout]   13:     0x5ce61eb9ae9b - test[aada8e7e76ba119b]::__rust_begin_short_backtrace::<core[a373ad73a504971]::result::Result<(), alloc[2e1b2a31b91974c5]::string::String>, fn() -> core[a373ad73a504971]::result::Result<(), alloc[2e1b2a31b91974c5]::string::String>>
[INFO] [stdout]   14:     0x5ce61eba8075 - test[aada8e7e76ba119b]::run_test::{closure#0}
[INFO] [stdout]   15:     0x5ce61eba1964 - std[617be2ca0a6fd877]::sys::backtrace::__rust_begin_short_backtrace::<test[aada8e7e76ba119b]::run_test::{closure#1}, ()>
[INFO] [stdout]   16:     0x5ce61ebab102 - <std[617be2ca0a6fd877]::thread::lifecycle::spawn_unchecked<test[aada8e7e76ba119b]::run_test::{closure#1}, ()>::{closure#1} as core[a373ad73a504971]::ops::function::FnOnce<()>>::call_once::{shim:vtable#0}
[INFO] [stdout]   17:     0x5ce61ec147cf - <std[617be2ca0a6fd877]::sys::thread::unix::Thread>::new::thread_start
[INFO] [stdout]   18:     0x7653be52fdfa - <unknown>
[INFO] [stdout]   19:     0x7653be5c33d4 - clone
[INFO] [stdout]   20:                0x0 - <unknown>
[INFO] [stdout] 
[INFO] [stdout] 
[INFO] [stdout] failures:
[INFO] [stdout]     input::replacement::_0004
[INFO] [stdout] 
[INFO] [stdout] test result: FAILED. 56 passed; 1 failed; 0 ignored; 0 measured; 0 filtered out; finished in 0.08s
[INFO] [stdout] 
[INFO] [stderr] error: test failed, to rerun pass `--test mod`
[INFO] running `Command { std: "docker" "inspect" "a11be1ca3884e01b0a99cdf159da7c4f0462699acdcba3c2a37f18e90e6dd44b", kill_on_drop: false }`
[INFO] running `Command { std: "docker" "rm" "-f" "a11be1ca3884e01b0a99cdf159da7c4f0462699acdcba3c2a37f18e90e6dd44b", kill_on_drop: false }`
[INFO] [stdout] a11be1ca3884e01b0a99cdf159da7c4f0462699acdcba3c2a37f18e90e6dd44b
