[INFO] fetching crate coveralls 0.2.0...
[INFO] testing coveralls-0.2.0 against 1.99.0-beta.8+cargoflags=--release for beta-release-1.100-2
[INFO] extracting crate coveralls 0.2.0 into /workspace/builds/worker-1-tc1/source
[INFO] removed /workspace/builds/worker-1-tc1/source/.cargo/config.toml
[INFO] started tweaking crates.io crate coveralls 0.2.0
[INFO] removed 0 missing tests
[INFO] finished tweaking crates.io crate coveralls 0.2.0
[INFO] tweaked toml for crates.io crate coveralls 0.2.0 written to /workspace/builds/worker-1-tc1/source/Cargo.toml
[INFO] validating manifest of crates.io crate coveralls 0.2.0 on toolchain 1.99.0-beta.8
[INFO] running `Command { std: CARGO_HOME="/workspace/cargo-home" RUSTUP_HOME="/workspace/rustup-home" "/workspace/cargo-home/bin/cargo" "+1.99.0-beta.8" "metadata" "--manifest-path" "Cargo.toml" "--no-deps", kill_on_drop: false }`
[INFO] crate crates.io crate coveralls 0.2.0 already has a lockfile, it will not be regenerated
[INFO] running `Command { std: CARGO_HOME="/workspace/cargo-home" RUSTUP_HOME="/workspace/rustup-home" "/workspace/cargo-home/bin/cargo" "+1.99.0-beta.8" "fetch" "--manifest-path" "Cargo.toml", kill_on_drop: false }`
[INFO] [stderr]     Updating crates.io index
[INFO] [stderr]     Blocking waiting for file lock on package cache
[INFO] [stderr]  Downloading crates ...
[INFO] [stderr]   Downloaded simple-error v0.3.0
[INFO] [stderr]   Downloaded bytes v1.12.0
[INFO] [stderr]   Downloaded jobserver v0.1.31
[INFO] [stderr]   Downloaded cc v1.2.65
[INFO] [stderr]   Downloaded windows-registry v0.5.3
[INFO] [stderr]   Downloaded system-configuration v0.6.1
[INFO] [stderr]   Downloaded zerocopy-derive v0.8.52
[INFO] [stderr]   Downloaded env_logger v0.11.11
[INFO] [stderr]   Downloaded aws-lc-rs v1.17.0
[INFO] [stderr]   Downloaded hyper-util v0.1.17
[INFO] [stderr]   Downloaded env_filter v2.0.0
[INFO] [stderr]   Downloaded terminal_size v0.4.4
[INFO] [stderr]   Downloaded defmt-macros v1.1.0
[INFO] [stderr]   Downloaded const_format_proc_macros v0.2.32
[INFO] [stderr]   Downloaded jiff-static v0.2.29
[INFO] [stderr]   Downloaded defmt v1.1.0
[INFO] [stderr]   Downloaded clap_derive v4.6.1
[INFO] [stderr]   Downloaded clap v4.6.1
[INFO] [stderr]   Downloaded const_format v0.2.32
[INFO] [stderr]   Downloaded hyper v1.6.0
[INFO] [stderr]   Downloaded regex v1.12.4
[INFO] [stderr]   Downloaded itertools v0.15.0
[INFO] [stderr]   Downloaded quinn-proto v0.11.15
[INFO] [stderr]   Downloaded zerocopy v0.8.52
[INFO] [stderr]   Downloaded git2 v0.21.0
[INFO] [stderr]   Downloaded clap_builder v4.6.0
[INFO] [stderr]   Downloaded portable-atomic v1.13.1
[INFO] [stderr]   Downloaded jiff v0.2.29
[INFO] [stderr]   Downloaded libgit2-sys v0.18.5+1.9.4
[INFO] [stderr]   Downloaded aws-lc-sys v0.41.0
[INFO] running `Command { std: "docker" "create" "-v" "/var/lib/crater-agent-workspace/builds/worker-1-tc1/source:/opt/rustwide/workdir:ro,Z" "-v" "/var/lib/crater-agent-workspace/builds/worker-1-tc1/target:/opt/rustwide/target:rw,Z" "-v" "/var/lib/crater-agent-workspace/cargo-home:/opt/rustwide/cargo-home:ro,Z" "-v" "/var/lib/crater-agent-workspace/rustup-home:/opt/rustwide/rustup-home:ro,Z" "-m" "1610612736" "--network" "none" "ghcr.io/rust-lang/crates-build-env/linux@sha256:77db811e55d90add9212f6832c23229e3de5f1c1f9905e8cb07319ea15df73ac" "sleep" "infinity", kill_on_drop: false }`
[INFO] [stdout] b0e919698f80fdb1be86a6c22d74d49eeabaca88126598b89a58ea346ce6187d
[INFO] running `Command { std: "docker" "start" "b0e919698f80fdb1be86a6c22d74d49eeabaca88126598b89a58ea346ce6187d", kill_on_drop: false }`
[INFO] running `Command { std: "docker" "inspect" "b0e919698f80fdb1be86a6c22d74d49eeabaca88126598b89a58ea346ce6187d", kill_on_drop: false }`
[INFO] running `Command { std: "docker" "exec" "-e" "SOURCE_DIR=/opt/rustwide/workdir" "-e" "CARGO_HOME=/opt/rustwide/cargo-home" "-e" "RUSTUP_HOME=/opt/rustwide/rustup-home" "-e" "CARGO_TARGET_DIR=/opt/rustwide/target" "-w" "/opt/rustwide/workdir" "--user" "0:0" "b0e919698f80fdb1be86a6c22d74d49eeabaca88126598b89a58ea346ce6187d" "/opt/rustwide/cargo-home/bin/cargo" "+1.99.0-beta.8" "metadata" "--no-deps" "--format-version=1", kill_on_drop: false }`
[INFO] running `Command { std: "docker" "inspect" "b0e919698f80fdb1be86a6c22d74d49eeabaca88126598b89a58ea346ce6187d", kill_on_drop: false }`
[INFO] running `Command { std: "docker" "exec" "-e" "SOURCE_DIR=/opt/rustwide/workdir" "-e" "CARGO_HOME=/opt/rustwide/cargo-home" "-e" "RUSTUP_HOME=/opt/rustwide/rustup-home" "-e" "CARGO_TARGET_DIR=/opt/rustwide/target" "-e" "CARGO_INCREMENTAL=0" "-e" "RUST_BACKTRACE=full" "-e" "RUSTFLAGS=--cap-lints=warn" "-e" "RUSTDOCFLAGS=--cap-lints=warn" "-w" "/opt/rustwide/workdir" "--user" "0:0" "b0e919698f80fdb1be86a6c22d74d49eeabaca88126598b89a58ea346ce6187d" "/opt/rustwide/cargo-home/bin/cargo" "+1.99.0-beta.8" "build" "--frozen" "--message-format=json" "--release", kill_on_drop: false }`
[INFO] [stderr]    Compiling libc v0.2.186
[INFO] [stderr]    Compiling find-msvc-tools v0.1.9
[INFO] [stderr]    Compiling memchr v2.7.2
[INFO] [stderr]    Compiling bytes v1.12.0
[INFO] [stderr]    Compiling futures-core v0.3.30
[INFO] [stderr]    Compiling autocfg v1.2.0
[INFO] [stderr]    Compiling quote v1.0.46
[INFO] [stderr]    Compiling mio v0.8.11
[INFO] [stderr]    Compiling socket2 v0.5.7
[INFO] [stderr]    Compiling futures-sink v0.3.30
[INFO] [stderr]    Compiling version_check v0.9.4
[INFO] [stderr]    Compiling zeroize v1.9.0
[INFO] [stderr]    Compiling aws-lc-rs v1.17.0
[INFO] [stderr]    Compiling pin-utils v0.1.0
[INFO] [stderr]    Compiling proc-macro2 v1.0.106
[INFO] [stderr]    Compiling futures-io v0.3.30
[INFO] [stderr]    Compiling futures-task v0.3.30
[INFO] [stderr]    Compiling tracing-core v0.1.32
[INFO] [stderr]    Compiling rustls v0.23.41
[INFO] [stderr]    Compiling bitflags v2.13.0
[INFO] [stderr]    Compiling tinyvec_macros v0.1.1
[INFO] [stderr]    Compiling rustls-pki-types v1.14.1
[INFO] [stderr]    Compiling percent-encoding v2.3.1
[INFO] [stderr]    Compiling rustix v1.1.4
[INFO] [stderr]    Compiling tinyvec v1.6.0
[INFO] [stderr]    Compiling anstyle-parse v1.0.0
[INFO] [stderr]    Compiling futures-channel v0.3.30
[INFO] [stderr]    Compiling unicase v2.7.0
[INFO] [stderr]    Compiling slab v0.4.9
[INFO] [stderr]    Compiling smallvec v1.13.2
[INFO] [stderr]    Compiling unicode-bidi v0.3.15
[INFO] [stderr]    Compiling colorchoice v1.0.0
[INFO] [stderr]    Compiling anstyle v1.0.14
[INFO] [stderr]    Compiling linux-raw-sys v0.12.1
[INFO] [stderr]    Compiling is_terminal_polyfill v1.70.2
[INFO] [stderr]    Compiling log v0.4.33
[INFO] [stderr]    Compiling anstyle-query v1.0.2
[INFO] [stderr]    Compiling mime_guess v2.0.4
[INFO] [stderr]    Compiling form_urlencoded v1.2.1
[INFO] [stderr]    Compiling tracing v0.1.40
[INFO] [stderr]    Compiling futures-util v0.3.30
[INFO] [stderr]    Compiling aho-corasick v1.1.3
[INFO] [stderr]    Compiling anstream v1.0.0
[INFO] [stderr]    Compiling tokio v1.37.0
[INFO] [stderr]    Compiling http v1.1.0
[INFO] [stderr]    Compiling syn v2.0.118
[INFO] [stderr]    Compiling sync_wrapper v1.0.2
[INFO] [stderr]    Compiling socket2 v0.6.4
[INFO] [stderr]    Compiling ipnet v2.9.0
[INFO] [stderr]    Compiling base64 v0.22.0
[INFO] [stderr]    Compiling rustls-native-certs v0.8.4
[INFO] [stderr]    Compiling jobserver v0.1.31
[INFO] [stderr]    Compiling unicode-normalization v0.1.23
[INFO] [stderr]    Compiling unicode-xid v0.2.4
[INFO] [stderr]    Compiling clap_lex v1.1.0
[INFO] [stderr]    Compiling serde_json v1.0.116
[INFO] [stderr]    Compiling terminal_size v0.4.4
[INFO] [stderr]    Compiling idna v0.5.0
[INFO] [stderr]    Compiling clap_builder v4.6.0
[INFO] [stderr]    Compiling cc v1.2.65
[INFO] [stderr]    Compiling const_format_proc_macros v0.2.32
[INFO] [stderr]    Compiling http-body v1.0.0
[INFO] [stderr]    Compiling http-body-util v0.1.3
[INFO] [stderr]    Compiling encoding_rs v0.8.34
[INFO] [stderr]    Compiling jiff v0.2.29
[INFO] [stderr]    Compiling either v1.11.0
[INFO] [stderr]    Compiling url v2.5.0
[INFO] [stderr]    Compiling ryu v1.0.17
[INFO] [stderr]    Compiling itertools v0.15.0
[INFO] [stderr]    Compiling regex-automata v0.4.14
[INFO] [stderr]    Compiling simple-error v0.3.0
[INFO] [stderr]    Compiling const_format v0.2.32
[INFO] [stderr]    Compiling cmake v0.1.58
[INFO] [stderr]    Compiling aws-lc-sys v0.41.0
[INFO] [stderr]    Compiling serde_derive v1.0.228
[INFO] [stderr]    Compiling clap_derive v4.6.1
[INFO] [stderr]    Compiling tokio-util v0.7.10
[INFO] [stderr]    Compiling tower v0.5.3
[INFO] [stderr]    Compiling regex v1.12.4
[INFO] [stderr]    Compiling h2 v0.4.4
[INFO] [stderr]    Compiling tower-http v0.6.11
[INFO] [stderr]    Compiling env_filter v2.0.0
[INFO] [stderr]    Compiling clap v4.6.1
[INFO] [stderr]    Compiling env_logger v0.11.11
[INFO] [stderr]    Compiling serde v1.0.228
[INFO] [stderr]    Compiling hyper v1.6.0
[INFO] [stderr]    Compiling hyper-util v0.1.17
[INFO] [stderr]    Compiling rustls-webpki v0.103.13
[INFO] [stderr]    Compiling tokio-rustls v0.26.4
[INFO] [stderr]    Compiling rustls-platform-verifier v0.7.0
[INFO] [stderr]    Compiling hyper-rustls v0.27.9
[INFO] [stderr]    Compiling reqwest v0.13.4
[INFO] [stderr]    Compiling coveralls v0.2.0 (/opt/rustwide/workdir)
[INFO] [stderr]     Finished `release` profile [optimized] target(s) in 2m 24s
[INFO] running `Command { std: "docker" "inspect" "b0e919698f80fdb1be86a6c22d74d49eeabaca88126598b89a58ea346ce6187d", kill_on_drop: false }`
[INFO] running `Command { std: "docker" "exec" "-e" "SOURCE_DIR=/opt/rustwide/workdir" "-e" "CARGO_HOME=/opt/rustwide/cargo-home" "-e" "RUSTUP_HOME=/opt/rustwide/rustup-home" "-e" "CARGO_TARGET_DIR=/opt/rustwide/target" "-e" "CARGO_INCREMENTAL=0" "-e" "RUST_BACKTRACE=full" "-e" "RUSTFLAGS=--cap-lints=warn" "-e" "RUSTDOCFLAGS=--cap-lints=warn" "-w" "/opt/rustwide/workdir" "--user" "0:0" "b0e919698f80fdb1be86a6c22d74d49eeabaca88126598b89a58ea346ce6187d" "/opt/rustwide/cargo-home/bin/cargo" "+1.99.0-beta.8" "test" "--frozen" "--no-run" "--message-format=json" "--release", kill_on_drop: false }`
[INFO] [stderr]    Compiling coveralls v0.2.0 (/opt/rustwide/workdir)
[INFO] [stderr]     Finished `release` profile [optimized] target(s) in 8.78s
[INFO] running `Command { std: "docker" "inspect" "b0e919698f80fdb1be86a6c22d74d49eeabaca88126598b89a58ea346ce6187d", kill_on_drop: false }`
[INFO] running `Command { std: "docker" "exec" "-e" "SOURCE_DIR=/opt/rustwide/workdir" "-e" "CARGO_HOME=/opt/rustwide/cargo-home" "-e" "RUSTUP_HOME=/opt/rustwide/rustup-home" "-e" "CARGO_TARGET_DIR=/opt/rustwide/target" "-e" "CARGO_INCREMENTAL=0" "-e" "RUST_BACKTRACE=full" "-e" "RUSTFLAGS=--cap-lints=warn" "-e" "RUSTDOCFLAGS=--cap-lints=warn" "-w" "/opt/rustwide/workdir" "--user" "0:0" "b0e919698f80fdb1be86a6c22d74d49eeabaca88126598b89a58ea346ce6187d" "/opt/rustwide/cargo-home/bin/cargo" "+1.99.0-beta.8" "test" "--frozen" "--release", kill_on_drop: false }`
[INFO] [stderr]     Finished `release` profile [optimized] target(s) in 0.21s
[INFO] [stderr]      Running unittests src/lib.rs (/opt/rustwide/target/release/deps/coveralls-5b678ed4dc2347a1)
[INFO] [stdout] 
[INFO] [stdout] running 1 test
[INFO] [stdout] test work::tests::run_dry_run_writes_payload_without_sending ... FAILED
[INFO] [stdout] 
[INFO] [stdout] failures:
[INFO] [stdout] 
[INFO] [stdout] ---- work::tests::run_dry_run_writes_payload_without_sending stdout ----
[INFO] [stdout] 
[INFO] [stdout] thread 'work::tests::run_dry_run_writes_payload_without_sending' (3149) panicked at src/work.rs:137:16:
[INFO] [stdout] the dry-run workflow should succeed: Custom { kind: Other, error: SimpleError { err: "GIT command return code exit status: 128\nSTDOUT: \"\"\nSTDERR: \"fatal: not a git repository (or any parent up to mount point /opt/rustwide)\\nStopping at filesystem boundary (GIT_DISCOVERY_ACROSS_FILESYSTEM not set).\\n\"" } }
[INFO] [stdout] stack backtrace:
[INFO] [stdout]    0:     0x611150d17dc1 - <<std[70759c8f55707aa4]::sys::backtrace::BacktraceLock>::print::DisplayBacktrace as core[df12db4294e9bfd3]::fmt::Display>::fmt
[INFO] [stdout]    1:     0x611150d2ee9a - core[df12db4294e9bfd3]::fmt::write
[INFO] [stdout]    2:     0x611150d1d1ac - <alloc[2182bb758b4b3781]::vec::Vec<u8> as core[df12db4294e9bfd3]::io::write::Write>::write_fmt
[INFO] [stdout]    3:     0x611150cf0d36 - std[70759c8f55707aa4]::panicking::default_hook::{closure#0}
[INFO] [stdout]    4:     0x611150d0e899 - std[70759c8f55707aa4]::panicking::default_hook
[INFO] [stdout]    5:     0x6111507a6b20 - test[9d35eded1c95d3be]::test_main_inner::<test[9d35eded1c95d3be]::test_main_static::{closure#0}>::{closure#0}
[INFO] [stdout]    6:     0x611150d0ebc2 - std[70759c8f55707aa4]::panicking::panic_with_hook
[INFO] [stdout]    7:     0x611150cf0de2 - std[70759c8f55707aa4]::panicking::panic_handler::{closure#0}
[INFO] [stdout]    8:     0x611150ce96b9 - std[70759c8f55707aa4]::sys::backtrace::__rust_end_short_backtrace::<std[70759c8f55707aa4]::panicking::panic_handler::{closure#0}, !>
[INFO] [stdout]    9:     0x611150cf1c4d - __rustc[8fa7c3cbc660c2b3]::rust_begin_unwind
[INFO] [stdout]   10:     0x611150d2f67c - core[df12db4294e9bfd3]::panicking::panic_fmt
[INFO] [stdout]   11:     0x611150d2f452 - core[df12db4294e9bfd3]::result::unwrap_failed
[INFO] [stdout]   12:     0x611150789121 - coveralls[d8dc4bf4d8ba7d8]::work::tests::run_dry_run_writes_payload_without_sending
[INFO] [stdout]   13:     0x611150795269 - <coveralls[d8dc4bf4d8ba7d8]::work::tests::run_dry_run_writes_payload_without_sending::{closure#0} as core[df12db4294e9bfd3]::ops::function::FnOnce<()>>::call_once
[INFO] [stdout]   14:     0x611150799e0b - test[9d35eded1c95d3be]::__rust_begin_short_backtrace::<core[df12db4294e9bfd3]::result::Result<(), alloc[2182bb758b4b3781]::string::String>, fn() -> core[df12db4294e9bfd3]::result::Result<(), alloc[2182bb758b4b3781]::string::String>>
[INFO] [stdout]   15:     0x6111507a7475 - test[9d35eded1c95d3be]::run_test::{closure#0}
[INFO] [stdout]   16:     0x6111507a0d34 - std[70759c8f55707aa4]::sys::backtrace::__rust_begin_short_backtrace::<test[9d35eded1c95d3be]::run_test::{closure#1}, ()>
[INFO] [stdout]   17:     0x6111507aa5d2 - <std[70759c8f55707aa4]::thread::lifecycle::spawn_unchecked<test[9d35eded1c95d3be]::run_test::{closure#1}, ()>::{closure#1} as core[df12db4294e9bfd3]::ops::function::FnOnce<()>>::call_once::{shim:vtable#0}
[INFO] [stdout]   18:     0x611150d16d89 - <std[70759c8f55707aa4]::sys::thread::unix::Thread>::new::thread_start
[INFO] [stdout]   19:     0x72067b305dfa - <unknown>
[INFO] [stdout]   20:     0x72067b3993d4 - clone
[INFO] [stdout]   21:                0x0 - <unknown>
[INFO] [stdout] 
[INFO] [stdout] 
[INFO] [stdout] failures:
[INFO] [stderr] error: test failed, to rerun pass `--lib`
[INFO] [stdout]     work::tests::run_dry_run_writes_payload_without_sending
[INFO] [stdout] 
[INFO] [stdout] test result: FAILED. 0 passed; 1 failed; 0 ignored; 0 measured; 0 filtered out; finished in 0.02s
[INFO] [stdout] 
[INFO] running `Command { std: "docker" "inspect" "b0e919698f80fdb1be86a6c22d74d49eeabaca88126598b89a58ea346ce6187d", kill_on_drop: false }`
[INFO] running `Command { std: "docker" "rm" "-f" "b0e919698f80fdb1be86a6c22d74d49eeabaca88126598b89a58ea346ce6187d", kill_on_drop: false }`
[INFO] [stdout] b0e919698f80fdb1be86a6c22d74d49eeabaca88126598b89a58ea346ce6187d
