[INFO] fetching crate coverage-badge 0.2.0...
[INFO] testing coverage-badge-0.2.0 against 1.99.0-beta.8+cargoflags=--release for beta-release-1.100-2
[INFO] extracting crate coverage-badge 0.2.0 into /workspace/builds/worker-7-tc1/source
[INFO] started tweaking crates.io crate coverage-badge 0.2.0
[INFO] removed 0 missing tests
[INFO] finished tweaking crates.io crate coverage-badge 0.2.0
[INFO] tweaked toml for crates.io crate coverage-badge 0.2.0 written to /workspace/builds/worker-7-tc1/source/Cargo.toml
[INFO] validating manifest of crates.io crate coverage-badge 0.2.0 on toolchain 1.99.0-beta.8
[INFO] running `Command { std: CARGO_HOME="/workspace/cargo-home" RUSTUP_HOME="/workspace/rustup-home" "/workspace/cargo-home/bin/cargo" "+1.99.0-beta.8" "metadata" "--manifest-path" "Cargo.toml" "--no-deps", kill_on_drop: false }`
[INFO] crate crates.io crate coverage-badge 0.2.0 already has a lockfile, it will not be regenerated
[INFO] running `Command { std: CARGO_HOME="/workspace/cargo-home" RUSTUP_HOME="/workspace/rustup-home" "/workspace/cargo-home/bin/cargo" "+1.99.0-beta.8" "fetch" "--manifest-path" "Cargo.toml", kill_on_drop: false }`
[INFO] running `Command { std: "docker" "create" "-v" "/var/lib/crater-agent-workspace/builds/worker-7-tc1/source:/opt/rustwide/workdir:ro,Z" "-v" "/var/lib/crater-agent-workspace/builds/worker-7-tc1/target:/opt/rustwide/target:rw,Z" "-v" "/var/lib/crater-agent-workspace/cargo-home:/opt/rustwide/cargo-home:ro,Z" "-v" "/var/lib/crater-agent-workspace/rustup-home:/opt/rustwide/rustup-home:ro,Z" "-m" "1610612736" "--network" "none" "ghcr.io/rust-lang/crates-build-env/linux@sha256:77db811e55d90add9212f6832c23229e3de5f1c1f9905e8cb07319ea15df73ac" "sleep" "infinity", kill_on_drop: false }`
[INFO] [stdout] 7dd5703ac9fa86bd4a57183df952f19d94ec6b3d172278077142836e57d7da5d
[INFO] running `Command { std: "docker" "start" "7dd5703ac9fa86bd4a57183df952f19d94ec6b3d172278077142836e57d7da5d", kill_on_drop: false }`
[INFO] running `Command { std: "docker" "inspect" "7dd5703ac9fa86bd4a57183df952f19d94ec6b3d172278077142836e57d7da5d", kill_on_drop: false }`
[INFO] running `Command { std: "docker" "exec" "-e" "SOURCE_DIR=/opt/rustwide/workdir" "-e" "CARGO_HOME=/opt/rustwide/cargo-home" "-e" "RUSTUP_HOME=/opt/rustwide/rustup-home" "-e" "CARGO_TARGET_DIR=/opt/rustwide/target" "-w" "/opt/rustwide/workdir" "--user" "0:0" "7dd5703ac9fa86bd4a57183df952f19d94ec6b3d172278077142836e57d7da5d" "/opt/rustwide/cargo-home/bin/cargo" "+1.99.0-beta.8" "metadata" "--no-deps" "--format-version=1", kill_on_drop: false }`
[INFO] running `Command { std: "docker" "inspect" "7dd5703ac9fa86bd4a57183df952f19d94ec6b3d172278077142836e57d7da5d", kill_on_drop: false }`
[INFO] running `Command { std: "docker" "exec" "-e" "SOURCE_DIR=/opt/rustwide/workdir" "-e" "CARGO_HOME=/opt/rustwide/cargo-home" "-e" "RUSTUP_HOME=/opt/rustwide/rustup-home" "-e" "CARGO_TARGET_DIR=/opt/rustwide/target" "-e" "CARGO_INCREMENTAL=0" "-e" "RUST_BACKTRACE=full" "-e" "RUSTFLAGS=--cap-lints=warn" "-e" "RUSTDOCFLAGS=--cap-lints=warn" "-w" "/opt/rustwide/workdir" "--user" "0:0" "7dd5703ac9fa86bd4a57183df952f19d94ec6b3d172278077142836e57d7da5d" "/opt/rustwide/cargo-home/bin/cargo" "+1.99.0-beta.8" "build" "--frozen" "--message-format=json" "--release", kill_on_drop: false }`
[INFO] [stderr]    Compiling anstream v0.6.21
[INFO] [stderr]    Compiling clap_derive v4.5.49
[INFO] [stderr]    Compiling clap_builder v4.5.53
[INFO] [stderr]    Compiling clap v4.5.53
[INFO] [stderr]    Compiling coverage-badge v0.2.0 (/opt/rustwide/workdir)
[INFO] [stdout] warning: function `coverage_level` is never used
[INFO] [stdout]   --> src/color.rs:16:8
[INFO] [stdout]    |
[INFO] [stdout] 16 | pub fn coverage_level(percentage: f64) -> &'static str {
[INFO] [stdout]    |        ^^^^^^^^^^^^^^
[INFO] [stdout]    |
[INFO] [stdout]    = note: `#[warn(dead_code)]` (part of `#[warn(unused)]`) on by default
[INFO] [stdout] 
[INFO] [stdout] 
[INFO] [stderr]     Finished `release` profile [optimized] target(s) in 10.75s
[INFO] running `Command { std: "docker" "inspect" "7dd5703ac9fa86bd4a57183df952f19d94ec6b3d172278077142836e57d7da5d", kill_on_drop: false }`
[INFO] running `Command { std: "docker" "exec" "-e" "SOURCE_DIR=/opt/rustwide/workdir" "-e" "CARGO_HOME=/opt/rustwide/cargo-home" "-e" "RUSTUP_HOME=/opt/rustwide/rustup-home" "-e" "CARGO_TARGET_DIR=/opt/rustwide/target" "-e" "CARGO_INCREMENTAL=0" "-e" "RUST_BACKTRACE=full" "-e" "RUSTFLAGS=--cap-lints=warn" "-e" "RUSTDOCFLAGS=--cap-lints=warn" "-w" "/opt/rustwide/workdir" "--user" "0:0" "7dd5703ac9fa86bd4a57183df952f19d94ec6b3d172278077142836e57d7da5d" "/opt/rustwide/cargo-home/bin/cargo" "+1.99.0-beta.8" "test" "--frozen" "--no-run" "--message-format=json" "--release", kill_on_drop: false }`
[INFO] [stderr]    Compiling coverage-badge v0.2.0 (/opt/rustwide/workdir)
[INFO] [stdout] warning: function `coverage_level` is never used
[INFO] [stdout]   --> src/color.rs:16:8
[INFO] [stdout]    |
[INFO] [stdout] 16 | pub fn coverage_level(percentage: f64) -> &'static str {
[INFO] [stdout]    |        ^^^^^^^^^^^^^^
[INFO] [stdout]    |
[INFO] [stdout]    = note: `#[warn(dead_code)]` (part of `#[warn(unused)]`) on by default
[INFO] [stdout] 
[INFO] [stdout] 
[INFO] [stderr]     Finished `release` profile [optimized] target(s) in 0.62s
[INFO] running `Command { std: "docker" "inspect" "7dd5703ac9fa86bd4a57183df952f19d94ec6b3d172278077142836e57d7da5d", kill_on_drop: false }`
[INFO] running `Command { std: "docker" "exec" "-e" "SOURCE_DIR=/opt/rustwide/workdir" "-e" "CARGO_HOME=/opt/rustwide/cargo-home" "-e" "RUSTUP_HOME=/opt/rustwide/rustup-home" "-e" "CARGO_TARGET_DIR=/opt/rustwide/target" "-e" "CARGO_INCREMENTAL=0" "-e" "RUST_BACKTRACE=full" "-e" "RUSTFLAGS=--cap-lints=warn" "-e" "RUSTDOCFLAGS=--cap-lints=warn" "-w" "/opt/rustwide/workdir" "--user" "0:0" "7dd5703ac9fa86bd4a57183df952f19d94ec6b3d172278077142836e57d7da5d" "/opt/rustwide/cargo-home/bin/cargo" "+1.99.0-beta.8" "test" "--frozen" "--release", kill_on_drop: false }`
[INFO] [stderr] warning: function `coverage_level` is never used
[INFO] [stderr]   --> src/color.rs:16:8
[INFO] [stderr]    |
[INFO] [stderr] 16 | pub fn coverage_level(percentage: f64) -> &'static str {
[INFO] [stderr]    |        ^^^^^^^^^^^^^^
[INFO] [stderr]    |
[INFO] [stderr]    = note: `#[warn(dead_code)]` (part of `#[warn(unused)]`) on by default
[INFO] [stderr] 
[INFO] [stderr] warning: `coverage-badge` (lib) generated 1 warning
[INFO] [stderr]     Finished `release` profile [optimized] target(s) in 0.06s
[INFO] [stderr]      Running unittests src/lib.rs (/opt/rustwide/target/release/deps/coverage_badge-0b8805b6a9c59d51)
[INFO] [stdout] 
[INFO] [stdout] running 18 tests
[INFO] [stdout] test badge::tests::test_badge_yellow_coverage ... ok
[INFO] [stdout] test badge::tests::test_percentage_formatting_whole_number ... ok
[INFO] [stdout] test badge::tests::test_badge_has_gradient ... ok
[INFO] [stdout] test badge::tests::test_format_percentage_decimals ... ok
[INFO] [stdout] test badge::tests::test_badge_contains_percentage ... ok
[INFO] [stdout] test color::tests::test_coverage_level_medium ... ok
[INFO] [stdout] test color::tests::test_high_coverage_is_green ... ok
[INFO] [stdout] test color::tests::test_low_coverage_is_red ... ok
[INFO] [stdout] test badge::tests::test_badge_boundary_values ... ok
[INFO] [stdout] test color::tests::test_medium_coverage_is_yellow ... ok
[INFO] [stdout] test badge::tests::test_badge_is_valid_svg ... ok
[INFO] [stdout] test color::tests::test_coverage_level_high ... ok
[INFO] [stdout] test badge::tests::test_badge_dimensions ... ok
[INFO] [stdout] test badge::tests::test_badge_contains_coverage_label ... ok
[INFO] [stdout] test badge::tests::test_badge_contains_correct_color ... ok
[INFO] [stdout] test badge::tests::test_percentage_formatting_decimal ... ok
[INFO] [stdout] test color::tests::test_coverage_level_low ... ok
[INFO] [stdout] test badge::tests::test_format_percentage_whole_numbers ... ok
[INFO] [stdout] 
[INFO] [stdout] test result: ok. 18 passed; 0 failed; 0 ignored; 0 measured; 0 filtered out; finished in 0.01s
[INFO] [stdout] 
[INFO] [stderr]      Running unittests src/main.rs (/opt/rustwide/target/release/deps/coverage_badge-398334bf95f73818)
[INFO] [stdout] 
[INFO] [stdout] running 7 tests
[INFO] [stdout] test tests::test_ensure_output_dir_creates_missing ... FAILED
[INFO] [stdout] test tests::test_validate_coverage_error_message ... ok
[INFO] [stdout] test tests::test_ensure_output_dir_exists ... ok
[INFO] [stdout] test tests::test_write_badge_success ... FAILED
[INFO] [stdout] test tests::test_validate_coverage_valid ... ok
[INFO] [stdout] test tests::test_validate_coverage_invalid ... ok
[INFO] [stdout] test tests::test_write_badge_missing_dir ... ok
[INFO] [stdout] 
[INFO] [stdout] failures:
[INFO] [stdout] 
[INFO] [stdout] ---- tests::test_ensure_output_dir_creates_missing stdout ----
[INFO] [stdout] 
[INFO] [stdout] thread 'tests::test_ensure_output_dir_creates_missing' (345) panicked at src/main.rs:114:9:
[INFO] [stdout] assertion failed: ensure_output_dir(&path).is_ok()
[INFO] [stdout] stack backtrace:
[INFO] [stdout]    0:     0x62d19e0c1381 - <<std[70759c8f55707aa4]::sys::backtrace::BacktraceLock>::print::DisplayBacktrace as core[df12db4294e9bfd3]::fmt::Display>::fmt
[INFO] [stdout]    1:     0x62d19e0d58ba - core[df12db4294e9bfd3]::fmt::write
[INFO] [stdout]    2:     0x62d19e0c5a9c - <alloc[2182bb758b4b3781]::vec::Vec<u8> as core[df12db4294e9bfd3]::io::write::Write>::write_fmt
[INFO] [stdout]    3:     0x62d19e09c296 - std[70759c8f55707aa4]::panicking::default_hook::{closure#0}
[INFO] [stdout]    4:     0x62d19e0b8dd9 - std[70759c8f55707aa4]::panicking::default_hook
[INFO] [stdout]    5:     0x62d19e054150 - test[9d35eded1c95d3be]::test_main_inner::<test[9d35eded1c95d3be]::test_main_static::{closure#0}>::{closure#0}
[INFO] [stdout]    6:     0x62d19e0b8f92 - std[70759c8f55707aa4]::panicking::panic_with_hook
[INFO] [stdout]    7:     0x62d19e09c374 - std[70759c8f55707aa4]::panicking::panic_handler::{closure#0}
[INFO] [stdout]    8:     0x62d19e094e19 - std[70759c8f55707aa4]::sys::backtrace::__rust_end_short_backtrace::<std[70759c8f55707aa4]::panicking::panic_handler::{closure#0}, !>
[INFO] [stdout]    9:     0x62d19e09cf3d - __rustc[8fa7c3cbc660c2b3]::rust_begin_unwind
[INFO] [stdout]   10:     0x62d19e0d5fec - core[df12db4294e9bfd3]::panicking::panic_fmt
[INFO] [stdout]   11:     0x62d19e0d5fb2 - core[df12db4294e9bfd3]::panicking::panic
[INFO] [stdout]   12:     0x62d19e0473be - <coverage_badge[5c7acf09ee44969c]::tests::test_ensure_output_dir_creates_missing::{closure#0} as core[df12db4294e9bfd3]::ops::function::FnOnce<()>>::call_once
[INFO] [stdout]   13:     0x62d19e04743b - test[9d35eded1c95d3be]::__rust_begin_short_backtrace::<core[df12db4294e9bfd3]::result::Result<(), alloc[2182bb758b4b3781]::string::String>, fn() -> core[df12db4294e9bfd3]::result::Result<(), alloc[2182bb758b4b3781]::string::String>>
[INFO] [stdout]   14:     0x62d19e054aa5 - test[9d35eded1c95d3be]::run_test::{closure#0}
[INFO] [stdout]   15:     0x62d19e04e364 - std[70759c8f55707aa4]::sys::backtrace::__rust_begin_short_backtrace::<test[9d35eded1c95d3be]::run_test::{closure#1}, ()>
[INFO] [stdout]   16:     0x62d19e057c02 - <std[70759c8f55707aa4]::thread::lifecycle::spawn_unchecked<test[9d35eded1c95d3be]::run_test::{closure#1}, ()>::{closure#1} as core[df12db4294e9bfd3]::ops::function::FnOnce<()>>::call_once::{shim:vtable#0}
[INFO] [stdout]   17:     0x62d19e0c06f9 - <std[70759c8f55707aa4]::sys::thread::unix::Thread>::new::thread_start
[INFO] [stdout]   18:     0x737d790e1dfa - <unknown>
[INFO] [stdout]   19:     0x737d791753d4 - clone
[INFO] [stdout]   20:                0x0 - <unknown>
[INFO] [stdout] 
[INFO] [stdout] ---- tests::test_write_badge_success stdout ----
[INFO] [stdout] 
[INFO] [stdout] thread 'tests::test_write_badge_success' (351) panicked at src/main.rs:125:9:
[INFO] [stdout] assertion failed: write_badge(&path, svg).is_ok()
[INFO] [stdout] stack backtrace:
[INFO] [stdout]    0:     0x62d19e0c1381 - <<std[70759c8f55707aa4]::sys::backtrace::BacktraceLock>::print::DisplayBacktrace as core[df12db4294e9bfd3]::fmt::Display>::fmt
[INFO] [stdout]    1:     0x62d19e0d58ba - core[df12db4294e9bfd3]::fmt::write
[INFO] [stdout]    2:     0x62d19e0c5a9c - <alloc[2182bb758b4b3781]::vec::Vec<u8> as core[df12db4294e9bfd3]::io::write::Write>::write_fmt
[INFO] [stdout]    3:     0x62d19e09c296 - std[70759c8f55707aa4]::panicking::default_hook::{closure#0}
[INFO] [stdout]    4:     0x62d19e0b8dd9 - std[70759c8f55707aa4]::panicking::default_hook
[INFO] [stdout]    5:     0x62d19e054150 - test[9d35eded1c95d3be]::test_main_inner::<test[9d35eded1c95d3be]::test_main_static::{closure#0}>::{closure#0}
[INFO] [stdout]    6:     0x62d19e0b8f92 - std[70759c8f55707aa4]::panicking::panic_with_hook
[INFO] [stdout]    7:     0x62d19e09c374 - std[70759c8f55707aa4]::panicking::panic_handler::{closure#0}
[INFO] [stdout]    8:     0x62d19e094e19 - std[70759c8f55707aa4]::sys::backtrace::__rust_end_short_backtrace::<std[70759c8f55707aa4]::panicking::panic_handler::{closure#0}, !>
[INFO] [stdout]    9:     0x62d19e09cf3d - __rustc[8fa7c3cbc660c2b3]::rust_begin_unwind
[INFO] [stdout]   10:     0x62d19e0d5fec - core[df12db4294e9bfd3]::panicking::panic_fmt
[INFO] [stdout]   11:     0x62d19e0d5fb2 - core[df12db4294e9bfd3]::panicking::panic
[INFO] [stdout]   12:     0x62d19e046ca7 - <coverage_badge[5c7acf09ee44969c]::tests::test_write_badge_success::{closure#0} as core[df12db4294e9bfd3]::ops::function::FnOnce<()>>::call_once
[INFO] [stdout]   13:     0x62d19e04743b - test[9d35eded1c95d3be]::__rust_begin_short_backtrace::<core[df12db4294e9bfd3]::result::Result<(), alloc[2182bb758b4b3781]::string::String>, fn() -> core[df12db4294e9bfd3]::result::Result<(), alloc[2182bb758b4b3781]::string::String>>
[INFO] [stdout]   14:     0x62d19e054aa5 - test[9d35eded1c95d3be]::run_test::{closure#0}
[INFO] [stdout]   15:     0x62d19e04e364 - std[70759c8f55707aa4]::sys::backtrace::__rust_begin_short_backtrace::<test[9d35eded1c95d3be]::run_test::{closure#1}, ()>
[INFO] [stdout]   16:     0x62d19e057c02 - <std[70759c8f55707aa4]::thread::lifecycle::spawn_unchecked<test[9d35eded1c95d3be]::run_test::{closure#1}, ()>::{closure#1} as core[df12db4294e9bfd3]::ops::function::FnOnce<()>>::call_once::{shim:vtable#0}
[INFO] [stdout]   17:     0x62d19e0c06f9 - <std[70759c8f55707aa4]::sys::thread::unix::Thread>::new::thread_start
[INFO] [stdout]   18:     0x737d790e1dfa - <unknown>
[INFO] [stdout]   19:     0x737d791753d4 - clone
[INFO] [stdout]   20:                0x0 - <unknown>
[INFO] [stdout] 
[INFO] [stdout] 
[INFO] [stdout] failures:
[INFO] [stdout]     tests::test_ensure_output_dir_creates_missing
[INFO] [stdout]     tests::test_write_badge_success
[INFO] [stdout] 
[INFO] [stdout] test result: FAILED. 5 passed; 2 failed; 0 ignored; 0 measured; 0 filtered out; finished in 0.00s
[INFO] [stdout] 
[INFO] [stderr] error: test failed, to rerun pass `--bin coverage-badge`
[INFO] running `Command { std: "docker" "inspect" "7dd5703ac9fa86bd4a57183df952f19d94ec6b3d172278077142836e57d7da5d", kill_on_drop: false }`
[INFO] running `Command { std: "docker" "rm" "-f" "7dd5703ac9fa86bd4a57183df952f19d94ec6b3d172278077142836e57d7da5d", kill_on_drop: false }`
[INFO] [stdout] 7dd5703ac9fa86bd4a57183df952f19d94ec6b3d172278077142836e57d7da5d
