[INFO] fetching crate count-md 0.2.0...
[INFO] testing count-md-0.2.0 against 1.99.0-beta.8+cargoflags=--release for beta-release-1.100-2
[INFO] extracting crate count-md 0.2.0 into /workspace/builds/worker-7-tc1/source
[INFO] started tweaking crates.io crate count-md 0.2.0
[INFO] finished tweaking crates.io crate count-md 0.2.0
[INFO] tweaked toml for crates.io crate count-md 0.2.0 written to /workspace/builds/worker-7-tc1/source/Cargo.toml
[INFO] validating manifest of crates.io crate count-md 0.2.0 on toolchain 1.99.0-beta.8
[INFO] running `Command { std: CARGO_HOME="/workspace/cargo-home" RUSTUP_HOME="/workspace/rustup-home" "/workspace/cargo-home/bin/cargo" "+1.99.0-beta.8" "metadata" "--manifest-path" "Cargo.toml" "--no-deps", kill_on_drop: false }`
[INFO] crate crates.io crate count-md 0.2.0 already has a lockfile, it will not be regenerated
[INFO] running `Command { std: CARGO_HOME="/workspace/cargo-home" RUSTUP_HOME="/workspace/rustup-home" "/workspace/cargo-home/bin/cargo" "+1.99.0-beta.8" "fetch" "--manifest-path" "Cargo.toml", kill_on_drop: false }`
[INFO] [stderr]     Updating crates.io index
[INFO] [stderr]  Downloading crates ...
[INFO] [stderr]   Downloaded xmlparser v0.13.6
[INFO] [stderr]   Downloaded clap_derive v4.5.32
[INFO] [stderr]   Downloaded clap v4.5.38
[INFO] [stderr]   Downloaded once_cell_polyfill v1.70.1
[INFO] [stderr]   Downloaded anstyle-wincon v3.0.8
[INFO] [stderr]   Downloaded anstyle-query v1.1.2
[INFO] [stderr]   Downloaded is_terminal_polyfill v1.70.1
[INFO] [stderr]   Downloaded colorchoice v1.0.3
[INFO] [stderr]   Downloaded getopts v0.2.21
[INFO] [stderr]   Downloaded anstream v0.6.18
[INFO] [stderr]   Downloaded clap_complete v4.5.50
[INFO] [stderr]   Downloaded anstyle-parse v0.2.6
[INFO] [stderr]   Downloaded clap_builder v4.5.38
[INFO] running `Command { std: "docker" "create" "-v" "/var/lib/crater-agent-workspace/builds/worker-7-tc1/source:/opt/rustwide/workdir:ro,Z" "-v" "/var/lib/crater-agent-workspace/builds/worker-7-tc1/target:/opt/rustwide/target:rw,Z" "-v" "/var/lib/crater-agent-workspace/cargo-home:/opt/rustwide/cargo-home:ro,Z" "-v" "/var/lib/crater-agent-workspace/rustup-home:/opt/rustwide/rustup-home:ro,Z" "-m" "1610612736" "--network" "none" "ghcr.io/rust-lang/crates-build-env/linux@sha256:77db811e55d90add9212f6832c23229e3de5f1c1f9905e8cb07319ea15df73ac" "sleep" "infinity", kill_on_drop: false }`
[INFO] [stdout] 40eb77a8c41dd3599b8c574402bf65c3c7a262fffbdb64d9623c7a4271422060
[INFO] running `Command { std: "docker" "start" "40eb77a8c41dd3599b8c574402bf65c3c7a262fffbdb64d9623c7a4271422060", kill_on_drop: false }`
[INFO] running `Command { std: "docker" "inspect" "40eb77a8c41dd3599b8c574402bf65c3c7a262fffbdb64d9623c7a4271422060", kill_on_drop: false }`
[INFO] running `Command { std: "docker" "exec" "-e" "SOURCE_DIR=/opt/rustwide/workdir" "-e" "CARGO_HOME=/opt/rustwide/cargo-home" "-e" "RUSTUP_HOME=/opt/rustwide/rustup-home" "-e" "CARGO_TARGET_DIR=/opt/rustwide/target" "-w" "/opt/rustwide/workdir" "--user" "0:0" "40eb77a8c41dd3599b8c574402bf65c3c7a262fffbdb64d9623c7a4271422060" "/opt/rustwide/cargo-home/bin/cargo" "+1.99.0-beta.8" "metadata" "--no-deps" "--format-version=1", kill_on_drop: false }`
[INFO] running `Command { std: "docker" "inspect" "40eb77a8c41dd3599b8c574402bf65c3c7a262fffbdb64d9623c7a4271422060", kill_on_drop: false }`
[INFO] running `Command { std: "docker" "exec" "-e" "SOURCE_DIR=/opt/rustwide/workdir" "-e" "CARGO_HOME=/opt/rustwide/cargo-home" "-e" "RUSTUP_HOME=/opt/rustwide/rustup-home" "-e" "CARGO_TARGET_DIR=/opt/rustwide/target" "-e" "CARGO_INCREMENTAL=0" "-e" "RUST_BACKTRACE=full" "-e" "RUSTFLAGS=--cap-lints=warn" "-e" "RUSTDOCFLAGS=--cap-lints=warn" "-w" "/opt/rustwide/workdir" "--user" "0:0" "40eb77a8c41dd3599b8c574402bf65c3c7a262fffbdb64d9623c7a4271422060" "/opt/rustwide/cargo-home/bin/cargo" "+1.99.0-beta.8" "build" "--frozen" "--message-format=json" "--release", kill_on_drop: false }`
[INFO] [stderr]    Compiling pulldown-cmark v0.13.0
[INFO] [stderr]    Compiling getopts v0.2.21
[INFO] [stderr]    Compiling pulldown-cmark-escape v0.11.0
[INFO] [stderr]    Compiling bitflags v2.9.1
[INFO] [stderr]    Compiling memchr v2.7.4
[INFO] [stderr]    Compiling unicase v2.8.1
[INFO] [stderr]    Compiling xmlparser v0.13.6
[INFO] [stderr]    Compiling unicode-segmentation v1.12.0
[INFO] [stderr]    Compiling count-md v0.2.0 (/opt/rustwide/workdir)
[INFO] [stderr]     Finished `release` profile [optimized] target(s) in 11.07s
[INFO] running `Command { std: "docker" "inspect" "40eb77a8c41dd3599b8c574402bf65c3c7a262fffbdb64d9623c7a4271422060", kill_on_drop: false }`
[INFO] running `Command { std: "docker" "exec" "-e" "SOURCE_DIR=/opt/rustwide/workdir" "-e" "CARGO_HOME=/opt/rustwide/cargo-home" "-e" "RUSTUP_HOME=/opt/rustwide/rustup-home" "-e" "CARGO_TARGET_DIR=/opt/rustwide/target" "-e" "CARGO_INCREMENTAL=0" "-e" "RUST_BACKTRACE=full" "-e" "RUSTFLAGS=--cap-lints=warn" "-e" "RUSTDOCFLAGS=--cap-lints=warn" "-w" "/opt/rustwide/workdir" "--user" "0:0" "40eb77a8c41dd3599b8c574402bf65c3c7a262fffbdb64d9623c7a4271422060" "/opt/rustwide/cargo-home/bin/cargo" "+1.99.0-beta.8" "test" "--frozen" "--no-run" "--message-format=json" "--release", kill_on_drop: false }`
[INFO] [stderr]    Compiling count-md v0.2.0 (/opt/rustwide/workdir)
[INFO] [stderr]     Finished `release` profile [optimized] target(s) in 1.88s
[INFO] running `Command { std: "docker" "inspect" "40eb77a8c41dd3599b8c574402bf65c3c7a262fffbdb64d9623c7a4271422060", kill_on_drop: false }`
[INFO] running `Command { std: "docker" "exec" "-e" "SOURCE_DIR=/opt/rustwide/workdir" "-e" "CARGO_HOME=/opt/rustwide/cargo-home" "-e" "RUSTUP_HOME=/opt/rustwide/rustup-home" "-e" "CARGO_TARGET_DIR=/opt/rustwide/target" "-e" "CARGO_INCREMENTAL=0" "-e" "RUST_BACKTRACE=full" "-e" "RUSTFLAGS=--cap-lints=warn" "-e" "RUSTDOCFLAGS=--cap-lints=warn" "-w" "/opt/rustwide/workdir" "--user" "0:0" "40eb77a8c41dd3599b8c574402bf65c3c7a262fffbdb64d9623c7a4271422060" "/opt/rustwide/cargo-home/bin/cargo" "+1.99.0-beta.8" "test" "--frozen" "--release", kill_on_drop: false }`
[INFO] [stderr]     Finished `release` profile [optimized] target(s) in 0.06s
[INFO] [stdout] 
[INFO] [stderr]      Running unittests src/lib.rs (/opt/rustwide/target/release/deps/count_md-eda88fc198fe3a54)
[INFO] [stdout] running 44 tests
[INFO] [stdout] test tests::excludes_code_blocks ... ok
[INFO] [stdout] test tests::excludes_inline_html_tags ... ok
[INFO] [stdout] test tests::excludes_block_html_tags ... ok
[INFO] [stdout] test tests::excludes_metadata ... ok
[INFO] [stdout] test tests::excludes_rules ... ok
[INFO] [stdout] test tests::handles_footnotes_with_continued_content ... ok
[INFO] [stdout] test tests::includes_basic_text ... ok
[INFO] [stdout] test tests::includes_heading_2 ... ok
[INFO] [stdout] test tests::includes_inline_code ... ok
[INFO] [stdout] test tests::includes_tables ... ok
[INFO] [stdout] test tests::options::all::excludes_block_html_tags ... ok
[INFO] [stdout] test tests::includes_footnotes ... ok
[INFO] [stdout] test tests::includes_heading_1 ... ok
[INFO] [stdout] test tests::excludes_blockquotes ... ok
[INFO] [stdout] test tests::excludes_footnote_references ... ok
[INFO] [stdout] test tests::options::all::excludes_footnote_references ... ok
[INFO] [stdout] test tests::options::all::includes_basic_text ... ok
[INFO] [stdout] test tests::options::all::excludes_blockquotes ... ok
[INFO] [stdout] test tests::options::all::includes_code_blocks ... ok
[INFO] [stdout] test tests::options::all::includes_footnotes ... ok
[INFO] [stdout] test tests::options::all::excludes_inline_html_tags ... ok
[INFO] [stdout] test tests::options::all::excludes_rules ... ok
[INFO] [stdout] test tests::options::all::includes_headers ... ok
[INFO] [stdout] test tests::options::all::includes_metadata ... ok
[INFO] [stdout] test tests::options::all::includes_heading_2 ... ok
[INFO] [stdout] test tests::options::all::includes_heading_1 ... ok
[INFO] [stdout] test tests::options::block_html::disabled ... FAILED
[INFO] [stdout] test tests::options::all::includes_inline_code ... ok
[INFO] [stdout] test tests::options::block_code::disabled ... ok
[INFO] [stdout] test tests::options::all::includes_tables ... ok
[INFO] [stdout] test tests::options::block_code::enabled ... ok
[INFO] [stdout] test tests::options::block_html::enabled ... ok
[INFO] [stdout] test tests::options::blockquotes::disabled ... ok
[INFO] [stdout] test tests::options::headings::enabled ... ok
[INFO] [stdout] test tests::options::blockquotes::enabled ... ok
[INFO] [stdout] test tests::options::inline_code::disabled ... ok
[INFO] [stdout] test tests::options::footnotes::disabled ... ok
[INFO] [stdout] test tests::options::footnotes::enabled ... ok
[INFO] [stdout] test tests::options::inline_code::enabled ... ok
[INFO] [stdout] test tests::options::metadata::enabled ... ok
[INFO] [stdout] test tests::options::tables::disabled ... ok
[INFO] [stdout] test tests::options::headings::disabled ... ok
[INFO] [stdout] test tests::options::metadata::disabled ... ok
[INFO] [stdout] test tests::options::tables::enabled ... ok
[INFO] [stdout] 
[INFO] [stdout] failures:
[INFO] [stdout] 
[INFO] [stdout] ---- tests::options::block_html::disabled stdout ----
[INFO] [stdout] 
[INFO] [stdout] thread 'tests::options::block_html::disabled' (293) panicked at src/tests.rs:260:13:
[INFO] [stdout] assertion `left == right` failed
[INFO] [stdout]   left: 6
[INFO] [stdout]  right: 4
[INFO] [stdout] stack backtrace:
[INFO] [stdout]    0:     0x62bc38ecc2e1 - <<std[70759c8f55707aa4]::sys::backtrace::BacktraceLock>::print::DisplayBacktrace as core[df12db4294e9bfd3]::fmt::Display>::fmt
[INFO] [stdout]    1:     0x62bc38ee0eda - core[df12db4294e9bfd3]::fmt::write
[INFO] [stdout]    2:     0x62bc38ed077c - <alloc[2182bb758b4b3781]::vec::Vec<u8> as core[df12db4294e9bfd3]::io::write::Write>::write_fmt
[INFO] [stdout]    3:     0x62bc38ea88d6 - std[70759c8f55707aa4]::panicking::default_hook::{closure#0}
[INFO] [stdout]    4:     0x62bc38ec4a49 - std[70759c8f55707aa4]::panicking::default_hook
[INFO] [stdout]    5:     0x62bc38e3b910 - test[9d35eded1c95d3be]::test_main_inner::<test[9d35eded1c95d3be]::test_main_static::{closure#0}>::{closure#0}
[INFO] [stdout]    6:     0x62bc38ec4c02 - std[70759c8f55707aa4]::panicking::panic_with_hook
[INFO] [stdout]    7:     0x62bc38ea8982 - std[70759c8f55707aa4]::panicking::panic_handler::{closure#0}
[INFO] [stdout]    8:     0x62bc38ea1709 - std[70759c8f55707aa4]::sys::backtrace::__rust_end_short_backtrace::<std[70759c8f55707aa4]::panicking::panic_handler::{closure#0}, !>
[INFO] [stdout]    9:     0x62bc38ea957d - __rustc[8fa7c3cbc660c2b3]::rust_begin_unwind
[INFO] [stdout]   10:     0x62bc38ee160c - core[df12db4294e9bfd3]::panicking::panic_fmt
[INFO] [stdout]   11:     0x62bc38ee1523 - core[df12db4294e9bfd3]::panicking::assert_failed_inner
[INFO] [stdout]   12:     0x62bc38eddb28 - core[df12db4294e9bfd3]::panicking::assert_failed::<u64, u64>
[INFO] [stdout]   13:     0x62bc38e2e1d3 - <count_md[8dd7f20d505a5248]::tests::options::block_html::disabled::{closure#0} as core[df12db4294e9bfd3]::ops::function::FnOnce<()>>::call_once
[INFO] [stdout]   14:     0x62bc38e2ebfb - test[9d35eded1c95d3be]::__rust_begin_short_backtrace::<core[df12db4294e9bfd3]::result::Result<(), alloc[2182bb758b4b3781]::string::String>, fn() -> core[df12db4294e9bfd3]::result::Result<(), alloc[2182bb758b4b3781]::string::String>>
[INFO] [stdout]   15:     0x62bc38e3c265 - test[9d35eded1c95d3be]::run_test::{closure#0}
[INFO] [stdout]   16:     0x62bc38e35b24 - std[70759c8f55707aa4]::sys::backtrace::__rust_begin_short_backtrace::<test[9d35eded1c95d3be]::run_test::{closure#1}, ()>
[INFO] [stdout]   17:     0x62bc38e3f3c2 - <std[70759c8f55707aa4]::thread::lifecycle::spawn_unchecked<test[9d35eded1c95d3be]::run_test::{closure#1}, ()>::{closure#1} as core[df12db4294e9bfd3]::ops::function::FnOnce<()>>::call_once::{shim:vtable#0}
[INFO] [stdout]   18:     0x62bc38ecbbb9 - <std[70759c8f55707aa4]::sys::thread::unix::Thread>::new::thread_start
[INFO] [stdout]   19:     0x7b3f84458dfa - <unknown>
[INFO] [stdout]   20:     0x7b3f844ec3d4 - clone
[INFO] [stdout]   21:                0x0 - <unknown>
[INFO] [stdout] 
[INFO] [stdout] 
[INFO] [stdout] failures:
[INFO] [stdout]     tests::options::block_html::disabled
[INFO] [stdout] 
[INFO] [stdout] test result: FAILED. 43 passed; 1 failed; 0 ignored; 0 measured; 0 filtered out; finished in 0.10s
[INFO] [stdout] 
[INFO] [stderr] error: test failed, to rerun pass `--lib`
[INFO] running `Command { std: "docker" "inspect" "40eb77a8c41dd3599b8c574402bf65c3c7a262fffbdb64d9623c7a4271422060", kill_on_drop: false }`
[INFO] running `Command { std: "docker" "rm" "-f" "40eb77a8c41dd3599b8c574402bf65c3c7a262fffbdb64d9623c7a4271422060", kill_on_drop: false }`
[INFO] [stdout] 40eb77a8c41dd3599b8c574402bf65c3c7a262fffbdb64d9623c7a4271422060
