[INFO] fetching crate cotton-ssdp 0.1.0...
[INFO] testing cotton-ssdp-0.1.0 against 1.100.0-beta.1+cargoflags=--release for beta-release-1.100-2
[INFO] extracting crate cotton-ssdp 0.1.0 into /workspace/builds/worker-2-tc2/source
[INFO] started tweaking crates.io crate cotton-ssdp 0.1.0
[INFO] removed 0 missing examples
[INFO] removed 0 missing tests
[INFO] finished tweaking crates.io crate cotton-ssdp 0.1.0
[INFO] tweaked toml for crates.io crate cotton-ssdp 0.1.0 written to /workspace/builds/worker-2-tc2/source/Cargo.toml
[INFO] validating manifest of crates.io crate cotton-ssdp 0.1.0 on toolchain 1.100.0-beta.1
[INFO] running `Command { std: CARGO_HOME="/workspace/cargo-home" RUSTUP_HOME="/workspace/rustup-home" "/workspace/cargo-home/bin/cargo" "+1.100.0-beta.1" "metadata" "--manifest-path" "Cargo.toml" "--no-deps", kill_on_drop: false }`
[INFO] crate crates.io crate cotton-ssdp 0.1.0 already has a lockfile, it will not be regenerated
[INFO] running `Command { std: CARGO_HOME="/workspace/cargo-home" RUSTUP_HOME="/workspace/rustup-home" "/workspace/cargo-home/bin/cargo" "+1.100.0-beta.1" "fetch" "--manifest-path" "Cargo.toml", kill_on_drop: false }`
[INFO] [stderr] warning: `package.homepage` is redundant with `package.repository`
[INFO] [stderr]    --> Cargo.toml:106:12
[INFO] [stderr]     |
[INFO] [stderr] 106 | homepage = "https://github.com/pdh11/cotton"
[INFO] [stderr]     |            ^^^^^^^^^^^^^^^^^^^^^^^^^^^^^^^^^
[INFO] [stderr] ...
[INFO] [stderr] 110 | repository = "https://github.com/pdh11/cotton"
[INFO] [stderr]     |              ---------------------------------
[INFO] [stderr]     |
[INFO] [stderr]     = note: `cargo::redundant_homepage` is set to `warn` by default
[INFO] [stderr] help: consider removing `package.homepage`
[INFO] [stderr] warning: `cotton-ssdp` (manifest) generated 1 warning
[INFO] running `Command { std: "docker" "create" "-v" "/var/lib/crater-agent-workspace/builds/worker-2-tc2/source:/opt/rustwide/workdir:ro,Z" "-v" "/var/lib/crater-agent-workspace/builds/worker-2-tc2/target:/opt/rustwide/target:rw,Z" "-v" "/var/lib/crater-agent-workspace/cargo-home:/opt/rustwide/cargo-home:ro,Z" "-v" "/var/lib/crater-agent-workspace/rustup-home:/opt/rustwide/rustup-home:ro,Z" "-m" "1610612736" "--network" "none" "ghcr.io/rust-lang/crates-build-env/linux@sha256:77db811e55d90add9212f6832c23229e3de5f1c1f9905e8cb07319ea15df73ac" "sleep" "infinity", kill_on_drop: false }`
[INFO] [stdout] f2d55e809cae4713cac95f60a75970ee4cfc5eef9ded507f1e5a4fd899260f81
[INFO] running `Command { std: "docker" "start" "f2d55e809cae4713cac95f60a75970ee4cfc5eef9ded507f1e5a4fd899260f81", kill_on_drop: false }`
[INFO] running `Command { std: "docker" "inspect" "f2d55e809cae4713cac95f60a75970ee4cfc5eef9ded507f1e5a4fd899260f81", kill_on_drop: false }`
[INFO] running `Command { std: "docker" "exec" "-e" "SOURCE_DIR=/opt/rustwide/workdir" "-e" "CARGO_HOME=/opt/rustwide/cargo-home" "-e" "RUSTUP_HOME=/opt/rustwide/rustup-home" "-e" "CARGO_TARGET_DIR=/opt/rustwide/target" "-w" "/opt/rustwide/workdir" "--user" "0:0" "f2d55e809cae4713cac95f60a75970ee4cfc5eef9ded507f1e5a4fd899260f81" "/opt/rustwide/cargo-home/bin/cargo" "+1.100.0-beta.1" "metadata" "--no-deps" "--format-version=1", kill_on_drop: false }`
[INFO] running `Command { std: "docker" "inspect" "f2d55e809cae4713cac95f60a75970ee4cfc5eef9ded507f1e5a4fd899260f81", kill_on_drop: false }`
[INFO] running `Command { std: "docker" "exec" "-e" "SOURCE_DIR=/opt/rustwide/workdir" "-e" "CARGO_HOME=/opt/rustwide/cargo-home" "-e" "RUSTUP_HOME=/opt/rustwide/rustup-home" "-e" "CARGO_TARGET_DIR=/opt/rustwide/target" "-e" "CARGO_INCREMENTAL=0" "-e" "RUST_BACKTRACE=full" "-e" "RUSTFLAGS=--cap-lints=warn" "-e" "RUSTDOCFLAGS=--cap-lints=warn" "-w" "/opt/rustwide/workdir" "--user" "0:0" "f2d55e809cae4713cac95f60a75970ee4cfc5eef9ded507f1e5a4fd899260f81" "/opt/rustwide/cargo-home/bin/cargo" "+1.100.0-beta.1" "build" "--frozen" "--message-format=json" "--release", kill_on_drop: false }`
[INFO] [stderr] warning: `package.homepage` is redundant with `package.repository`
[INFO] [stderr]    --> Cargo.toml:106:12
[INFO] [stderr]     |
[INFO] [stderr] 106 | homepage = "https://github.com/pdh11/cotton"
[INFO] [stderr]     |            ^^^^^^^^^^^^^^^^^^^^^^^^^^^^^^^^^
[INFO] [stderr] ...
[INFO] [stderr] 110 | repository = "https://github.com/pdh11/cotton"
[INFO] [stderr]     |              ---------------------------------
[INFO] [stderr]     |
[INFO] [stderr]     = note: `cargo::redundant_homepage` is set to `warn` by default
[INFO] [stderr] help: consider removing `package.homepage`
[INFO] [stderr] warning: `cotton-ssdp` (manifest) generated 1 warning
[INFO] [stderr]    Compiling proc-macro2 v1.0.93
[INFO] [stderr]    Compiling unicode-ident v1.0.16
[INFO] [stderr]    Compiling libc v0.2.169
[INFO] [stderr]    Compiling serde v1.0.217
[INFO] [stderr]    Compiling bytes v1.9.0
[INFO] [stderr]    Compiling memoffset v0.9.1
[INFO] [stderr]    Compiling futures-sink v0.3.31
[INFO] [stderr]    Compiling nix v0.29.0
[INFO] [stderr]    Compiling either v1.13.0
[INFO] [stderr]    Compiling futures-task v0.3.31
[INFO] [stderr]    Compiling heapless v0.8.0
[INFO] [stderr]    Compiling slotmap v1.0.7
[INFO] [stderr]    Compiling hash32 v0.3.1
[INFO] [stderr]    Compiling bitflags v2.8.0
[INFO] [stderr]    Compiling smoltcp v0.12.0
[INFO] [stderr]    Compiling log v0.4.25
[INFO] [stderr]    Compiling stable_deref_trait v1.2.0
[INFO] [stderr]    Compiling futures-channel v0.3.31
[INFO] [stderr]    Compiling bitflags v1.3.2
[INFO] [stderr]    Compiling managed v0.8.0
[INFO] [stderr]    Compiling futures-io v0.3.31
[INFO] [stderr]    Compiling quote v1.0.38
[INFO] [stderr]    Compiling syn v2.0.96
[INFO] [stderr]    Compiling syn v1.0.109
[INFO] [stderr]    Compiling mio v1.0.3
[INFO] [stderr]    Compiling socket2 v0.5.8
[INFO] [stderr]    Compiling getrandom v0.2.15
[INFO] [stderr]    Compiling rand_core v0.6.4
[INFO] [stderr]    Compiling uuid v1.12.1
[INFO] [stderr]    Compiling tokio-macros v2.5.0
[INFO] [stderr]    Compiling serde_derive v1.0.217
[INFO] [stderr]    Compiling zerocopy-derive v0.7.35
[INFO] [stderr]    Compiling futures-macro v0.3.31
[INFO] [stderr]    Compiling async-stream-impl v0.3.6
[INFO] [stderr]    Compiling async-stream v0.3.6
[INFO] [stderr]    Compiling tokio v1.43.0
[INFO] [stderr]    Compiling futures-util v0.3.31
[INFO] [stderr]    Compiling zerocopy v0.7.35
[INFO] [stderr]    Compiling ppv-lite86 v0.2.20
[INFO] [stderr]    Compiling rand_chacha v0.3.1
[INFO] [stderr]    Compiling rand v0.8.5
[INFO] [stderr]    Compiling futures v0.3.31
[INFO] [stderr]    Compiling tokio-stream v0.1.17
[INFO] [stderr]    Compiling tokio-test v0.4.4
[INFO] [stderr]    Compiling neli-proc-macros v0.1.4
[INFO] [stderr]    Compiling neli v0.6.5
[INFO] [stderr]    Compiling cotton-netif v0.1.0
[INFO] [stderr]    Compiling cotton-ssdp v0.1.0 (/opt/rustwide/workdir)
[INFO] [stderr] warning: unused dependency `uuid`
[INFO] [stderr]   --> Cargo.toml:65:15
[INFO] [stderr]    |
[INFO] [stderr] 65 | [dependencies.uuid]
[INFO] [stderr]    |               ^^^^^
[INFO] [stderr]    |
[INFO] [stderr]    = note: `cargo::unused_dependencies` is set to `warn` by default
[INFO] [stderr] help: consider removing the dependency on `uuid`
[INFO] [stderr] warning: `cotton-ssdp` (manifest) generated 1 warning
[INFO] [stderr]     Finished `release` profile [optimized] target(s) in 1m 00s
[INFO] [stderr] warning: the following packages contain code that will be rejected by a future version of Rust: nix v0.29.0
[INFO] [stderr] note: to see what the problems were, use the option `--future-incompat-report`, or run `cargo report future-incompatibilities --id 5`
[INFO] running `Command { std: "docker" "inspect" "f2d55e809cae4713cac95f60a75970ee4cfc5eef9ded507f1e5a4fd899260f81", kill_on_drop: false }`
[INFO] running `Command { std: "docker" "exec" "-e" "SOURCE_DIR=/opt/rustwide/workdir" "-e" "CARGO_HOME=/opt/rustwide/cargo-home" "-e" "RUSTUP_HOME=/opt/rustwide/rustup-home" "-e" "CARGO_TARGET_DIR=/opt/rustwide/target" "-e" "CARGO_INCREMENTAL=0" "-e" "RUST_BACKTRACE=full" "-e" "RUSTFLAGS=--cap-lints=warn" "-e" "RUSTDOCFLAGS=--cap-lints=warn" "-w" "/opt/rustwide/workdir" "--user" "0:0" "f2d55e809cae4713cac95f60a75970ee4cfc5eef9ded507f1e5a4fd899260f81" "/opt/rustwide/cargo-home/bin/cargo" "+1.100.0-beta.1" "test" "--frozen" "--no-run" "--message-format=json" "--release", kill_on_drop: false }`
[INFO] [stderr] warning: `package.homepage` is redundant with `package.repository`
[INFO] [stderr]    --> Cargo.toml:106:12
[INFO] [stderr]     |
[INFO] [stderr] 106 | homepage = "https://github.com/pdh11/cotton"
[INFO] [stderr]     |            ^^^^^^^^^^^^^^^^^^^^^^^^^^^^^^^^^
[INFO] [stderr] ...
[INFO] [stderr] 110 | repository = "https://github.com/pdh11/cotton"
[INFO] [stderr]     |              ---------------------------------
[INFO] [stderr]     |
[INFO] [stderr]     = note: `cargo::redundant_homepage` is set to `warn` by default
[INFO] [stderr] help: consider removing `package.homepage`
[INFO] [stderr] warning: `cotton-ssdp` (manifest) generated 1 warning
[INFO] [stderr]    Compiling futures-sink v0.3.31
[INFO] [stderr]    Compiling parking_lot_core v0.9.10
[INFO] [stderr]    Compiling sdd v3.0.5
[INFO] [stderr]    Compiling serial_test_derive v3.2.0
[INFO] [stderr]    Compiling once_cell v1.20.2
[INFO] [stderr]    Compiling futures-channel v0.3.31
[INFO] [stderr]    Compiling futures-util v0.3.31
[INFO] [stderr]    Compiling parking_lot v0.12.3
[INFO] [stderr]    Compiling scc v2.3.0
[INFO] [stderr]    Compiling futures-executor v0.3.31
[INFO] [stderr]    Compiling cotton-netif v0.1.0
[INFO] [stderr]    Compiling futures v0.3.31
[INFO] [stderr]    Compiling serial_test v3.2.0
[INFO] [stderr]    Compiling cotton-ssdp v0.1.0 (/opt/rustwide/workdir)
[INFO] [stderr] warning: unused dependency `uuid`
[INFO] [stderr]   --> Cargo.toml:65:15
[INFO] [stderr]    |
[INFO] [stderr] 65 | [dependencies.uuid]
[INFO] [stderr]    |               ^^^^^
[INFO] [stderr]    |
[INFO] [stderr]    = note: `cargo::unused_dependencies` is set to `warn` by default
[INFO] [stderr] help: consider removing the dependency on `uuid`
[INFO] [stderr] help: to still use for development builds, move to `dev-dependencies`
[INFO] [stderr] warning: `cotton-ssdp` (manifest) generated 1 warning
[INFO] [stderr]     Finished `release` profile [optimized] target(s) in 29.24s
[INFO] [stderr] warning: the following packages contain code that will be rejected by a future version of Rust: nix v0.29.0
[INFO] [stderr] note: to see what the problems were, use the option `--future-incompat-report`, or run `cargo report future-incompatibilities --id 5`
[INFO] running `Command { std: "docker" "inspect" "f2d55e809cae4713cac95f60a75970ee4cfc5eef9ded507f1e5a4fd899260f81", kill_on_drop: false }`
[INFO] running `Command { std: "docker" "exec" "-e" "SOURCE_DIR=/opt/rustwide/workdir" "-e" "CARGO_HOME=/opt/rustwide/cargo-home" "-e" "RUSTUP_HOME=/opt/rustwide/rustup-home" "-e" "CARGO_TARGET_DIR=/opt/rustwide/target" "-e" "CARGO_INCREMENTAL=0" "-e" "RUST_BACKTRACE=full" "-e" "RUSTFLAGS=--cap-lints=warn" "-e" "RUSTDOCFLAGS=--cap-lints=warn" "-w" "/opt/rustwide/workdir" "--user" "0:0" "f2d55e809cae4713cac95f60a75970ee4cfc5eef9ded507f1e5a4fd899260f81" "/opt/rustwide/cargo-home/bin/cargo" "+1.100.0-beta.1" "test" "--frozen" "--release", kill_on_drop: false }`
[INFO] [stderr] warning: `package.homepage` is redundant with `package.repository`
[INFO] [stderr]    --> Cargo.toml:106:12
[INFO] [stderr]     |
[INFO] [stderr] 106 | homepage = "https://github.com/pdh11/cotton"
[INFO] [stderr]     |            ^^^^^^^^^^^^^^^^^^^^^^^^^^^^^^^^^
[INFO] [stderr] ...
[INFO] [stderr] 110 | repository = "https://github.com/pdh11/cotton"
[INFO] [stderr]     |              ---------------------------------
[INFO] [stderr]     |
[INFO] [stderr]     = note: `cargo::redundant_homepage` is set to `warn` by default
[INFO] [stderr] help: consider removing `package.homepage`
[INFO] [stderr] warning: `cotton-ssdp` (manifest) generated 1 warning
[INFO] [stderr] warning: unused dependency `uuid`
[INFO] [stderr]   --> Cargo.toml:65:15
[INFO] [stderr]    |
[INFO] [stderr] 65 | [dependencies.uuid]
[INFO] [stderr]    |               ^^^^^
[INFO] [stderr]    |
[INFO] [stderr]    = note: `cargo::unused_dependencies` is set to `warn` by default
[INFO] [stderr] help: consider removing the dependency on `uuid`
[INFO] [stderr] help: to still use for development builds, move to `dev-dependencies`
[INFO] [stderr] warning: `cotton-ssdp` (manifest) generated 1 warning
[INFO] [stderr]     Finished `release` profile [optimized] target(s) in 0.14s
[INFO] [stderr] warning: the following packages contain code that will be rejected by a future version of Rust: nix v0.29.0
[INFO] [stderr] note: to see what the problems were, use the option `--future-incompat-report`, or run `cargo report future-incompatibilities --id 5`
[INFO] [stderr]      Running unittests src/lib.rs (/opt/rustwide/target/release/build/cotton-ssdp/be31e5a18e635b71/out/cotton_ssdp-be31e5a18e635b71)
[INFO] [stdout] 
[INFO] [stdout] running 138 tests
[INFO] [stdout] test async_service::tests::service_passes_on_socket_failure ... ok
[INFO] [stdout] test engine::tests::bogus_deladdr_ignored ... ok
[INFO] [stdout] test engine::tests::address_before_link_ignored ... ok
[INFO] [stdout] test engine::tests::bogus_deadvertise_ignored ... ok
[INFO] [stdout] test async_service::tests::service_passes_on_second_socket_failure ... ok
[INFO] [stdout] test async_service::tests::service_passes_on_second_fromstd_failure ... ok
[INFO] [stdout] test async_service::tests::service_passes_on_inner_failure ... ok
[INFO] [stdout] test async_service::tests::service_succeeds ... ok
[INFO] [stdout] test engine::tests::bogus_url_passed_through2 ... ok
[INFO] [stdout] test engine::tests::byebye_calls_subscriber ... ok
[INFO] [stdout] test engine::tests::dont_join_multicast_on_repeat_interface ... ok
[INFO] [stdout] test engine::tests::bogus_dellink_ignored ... ok
[INFO] [stdout] test engine::tests::bogus_message_ignored ... ok
[INFO] [stdout] test engine::tests::bogus_url_passed_through ... ok
[INFO] [stdout] test async_service::tests::service_passes_on_fromstd_failure ... ok
[INFO] [stdout] test engine::tests::bogus_deladdr_ignored_2 ... ok
[INFO] [stdout] test engine::tests::error_join_multicast_on_new_interface ... ok
[INFO] [stdout] test engine::tests::ipv6_address_ignored ... ok
[INFO] [stdout] test engine::tests::error_leave_multicast_on_interface_gone ... ok
[INFO] [stdout] test engine::tests::no_notify_sent_on_down_interface_on_deadvertise ... ok
[INFO] [stdout] test engine::tests::join_multicast_on_new_interface ... ok
[INFO] [stdout] test engine::tests::leave_multicast_on_interface_gone ... ok
[INFO] [stdout] test engine::tests::no_notify_sent_on_down_interface ... ok
[INFO] [stdout] test engine::tests::no_search_sent_on_deleted_ips ... ok
[INFO] [stdout] test engine::tests::notify_doesnt_call_subscriber ... ok
[INFO] [stdout] test engine::tests::no_search_sent_on_down_interface ... ok
[INFO] [stdout] test engine::tests::notify_sent_on_network_event ... ok
[INFO] [stdout] test engine::tests::no_search_sent_on_non_multicast_interface ... ok
[INFO] [stdout] test engine::tests::only_one_ssdpall_search_is_sent ... ok
[INFO] [stdout] test engine::tests::notify_calls_subscriber ... ok
[INFO] [stdout] test engine::tests::refresh_retransmits_adverts ... ok
[INFO] [stdout] test engine::tests::notify_sent_on_deadvertise ... ok
[INFO] [stdout] test engine::tests::refresh_retransmits_searches ... ok
[INFO] [stdout] test engine::tests::repeat_address_ignored ... ok
[INFO] [stdout] test engine::tests::refresh_retransmits_generic_search ... ok
[INFO] [stdout] test engine::tests::response_doesnt_call_subscriber ... ok
[INFO] [stdout] test engine::tests::response_multicast_to_multiple_searchers ... ok
[INFO] [stdout] test engine::tests::reset ... ok
[INFO] [stdout] test engine::tests::response_calls_subscriber ... ok
[INFO] [stdout] test engine::tests::search_sent_on_interface_newly_up ... ok
[INFO] [stdout] test engine::tests::response_sent_to_generic_search ... ok
[INFO] [stdout] test engine::tests::search_sent_on_network_event_if_already_subscribed ... ok
[INFO] [stdout] test engine::tests::response_sent_to_specific_search ... ok
[INFO] [stdout] test engine::tests::response_unicast_to_repeated_searchers ... ok
[INFO] [stdout] test engine::tests::search_sent_on_subscribe_if_network_already_exists ... ok
[INFO] [stdout] test engine::tests::searches_sent_on_two_ips ... ok
[INFO] [stdout] test engine::tests::target_match_downlevel ... ok
[INFO] [stdout] test engine::tests::target_match_ssdp_all ... ok
[INFO] [stdout] test engine::tests::two_normal_searches_are_sent ... ok
[INFO] [stdout] test engine::tests::url_host_rewritten ... ok
[INFO] [stdout] test engine::tests::notify_sent_on_advertise ... ok
[INFO] [stdout] test engine::tests::target_match_equality ... ok
[INFO] [stdout] test engine::tests::response_not_sent_to_other_search ... ok
[INFO] [stdout] test engine::tests::response_sent_to_downlevel_search ... ok
[INFO] [stdout] test engine::tests::url_host_rewritten2 ... ok
[INFO] [stdout] test message::tests::accepts_byebye ... ok
[INFO] [stdout] test engine::tests::url_host_rewritten3 ... ok
[INFO] [stdout] test engine::tests::url_host_rewritten5 ... ok
[INFO] [stdout] test message::tests::accepts_hello ... ok
[INFO] [stdout] test engine::tests::url_host_rewritten4 ... ok
[INFO] [stdout] test event::tests::can_clone ... ok
[INFO] [stdout] test message::tests::accepts_response ... ok
[INFO] [stdout] test event::tests::can_debug ... ok
[INFO] [stdout] test message::tests::accepts_search ... ok
[INFO] [stdout] test message::tests::display_error ... ok
[INFO] [stdout] test message::tests::builds_notify ... ok
[INFO] [stdout] test message::tests::builds_response ... ok
[INFO] [stdout] test message::tests::notify_round_trip ... ok
[INFO] [stdout] test message::tests::builds_search ... ok
[INFO] [stdout] test message::tests::overflow ... ok
[INFO] [stdout] test message::tests::rejects_byebye_no_nt ... ok
[INFO] [stdout] test message::tests::rejects_byebye_no_usn ... ok
[INFO] [stdout] test message::tests::rejects_empty ... ok
[INFO] [stdout] test message::tests::rejects_hello_no_nt ... ok
[INFO] [stdout] test message::tests::rejects_hello_no_location ... ok
[INFO] [stdout] test message::tests::rejects_no_crlf ... ok
[INFO] [stdout] test message::tests::rejects_hello_no_usn ... ok
[INFO] [stdout] test message::tests::rejects_non_utf8 ... ok
[INFO] [stdout] test message::tests::rejects_notify_no_nts ... ok
[INFO] [stdout] test message::tests::rejects_response_no_usn ... ok
[INFO] [stdout] test message::tests::rejects_one_crlf ... ok
[INFO] [stdout] test message::tests::rejects_response_no_location ... ok
[INFO] [stdout] test message::tests::rejects_search_bad_mx ... ok
[INFO] [stdout] test message::tests::rejects_response_no_st ... ok
[INFO] [stdout] test message::tests::rejects_notify_bad_nts ... ok
[INFO] [stdout] test message::tests::rejects_search_no_mx ... ok
[INFO] [stdout] test message::tests::rejects_search_no_st ... ok
[INFO] [stdout] test refresh_timer::tests::retransmit_due_immediately ... ok
[INFO] [stdout] test message::tests::rejects_two_crlfs ... ok
[INFO] [stdout] test message::tests::byebye_round_trip ... ok
[INFO] [stdout] test message::tests::can_debug ... ok
[INFO] [stdout] test message::tests::response_round_trip ... ok
[INFO] [stdout] test service::tests::service_ok_with_no_netifs ... ok
[INFO] [stdout] test message::tests::search_round_trip ... ok
[INFO] [stdout] test refresh_timer::tests::reset ... ok
[INFO] [stdout] test refresh_timer::tests::retransmit_sets_timeouts ... ok
[INFO] [stdout] test service::tests::service_passes_on_register_failure ... ok
[INFO] [stdout] test service::tests::service_passes_on_socket_failure ... ok
[INFO] [stdout] test service::tests::instantiate ... ok
[INFO] [stdout] test udp::error::tests::debug_pkt_error ... ok
[INFO] [stdout] test udp::error::tests::debug_smoltcp_error ... ok
[INFO] [stdout] test udp::error::tests::display_nyi_error ... ok
[INFO] [stdout] test udp::error::tests::display_pkt_error ... ok
[INFO] [stdout] test udp::error::tests::display_smoltcp_error ... ok
[INFO] [stdout] test udp::error::tests::display_smoltcp_udp_send_error ... ok
[INFO] [stdout] test udp::error::tests::display_syscall_error ... ok
[INFO] [stdout] test udp::error::tests::debug_smoltcp_udp_send_error ... ok
[INFO] [stdout] test udp::error::tests::debug_syscall_error ... ok
[INFO] [stdout] test service::tests::service_passes_on_second_register_failure ... ok
[INFO] [stdout] test udp::mio::tests::bogus_from_address ... ok
[INFO] [stdout] test service::tests::service_passes_on_second_socket_failure ... ok
[INFO] [stdout] test udp::smoltcp::tests::join_multicast_succeeds ... ok
[INFO] [stdout] test udp::error::tests::debug_ipv6_error ... ok
[INFO] [stdout] test udp::smoltcp::tests::leave_multicast_fails ... ok
[INFO] [stdout] test udp::smoltcp::tests::send_fails ... ok
[INFO] [stdout] test udp::smoltcp::tests::send_succeeds ... ok
[INFO] [stdout] test udp::std::tests::ipv6_dest_fails ... ok
[INFO] [stdout] test udp::std::tests::ipv6_source_fails ... ok
[INFO] [stdout] test udp::std::tests::localhost_source_localhost_dest ... ok
[INFO] [stdout] test udp::std::tests::real_source_real_dest ... FAILED
[INFO] [stdout] test udp::std::tests::recvmsg_error_passed_on ... ok
[INFO] [stdout] test udp::error::tests::debug_nyi_error ... ok
[INFO] [stdout] test udp::error::tests::display_ipv6_error ... ok
[INFO] [stdout] test udp::std::tests::recvmsg_ipv6_is_error ... ok
[INFO] [stdout] test udp::std::tests::recvmsg_no_address_is_error ... ok
[INFO] [stdout] test udp::std::tests::recvmsg_no_cmsg_is_error ... ok
[INFO] [stdout] test udp::mio::tests::mio_traits ... ok
[INFO] [stdout] test udp::std::tests::setup_socket_passes_on_bind_error ... ok
[INFO] [stdout] test udp::std::tests::recvmsg_not_ipv4_is_error ... ok
[INFO] [stdout] test udp::std::tests::setup_socket_passes_on_creation_error ... ok
[INFO] [stdout] test udp::std::tests::localhost_source_real_dest ... FAILED
[INFO] [stdout] test udp::std::tests::real_source_localhost_dest ... FAILED
[INFO] [stdout] test udp::std::tests::setup_socket_passes_on_nonblocking_error ... ok
[INFO] [stdout] test udp::smoltcp::tests::join_multicast_fails ... ok
[INFO] [stdout] test udp::std::tests::recvmsg_too_much_cmsg_is_error ... ok
[INFO] [stdout] test udp::std::tests::setup_socket_passes_on_pktinfo_error ... ok
[INFO] [stdout] test udp::std::tests::setup_socket_passes_on_reuseaddr_error ... ok
[INFO] [stdout] test udp::tokio::tests::tokio_traits ... ok
[INFO] [stdout] 
[INFO] [stdout] failures:
[INFO] [stdout] 
[INFO] [stdout] ---- udp::std::tests::real_source_real_dest stdout ----
[INFO] [stdout] 
[INFO] [stdout] thread 'udp::std::tests::real_source_real_dest' (1454) panicked at src/udp/std.rs:465:44:
[INFO] [stdout] called `Option::unwrap()` on a `None` value
[INFO] [stdout] stack backtrace:
[INFO] [stdout]    0:     0x625eb86f3e61 - <<std[617be2ca0a6fd877]::sys::backtrace::BacktraceLock>::print::DisplayBacktrace as core[a373ad73a504971]::fmt::Display>::fmt
[INFO] [stdout]    1:     0x625eb87093da - core[a373ad73a504971]::fmt::write
[INFO] [stdout]    2:     0x625eb86f855c - <alloc[2e1b2a31b91974c5]::vec::Vec<u8> as core[a373ad73a504971]::io::write::Write>::write_fmt
[INFO] [stdout]    3:     0x625eb86cf3b6 - std[617be2ca0a6fd877]::panicking::default_hook::{closure#0}
[INFO] [stdout]    4:     0x625eb86ebe59 - std[617be2ca0a6fd877]::panicking::default_hook
[INFO] [stdout]    5:     0x625eb8671640 - test[aada8e7e76ba119b]::test_main_inner::{closure#0}
[INFO] [stdout]    6:     0x625eb86ec182 - std[617be2ca0a6fd877]::panicking::panic_with_hook
[INFO] [stdout]    7:     0x625eb86cf494 - std[617be2ca0a6fd877]::panicking::panic_handler::{closure#0}
[INFO] [stdout]    8:     0x625eb86c80c9 - std[617be2ca0a6fd877]::sys::backtrace::__rust_end_short_backtrace::<std[617be2ca0a6fd877]::panicking::panic_handler::{closure#0}, !>
[INFO] [stdout]    9:     0x625eb86d025d - __rustc[ea4f61d10b84890b]::rust_begin_unwind
[INFO] [stdout]   10:     0x625eb8709b3c - core[a373ad73a504971]::panicking::panic_fmt
[INFO] [stdout]   11:     0x625eb8709b02 - core[a373ad73a504971]::panicking::panic
[INFO] [stdout]   12:     0x625eb87098b9 - core[a373ad73a504971]::option::unwrap_failed
[INFO] [stdout]   13:     0x625eb864712a - <cotton_ssdp[4dd1538efecdcb8a]::udp::std::tests::real_source_real_dest::{closure#0} as core[a373ad73a504971]::ops::function::FnOnce<()>>::call_once
[INFO] [stdout]   14:     0x625eb8664a8b - test[aada8e7e76ba119b]::__rust_begin_short_backtrace::<core[a373ad73a504971]::result::Result<(), alloc[2e1b2a31b91974c5]::string::String>, fn() -> core[a373ad73a504971]::result::Result<(), alloc[2e1b2a31b91974c5]::string::String>>
[INFO] [stdout]   15:     0x625eb8671c65 - test[aada8e7e76ba119b]::run_test::{closure#0}
[INFO] [stdout]   16:     0x625eb866b554 - std[617be2ca0a6fd877]::sys::backtrace::__rust_begin_short_backtrace::<test[aada8e7e76ba119b]::run_test::{closure#1}, ()>
[INFO] [stdout]   17:     0x625eb8674cf2 - <std[617be2ca0a6fd877]::thread::lifecycle::spawn_unchecked<test[aada8e7e76ba119b]::run_test::{closure#1}, ()>::{closure#1} as core[a373ad73a504971]::ops::function::FnOnce<()>>::call_once::{shim:vtable#0}
[INFO] [stdout]   18:     0x625eb86f31cf - <std[617be2ca0a6fd877]::sys::thread::unix::Thread>::new::thread_start
[INFO] [stdout]   19:     0x7f7df7515dfa - <unknown>
[INFO] [stdout]   20:     0x7f7df75a93d4 - clone
[INFO] [stdout]   21:                0x0 - <unknown>
[INFO] [stdout] 
[INFO] [stdout] ---- udp::std::tests::localhost_source_real_dest stdout ----
[INFO] [stdout] 
[INFO] [stdout] thread 'udp::std::tests::localhost_source_real_dest' (1452) panicked at src/udp/std.rs:413:44:
[INFO] [stdout] called `Option::unwrap()` on a `None` value
[INFO] [stdout] stack backtrace:
[INFO] [stdout]    0:     0x625eb86f3e61 - <<std[617be2ca0a6fd877]::sys::backtrace::BacktraceLock>::print::DisplayBacktrace as core[a373ad73a504971]::fmt::Display>::fmt
[INFO] [stdout]    1:     0x625eb87093da - core[a373ad73a504971]::fmt::write
[INFO] [stdout]    2:     0x625eb86f855c - <alloc[2e1b2a31b91974c5]::vec::Vec<u8> as core[a373ad73a504971]::io::write::Write>::write_fmt
[INFO] [stdout]    3:     0x625eb86cf3b6 - std[617be2ca0a6fd877]::panicking::default_hook::{closure#0}
[INFO] [stdout]    4:     0x625eb86ebe59 - std[617be2ca0a6fd877]::panicking::default_hook
[INFO] [stdout]    5:     0x625eb8671640 - test[aada8e7e76ba119b]::test_main_inner::{closure#0}
[INFO] [stdout]    6:     0x625eb86ec182 - std[617be2ca0a6fd877]::panicking::panic_with_hook
[INFO] [stdout]    7:     0x625eb86cf494 - std[617be2ca0a6fd877]::panicking::panic_handler::{closure#0}
[INFO] [stdout]    8:     0x625eb86c80c9 - std[617be2ca0a6fd877]::sys::backtrace::__rust_end_short_backtrace::<std[617be2ca0a6fd877]::panicking::panic_handler::{closure#0}, !>
[INFO] [stdout]    9:     0x625eb86d025d - __rustc[ea4f61d10b84890b]::rust_begin_unwind
[INFO] [stdout]   10:     0x625eb8709b3c - core[a373ad73a504971]::panicking::panic_fmt
[INFO] [stdout]   11:     0x625eb8709b02 - core[a373ad73a504971]::panicking::panic
[INFO] [stdout]   12:     0x625eb87098b9 - core[a373ad73a504971]::option::unwrap_failed
[INFO] [stdout]   13:     0x625eb86482af - <cotton_ssdp[4dd1538efecdcb8a]::udp::std::tests::localhost_source_real_dest::{closure#0} as core[a373ad73a504971]::ops::function::FnOnce<()>>::call_once
[INFO] [stdout]   14:     0x625eb8664a8b - test[aada8e7e76ba119b]::__rust_begin_short_backtrace::<core[a373ad73a504971]::result::Result<(), alloc[2e1b2a31b91974c5]::string::String>, fn() -> core[a373ad73a504971]::result::Result<(), alloc[2e1b2a31b91974c5]::string::String>>
[INFO] [stdout]   15:     0x625eb8671c65 - test[aada8e7e76ba119b]::run_test::{closure#0}
[INFO] [stdout]   16:     0x625eb866b554 - std[617be2ca0a6fd877]::sys::backtrace::__rust_begin_short_backtrace::<test[aada8e7e76ba119b]::run_test::{closure#1}, ()>
[INFO] [stdout]   17:     0x625eb8674cf2 - <std[617be2ca0a6fd877]::thread::lifecycle::spawn_unchecked<test[aada8e7e76ba119b]::run_test::{closure#1}, ()>::{closure#1} as core[a373ad73a504971]::ops::function::FnOnce<()>>::call_once::{shim:vtable#0}
[INFO] [stdout]   18:     0x625eb86f31cf - <std[617be2ca0a6fd877]::sys::thread::unix::Thread>::new::thread_start
[INFO] [stdout]   19:     0x7f7df7515dfa - <unknown>
[INFO] [stdout]   20:     0x7f7df75a93d4 - clone
[INFO] [stdout]   21:                0x0 - <unknown>
[INFO] [stdout] 
[INFO] [stdout] ---- udp::std::tests::real_source_localhost_dest stdout ----
[INFO] [stdout] 
[INFO] [stdout] thread 'udp::std::tests::real_source_localhost_dest' (1453) panicked at src/udp/std.rs:439:44:
[INFO] [stdout] called `Option::unwrap()` on a `None` value
[INFO] [stdout] stack backtrace:
[INFO] [stdout]    0:     0x625eb86f3e61 - <<std[617be2ca0a6fd877]::sys::backtrace::BacktraceLock>::print::DisplayBacktrace as core[a373ad73a504971]::fmt::Display>::fmt
[INFO] [stdout]    1:     0x625eb87093da - core[a373ad73a504971]::fmt::write
[INFO] [stdout]    2:     0x625eb86f855c - <alloc[2e1b2a31b91974c5]::vec::Vec<u8> as core[a373ad73a504971]::io::write::Write>::write_fmt
[INFO] [stdout]    3:     0x625eb86cf3b6 - std[617be2ca0a6fd877]::panicking::default_hook::{closure#0}
[INFO] [stdout]    4:     0x625eb86ebe59 - std[617be2ca0a6fd877]::panicking::default_hook
[INFO] [stdout]    5:     0x625eb8671640 - test[aada8e7e76ba119b]::test_main_inner::{closure#0}
[INFO] [stdout]    6:     0x625eb86ec182 - std[617be2ca0a6fd877]::panicking::panic_with_hook
[INFO] [stdout]    7:     0x625eb86cf494 - std[617be2ca0a6fd877]::panicking::panic_handler::{closure#0}
[INFO] [stdout]    8:     0x625eb86c80c9 - std[617be2ca0a6fd877]::sys::backtrace::__rust_end_short_backtrace::<std[617be2ca0a6fd877]::panicking::panic_handler::{closure#0}, !>
[INFO] [stdout]    9:     0x625eb86d025d - __rustc[ea4f61d10b84890b]::rust_begin_unwind
[INFO] [stdout]   10:     0x625eb8709b3c - core[a373ad73a504971]::panicking::panic_fmt
[INFO] [stdout]   11:     0x625eb8709b02 - core[a373ad73a504971]::panicking::panic
[INFO] [stdout]   12:     0x625eb87098b9 - core[a373ad73a504971]::option::unwrap_failed
[INFO] [stdout]   13:     0x625eb8648901 - <cotton_ssdp[4dd1538efecdcb8a]::udp::std::tests::real_source_localhost_dest::{closure#0} as core[a373ad73a504971]::ops::function::FnOnce<()>>::call_once
[INFO] [stdout]   14:     0x625eb8664a8b - test[aada8e7e76ba119b]::__rust_begin_short_backtrace::<core[a373ad73a504971]::result::Result<(), alloc[2e1b2a31b91974c5]::string::String>, fn() -> core[a373ad73a504971]::result::Result<(), alloc[2e1b2a31b91974c5]::string::String>>
[INFO] [stdout]   15:     0x625eb8671c65 - test[aada8e7e76ba119b]::run_test::{closure#0}
[INFO] [stdout]   16:     0x625eb866b554 - std[617be2ca0a6fd877]::sys::backtrace::__rust_begin_short_backtrace::<test[aada8e7e76ba119b]::run_test::{closure#1}, ()>
[INFO] [stdout]   17:     0x625eb8674cf2 - <std[617be2ca0a6fd877]::thread::lifecycle::spawn_unchecked<test[aada8e7e76ba119b]::run_test::{closure#1}, ()>::{closure#1} as core[a373ad73a504971]::ops::function::FnOnce<()>>::call_once::{shim:vtable#0}
[INFO] [stdout]   18:     0x625eb86f31cf - <std[617be2ca0a6fd877]::sys::thread::unix::Thread>::new::thread_start
[INFO] [stdout]   19:     0x7f7df7515dfa - <unknown>
[INFO] [stdout]   20:     0x7f7df75a93d4 - clone
[INFO] [stdout]   21:                0x0 - <unknown>
[INFO] [stdout] 
[INFO] [stdout] 
[INFO] [stdout] failures:
[INFO] [stdout]     udp::std::tests::localhost_source_real_dest
[INFO] [stdout]     udp::std::tests::real_source_localhost_dest
[INFO] [stdout]     udp::std::tests::real_source_real_dest
[INFO] [stdout] 
[INFO] [stdout] test result: FAILED. 135 passed; 3 failed; 0 ignored; 0 measured; 0 filtered out; finished in 0.05s
[INFO] [stdout] 
[INFO] [stderr] error: test failed, to rerun pass `--lib`
[INFO] running `Command { std: "docker" "inspect" "f2d55e809cae4713cac95f60a75970ee4cfc5eef9ded507f1e5a4fd899260f81", kill_on_drop: false }`
[INFO] running `Command { std: "docker" "rm" "-f" "f2d55e809cae4713cac95f60a75970ee4cfc5eef9ded507f1e5a4fd899260f81", kill_on_drop: false }`
[INFO] [stdout] f2d55e809cae4713cac95f60a75970ee4cfc5eef9ded507f1e5a4fd899260f81
