[INFO] fetching crate cotti-build-support 0.1.1...
[INFO] testing cotti-build-support-0.1.1 against 1.99.0-beta.8+cargoflags=--release for beta-release-1.100-2
[INFO] extracting crate cotti-build-support 0.1.1 into /workspace/builds/worker-2-tc1/source
[INFO] started tweaking crates.io crate cotti-build-support 0.1.1
[INFO] finished tweaking crates.io crate cotti-build-support 0.1.1
[INFO] tweaked toml for crates.io crate cotti-build-support 0.1.1 written to /workspace/builds/worker-2-tc1/source/Cargo.toml
[INFO] validating manifest of crates.io crate cotti-build-support 0.1.1 on toolchain 1.99.0-beta.8
[INFO] running `Command { std: CARGO_HOME="/workspace/cargo-home" RUSTUP_HOME="/workspace/rustup-home" "/workspace/cargo-home/bin/cargo" "+1.99.0-beta.8" "metadata" "--manifest-path" "Cargo.toml" "--no-deps", kill_on_drop: false }`
[INFO] crate crates.io crate cotti-build-support 0.1.1 already has a lockfile, it will not be regenerated
[INFO] running `Command { std: CARGO_HOME="/workspace/cargo-home" RUSTUP_HOME="/workspace/rustup-home" "/workspace/cargo-home/bin/cargo" "+1.99.0-beta.8" "fetch" "--manifest-path" "Cargo.toml", kill_on_drop: false }`
[INFO] [stderr]     Updating crates.io index
[INFO] [stderr]  Downloading crates ...
[INFO] [stderr]   Downloaded ppmd-rust v1.4.0
[INFO] [stderr]   Downloaded time v0.3.53
[INFO] [stderr]   Downloaded zip v8.6.0
[INFO] [stderr]   Downloaded zlib-rs v0.6.6
[INFO] [stderr]   Downloaded lzma-rust2 v0.16.5
[INFO] running `Command { std: "docker" "create" "-v" "/var/lib/crater-agent-workspace/builds/worker-2-tc1/source:/opt/rustwide/workdir:ro,Z" "-v" "/var/lib/crater-agent-workspace/builds/worker-2-tc1/target:/opt/rustwide/target:rw,Z" "-v" "/var/lib/crater-agent-workspace/cargo-home:/opt/rustwide/cargo-home:ro,Z" "-v" "/var/lib/crater-agent-workspace/rustup-home:/opt/rustwide/rustup-home:ro,Z" "-m" "1610612736" "--network" "none" "ghcr.io/rust-lang/crates-build-env/linux@sha256:77db811e55d90add9212f6832c23229e3de5f1c1f9905e8cb07319ea15df73ac" "sleep" "infinity", kill_on_drop: false }`
[INFO] [stdout] 4b25f94b0f1ab9ad3ca049e478fc809cf30b8aa1bb34aacd79cddfbd6b9bdd63
[INFO] running `Command { std: "docker" "start" "4b25f94b0f1ab9ad3ca049e478fc809cf30b8aa1bb34aacd79cddfbd6b9bdd63", kill_on_drop: false }`
[INFO] running `Command { std: "docker" "inspect" "4b25f94b0f1ab9ad3ca049e478fc809cf30b8aa1bb34aacd79cddfbd6b9bdd63", kill_on_drop: false }`
[INFO] running `Command { std: "docker" "exec" "-e" "SOURCE_DIR=/opt/rustwide/workdir" "-e" "CARGO_HOME=/opt/rustwide/cargo-home" "-e" "RUSTUP_HOME=/opt/rustwide/rustup-home" "-e" "CARGO_TARGET_DIR=/opt/rustwide/target" "-w" "/opt/rustwide/workdir" "--user" "0:0" "4b25f94b0f1ab9ad3ca049e478fc809cf30b8aa1bb34aacd79cddfbd6b9bdd63" "/opt/rustwide/cargo-home/bin/cargo" "+1.99.0-beta.8" "metadata" "--no-deps" "--format-version=1", kill_on_drop: false }`
[INFO] running `Command { std: "docker" "inspect" "4b25f94b0f1ab9ad3ca049e478fc809cf30b8aa1bb34aacd79cddfbd6b9bdd63", kill_on_drop: false }`
[INFO] running `Command { std: "docker" "exec" "-e" "SOURCE_DIR=/opt/rustwide/workdir" "-e" "CARGO_HOME=/opt/rustwide/cargo-home" "-e" "RUSTUP_HOME=/opt/rustwide/rustup-home" "-e" "CARGO_TARGET_DIR=/opt/rustwide/target" "-e" "CARGO_INCREMENTAL=0" "-e" "RUST_BACKTRACE=full" "-e" "RUSTFLAGS=--cap-lints=warn" "-e" "RUSTDOCFLAGS=--cap-lints=warn" "-w" "/opt/rustwide/workdir" "--user" "0:0" "4b25f94b0f1ab9ad3ca049e478fc809cf30b8aa1bb34aacd79cddfbd6b9bdd63" "/opt/rustwide/cargo-home/bin/cargo" "+1.99.0-beta.8" "build" "--frozen" "--message-format=json" "--release", kill_on_drop: false }`
[INFO] [stderr]    Compiling libc v0.2.186
[INFO] [stderr]    Compiling rustix v1.1.4
[INFO] [stderr]    Compiling getrandom v0.4.3
[INFO] [stderr]    Compiling linux-raw-sys v0.12.1
[INFO] [stderr]    Compiling bitflags v2.13.0
[INFO] [stderr]    Compiling simd-adler32 v0.3.9
[INFO] [stderr]    Compiling num-conv v0.2.2
[INFO] [stderr]    Compiling deranged v0.5.8
[INFO] [stderr]    Compiling zlib-rs v0.6.6
[INFO] [stderr]    Compiling block-buffer v0.12.1
[INFO] [stderr]    Compiling inout v0.2.2
[INFO] [stderr]    Compiling libbz2-rs-sys v0.2.5
[INFO] [stderr]    Compiling time-core v0.1.9
[INFO] [stderr]    Compiling log v0.4.33
[INFO] [stderr]    Compiling cpubits v0.1.1
[INFO] [stderr]    Compiling filetime v0.2.29
[INFO] [stderr]    Compiling once_cell v1.21.4
[INFO] [stderr]    Compiling cipher v0.5.2
[INFO] [stderr]    Compiling typed-path v0.12.3
[INFO] [stderr]    Compiling ppmd-rust v1.4.0
[INFO] [stderr]    Compiling digest v0.11.3
[INFO] [stderr]    Compiling miniz_oxide v0.8.9
[INFO] [stderr]    Compiling aes v0.9.1
[INFO] [stderr]    Compiling zopfli v0.8.3
[INFO] [stderr]    Compiling deflate64 v0.1.12
[INFO] [stderr]    Compiling constant_time_eq v0.4.2
[INFO] [stderr]    Compiling glob v0.3.3
[INFO] [stderr]    Compiling hmac v0.13.0
[INFO] [stderr]    Compiling sha2 v0.11.0
[INFO] [stderr]    Compiling sha1 v0.11.0
[INFO] [stderr]    Compiling pbkdf2 v0.13.0
[INFO] [stderr]    Compiling bzip2 v0.6.1
[INFO] [stderr]    Compiling lzma-rust2 v0.16.5
[INFO] [stderr]    Compiling jobserver v0.1.35
[INFO] [stderr]    Compiling cc v1.2.67
[INFO] [stderr]    Compiling time v0.3.53
[INFO] [stderr]    Compiling zstd-sys v2.0.16+zstd.1.5.7
[INFO] [stderr]    Compiling lzma-sys v0.1.20
[INFO] [stderr]    Compiling xz2 v0.1.7
[INFO] [stderr]    Compiling xattr v1.6.1
[INFO] [stderr]    Compiling tempfile v3.27.0
[INFO] [stderr]    Compiling tar v0.4.46
[INFO] [stderr]    Compiling flate2 v1.1.9
[INFO] [stderr]    Compiling zstd-safe v7.2.4
[INFO] [stderr]    Compiling zstd v0.13.3
[INFO] [stderr]    Compiling zip v8.6.0
[INFO] [stderr]    Compiling cotti-build-support v0.1.1 (/opt/rustwide/workdir)
[INFO] [stderr]     Finished `release` profile [optimized] target(s) in 57.92s
[INFO] running `Command { std: "docker" "inspect" "4b25f94b0f1ab9ad3ca049e478fc809cf30b8aa1bb34aacd79cddfbd6b9bdd63", kill_on_drop: false }`
[INFO] running `Command { std: "docker" "exec" "-e" "SOURCE_DIR=/opt/rustwide/workdir" "-e" "CARGO_HOME=/opt/rustwide/cargo-home" "-e" "RUSTUP_HOME=/opt/rustwide/rustup-home" "-e" "CARGO_TARGET_DIR=/opt/rustwide/target" "-e" "CARGO_INCREMENTAL=0" "-e" "RUST_BACKTRACE=full" "-e" "RUSTFLAGS=--cap-lints=warn" "-e" "RUSTDOCFLAGS=--cap-lints=warn" "-w" "/opt/rustwide/workdir" "--user" "0:0" "4b25f94b0f1ab9ad3ca049e478fc809cf30b8aa1bb34aacd79cddfbd6b9bdd63" "/opt/rustwide/cargo-home/bin/cargo" "+1.99.0-beta.8" "test" "--frozen" "--no-run" "--message-format=json" "--release", kill_on_drop: false }`
[INFO] [stderr]    Compiling cotti-build-support v0.1.1 (/opt/rustwide/workdir)
[INFO] [stderr]     Finished `release` profile [optimized] target(s) in 2.95s
[INFO] running `Command { std: "docker" "inspect" "4b25f94b0f1ab9ad3ca049e478fc809cf30b8aa1bb34aacd79cddfbd6b9bdd63", kill_on_drop: false }`
[INFO] running `Command { std: "docker" "exec" "-e" "SOURCE_DIR=/opt/rustwide/workdir" "-e" "CARGO_HOME=/opt/rustwide/cargo-home" "-e" "RUSTUP_HOME=/opt/rustwide/rustup-home" "-e" "CARGO_TARGET_DIR=/opt/rustwide/target" "-e" "CARGO_INCREMENTAL=0" "-e" "RUST_BACKTRACE=full" "-e" "RUSTFLAGS=--cap-lints=warn" "-e" "RUSTDOCFLAGS=--cap-lints=warn" "-w" "/opt/rustwide/workdir" "--user" "0:0" "4b25f94b0f1ab9ad3ca049e478fc809cf30b8aa1bb34aacd79cddfbd6b9bdd63" "/opt/rustwide/cargo-home/bin/cargo" "+1.99.0-beta.8" "test" "--frozen" "--release", kill_on_drop: false }`
[INFO] [stderr]     Finished `release` profile [optimized] target(s) in 0.09s
[INFO] [stderr]      Running unittests src/lib.rs (/opt/rustwide/target/release/deps/cotti_build_support-a8508ad643e86ef8)
[INFO] [stdout] 
[INFO] [stdout] running 21 tests
[INFO] [stdout] test common::tests::rm::remove_file ... ok
[INFO] [stdout] test common::tests::rm::do_not_remove_globs ... ok
[INFO] [stdout] test common::tests::find::find_glob_folders ... ok
[INFO] [stdout] test common::tests::find::find_files_and_folders_mixed ... ok
[INFO] [stdout] test common::tests::rm::remove_path_not_exists ... ok
[INFO] [stdout] test common::tests::rm::remove_folder ... ok
[INFO] [stdout] test install::tests::install::src_dir_not_exist ... ok
[INFO] [stdout] test common::tests::find::find_glob_files ... ok
[INFO] [stdout] test install::tests::untar::untar_xz ... FAILED
[INFO] [stdout] test install::tests::untar::untar_tar ... FAILED
[INFO] [stdout] test common::tests::rm::remove_folder_recurse ... ok
[INFO] [stdout] test install::tests::untar::untar_gzip ... FAILED
[INFO] [stdout] test common::tests::rm::forbidden_remove ... FAILED
[INFO] [stdout] test install::tests::install::copy_glob_files ... ok
[INFO] [stdout] test install::tests::install::copy_with_dst_and_src_in_the_same_path ... ok
[INFO] [stdout] test install::tests::untar::untar_bzip2 ... FAILED
[INFO] [stdout] test common::tests::find::find_specific_file ... ok
[INFO] [stdout] test install::tests::install::copy_all_files ... ok
[INFO] [stderr] error: test failed, to rerun pass `--lib`
[INFO] [stdout] test install::tests::untar::untar_zip ... FAILED
[INFO] [stdout] test install::tests::untar::untar_zst ... FAILED
[INFO] [stdout] test install::tests::untar::untar_lzma ... FAILED
[INFO] [stdout] 
[INFO] [stdout] failures:
[INFO] [stdout] 
[INFO] [stdout] ---- install::tests::untar::untar_xz stdout ----
[INFO] [stdout] 
[INFO] [stdout] thread 'install::tests::untar::untar_xz' (1009) panicked at src/install.rs:144:55:
[INFO] [stdout] called `Result::unwrap()` on an `Err` value: Custom { kind: ReadOnlyFilesystem, error: PathError { path: "/opt/rustwide/workdir/tests/test_files/.tmpbRkvAT", err: Os { code: 30, kind: ReadOnlyFilesystem, message: "Read-only file system" } } }
[INFO] [stdout] stack backtrace:
[INFO] [stdout]    0:     0x5784765a7eb1 - <<std[70759c8f55707aa4]::sys::backtrace::BacktraceLock>::print::DisplayBacktrace as core[df12db4294e9bfd3]::fmt::Display>::fmt
[INFO] [stdout]    1:     0x5784765bd02a - core[df12db4294e9bfd3]::fmt::write
[INFO] [stdout]    2:     0x5784765ac85c - <alloc[2182bb758b4b3781]::vec::Vec<u8> as core[df12db4294e9bfd3]::io::write::Write>::write_fmt
[INFO] [stdout]    3:     0x578476580896 - std[70759c8f55707aa4]::panicking::default_hook::{closure#0}
[INFO] [stdout]    4:     0x57847659e469 - std[70759c8f55707aa4]::panicking::default_hook
[INFO] [stdout]    5:     0x5784764bafa0 - test[9d35eded1c95d3be]::test_main_inner::<test[9d35eded1c95d3be]::test_main_static::{closure#0}>::{closure#0}
[INFO] [stdout]    6:     0x57847659e622 - std[70759c8f55707aa4]::panicking::panic_with_hook
[INFO] [stdout]    7:     0x578476580942 - std[70759c8f55707aa4]::panicking::panic_handler::{closure#0}
[INFO] [stdout]    8:     0x5784765792a9 - std[70759c8f55707aa4]::sys::backtrace::__rust_end_short_backtrace::<std[70759c8f55707aa4]::panicking::panic_handler::{closure#0}, !>
[INFO] [stdout]    9:     0x5784765817dd - __rustc[8fa7c3cbc660c2b3]::rust_begin_unwind
[INFO] [stdout]   10:     0x5784765bd75c - core[df12db4294e9bfd3]::panicking::panic_fmt
[INFO] [stdout]   11:     0x5784765bd532 - core[df12db4294e9bfd3]::result::unwrap_failed
[INFO] [stdout]   12:     0x57847647427f - cotti_build_support[5ea6b0176bb2a189]::install::tests::untar::test_untar_generic
[INFO] [stdout]   13:     0x57847647a5d5 - <cotti_build_support[5ea6b0176bb2a189]::install::tests::untar::untar_xz::{closure#0} as core[df12db4294e9bfd3]::ops::function::FnOnce<()>>::call_once
[INFO] [stdout]   14:     0x5784764ae28b - test[9d35eded1c95d3be]::__rust_begin_short_backtrace::<core[df12db4294e9bfd3]::result::Result<(), alloc[2182bb758b4b3781]::string::String>, fn() -> core[df12db4294e9bfd3]::result::Result<(), alloc[2182bb758b4b3781]::string::String>>
[INFO] [stdout]   15:     0x5784764bb8f5 - test[9d35eded1c95d3be]::run_test::{closure#0}
[INFO] [stdout]   16:     0x5784764b51b4 - std[70759c8f55707aa4]::sys::backtrace::__rust_begin_short_backtrace::<test[9d35eded1c95d3be]::run_test::{closure#1}, ()>
[INFO] [stdout]   17:     0x5784764bea52 - <std[70759c8f55707aa4]::thread::lifecycle::spawn_unchecked<test[9d35eded1c95d3be]::run_test::{closure#1}, ()>::{closure#1} as core[df12db4294e9bfd3]::ops::function::FnOnce<()>>::call_once::{shim:vtable#0}
[INFO] [stdout]   18:     0x5784765a73a9 - <std[70759c8f55707aa4]::sys::thread::unix::Thread>::new::thread_start
[INFO] [stdout]   19:     0x746c6f5d3dfa - <unknown>
[INFO] [stdout]   20:     0x746c6f6673d4 - clone
[INFO] [stdout]   21:                0x0 - <unknown>
[INFO] [stdout] 
[INFO] [stdout] ---- install::tests::untar::untar_tar stdout ----
[INFO] [stdout] 
[INFO] [stdout] thread 'install::tests::untar::untar_tar' (1008) panicked at src/install.rs:144:55:
[INFO] [stdout] called `Result::unwrap()` on an `Err` value: Custom { kind: ReadOnlyFilesystem, error: PathError { path: "/opt/rustwide/workdir/tests/test_files/.tmpbdJgBN", err: Os { code: 30, kind: ReadOnlyFilesystem, message: "Read-only file system" } } }
[INFO] [stdout] stack backtrace:
[INFO] [stdout]    0:     0x5784765a7eb1 - <<std[70759c8f55707aa4]::sys::backtrace::BacktraceLock>::print::DisplayBacktrace as core[df12db4294e9bfd3]::fmt::Display>::fmt
[INFO] [stdout]    1:     0x5784765bd02a - core[df12db4294e9bfd3]::fmt::write
[INFO] [stdout]    2:     0x5784765ac85c - <alloc[2182bb758b4b3781]::vec::Vec<u8> as core[df12db4294e9bfd3]::io::write::Write>::write_fmt
[INFO] [stdout]    3:     0x578476580896 - std[70759c8f55707aa4]::panicking::default_hook::{closure#0}
[INFO] [stdout]    4:     0x57847659e469 - std[70759c8f55707aa4]::panicking::default_hook
[INFO] [stdout]    5:     0x5784764bafa0 - test[9d35eded1c95d3be]::test_main_inner::<test[9d35eded1c95d3be]::test_main_static::{closure#0}>::{closure#0}
[INFO] [stdout]    6:     0x57847659e622 - std[70759c8f55707aa4]::panicking::panic_with_hook
[INFO] [stdout]    7:     0x578476580942 - std[70759c8f55707aa4]::panicking::panic_handler::{closure#0}
[INFO] [stdout]    8:     0x5784765792a9 - std[70759c8f55707aa4]::sys::backtrace::__rust_end_short_backtrace::<std[70759c8f55707aa4]::panicking::panic_handler::{closure#0}, !>
[INFO] [stdout]    9:     0x5784765817dd - __rustc[8fa7c3cbc660c2b3]::rust_begin_unwind
[INFO] [stdout]   10:     0x5784765bd75c - core[df12db4294e9bfd3]::panicking::panic_fmt
[INFO] [stdout]   11:     0x5784765bd532 - core[df12db4294e9bfd3]::result::unwrap_failed
[INFO] [stdout]   12:     0x57847647427f - cotti_build_support[5ea6b0176bb2a189]::install::tests::untar::test_untar_generic
[INFO] [stdout]   13:     0x57847647a605 - <cotti_build_support[5ea6b0176bb2a189]::install::tests::untar::untar_tar::{closure#0} as core[df12db4294e9bfd3]::ops::function::FnOnce<()>>::call_once
[INFO] [stdout]   14:     0x5784764ae28b - test[9d35eded1c95d3be]::__rust_begin_short_backtrace::<core[df12db4294e9bfd3]::result::Result<(), alloc[2182bb758b4b3781]::string::String>, fn() -> core[df12db4294e9bfd3]::result::Result<(), alloc[2182bb758b4b3781]::string::String>>
[INFO] [stdout]   15:     0x5784764bb8f5 - test[9d35eded1c95d3be]::run_test::{closure#0}
[INFO] [stdout]   16:     0x5784764b51b4 - std[70759c8f55707aa4]::sys::backtrace::__rust_begin_short_backtrace::<test[9d35eded1c95d3be]::run_test::{closure#1}, ()>
[INFO] [stdout]   17:     0x5784764bea52 - <std[70759c8f55707aa4]::thread::lifecycle::spawn_unchecked<test[9d35eded1c95d3be]::run_test::{closure#1}, ()>::{closure#1} as core[df12db4294e9bfd3]::ops::function::FnOnce<()>>::call_once::{shim:vtable#0}
[INFO] [stdout]   18:     0x5784765a73a9 - <std[70759c8f55707aa4]::sys::thread::unix::Thread>::new::thread_start
[INFO] [stdout]   19:     0x746c6f5d3dfa - <unknown>
[INFO] [stdout]   20:     0x746c6f6673d4 - clone
[INFO] [stdout]   21:                0x0 - <unknown>
[INFO] [stdout] 
[INFO] [stdout] ---- install::tests::untar::untar_gzip stdout ----
[INFO] [stdout] 
[INFO] [stdout] thread 'install::tests::untar::untar_gzip' (1006) panicked at src/install.rs:144:55:
[INFO] [stdout] called `Result::unwrap()` on an `Err` value: Custom { kind: ReadOnlyFilesystem, error: PathError { path: "/opt/rustwide/workdir/tests/test_files/.tmpzu187X", err: Os { code: 30, kind: ReadOnlyFilesystem, message: "Read-only file system" } } }
[INFO] [stdout] stack backtrace:
[INFO] [stdout]    0:     0x5784765a7eb1 - <<std[70759c8f55707aa4]::sys::backtrace::BacktraceLock>::print::DisplayBacktrace as core[df12db4294e9bfd3]::fmt::Display>::fmt
[INFO] [stdout]    1:     0x5784765bd02a - core[df12db4294e9bfd3]::fmt::write
[INFO] [stdout]    2:     0x5784765ac85c - <alloc[2182bb758b4b3781]::vec::Vec<u8> as core[df12db4294e9bfd3]::io::write::Write>::write_fmt
[INFO] [stdout]    3:     0x578476580896 - std[70759c8f55707aa4]::panicking::default_hook::{closure#0}
[INFO] [stdout]    4:     0x57847659e469 - std[70759c8f55707aa4]::panicking::default_hook
[INFO] [stdout]    5:     0x5784764bafa0 - test[9d35eded1c95d3be]::test_main_inner::<test[9d35eded1c95d3be]::test_main_static::{closure#0}>::{closure#0}
[INFO] [stdout]    6:     0x57847659e622 - std[70759c8f55707aa4]::panicking::panic_with_hook
[INFO] [stdout]    7:     0x578476580942 - std[70759c8f55707aa4]::panicking::panic_handler::{closure#0}
[INFO] [stdout]    8:     0x5784765792a9 - std[70759c8f55707aa4]::sys::backtrace::__rust_end_short_backtrace::<std[70759c8f55707aa4]::panicking::panic_handler::{closure#0}, !>
[INFO] [stdout]    9:     0x5784765817dd - __rustc[8fa7c3cbc660c2b3]::rust_begin_unwind
[INFO] [stdout]   10:     0x5784765bd75c - core[df12db4294e9bfd3]::panicking::panic_fmt
[INFO] [stdout]   11:     0x5784765bd532 - core[df12db4294e9bfd3]::result::unwrap_failed
[INFO] [stdout]   12:     0x57847647427f - cotti_build_support[5ea6b0176bb2a189]::install::tests::untar::test_untar_generic
[INFO] [stdout]   13:     0x57847647a545 - <cotti_build_support[5ea6b0176bb2a189]::install::tests::untar::untar_gzip::{closure#0} as core[df12db4294e9bfd3]::ops::function::FnOnce<()>>::call_once
[INFO] [stdout]   14:     0x5784764ae28b - test[9d35eded1c95d3be]::__rust_begin_short_backtrace::<core[df12db4294e9bfd3]::result::Result<(), alloc[2182bb758b4b3781]::string::String>, fn() -> core[df12db4294e9bfd3]::result::Result<(), alloc[2182bb758b4b3781]::string::String>>
[INFO] [stdout]   15:     0x5784764bb8f5 - test[9d35eded1c95d3be]::run_test::{closure#0}
[INFO] [stdout]   16:     0x5784764b51b4 - std[70759c8f55707aa4]::sys::backtrace::__rust_begin_short_backtrace::<test[9d35eded1c95d3be]::run_test::{closure#1}, ()>
[INFO] [stdout]   17:     0x5784764bea52 - <std[70759c8f55707aa4]::thread::lifecycle::spawn_unchecked<test[9d35eded1c95d3be]::run_test::{closure#1}, ()>::{closure#1} as core[df12db4294e9bfd3]::ops::function::FnOnce<()>>::call_once::{shim:vtable#0}
[INFO] [stdout]   18:     0x5784765a73a9 - <std[70759c8f55707aa4]::sys::thread::unix::Thread>::new::thread_start
[INFO] [stdout]   19:     0x746c6f5d3dfa - <unknown>
[INFO] [stdout]   20:     0x746c6f6673d4 - clone
[INFO] [stdout]   21:                0x0 - <unknown>
[INFO] [stdout] 
[INFO] [stdout] ---- common::tests::rm::forbidden_remove stdout ----
[INFO] [stdout] 
[INFO] [stdout] thread 'common::tests::rm::forbidden_remove' (996) panicked at src/common.rs:147:25:
[INFO] [stdout] OS error for lack of permissions: ()
[INFO] [stdout] stack backtrace:
[INFO] [stdout]    0:     0x5784765a7eb1 - <<std[70759c8f55707aa4]::sys::backtrace::BacktraceLock>::print::DisplayBacktrace as core[df12db4294e9bfd3]::fmt::Display>::fmt
[INFO] [stdout]    1:     0x5784765bd02a - core[df12db4294e9bfd3]::fmt::write
[INFO] [stdout]    2:     0x5784765ac85c - <alloc[2182bb758b4b3781]::vec::Vec<u8> as core[df12db4294e9bfd3]::io::write::Write>::write_fmt
[INFO] [stdout]    3:     0x578476580896 - std[70759c8f55707aa4]::panicking::default_hook::{closure#0}
[INFO] [stdout]    4:     0x57847659e469 - std[70759c8f55707aa4]::panicking::default_hook
[INFO] [stdout]    5:     0x5784764bafa0 - test[9d35eded1c95d3be]::test_main_inner::<test[9d35eded1c95d3be]::test_main_static::{closure#0}>::{closure#0}
[INFO] [stdout]    6:     0x57847659e622 - std[70759c8f55707aa4]::panicking::panic_with_hook
[INFO] [stdout]    7:     0x578476580942 - std[70759c8f55707aa4]::panicking::panic_handler::{closure#0}
[INFO] [stdout]    8:     0x5784765792a9 - std[70759c8f55707aa4]::sys::backtrace::__rust_end_short_backtrace::<std[70759c8f55707aa4]::panicking::panic_handler::{closure#0}, !>
[INFO] [stdout]    9:     0x5784765817dd - __rustc[8fa7c3cbc660c2b3]::rust_begin_unwind
[INFO] [stdout]   10:     0x5784765bd75c - core[df12db4294e9bfd3]::panicking::panic_fmt
[INFO] [stdout]   11:     0x5784765bd532 - core[df12db4294e9bfd3]::result::unwrap_failed
[INFO] [stdout]   12:     0x578476470272 - cotti_build_support[5ea6b0176bb2a189]::common::tests::rm::forbidden_remove
[INFO] [stdout]   13:     0x57847647a3d9 - <cotti_build_support[5ea6b0176bb2a189]::common::tests::rm::forbidden_remove::{closure#0} as core[df12db4294e9bfd3]::ops::function::FnOnce<()>>::call_once
[INFO] [stdout]   14:     0x5784764ae28b - test[9d35eded1c95d3be]::__rust_begin_short_backtrace::<core[df12db4294e9bfd3]::result::Result<(), alloc[2182bb758b4b3781]::string::String>, fn() -> core[df12db4294e9bfd3]::result::Result<(), alloc[2182bb758b4b3781]::string::String>>
[INFO] [stdout]   15:     0x5784764bb8f5 - test[9d35eded1c95d3be]::run_test::{closure#0}
[INFO] [stdout]   16:     0x5784764b51b4 - std[70759c8f55707aa4]::sys::backtrace::__rust_begin_short_backtrace::<test[9d35eded1c95d3be]::run_test::{closure#1}, ()>
[INFO] [stdout]   17:     0x5784764bea52 - <std[70759c8f55707aa4]::thread::lifecycle::spawn_unchecked<test[9d35eded1c95d3be]::run_test::{closure#1}, ()>::{closure#1} as core[df12db4294e9bfd3]::ops::function::FnOnce<()>>::call_once::{shim:vtable#0}
[INFO] [stdout]   18:     0x5784765a73a9 - <std[70759c8f55707aa4]::sys::thread::unix::Thread>::new::thread_start
[INFO] [stdout]   19:     0x746c6f5d3dfa - <unknown>
[INFO] [stdout]   20:     0x746c6f6673d4 - clone
[INFO] [stdout]   21:                0x0 - <unknown>
[INFO] [stdout] 
[INFO] [stdout] ---- install::tests::untar::untar_bzip2 stdout ----
[INFO] [stdout] 
[INFO] [stdout] thread 'install::tests::untar::untar_bzip2' (1005) panicked at src/install.rs:144:55:
[INFO] [stdout] called `Result::unwrap()` on an `Err` value: Custom { kind: ReadOnlyFilesystem, error: PathError { path: "/opt/rustwide/workdir/tests/test_files/.tmpVHQR4K", err: Os { code: 30, kind: ReadOnlyFilesystem, message: "Read-only file system" } } }
[INFO] [stdout] stack backtrace:
[INFO] [stdout]    0:     0x5784765a7eb1 - <<std[70759c8f55707aa4]::sys::backtrace::BacktraceLock>::print::DisplayBacktrace as core[df12db4294e9bfd3]::fmt::Display>::fmt
[INFO] [stdout]    1:     0x5784765bd02a - core[df12db4294e9bfd3]::fmt::write
[INFO] [stdout]    2:     0x5784765ac85c - <alloc[2182bb758b4b3781]::vec::Vec<u8> as core[df12db4294e9bfd3]::io::write::Write>::write_fmt
[INFO] [stdout]    3:     0x578476580896 - std[70759c8f55707aa4]::panicking::default_hook::{closure#0}
[INFO] [stdout]    4:     0x57847659e469 - std[70759c8f55707aa4]::panicking::default_hook
[INFO] [stdout]    5:     0x5784764bafa0 - test[9d35eded1c95d3be]::test_main_inner::<test[9d35eded1c95d3be]::test_main_static::{closure#0}>::{closure#0}
[INFO] [stdout]    6:     0x57847659e622 - std[70759c8f55707aa4]::panicking::panic_with_hook
[INFO] [stdout]    7:     0x578476580942 - std[70759c8f55707aa4]::panicking::panic_handler::{closure#0}
[INFO] [stdout]    8:     0x5784765792a9 - std[70759c8f55707aa4]::sys::backtrace::__rust_end_short_backtrace::<std[70759c8f55707aa4]::panicking::panic_handler::{closure#0}, !>
[INFO] [stdout]    9:     0x5784765817dd - __rustc[8fa7c3cbc660c2b3]::rust_begin_unwind
[INFO] [stdout]   10:     0x5784765bd75c - core[df12db4294e9bfd3]::panicking::panic_fmt
[INFO] [stdout]   11:     0x5784765bd532 - core[df12db4294e9bfd3]::result::unwrap_failed
[INFO] [stdout]   12:     0x57847647427f - cotti_build_support[5ea6b0176bb2a189]::install::tests::untar::test_untar_generic
[INFO] [stdout]   13:     0x57847647a5a5 - <cotti_build_support[5ea6b0176bb2a189]::install::tests::untar::untar_bzip2::{closure#0} as core[df12db4294e9bfd3]::ops::function::FnOnce<()>>::call_once
[INFO] [stdout]   14:     0x5784764ae28b - test[9d35eded1c95d3be]::__rust_begin_short_backtrace::<core[df12db4294e9bfd3]::result::Result<(), alloc[2182bb758b4b3781]::string::String>, fn() -> core[df12db4294e9bfd3]::result::Result<(), alloc[2182bb758b4b3781]::string::String>>
[INFO] [stdout]   15:     0x5784764bb8f5 - test[9d35eded1c95d3be]::run_test::{closure#0}
[INFO] [stdout]   16:     0x5784764b51b4 - std[70759c8f55707aa4]::sys::backtrace::__rust_begin_short_backtrace::<test[9d35eded1c95d3be]::run_test::{closure#1}, ()>
[INFO] [stdout]   17:     0x5784764bea52 - <std[70759c8f55707aa4]::thread::lifecycle::spawn_unchecked<test[9d35eded1c95d3be]::run_test::{closure#1}, ()>::{closure#1} as core[df12db4294e9bfd3]::ops::function::FnOnce<()>>::call_once::{shim:vtable#0}
[INFO] [stdout]   18:     0x5784765a73a9 - <std[70759c8f55707aa4]::sys::thread::unix::Thread>::new::thread_start
[INFO] [stdout]   19:     0x746c6f5d3dfa - <unknown>
[INFO] [stdout]   20:     0x746c6f6673d4 - clone
[INFO] [stdout]   21:                0x0 - <unknown>
[INFO] [stdout] 
[INFO] [stdout] ---- install::tests::untar::untar_zip stdout ----
[INFO] [stdout] 
[INFO] [stdout] thread 'install::tests::untar::untar_zip' (1010) panicked at src/install.rs:144:55:
[INFO] [stdout] called `Result::unwrap()` on an `Err` value: Custom { kind: ReadOnlyFilesystem, error: PathError { path: "/opt/rustwide/workdir/tests/test_files/.tmp6sg6L3", err: Os { code: 30, kind: ReadOnlyFilesystem, message: "Read-only file system" } } }
[INFO] [stdout] stack backtrace:
[INFO] [stdout]    0:     0x5784765a7eb1 - <<std[70759c8f55707aa4]::sys::backtrace::BacktraceLock>::print::DisplayBacktrace as core[df12db4294e9bfd3]::fmt::Display>::fmt
[INFO] [stdout]    1:     0x5784765bd02a - core[df12db4294e9bfd3]::fmt::write
[INFO] [stdout]    2:     0x5784765ac85c - <alloc[2182bb758b4b3781]::vec::Vec<u8> as core[df12db4294e9bfd3]::io::write::Write>::write_fmt
[INFO] [stdout]    3:     0x578476580896 - std[70759c8f55707aa4]::panicking::default_hook::{closure#0}
[INFO] [stdout]    4:     0x57847659e469 - std[70759c8f55707aa4]::panicking::default_hook
[INFO] [stdout]    5:     0x5784764bafa0 - test[9d35eded1c95d3be]::test_main_inner::<test[9d35eded1c95d3be]::test_main_static::{closure#0}>::{closure#0}
[INFO] [stdout]    6:     0x57847659e622 - std[70759c8f55707aa4]::panicking::panic_with_hook
[INFO] [stdout]    7:     0x578476580942 - std[70759c8f55707aa4]::panicking::panic_handler::{closure#0}
[INFO] [stdout]    8:     0x5784765792a9 - std[70759c8f55707aa4]::sys::backtrace::__rust_end_short_backtrace::<std[70759c8f55707aa4]::panicking::panic_handler::{closure#0}, !>
[INFO] [stdout]    9:     0x5784765817dd - __rustc[8fa7c3cbc660c2b3]::rust_begin_unwind
[INFO] [stdout]   10:     0x5784765bd75c - core[df12db4294e9bfd3]::panicking::panic_fmt
[INFO] [stdout]   11:     0x5784765bd532 - core[df12db4294e9bfd3]::result::unwrap_failed
[INFO] [stdout]   12:     0x57847647427f - cotti_build_support[5ea6b0176bb2a189]::install::tests::untar::test_untar_generic
[INFO] [stdout]   13:     0x57847647a635 - <cotti_build_support[5ea6b0176bb2a189]::install::tests::untar::untar_zip::{closure#0} as core[df12db4294e9bfd3]::ops::function::FnOnce<()>>::call_once
[INFO] [stdout]   14:     0x5784764ae28b - test[9d35eded1c95d3be]::__rust_begin_short_backtrace::<core[df12db4294e9bfd3]::result::Result<(), alloc[2182bb758b4b3781]::string::String>, fn() -> core[df12db4294e9bfd3]::result::Result<(), alloc[2182bb758b4b3781]::string::String>>
[INFO] [stdout]   15:     0x5784764bb8f5 - test[9d35eded1c95d3be]::run_test::{closure#0}
[INFO] [stdout]   16:     0x5784764b51b4 - std[70759c8f55707aa4]::sys::backtrace::__rust_begin_short_backtrace::<test[9d35eded1c95d3be]::run_test::{closure#1}, ()>
[INFO] [stdout]   17:     0x5784764bea52 - <std[70759c8f55707aa4]::thread::lifecycle::spawn_unchecked<test[9d35eded1c95d3be]::run_test::{closure#1}, ()>::{closure#1} as core[df12db4294e9bfd3]::ops::function::FnOnce<()>>::call_once::{shim:vtable#0}
[INFO] [stdout]   18:     0x5784765a73a9 - <std[70759c8f55707aa4]::sys::thread::unix::Thread>::new::thread_start
[INFO] [stdout]   19:     0x746c6f5d3dfa - <unknown>
[INFO] [stdout]   20:     0x746c6f6673d4 - clone
[INFO] [stdout]   21:                0x0 - <unknown>
[INFO] [stdout] 
[INFO] [stdout] ---- install::tests::untar::untar_zst stdout ----
[INFO] [stdout] 
[INFO] [stdout] thread 'install::tests::untar::untar_zst' (1011) panicked at src/install.rs:144:55:
[INFO] [stdout] called `Result::unwrap()` on an `Err` value: Custom { kind: ReadOnlyFilesystem, error: PathError { path: "/opt/rustwide/workdir/tests/test_files/.tmpbu0oAF", err: Os { code: 30, kind: ReadOnlyFilesystem, message: "Read-only file system" } } }
[INFO] [stdout] stack backtrace:
[INFO] [stdout]    0:     0x5784765a7eb1 - <<std[70759c8f55707aa4]::sys::backtrace::BacktraceLock>::print::DisplayBacktrace as core[df12db4294e9bfd3]::fmt::Display>::fmt
[INFO] [stdout]    1:     0x5784765bd02a - core[df12db4294e9bfd3]::fmt::write
[INFO] [stdout]    2:     0x5784765ac85c - <alloc[2182bb758b4b3781]::vec::Vec<u8> as core[df12db4294e9bfd3]::io::write::Write>::write_fmt
[INFO] [stdout]    3:     0x578476580896 - std[70759c8f55707aa4]::panicking::default_hook::{closure#0}
[INFO] [stdout]    4:     0x57847659e469 - std[70759c8f55707aa4]::panicking::default_hook
[INFO] [stdout]    5:     0x5784764bafa0 - test[9d35eded1c95d3be]::test_main_inner::<test[9d35eded1c95d3be]::test_main_static::{closure#0}>::{closure#0}
[INFO] [stdout]    6:     0x57847659e622 - std[70759c8f55707aa4]::panicking::panic_with_hook
[INFO] [stdout]    7:     0x578476580942 - std[70759c8f55707aa4]::panicking::panic_handler::{closure#0}
[INFO] [stdout]    8:     0x5784765792a9 - std[70759c8f55707aa4]::sys::backtrace::__rust_end_short_backtrace::<std[70759c8f55707aa4]::panicking::panic_handler::{closure#0}, !>
[INFO] [stdout]    9:     0x5784765817dd - __rustc[8fa7c3cbc660c2b3]::rust_begin_unwind
[INFO] [stdout]   10:     0x5784765bd75c - core[df12db4294e9bfd3]::panicking::panic_fmt
[INFO] [stdout]   11:     0x5784765bd532 - core[df12db4294e9bfd3]::result::unwrap_failed
[INFO] [stdout]   12:     0x57847647427f - cotti_build_support[5ea6b0176bb2a189]::install::tests::untar::test_untar_generic
[INFO] [stdout]   13:     0x57847647a665 - <cotti_build_support[5ea6b0176bb2a189]::install::tests::untar::untar_zst::{closure#0} as core[df12db4294e9bfd3]::ops::function::FnOnce<()>>::call_once
[INFO] [stdout]   14:     0x5784764ae28b - test[9d35eded1c95d3be]::__rust_begin_short_backtrace::<core[df12db4294e9bfd3]::result::Result<(), alloc[2182bb758b4b3781]::string::String>, fn() -> core[df12db4294e9bfd3]::result::Result<(), alloc[2182bb758b4b3781]::string::String>>
[INFO] [stdout]   15:     0x5784764bb8f5 - test[9d35eded1c95d3be]::run_test::{closure#0}
[INFO] [stdout]   16:     0x5784764b51b4 - std[70759c8f55707aa4]::sys::backtrace::__rust_begin_short_backtrace::<test[9d35eded1c95d3be]::run_test::{closure#1}, ()>
[INFO] [stdout]   17:     0x5784764bea52 - <std[70759c8f55707aa4]::thread::lifecycle::spawn_unchecked<test[9d35eded1c95d3be]::run_test::{closure#1}, ()>::{closure#1} as core[df12db4294e9bfd3]::ops::function::FnOnce<()>>::call_once::{shim:vtable#0}
[INFO] [stdout]   18:     0x5784765a73a9 - <std[70759c8f55707aa4]::sys::thread::unix::Thread>::new::thread_start
[INFO] [stdout]   19:     0x746c6f5d3dfa - <unknown>
[INFO] [stdout]   20:     0x746c6f6673d4 - clone
[INFO] [stdout]   21:                0x0 - <unknown>
[INFO] [stdout] 
[INFO] [stdout] ---- install::tests::untar::untar_lzma stdout ----
[INFO] [stdout] 
[INFO] [stdout] thread 'install::tests::untar::untar_lzma' (1007) panicked at src/install.rs:144:55:
[INFO] [stdout] called `Result::unwrap()` on an `Err` value: Custom { kind: ReadOnlyFilesystem, error: PathError { path: "/opt/rustwide/workdir/tests/test_files/.tmpk70u2b", err: Os { code: 30, kind: ReadOnlyFilesystem, message: "Read-only file system" } } }
[INFO] [stdout] stack backtrace:
[INFO] [stdout]    0:     0x5784765a7eb1 - <<std[70759c8f55707aa4]::sys::backtrace::BacktraceLock>::print::DisplayBacktrace as core[df12db4294e9bfd3]::fmt::Display>::fmt
[INFO] [stdout]    1:     0x5784765bd02a - core[df12db4294e9bfd3]::fmt::write
[INFO] [stdout]    2:     0x5784765ac85c - <alloc[2182bb758b4b3781]::vec::Vec<u8> as core[df12db4294e9bfd3]::io::write::Write>::write_fmt
[INFO] [stdout]    3:     0x578476580896 - std[70759c8f55707aa4]::panicking::default_hook::{closure#0}
[INFO] [stdout]    4:     0x57847659e469 - std[70759c8f55707aa4]::panicking::default_hook
[INFO] [stdout]    5:     0x5784764bafa0 - test[9d35eded1c95d3be]::test_main_inner::<test[9d35eded1c95d3be]::test_main_static::{closure#0}>::{closure#0}
[INFO] [stdout]    6:     0x57847659e622 - std[70759c8f55707aa4]::panicking::panic_with_hook
[INFO] [stdout]    7:     0x578476580942 - std[70759c8f55707aa4]::panicking::panic_handler::{closure#0}
[INFO] [stdout]    8:     0x5784765792a9 - std[70759c8f55707aa4]::sys::backtrace::__rust_end_short_backtrace::<std[70759c8f55707aa4]::panicking::panic_handler::{closure#0}, !>
[INFO] [stdout]    9:     0x5784765817dd - __rustc[8fa7c3cbc660c2b3]::rust_begin_unwind
[INFO] [stdout]   10:     0x5784765bd75c - core[df12db4294e9bfd3]::panicking::panic_fmt
[INFO] [stdout]   11:     0x5784765bd532 - core[df12db4294e9bfd3]::result::unwrap_failed
[INFO] [stdout]   12:     0x57847647427f - cotti_build_support[5ea6b0176bb2a189]::install::tests::untar::test_untar_generic
[INFO] [stdout]   13:     0x57847647a575 - <cotti_build_support[5ea6b0176bb2a189]::install::tests::untar::untar_lzma::{closure#0} as core[df12db4294e9bfd3]::ops::function::FnOnce<()>>::call_once
[INFO] [stdout]   14:     0x5784764ae28b - test[9d35eded1c95d3be]::__rust_begin_short_backtrace::<core[df12db4294e9bfd3]::result::Result<(), alloc[2182bb758b4b3781]::string::String>, fn() -> core[df12db4294e9bfd3]::result::Result<(), alloc[2182bb758b4b3781]::string::String>>
[INFO] [stdout]   15:     0x5784764bb8f5 - test[9d35eded1c95d3be]::run_test::{closure#0}
[INFO] [stdout]   16:     0x5784764b51b4 - std[70759c8f55707aa4]::sys::backtrace::__rust_begin_short_backtrace::<test[9d35eded1c95d3be]::run_test::{closure#1}, ()>
[INFO] [stdout]   17:     0x5784764bea52 - <std[70759c8f55707aa4]::thread::lifecycle::spawn_unchecked<test[9d35eded1c95d3be]::run_test::{closure#1}, ()>::{closure#1} as core[df12db4294e9bfd3]::ops::function::FnOnce<()>>::call_once::{shim:vtable#0}
[INFO] [stdout]   18:     0x5784765a73a9 - <std[70759c8f55707aa4]::sys::thread::unix::Thread>::new::thread_start
[INFO] [stdout]   19:     0x746c6f5d3dfa - <unknown>
[INFO] [stdout]   20:     0x746c6f6673d4 - clone
[INFO] [stdout]   21:                0x0 - <unknown>
[INFO] [stdout] 
[INFO] [stdout] 
[INFO] [stdout] failures:
[INFO] [stdout]     common::tests::rm::forbidden_remove
[INFO] [stdout]     install::tests::untar::untar_bzip2
[INFO] [stdout]     install::tests::untar::untar_gzip
[INFO] [stdout]     install::tests::untar::untar_lzma
[INFO] [stdout]     install::tests::untar::untar_tar
[INFO] [stdout]     install::tests::untar::untar_xz
[INFO] [stdout]     install::tests::untar::untar_zip
[INFO] [stdout]     install::tests::untar::untar_zst
[INFO] [stdout] 
[INFO] [stdout] test result: FAILED. 13 passed; 8 failed; 0 ignored; 0 measured; 0 filtered out; finished in 0.02s
[INFO] [stdout] 
[INFO] running `Command { std: "docker" "inspect" "4b25f94b0f1ab9ad3ca049e478fc809cf30b8aa1bb34aacd79cddfbd6b9bdd63", kill_on_drop: false }`
[INFO] running `Command { std: "docker" "rm" "-f" "4b25f94b0f1ab9ad3ca049e478fc809cf30b8aa1bb34aacd79cddfbd6b9bdd63", kill_on_drop: false }`
[INFO] [stdout] 4b25f94b0f1ab9ad3ca049e478fc809cf30b8aa1bb34aacd79cddfbd6b9bdd63
