[INFO] fetching crate cosmrs_minor_change 0.21.0...
[INFO] testing cosmrs_minor_change-0.21.0 against 1.99.0-beta.8+cargoflags=--release for beta-release-1.100-2
[INFO] extracting crate cosmrs_minor_change 0.21.0 into /workspace/builds/worker-5-tc1/source
[INFO] started tweaking crates.io crate cosmrs_minor_change 0.21.0
[INFO] finished tweaking crates.io crate cosmrs_minor_change 0.21.0
[INFO] tweaked toml for crates.io crate cosmrs_minor_change 0.21.0 written to /workspace/builds/worker-5-tc1/source/Cargo.toml
[INFO] validating manifest of crates.io crate cosmrs_minor_change 0.21.0 on toolchain 1.99.0-beta.8
[INFO] running `Command { std: CARGO_HOME="/workspace/cargo-home" RUSTUP_HOME="/workspace/rustup-home" "/workspace/cargo-home/bin/cargo" "+1.99.0-beta.8" "metadata" "--manifest-path" "Cargo.toml" "--no-deps", kill_on_drop: false }`
[INFO] running `Command { std: CARGO_HOME="/workspace/cargo-home" RUSTUP_HOME="/workspace/rustup-home" "/workspace/cargo-home/bin/cargo" "+1.99.0-beta.8" "generate-lockfile" "--manifest-path" "Cargo.toml", kill_on_drop: false }`
[INFO] [stderr]     Updating crates.io index
[INFO] [stderr]      Locking 258 packages to highest compatible versions
[INFO] [stderr]       Adding bip32 v0.5.3 (available: v0.6.0)
[INFO] [stderr]       Adding cosmos-sdk-proto v0.26.1 (available: v0.27.0)
[INFO] [stderr]       Adding crypto-common v0.1.6 (available: v0.1.7)
[INFO] [stderr]       Adding ecdsa v0.16.9 (available: v0.17.0)
[INFO] [stderr]       Adding hex-literal v0.4.1 (available: v1.1.0)
[INFO] [stderr]       Adding k256 v0.13.4 (available: v0.14.0)
[INFO] [stderr]       Adding rand_core v0.6.4 (available: v0.10.1)
[INFO] [stderr]       Adding signature v2.2.0 (available: v3.0.0)
[INFO] [stderr]       Adding thiserror v1.0.69 (available: v2.0.21)
[INFO] running `Command { std: CARGO_HOME="/workspace/cargo-home" RUSTUP_HOME="/workspace/rustup-home" "/workspace/cargo-home/bin/cargo" "+1.99.0-beta.8" "fetch" "--manifest-path" "Cargo.toml", kill_on_drop: false }`
[INFO] [stderr]  Downloading crates ...
[INFO] [stderr]   Downloaded tendermint-proto v0.40.4
[INFO] [stderr]   Downloaded ed25519-consensus v2.1.0
[INFO] [stderr]   Downloaded tendermint-config v0.40.4
[INFO] [stderr]   Downloaded tendermint v0.40.4
[INFO] [stderr]   Downloaded tendermint-rpc v0.40.4
[INFO] [stderr]   Downloaded peg v0.8.6
[INFO] [stderr]   Downloaded peg-runtime v0.8.6
[INFO] [stderr]   Downloaded peg-macros v0.8.6
[INFO] [stderr]   Downloaded cosmos-sdk-proto v0.26.1
[INFO] running `Command { std: "docker" "create" "-v" "/var/lib/crater-agent-workspace/builds/worker-5-tc1/source:/opt/rustwide/workdir:ro,Z" "-v" "/var/lib/crater-agent-workspace/builds/worker-5-tc1/target:/opt/rustwide/target:rw,Z" "-v" "/var/lib/crater-agent-workspace/cargo-home:/opt/rustwide/cargo-home:ro,Z" "-v" "/var/lib/crater-agent-workspace/rustup-home:/opt/rustwide/rustup-home:ro,Z" "-m" "1610612736" "--network" "none" "ghcr.io/rust-lang/crates-build-env/linux@sha256:77db811e55d90add9212f6832c23229e3de5f1c1f9905e8cb07319ea15df73ac" "sleep" "infinity", kill_on_drop: false }`
[INFO] [stdout] 48d73ecec7a1733417c6fa7cf101709d2c779c259ffb76ba34720538bad249f7
[INFO] running `Command { std: "docker" "start" "48d73ecec7a1733417c6fa7cf101709d2c779c259ffb76ba34720538bad249f7", kill_on_drop: false }`
[INFO] running `Command { std: "docker" "inspect" "48d73ecec7a1733417c6fa7cf101709d2c779c259ffb76ba34720538bad249f7", kill_on_drop: false }`
[INFO] running `Command { std: "docker" "exec" "-e" "SOURCE_DIR=/opt/rustwide/workdir" "-e" "CARGO_HOME=/opt/rustwide/cargo-home" "-e" "RUSTUP_HOME=/opt/rustwide/rustup-home" "-e" "CARGO_TARGET_DIR=/opt/rustwide/target" "-w" "/opt/rustwide/workdir" "--user" "0:0" "48d73ecec7a1733417c6fa7cf101709d2c779c259ffb76ba34720538bad249f7" "/opt/rustwide/cargo-home/bin/cargo" "+1.99.0-beta.8" "metadata" "--no-deps" "--format-version=1", kill_on_drop: false }`
[INFO] running `Command { std: "docker" "inspect" "48d73ecec7a1733417c6fa7cf101709d2c779c259ffb76ba34720538bad249f7", kill_on_drop: false }`
[INFO] running `Command { std: "docker" "exec" "-e" "SOURCE_DIR=/opt/rustwide/workdir" "-e" "CARGO_HOME=/opt/rustwide/cargo-home" "-e" "RUSTUP_HOME=/opt/rustwide/rustup-home" "-e" "CARGO_TARGET_DIR=/opt/rustwide/target" "-e" "CARGO_INCREMENTAL=0" "-e" "RUST_BACKTRACE=full" "-e" "RUSTFLAGS=--cap-lints=warn" "-e" "RUSTDOCFLAGS=--cap-lints=warn" "-w" "/opt/rustwide/workdir" "--user" "0:0" "48d73ecec7a1733417c6fa7cf101709d2c779c259ffb76ba34720538bad249f7" "/opt/rustwide/cargo-home/bin/cargo" "+1.99.0-beta.8" "build" "--frozen" "--message-format=json" "--release", kill_on_drop: false }`
[INFO] [stderr]    Compiling syn v2.0.119
[INFO] [stderr]    Compiling generic-array v0.14.9
[INFO] [stderr]    Compiling subtle v2.6.1
[INFO] [stderr]    Compiling libc v0.2.191
[INFO] [stderr]    Compiling const-oid v0.9.6
[INFO] [stderr]    Compiling syn v3.0.9
[INFO] [stderr]    Compiling anyhow v1.0.104
[INFO] [stderr]    Compiling base16ct v0.2.0
[INFO] [stderr]    Compiling either v1.19.0
[INFO] [stderr]    Compiling time-core v0.1.9
[INFO] [stderr]    Compiling futures-sink v0.3.34
[INFO] [stderr]    Compiling futures-core v0.3.34
[INFO] [stderr]    Compiling flex-error v0.4.4
[INFO] [stderr]    Compiling serde_bytes v0.11.19
[INFO] [stderr]    Compiling time-macros v0.2.32
[INFO] [stderr]    Compiling itertools v0.14.0
[INFO] [stderr]    Compiling futures-task v0.3.34
[INFO] [stderr]    Compiling serde_json v1.0.154
[INFO] [stderr]    Compiling subtle-ng v2.5.0
[INFO] [stderr]    Compiling futures-util v0.3.34
[INFO] [stderr]    Compiling futures-channel v0.3.34
[INFO] [stderr]    Compiling eyre v0.6.14
[INFO] [stderr]    Compiling hex v0.4.3
[INFO] [stderr]    Compiling memchr v2.8.3
[INFO] [stderr]    Compiling futures-io v0.3.34
[INFO] [stderr]    Compiling time v0.3.55
[INFO] [stderr]    Compiling indenter v0.3.4
[INFO] [stderr]    Compiling getrandom v0.2.17
[INFO] [stderr]    Compiling rand_core v0.6.4
[INFO] [stderr]    Compiling ff v0.13.1
[INFO] [stderr]    Compiling group v0.13.0
[INFO] [stderr]    Compiling futures v0.3.34
[INFO] [stderr]    Compiling serde_derive v1.0.229
[INFO] [stderr]    Compiling serde_repr v0.1.21
[INFO] [stderr]    Compiling zeroize_derive v1.5.0
[INFO] [stderr]    Compiling prost-derive v0.13.5
[INFO] [stderr]    Compiling thiserror-impl v1.0.69
[INFO] [stderr]    Compiling zeroize v1.9.1
[INFO] [stderr]    Compiling der v0.7.10
[INFO] [stderr]    Compiling subtle-encoding v0.5.1
[INFO] [stderr]    Compiling thiserror v1.0.69
[INFO] [stderr]    Compiling serde v1.0.229
[INFO] [stderr]    Compiling block-buffer v0.10.4
[INFO] [stderr]    Compiling crypto-common v0.1.6
[INFO] [stderr]    Compiling crypto-bigint v0.5.5
[INFO] [stderr]    Compiling digest v0.9.0
[INFO] [stderr]    Compiling block-buffer v0.9.0
[INFO] [stderr]    Compiling curve25519-dalek-ng v4.1.1
[INFO] [stderr]    Compiling digest v0.10.7
[INFO] [stderr]    Compiling sha2 v0.9.9
[INFO] [stderr]    Compiling hmac v0.12.1
[INFO] [stderr]    Compiling signature v2.2.0
[INFO] [stderr]    Compiling sec1 v0.7.3
[INFO] [stderr]    Compiling rfc6979 v0.4.0
[INFO] [stderr]    Compiling spki v0.7.3
[INFO] [stderr]    Compiling bytes v1.12.1
[INFO] [stderr]    Compiling sha2 v0.10.9
[INFO] [stderr]    Compiling ripemd v0.1.3
[INFO] [stderr]    Compiling prost v0.13.5
[INFO] [stderr]    Compiling bs58 v0.5.1
[INFO] [stderr]    Compiling elliptic-curve v0.13.8
[INFO] [stderr]    Compiling tendermint-proto v0.40.4
[INFO] [stderr]    Compiling ed25519-consensus v2.1.0
[INFO] [stderr]    Compiling ed25519 v2.2.3
[INFO] [stderr]    Compiling ecdsa v0.16.9
[INFO] [stderr]    Compiling k256 v0.13.4
[INFO] [stderr]    Compiling bip32 v0.5.3
[INFO] [stderr]    Compiling tendermint v0.40.4
[INFO] [stderr]    Compiling cosmos-sdk-proto v0.26.1
[INFO] [stderr]    Compiling cosmrs_minor_change v0.21.0 (/opt/rustwide/workdir)
[INFO] [stderr]     Finished `release` profile [optimized] target(s) in 2m 01s
[INFO] running `Command { std: "docker" "inspect" "48d73ecec7a1733417c6fa7cf101709d2c779c259ffb76ba34720538bad249f7", kill_on_drop: false }`
[INFO] running `Command { std: "docker" "exec" "-e" "SOURCE_DIR=/opt/rustwide/workdir" "-e" "CARGO_HOME=/opt/rustwide/cargo-home" "-e" "RUSTUP_HOME=/opt/rustwide/rustup-home" "-e" "CARGO_TARGET_DIR=/opt/rustwide/target" "-e" "CARGO_INCREMENTAL=0" "-e" "RUST_BACKTRACE=full" "-e" "RUSTFLAGS=--cap-lints=warn" "-e" "RUSTDOCFLAGS=--cap-lints=warn" "-w" "/opt/rustwide/workdir" "--user" "0:0" "48d73ecec7a1733417c6fa7cf101709d2c779c259ffb76ba34720538bad249f7" "/opt/rustwide/cargo-home/bin/cargo" "+1.99.0-beta.8" "test" "--frozen" "--no-run" "--message-format=json" "--release", kill_on_drop: false }`
[INFO] [stderr]    Compiling hex-literal v0.4.1
[INFO] [stderr]    Compiling cosmrs_minor_change v0.21.0 (/opt/rustwide/workdir)
[INFO] [stderr]     Finished `release` profile [optimized] target(s) in 3.94s
[INFO] running `Command { std: "docker" "inspect" "48d73ecec7a1733417c6fa7cf101709d2c779c259ffb76ba34720538bad249f7", kill_on_drop: false }`
[INFO] running `Command { std: "docker" "exec" "-e" "SOURCE_DIR=/opt/rustwide/workdir" "-e" "CARGO_HOME=/opt/rustwide/cargo-home" "-e" "RUSTUP_HOME=/opt/rustwide/rustup-home" "-e" "CARGO_TARGET_DIR=/opt/rustwide/target" "-e" "CARGO_INCREMENTAL=0" "-e" "RUST_BACKTRACE=full" "-e" "RUSTFLAGS=--cap-lints=warn" "-e" "RUSTDOCFLAGS=--cap-lints=warn" "-w" "/opt/rustwide/workdir" "--user" "0:0" "48d73ecec7a1733417c6fa7cf101709d2c779c259ffb76ba34720538bad249f7" "/opt/rustwide/cargo-home/bin/cargo" "+1.99.0-beta.8" "test" "--frozen" "--release", kill_on_drop: false }`
[INFO] [stderr]     Finished `release` profile [optimized] target(s) in 0.21s
[INFO] [stderr]      Running unittests src/lib.rs (/opt/rustwide/target/release/deps/cosmrs_minor_change-6be1433b04578749)
[INFO] [stdout] 
[INFO] [stdout] running 9 tests
[INFO] [stdout] test base::account_id::tests::with_digit ... ok
[INFO] [stdout] test base::coin::tests::new ... ok
[INFO] [stdout] test base::account_id::tests::parse ... ok
[INFO] [stdout] test base::account_id::tests::with_uppercase ... ok
[INFO] [stdout] test base::account_id::tests::to_string ... ok
[INFO] [stdout] test base::coin::tests::zero_value_coin_with_empty_denom ... ok
[INFO] [stdout] test crypto::public_key::tests::json_round_trip ... ok
[INFO] [stdout] test base::denom::tests::parse ... ok
[INFO] [stdout] test crypto::legacy_amino::tests::any_round_trip ... FAILED
[INFO] [stdout] 
[INFO] [stdout] failures:
[INFO] [stdout] 
[INFO] [stdout] ---- crypto::legacy_amino::tests::any_round_trip stdout ----
[INFO] [stdout] 
[INFO] [stdout] thread 'crypto::legacy_amino::tests::any_round_trip' (1239) panicked at src/crypto/legacy_amino.rs:93:54:
[INFO] [stdout] called `Result::unwrap()` on an `Err` value: invalid type URL for public key: /cosmos.crypto.secp256k1.PubKey
[INFO] [stdout] 
[INFO] [stdout] Caused by:
[INFO] [stdout]     cryptographic error
[INFO] [stdout] 
[INFO] [stdout] Location:
[INFO] [stdout]     src/crypto/public_key.rs:116:18
[INFO] [stdout] 
[INFO] [stdout] Stack backtrace:
[INFO] [stdout]    0: <<eyre::DefaultHandler>::default_with as core::ops::function::Fn<(&dyn core::error::Error,)>>::call
[INFO] [stdout]    1: eyre::capture_handler
[INFO] [stdout]    2: <eyre::Report>::from_msg::<alloc::string::String, cosmrs_minor_change::error::Error>
[INFO] [stdout]    3: <cosmrs_minor_change::crypto::public_key::PublicKey as core::convert::TryFrom<tendermint_proto::google::protobuf::any::Any>>::try_from
[INFO] [stdout]    4: <core::iter::adapters::GenericShunt<core::iter::adapters::map::Map<alloc::vec::into_iter::IntoIter<tendermint_proto::google::protobuf::any::Any>, <cosmrs_minor_change::crypto::public_key::PublicKey as core::convert::TryFrom<tendermint_proto::google::protobuf::any::Any>>::try_from>, core::result::Result<core::convert::Infallible, eyre::Report>> as core::iter::traits::iterator::Iterator>::next
[INFO] [stdout]    5: <alloc::vec::Vec<cosmrs_minor_change::crypto::public_key::PublicKey> as alloc::vec::spec_from_iter::SpecFromIter<cosmrs_minor_change::crypto::public_key::PublicKey, core::iter::adapters::GenericShunt<core::iter::adapters::map::Map<alloc::vec::into_iter::IntoIter<tendermint_proto::google::protobuf::any::Any>, <cosmrs_minor_change::crypto::public_key::PublicKey as core::convert::TryFrom<tendermint_proto::google::protobuf::any::Any>>::try_from>, core::result::Result<core::convert::Infallible, eyre::Report>>>>::from_iter
[INFO] [stdout]    6: <cosmrs_minor_change::crypto::legacy_amino::LegacyAminoMultisig as core::convert::TryFrom<&tendermint_proto::google::protobuf::any::Any>>::try_from
[INFO] [stdout]    7: cosmrs_minor_change::crypto::legacy_amino::tests::any_round_trip
[INFO] [stdout]    8: <cosmrs_minor_change::crypto::legacy_amino::tests::any_round_trip::{closure#0} as core::ops::function::FnOnce<()>>::call_once
[INFO] [stdout]    9: test::__rust_begin_short_backtrace::<core::result::Result<(), alloc::string::String>, fn() -> core::result::Result<(), alloc::string::String>>
[INFO] [stdout]   10: test::run_test::{closure#0}
[INFO] [stdout]   11: std::sys::backtrace::__rust_begin_short_backtrace::<test::run_test::{closure#1}, ()>
[INFO] [stdout]   12: <std::thread::lifecycle::spawn_unchecked<test::run_test::{closure#1}, ()>::{closure#1} as core::ops::function::FnOnce<()>>::call_once::{shim:vtable#0}
[INFO] [stdout]   13: <std::sys::thread::unix::Thread>::new::thread_start
[INFO] [stdout]   14: <unknown>
[INFO] [stdout]   15: clone
[INFO] [stdout] 
[INFO] [stdout] stack backtrace:
[INFO] [stdout]    0:     0x55b5789a4211 - <<std[70759c8f55707aa4]::sys::backtrace::BacktraceLock>::print::DisplayBacktrace as core[df12db4294e9bfd3]::fmt::Display>::fmt
[INFO] [stdout]    1:     0x55b5789ba50a - core[df12db4294e9bfd3]::fmt::write
[INFO] [stdout]    2:     0x55b5789a8bac - <alloc[2182bb758b4b3781]::vec::Vec<u8> as core[df12db4294e9bfd3]::io::write::Write>::write_fmt
[INFO] [stdout]    3:     0x55b578980106 - std[70759c8f55707aa4]::panicking::default_hook::{closure#0}
[INFO] [stdout]    4:     0x55b57899c7d9 - std[70759c8f55707aa4]::panicking::default_hook
[INFO] [stdout]    5:     0x55b578921c10 - test[9d35eded1c95d3be]::test_main_inner::<test[9d35eded1c95d3be]::test_main_static::{closure#0}>::{closure#0}
[INFO] [stdout]    6:     0x55b57899c992 - std[70759c8f55707aa4]::panicking::panic_with_hook
[INFO] [stdout]    7:     0x55b5789801b2 - std[70759c8f55707aa4]::panicking::panic_handler::{closure#0}
[INFO] [stdout]    8:     0x55b5789789a9 - std[70759c8f55707aa4]::sys::backtrace::__rust_end_short_backtrace::<std[70759c8f55707aa4]::panicking::panic_handler::{closure#0}, !>
[INFO] [stdout]    9:     0x55b578980ebd - __rustc[8fa7c3cbc660c2b3]::rust_begin_unwind
[INFO] [stdout]   10:     0x55b5789bac3c - core[df12db4294e9bfd3]::panicking::panic_fmt
[INFO] [stdout]   11:     0x55b5789baa12 - core[df12db4294e9bfd3]::result::unwrap_failed
[INFO] [stdout]   12:     0x55b57891076f - cosmrs_minor_change[84501b31ce4f3bcf]::crypto::legacy_amino::tests::any_round_trip
[INFO] [stdout]   13:     0x55b578914e89 - <cosmrs_minor_change[84501b31ce4f3bcf]::crypto::legacy_amino::tests::any_round_trip::{closure#0} as core[df12db4294e9bfd3]::ops::function::FnOnce<()>>::call_once
[INFO] [stdout]   14:     0x55b578914efb - test[9d35eded1c95d3be]::__rust_begin_short_backtrace::<core[df12db4294e9bfd3]::result::Result<(), alloc[2182bb758b4b3781]::string::String>, fn() -> core[df12db4294e9bfd3]::result::Result<(), alloc[2182bb758b4b3781]::string::String>>
[INFO] [stdout]   15:     0x55b578922565 - test[9d35eded1c95d3be]::run_test::{closure#0}
[INFO] [stdout]   16:     0x55b57891be24 - std[70759c8f55707aa4]::sys::backtrace::__rust_begin_short_backtrace::<test[9d35eded1c95d3be]::run_test::{closure#1}, ()>
[INFO] [stdout]   17:     0x55b5789256c2 - <std[70759c8f55707aa4]::thread::lifecycle::spawn_unchecked<test[9d35eded1c95d3be]::run_test::{closure#1}, ()>::{closure#1} as core[df12db4294e9bfd3]::ops::function::FnOnce<()>>::call_once::{shim:vtable#0}
[INFO] [stdout]   18:     0x55b5789a3ab9 - <std[70759c8f55707aa4]::sys::thread::unix::Thread>::new::thread_start
[INFO] [stdout]   19:     0x750bb6055dfa - <unknown>
[INFO] [stdout]   20:     0x750bb60e93d4 - clone
[INFO] [stdout]   21:                0x0 - <unknown>
[INFO] [stdout] 
[INFO] [stdout] 
[INFO] [stdout] failures:
[INFO] [stdout]     crypto::legacy_amino::tests::any_round_trip
[INFO] [stdout] 
[INFO] [stdout] test result: FAILED. 8 passed; 1 failed; 0 ignored; 0 measured; 0 filtered out; finished in 0.00s
[INFO] [stdout] 
[INFO] [stderr] error: test failed, to rerun pass `--lib`
[INFO] running `Command { std: "docker" "inspect" "48d73ecec7a1733417c6fa7cf101709d2c779c259ffb76ba34720538bad249f7", kill_on_drop: false }`
[INFO] running `Command { std: "docker" "rm" "-f" "48d73ecec7a1733417c6fa7cf101709d2c779c259ffb76ba34720538bad249f7", kill_on_drop: false }`
[INFO] [stdout] 48d73ecec7a1733417c6fa7cf101709d2c779c259ffb76ba34720538bad249f7
