[INFO] fetching crate cosmos-chain-registry 0.7.2...
[INFO] testing cosmos-chain-registry-0.7.2 against 1.100.0-beta.1+cargoflags=--release for beta-release-1.100-2
[INFO] extracting crate cosmos-chain-registry 0.7.2 into /workspace/builds/worker-7-tc2/source
[INFO] started tweaking crates.io crate cosmos-chain-registry 0.7.2
[INFO] removed 0 missing tests
[INFO] finished tweaking crates.io crate cosmos-chain-registry 0.7.2
[INFO] tweaked toml for crates.io crate cosmos-chain-registry 0.7.2 written to /workspace/builds/worker-7-tc2/source/Cargo.toml
[INFO] validating manifest of crates.io crate cosmos-chain-registry 0.7.2 on toolchain 1.100.0-beta.1
[INFO] running `Command { std: CARGO_HOME="/workspace/cargo-home" RUSTUP_HOME="/workspace/rustup-home" "/workspace/cargo-home/bin/cargo" "+1.100.0-beta.1" "metadata" "--manifest-path" "Cargo.toml" "--no-deps", kill_on_drop: false }`
[INFO] crate crates.io crate cosmos-chain-registry 0.7.2 already has a lockfile, it will not be regenerated
[INFO] running `Command { std: CARGO_HOME="/workspace/cargo-home" RUSTUP_HOME="/workspace/rustup-home" "/workspace/cargo-home/bin/cargo" "+1.100.0-beta.1" "fetch" "--manifest-path" "Cargo.toml", kill_on_drop: false }`
[INFO] running `Command { std: "docker" "create" "-v" "/var/lib/crater-agent-workspace/builds/worker-7-tc2/source:/opt/rustwide/workdir:ro,Z" "-v" "/var/lib/crater-agent-workspace/builds/worker-7-tc2/target:/opt/rustwide/target:rw,Z" "-v" "/var/lib/crater-agent-workspace/cargo-home:/opt/rustwide/cargo-home:ro,Z" "-v" "/var/lib/crater-agent-workspace/rustup-home:/opt/rustwide/rustup-home:ro,Z" "-m" "1610612736" "--network" "none" "ghcr.io/rust-lang/crates-build-env/linux@sha256:77db811e55d90add9212f6832c23229e3de5f1c1f9905e8cb07319ea15df73ac" "sleep" "infinity", kill_on_drop: false }`
[INFO] [stdout] 09776ae3857948ed61f4e67cfb47c84075e351155d554dc1d032970c0de05c19
[INFO] running `Command { std: "docker" "start" "09776ae3857948ed61f4e67cfb47c84075e351155d554dc1d032970c0de05c19", kill_on_drop: false }`
[INFO] running `Command { std: "docker" "inspect" "09776ae3857948ed61f4e67cfb47c84075e351155d554dc1d032970c0de05c19", kill_on_drop: false }`
[INFO] running `Command { std: "docker" "exec" "-e" "SOURCE_DIR=/opt/rustwide/workdir" "-e" "CARGO_HOME=/opt/rustwide/cargo-home" "-e" "RUSTUP_HOME=/opt/rustwide/rustup-home" "-e" "CARGO_TARGET_DIR=/opt/rustwide/target" "-w" "/opt/rustwide/workdir" "--user" "0:0" "09776ae3857948ed61f4e67cfb47c84075e351155d554dc1d032970c0de05c19" "/opt/rustwide/cargo-home/bin/cargo" "+1.100.0-beta.1" "metadata" "--no-deps" "--format-version=1", kill_on_drop: false }`
[INFO] running `Command { std: "docker" "inspect" "09776ae3857948ed61f4e67cfb47c84075e351155d554dc1d032970c0de05c19", kill_on_drop: false }`
[INFO] running `Command { std: "docker" "exec" "-e" "SOURCE_DIR=/opt/rustwide/workdir" "-e" "CARGO_HOME=/opt/rustwide/cargo-home" "-e" "RUSTUP_HOME=/opt/rustwide/rustup-home" "-e" "CARGO_TARGET_DIR=/opt/rustwide/target" "-e" "CARGO_INCREMENTAL=0" "-e" "RUST_BACKTRACE=full" "-e" "RUSTFLAGS=--cap-lints=warn" "-e" "RUSTDOCFLAGS=--cap-lints=warn" "-w" "/opt/rustwide/workdir" "--user" "0:0" "09776ae3857948ed61f4e67cfb47c84075e351155d554dc1d032970c0de05c19" "/opt/rustwide/cargo-home/bin/cargo" "+1.100.0-beta.1" "build" "--frozen" "--message-format=json" "--release", kill_on_drop: false }`
[INFO] [stderr]    Compiling unicode-ident v1.0.19
[INFO] [stderr]    Compiling libc v0.2.176
[INFO] [stderr]    Compiling find-msvc-tools v0.1.2
[INFO] [stderr]    Compiling serde_core v1.0.226
[INFO] [stderr]    Compiling http v1.5.0
[INFO] [stderr]    Compiling bitflags v2.9.4
[INFO] [stderr]    Compiling serde v1.0.226
[INFO] [stderr]    Compiling rustls v0.23.43
[INFO] [stderr]    Compiling rustix v1.1.2
[INFO] [stderr]    Compiling getrandom v0.3.3
[INFO] [stderr]    Compiling linux-raw-sys v0.11.0
[INFO] [stderr]    Compiling syn v1.0.109
[INFO] [stderr]    Compiling serde_json v1.0.145
[INFO] [stderr]    Compiling diff v0.1.13
[INFO] [stderr]    Compiling quick-error v1.2.3
[INFO] [stderr]    Compiling eyre v0.6.12
[INFO] [stderr]    Compiling proc-macro2 v1.0.101
[INFO] [stderr]    Compiling cc v1.2.38
[INFO] [stderr]    Compiling pretty_assertions v1.4.1
[INFO] [stderr]    Compiling quote v1.0.40
[INFO] [stderr]    Compiling syn v2.0.106
[INFO] [stderr]    Compiling ring v0.17.14
[INFO] [stderr]    Compiling http-body v1.1.0
[INFO] [stderr]    Compiling http-body-util v0.1.4
[INFO] [stderr]    Compiling mio v1.0.4
[INFO] [stderr]    Compiling socket2 v0.6.0
[INFO] [stderr]    Compiling getrandom v0.2.17
[INFO] [stderr]    Compiling wait-timeout v0.2.1
[INFO] [stderr]    Compiling tokio v1.47.1
[INFO] [stderr]    Compiling tempfile v3.23.0
[INFO] [stderr]    Compiling rusty-fork v0.3.0
[INFO] [stderr]    Compiling synstructure v0.13.2
[INFO] [stderr]    Compiling zerovec-derive v0.11.1
[INFO] [stderr]    Compiling displaydoc v0.2.5
[INFO] [stderr]    Compiling serde_derive v1.0.226
[INFO] [stderr]    Compiling zerofrom-derive v0.1.6
[INFO] [stderr]    Compiling yoke-derive v0.8.0
[INFO] [stderr]    Compiling zerofrom v0.1.6
[INFO] [stderr]    Compiling assay-proc-macro v0.1.1
[INFO] [stderr]    Compiling yoke v0.8.0
[INFO] [stderr]    Compiling zerovec v0.11.4
[INFO] [stderr]    Compiling zerotrie v0.2.2
[INFO] [stderr]    Compiling tinystr v0.8.1
[INFO] [stderr]    Compiling potential_utf v0.1.3
[INFO] [stderr]    Compiling icu_collections v2.0.0
[INFO] [stderr]    Compiling icu_locale_core v2.0.0
[INFO] [stderr]    Compiling icu_provider v2.0.0
[INFO] [stderr]    Compiling icu_properties v2.0.1
[INFO] [stderr]    Compiling icu_normalizer v2.0.0
[INFO] [stderr]    Compiling hyper v1.11.0
[INFO] [stderr]    Compiling tower v0.5.3
[INFO] [stderr]    Compiling assay v0.1.1
[INFO] [stderr]    Compiling idna_adapter v1.2.1
[INFO] [stderr]    Compiling idna v1.1.0
[INFO] [stderr]    Compiling serde_urlencoded v0.7.1
[INFO] [stderr]    Compiling url v2.5.7
[INFO] [stderr]    Compiling hyper-util v0.1.20
[INFO] [stderr]    Compiling tower-http v0.6.11
[INFO] [stderr]    Compiling rustls-webpki v0.103.14
[INFO] [stderr]    Compiling tokio-rustls v0.26.4
[INFO] [stderr]    Compiling hyper-rustls v0.27.9
[INFO] [stderr]    Compiling reqwest v0.12.28
[INFO] [stderr]    Compiling cosmos-chain-registry v0.7.2 (/opt/rustwide/workdir)
[INFO] [stderr] warning: unused dependency `assay`
[INFO] [stderr]  --> Cargo.toml:1:15
[INFO] [stderr]   |
[INFO] [stderr] 1 | [dependencies.assay]
[INFO] [stderr]   |               ^^^^^^
[INFO] [stderr]   |
[INFO] [stderr]   = note: `cargo::unused_dependencies` is set to `warn` by default
[INFO] [stderr] help: consider removing the dependency on `assay`
[INFO] [stderr] warning: `cosmos-chain-registry` (manifest) generated 1 warning
[INFO] [stderr]     Finished `release` profile [optimized] target(s) in 56.86s
[INFO] running `Command { std: "docker" "inspect" "09776ae3857948ed61f4e67cfb47c84075e351155d554dc1d032970c0de05c19", kill_on_drop: false }`
[INFO] running `Command { std: "docker" "exec" "-e" "SOURCE_DIR=/opt/rustwide/workdir" "-e" "CARGO_HOME=/opt/rustwide/cargo-home" "-e" "RUSTUP_HOME=/opt/rustwide/rustup-home" "-e" "CARGO_TARGET_DIR=/opt/rustwide/target" "-e" "CARGO_INCREMENTAL=0" "-e" "RUST_BACKTRACE=full" "-e" "RUSTFLAGS=--cap-lints=warn" "-e" "RUSTDOCFLAGS=--cap-lints=warn" "-w" "/opt/rustwide/workdir" "--user" "0:0" "09776ae3857948ed61f4e67cfb47c84075e351155d554dc1d032970c0de05c19" "/opt/rustwide/cargo-home/bin/cargo" "+1.100.0-beta.1" "test" "--frozen" "--no-run" "--message-format=json" "--release", kill_on_drop: false }`
[INFO] [stderr]    Compiling syn v2.0.106
[INFO] [stderr]    Compiling synstructure v0.13.2
[INFO] [stderr]    Compiling zerofrom-derive v0.1.6
[INFO] [stderr]    Compiling yoke-derive v0.8.0
[INFO] [stderr]    Compiling zerovec-derive v0.11.1
[INFO] [stderr]    Compiling displaydoc v0.2.5
[INFO] [stderr]    Compiling tokio-macros v2.5.0
[INFO] [stderr]    Compiling serde_derive v1.0.226
[INFO] [stderr]    Compiling tokio v1.47.1
[INFO] [stderr]    Compiling zerofrom v0.1.6
[INFO] [stderr]    Compiling yoke v0.8.0
[INFO] [stderr]    Compiling zerotrie v0.2.2
[INFO] [stderr]    Compiling zerovec v0.11.4
[INFO] [stderr]    Compiling serde v1.0.226
[INFO] [stderr]    Compiling tinystr v0.8.1
[INFO] [stderr]    Compiling potential_utf v0.1.3
[INFO] [stderr]    Compiling icu_collections v2.0.0
[INFO] [stderr]    Compiling icu_locale_core v2.0.0
[INFO] [stderr]    Compiling serde_urlencoded v0.7.1
[INFO] [stderr]    Compiling icu_provider v2.0.0
[INFO] [stderr]    Compiling icu_properties v2.0.1
[INFO] [stderr]    Compiling icu_normalizer v2.0.0
[INFO] [stderr]    Compiling hyper v1.11.0
[INFO] [stderr]    Compiling tower v0.5.3
[INFO] [stderr]    Compiling tokio-rustls v0.26.4
[INFO] [stderr]    Compiling assay v0.1.1
[INFO] [stderr]    Compiling idna_adapter v1.2.1
[INFO] [stderr]    Compiling idna v1.1.0
[INFO] [stderr]    Compiling url v2.5.7
[INFO] [stderr]    Compiling hyper-util v0.1.20
[INFO] [stderr]    Compiling tower-http v0.6.11
[INFO] [stderr]    Compiling hyper-rustls v0.27.9
[INFO] [stderr]    Compiling reqwest v0.12.28
[INFO] [stderr]    Compiling cosmos-chain-registry v0.7.2 (/opt/rustwide/workdir)
[INFO] [stderr] warning: unused dependency `assay`
[INFO] [stderr]  --> Cargo.toml:1:15
[INFO] [stderr]   |
[INFO] [stderr] 1 | [dependencies.assay]
[INFO] [stderr]   |               ^^^^^^
[INFO] [stderr]   |
[INFO] [stderr]   = note: `cargo::unused_dependencies` is set to `warn` by default
[INFO] [stderr] help: consider removing the dependency on `assay`
[INFO] [stderr] help: to still use for development builds, move to `dev-dependencies`
[INFO] [stderr] warning: `cosmos-chain-registry` (manifest) generated 1 warning
[INFO] [stderr]     Finished `release` profile [optimized] target(s) in 46.13s
[INFO] running `Command { std: "docker" "inspect" "09776ae3857948ed61f4e67cfb47c84075e351155d554dc1d032970c0de05c19", kill_on_drop: false }`
[INFO] running `Command { std: "docker" "exec" "-e" "SOURCE_DIR=/opt/rustwide/workdir" "-e" "CARGO_HOME=/opt/rustwide/cargo-home" "-e" "RUSTUP_HOME=/opt/rustwide/rustup-home" "-e" "CARGO_TARGET_DIR=/opt/rustwide/target" "-e" "CARGO_INCREMENTAL=0" "-e" "RUST_BACKTRACE=full" "-e" "RUSTFLAGS=--cap-lints=warn" "-e" "RUSTDOCFLAGS=--cap-lints=warn" "-w" "/opt/rustwide/workdir" "--user" "0:0" "09776ae3857948ed61f4e67cfb47c84075e351155d554dc1d032970c0de05c19" "/opt/rustwide/cargo-home/bin/cargo" "+1.100.0-beta.1" "test" "--frozen" "--release", kill_on_drop: false }`
[INFO] [stderr] warning: unused dependency `assay`
[INFO] [stderr]  --> Cargo.toml:1:15
[INFO] [stderr]   |
[INFO] [stderr] 1 | [dependencies.assay]
[INFO] [stderr]   |               ^^^^^^
[INFO] [stderr]   |
[INFO] [stderr]   = note: `cargo::unused_dependencies` is set to `warn` by default
[INFO] [stderr] help: consider removing the dependency on `assay`
[INFO] [stderr] help: to still use for development builds, move to `dev-dependencies`
[INFO] [stderr] warning: `cosmos-chain-registry` (manifest) generated 1 warning
[INFO] [stderr]     Finished `release` profile [optimized] target(s) in 0.15s
[INFO] [stderr]      Running unittests src/lib.rs (/opt/rustwide/target/release/build/cosmos-chain-registry/35120e67c71e6e8b/out/cosmos_chain_registry-35120e67c71e6e8b)
[INFO] [stdout] 
[INFO] [stdout] running 16 tests
[INFO] [stdout] test get::tests::blank_token_is_ignored ... ok
[INFO] [stdout] test get::tests::client_attaches_bearer_token_when_configured ... ok
[INFO] [stdout] test get::tests::token_is_only_sent_to_the_api_host ... ok
[INFO] [stdout] test get::tests::token_from_trims_and_ignores_blank ... ok
[INFO] [stdout] test local::tests::parses_full_endpoint_objects ... ok
[INFO] [stdout] test get::tests::debug_redacts_token ... ok
[INFO] [stdout] test local::tests::parses_local_overrides ... ok
[INFO] [stdout] test local::tests::rejects_invalid_json ... ok
[INFO] [stdout] test get::tests::get_path_not_present_returns_none ... FAILED
[INFO] [stdout] test get::tests::lists_chains ... FAILED
[INFO] [stdout] test get::tests::parses_chain_info ... FAILED
[INFO] [stdout] test get::tests::gets_content_from_registry ... FAILED
[INFO] [stdout] test get::tests::gets_path_out_of_order ... FAILED
[INFO] [stdout] test get::tests::gets_chain ... FAILED
[INFO] [stdout] test get::tests::lists_paths ... FAILED
[INFO] [stdout] test get::tests::gets_path_in_order ... FAILED
[INFO] [stdout] 
[INFO] [stdout] failures:
[INFO] [stdout] 
[INFO] [stdout] ---- get::tests::get_path_not_present_returns_none stdout ----
[INFO] [stdout] 
[INFO] [stdout] thread 'get::tests::get_path_not_present_returns_none' (2274) panicked at src/get.rs:508:5:
[INFO] [stdout] Assay test failed
[INFO] [stdout] stack backtrace:
[INFO] [stdout]    0:     0x63af61e52aa1 - <<std[617be2ca0a6fd877]::sys::backtrace::BacktraceLock>::print::DisplayBacktrace as core[a373ad73a504971]::fmt::Display>::fmt
[INFO] [stdout]    1:     0x63af61e6941a - core[a373ad73a504971]::fmt::write
[INFO] [stdout]    2:     0x63af61e5763c - <alloc[2e1b2a31b91974c5]::vec::Vec<u8> as core[a373ad73a504971]::io::write::Write>::write_fmt
[INFO] [stdout]    3:     0x63af61e2c346 - std[617be2ca0a6fd877]::panicking::default_hook::{closure#0}
[INFO] [stdout]    4:     0x63af61e4a079 - std[617be2ca0a6fd877]::panicking::default_hook
[INFO] [stdout]    5:     0x63af61db1730 - test[aada8e7e76ba119b]::test_main_inner::{closure#0}
[INFO] [stdout]    6:     0x63af61e4a3a2 - std[617be2ca0a6fd877]::panicking::panic_with_hook
[INFO] [stdout]    7:     0x63af61e2c424 - std[617be2ca0a6fd877]::panicking::panic_handler::{closure#0}
[INFO] [stdout]    8:     0x63af61e24e79 - std[617be2ca0a6fd877]::sys::backtrace::__rust_end_short_backtrace::<std[617be2ca0a6fd877]::panicking::panic_handler::{closure#0}, !>
[INFO] [stdout]    9:     0x63af61e2d1ed - __rustc[ea4f61d10b84890b]::rust_begin_unwind
[INFO] [stdout]   10:     0x63af61e69b7c - core[a373ad73a504971]::panicking::panic_fmt
[INFO] [stdout]   11:     0x63af61bea2f3 - rusty_fork[4f8853dc2d6e5e23]::fork::fork::<rusty_fork[4f8853dc2d6e5e23]::sugar::RustyForkId, cosmos_chain_registry[2b5102d73a1afbdb]::get::tests::get_path_not_present_returns_none::modify, cosmos_chain_registry[2b5102d73a1afbdb]::get::tests::get_path_not_present_returns_none::parent, cosmos_chain_registry[2b5102d73a1afbdb]::get::tests::get_path_not_present_returns_none::child, ()>::{closure#1}
[INFO] [stdout]   12:     0x63af61e047b9 - rusty_fork[4f8853dc2d6e5e23]::fork::fork_impl
[INFO] [stdout]   13:     0x63af61be9b7b - rusty_fork[4f8853dc2d6e5e23]::fork::fork::<rusty_fork[4f8853dc2d6e5e23]::sugar::RustyForkId, cosmos_chain_registry[2b5102d73a1afbdb]::get::tests::get_path_not_present_returns_none::modify, cosmos_chain_registry[2b5102d73a1afbdb]::get::tests::get_path_not_present_returns_none::parent, cosmos_chain_registry[2b5102d73a1afbdb]::get::tests::get_path_not_present_returns_none::child, ()>
[INFO] [stdout]   14:     0x63af61bd827f - <cosmos_chain_registry[2b5102d73a1afbdb]::get::tests::get_path_not_present_returns_none::{closure#0} as core[a373ad73a504971]::ops::function::FnOnce<()>>::call_once
[INFO] [stdout]   15:     0x63af61da4b7b - test[aada8e7e76ba119b]::__rust_begin_short_backtrace::<core[a373ad73a504971]::result::Result<(), alloc[2e1b2a31b91974c5]::string::String>, fn() -> core[a373ad73a504971]::result::Result<(), alloc[2e1b2a31b91974c5]::string::String>>
[INFO] [stdout]   16:     0x63af61db1d55 - test[aada8e7e76ba119b]::run_test::{closure#0}
[INFO] [stdout]   17:     0x63af61dab644 - std[617be2ca0a6fd877]::sys::backtrace::__rust_begin_short_backtrace::<test[aada8e7e76ba119b]::run_test::{closure#1}, ()>
[INFO] [stdout]   18:     0x63af61db4de2 - <std[617be2ca0a6fd877]::thread::lifecycle::spawn_unchecked<test[aada8e7e76ba119b]::run_test::{closure#1}, ()>::{closure#1} as core[a373ad73a504971]::ops::function::FnOnce<()>>::call_once::{shim:vtable#0}
[INFO] [stdout]   19:     0x63af61e51f4f - <std[617be2ca0a6fd877]::sys::thread::unix::Thread>::new::thread_start
[INFO] [stdout]   20:     0x789b97493dfa - <unknown>
[INFO] [stdout]   21:     0x789b975273d4 - clone
[INFO] [stdout]   22:                0x0 - <unknown>
[INFO] [stdout] 
[INFO] [stdout] running 1 test
[INFO] [stdout] 
[INFO] [stdout] thread 'get::tests::get_path_not_present_returns_none' (2299) panicked at src/get.rs:512:55:
[INFO] [stdout] called `Result::unwrap()` on an `Err` value: error sending request for url (https://raw.githubusercontent.com/cosmos/chain-registry/master/_IBC/fake-osmosis.json)
[INFO] [stdout] 
[INFO] [stdout] Caused by:
[INFO] [stdout]    0: client error (Connect)
[INFO] [stdout]    1: dns error
[INFO] [stdout]    2: failed to lookup address information: Temporary failure in name resolution
[INFO] [stdout] 
[INFO] [stdout] Location:
[INFO] [stdout]     src/get.rs:119:24
[INFO] [stdout] stack backtrace:
[INFO] [stdout]    0:     0x62c14ac98aa1 - <<std[617be2ca0a6fd877]::sys::backtrace::BacktraceLock>::print::DisplayBacktrace as core[a373ad73a504971]::fmt::Display>::fmt
[INFO] [stdout]    1:     0x62c14acaf41a - core[a373ad73a504971]::fmt::write
[INFO] [stdout]    2:     0x62c14ac9e44c - <std[617be2ca0a6fd877]::sys::stdio::unix::Stderr as core[a373ad73a504971]::io::write::Write>::write_fmt
[INFO] [stdout]    3:     0x62c14ac72346 - std[617be2ca0a6fd877]::panicking::default_hook::{closure#0}
[INFO] [stdout]    4:     0x62c14ac90041 - std[617be2ca0a6fd877]::panicking::default_hook
[INFO] [stdout]    5:     0x62c14ac9036b - std[617be2ca0a6fd877]::panicking::panic_with_hook
[INFO] [stdout]    6:     0x62c14ac723f2 - std[617be2ca0a6fd877]::panicking::panic_handler::{closure#0}
[INFO] [stdout]    7:     0x62c14ac6ae79 - std[617be2ca0a6fd877]::sys::backtrace::__rust_end_short_backtrace::<std[617be2ca0a6fd877]::panicking::panic_handler::{closure#0}, !>
[INFO] [stdout]    8:     0x62c14ac731ed - __rustc[ea4f61d10b84890b]::rust_begin_unwind
[INFO] [stdout]    9:     0x62c14acafb7c - core[a373ad73a504971]::panicking::panic_fmt
[INFO] [stdout]   10:     0x62c14acaf952 - core[a373ad73a504971]::result::unwrap_failed
[INFO] [stdout]   11:     0x62c14a9f32ca - <tokio[5e3ed9018d5df213]::runtime::park::CachedParkThread>::block_on::<cosmos_chain_registry[2b5102d73a1afbdb]::get::tests::get_path_not_present_returns_none::child::{closure#0}::inner_async::{closure#0}>
[INFO] [stdout]   12:     0x62c14aa21efd - tokio[5e3ed9018d5df213]::runtime::context::runtime::enter_runtime::<<tokio[5e3ed9018d5df213]::runtime::scheduler::multi_thread::MultiThread>::block_on<cosmos_chain_registry[2b5102d73a1afbdb]::get::tests::get_path_not_present_returns_none::child::{closure#0}::inner_async::{closure#0}>::{closure#0}, core[a373ad73a504971]::result::Result<(), alloc[2e1b2a31b91974c5]::boxed::Box<dyn core[a373ad73a504971]::error::Error>>>
[INFO] [stdout]   13:     0x62c14aa2bcde - <tokio[5e3ed9018d5df213]::runtime::runtime::Runtime>::block_on::<cosmos_chain_registry[2b5102d73a1afbdb]::get::tests::get_path_not_present_returns_none::child::{closure#0}::inner_async::{closure#0}>
[INFO] [stdout]   14:     0x62c14aa1c1f9 - cosmos_chain_registry[2b5102d73a1afbdb]::get::tests::get_path_not_present_returns_none::child
[INFO] [stdout]   15:     0x62c14ac4ac6e - __rust_try
[INFO] [stdout]   16:     0x62c14ac4a8b2 - rusty_fork[4f8853dc2d6e5e23]::fork::fork_impl
[INFO] [stdout]   17:     0x62c14aa2fb7b - rusty_fork[4f8853dc2d6e5e23]::fork::fork::<rusty_fork[4f8853dc2d6e5e23]::sugar::RustyForkId, cosmos_chain_registry[2b5102d73a1afbdb]::get::tests::get_path_not_present_returns_none::modify, cosmos_chain_registry[2b5102d73a1afbdb]::get::tests::get_path_not_present_returns_none::parent, cosmos_chain_registry[2b5102d73a1afbdb]::get::tests::get_path_not_present_returns_none::child, ()>
[INFO] [stdout]   18:     0x62c14aa1e27f - <cosmos_chain_registry[2b5102d73a1afbdb]::get::tests::get_path_not_present_returns_none::{closure#0} as core[a373ad73a504971]::ops::function::FnOnce<()>>::call_once
[INFO] [stdout]   19:     0x62c14abeab7b - test[aada8e7e76ba119b]::__rust_begin_short_backtrace::<core[a373ad73a504971]::result::Result<(), alloc[2e1b2a31b91974c5]::string::String>, fn() -> core[a373ad73a504971]::result::Result<(), alloc[2e1b2a31b91974c5]::string::String>>
[INFO] [stdout]   20:     0x62c14abf7d55 - test[aada8e7e76ba119b]::run_test::{closure#0}
[INFO] [stdout]   21:     0x62c14abf1644 - std[617be2ca0a6fd877]::sys::backtrace::__rust_begin_short_backtrace::<test[aada8e7e76ba119b]::run_test::{closure#1}, ()>
[INFO] [stdout]   22:     0x62c14abfade2 - <std[617be2ca0a6fd877]::thread::lifecycle::spawn_unchecked<test[aada8e7e76ba119b]::run_test::{closure#1}, ()>::{closure#1} as core[a373ad73a504971]::ops::function::FnOnce<()>>::call_once::{shim:vtable#0}
[INFO] [stdout]   23:     0x62c14ac97f4f - <std[617be2ca0a6fd877]::sys::thread::unix::Thread>::new::thread_start
[INFO] [stdout]   24:     0x74b96ef09dfa - <unknown>
[INFO] [stdout]   25:     0x74b96ef9d3d4 - clone
[INFO] [stdout]   26:                0x0 - <unknown>
[INFO] [stdout] 
[INFO] [stdout] ---- get::tests::lists_chains stdout ----
[INFO] [stdout] 
[INFO] [stdout] thread 'get::tests::lists_chains' (2279) panicked at src/get.rs:476:5:
[INFO] [stdout] Assay test failed
[INFO] [stdout] stack backtrace:
[INFO] [stdout]    0:     0x63af61e52aa1 - <<std[617be2ca0a6fd877]::sys::backtrace::BacktraceLock>::print::DisplayBacktrace as core[a373ad73a504971]::fmt::Display>::fmt
[INFO] [stdout]    1:     0x63af61e6941a - core[a373ad73a504971]::fmt::write
[INFO] [stdout]    2:     0x63af61e5763c - <alloc[2e1b2a31b91974c5]::vec::Vec<u8> as core[a373ad73a504971]::io::write::Write>::write_fmt
[INFO] [stdout]    3:     0x63af61e2c346 - std[617be2ca0a6fd877]::panicking::default_hook::{closure#0}
[INFO] [stdout]    4:     0x63af61e4a079 - std[617be2ca0a6fd877]::panicking::default_hook
[INFO] [stdout]    5:     0x63af61db1730 - test[aada8e7e76ba119b]::test_main_inner::{closure#0}
[INFO] [stdout]    6:     0x63af61e4a3a2 - std[617be2ca0a6fd877]::panicking::panic_with_hook
[INFO] [stdout]    7:     0x63af61e2c424 - std[617be2ca0a6fd877]::panicking::panic_handler::{closure#0}
[INFO] [stdout]    8:     0x63af61e24e79 - std[617be2ca0a6fd877]::sys::backtrace::__rust_end_short_backtrace::<std[617be2ca0a6fd877]::panicking::panic_handler::{closure#0}, !>
[INFO] [stdout]    9:     0x63af61e2d1ed - __rustc[ea4f61d10b84890b]::rust_begin_unwind
[INFO] [stdout]   10:     0x63af61e69b7c - core[a373ad73a504971]::panicking::panic_fmt
[INFO] [stdout]   11:     0x63af61be9e93 - rusty_fork[4f8853dc2d6e5e23]::fork::fork::<rusty_fork[4f8853dc2d6e5e23]::sugar::RustyForkId, cosmos_chain_registry[2b5102d73a1afbdb]::get::tests::lists_chains::modify, cosmos_chain_registry[2b5102d73a1afbdb]::get::tests::lists_chains::parent, cosmos_chain_registry[2b5102d73a1afbdb]::get::tests::lists_chains::child, ()>::{closure#1}
[INFO] [stdout]   12:     0x63af61e047b9 - rusty_fork[4f8853dc2d6e5e23]::fork::fork_impl
[INFO] [stdout]   13:     0x63af61be935b - rusty_fork[4f8853dc2d6e5e23]::fork::fork::<rusty_fork[4f8853dc2d6e5e23]::sugar::RustyForkId, cosmos_chain_registry[2b5102d73a1afbdb]::get::tests::lists_chains::modify, cosmos_chain_registry[2b5102d73a1afbdb]::get::tests::lists_chains::parent, cosmos_chain_registry[2b5102d73a1afbdb]::get::tests::lists_chains::child, ()>
[INFO] [stdout]   14:     0x63af61bd72bf - <cosmos_chain_registry[2b5102d73a1afbdb]::get::tests::lists_chains::{closure#0} as core[a373ad73a504971]::ops::function::FnOnce<()>>::call_once
[INFO] [stdout]   15:     0x63af61da4b7b - test[aada8e7e76ba119b]::__rust_begin_short_backtrace::<core[a373ad73a504971]::result::Result<(), alloc[2e1b2a31b91974c5]::string::String>, fn() -> core[a373ad73a504971]::result::Result<(), alloc[2e1b2a31b91974c5]::string::String>>
[INFO] [stdout]   16:     0x63af61db1d55 - test[aada8e7e76ba119b]::run_test::{closure#0}
[INFO] [stdout]   17:     0x63af61dab644 - std[617be2ca0a6fd877]::sys::backtrace::__rust_begin_short_backtrace::<test[aada8e7e76ba119b]::run_test::{closure#1}, ()>
[INFO] [stdout]   18:     0x63af61db4de2 - <std[617be2ca0a6fd877]::thread::lifecycle::spawn_unchecked<test[aada8e7e76ba119b]::run_test::{closure#1}, ()>::{closure#1} as core[a373ad73a504971]::ops::function::FnOnce<()>>::call_once::{shim:vtable#0}
[INFO] [stdout]   19:     0x63af61e51f4f - <std[617be2ca0a6fd877]::sys::thread::unix::Thread>::new::thread_start
[INFO] [stdout]   20:     0x789b97493dfa - <unknown>
[INFO] [stdout]   21:     0x789b975273d4 - clone
[INFO] [stdout]   22:                0x0 - <unknown>
[INFO] [stdout] 
[INFO] [stdout] running 1 test
[INFO] [stdout] 
[INFO] [stdout] thread 'get::tests::lists_chains' (2295) panicked at src/get.rs:478:29:
[INFO] [stdout] called `Result::unwrap()` on an `Err` value: error sending request for url (https://api.github.com/repos/cosmos/chain-registry/contents?ref=master)
[INFO] [stdout] 
[INFO] [stdout] Caused by:
[INFO] [stdout]    0: client error (Connect)
[INFO] [stdout]    1: dns error
[INFO] [stdout]    2: failed to lookup address information: Temporary failure in name resolution
[INFO] [stdout] 
[INFO] [stdout] Location:
[INFO] [stdout]     src/get.rs:109:24
[INFO] [stdout] stack backtrace:
[INFO] [stdout]    0:     0x5c1d11c96aa1 - <<std[617be2ca0a6fd877]::sys::backtrace::BacktraceLock>::print::DisplayBacktrace as core[a373ad73a504971]::fmt::Display>::fmt
[INFO] [stdout]    1:     0x5c1d11cad41a - core[a373ad73a504971]::fmt::write
[INFO] [stdout]    2:     0x5c1d11c9c44c - <std[617be2ca0a6fd877]::sys::stdio::unix::Stderr as core[a373ad73a504971]::io::write::Write>::write_fmt
[INFO] [stdout]    3:     0x5c1d11c70346 - std[617be2ca0a6fd877]::panicking::default_hook::{closure#0}
[INFO] [stdout]    4:     0x5c1d11c8e041 - std[617be2ca0a6fd877]::panicking::default_hook
[INFO] [stdout]    5:     0x5c1d11c8e36b - std[617be2ca0a6fd877]::panicking::panic_with_hook
[INFO] [stdout]    6:     0x5c1d11c703f2 - std[617be2ca0a6fd877]::panicking::panic_handler::{closure#0}
[INFO] [stdout]    7:     0x5c1d11c68e79 - std[617be2ca0a6fd877]::sys::backtrace::__rust_end_short_backtrace::<std[617be2ca0a6fd877]::panicking::panic_handler::{closure#0}, !>
[INFO] [stdout]    8:     0x5c1d11c711ed - __rustc[ea4f61d10b84890b]::rust_begin_unwind
[INFO] [stdout]    9:     0x5c1d11cadb7c - core[a373ad73a504971]::panicking::panic_fmt
[INFO] [stdout]   10:     0x5c1d11cad952 - core[a373ad73a504971]::result::unwrap_failed
[INFO] [stdout]   11:     0x5c1d119ef5ba - <tokio[5e3ed9018d5df213]::runtime::park::CachedParkThread>::block_on::<cosmos_chain_registry[2b5102d73a1afbdb]::get::tests::lists_chains::child::{closure#0}::inner_async::{closure#0}>
[INFO] [stdout]   12:     0x5c1d11a1f480 - tokio[5e3ed9018d5df213]::runtime::context::runtime::enter_runtime::<<tokio[5e3ed9018d5df213]::runtime::scheduler::multi_thread::MultiThread>::block_on<cosmos_chain_registry[2b5102d73a1afbdb]::get::tests::lists_chains::child::{closure#0}::inner_async::{closure#0}>::{closure#0}, core[a373ad73a504971]::result::Result<(), alloc[2e1b2a31b91974c5]::boxed::Box<dyn core[a373ad73a504971]::error::Error>>>
[INFO] [stdout]   13:     0x5c1d11a295be - <tokio[5e3ed9018d5df213]::runtime::runtime::Runtime>::block_on::<cosmos_chain_registry[2b5102d73a1afbdb]::get::tests::lists_chains::child::{closure#0}::inner_async::{closure#0}>
[INFO] [stdout]   14:     0x5c1d11a195ca - cosmos_chain_registry[2b5102d73a1afbdb]::get::tests::lists_chains::child
[INFO] [stdout]   15:     0x5c1d11c48c6e - __rust_try
[INFO] [stdout]   16:     0x5c1d11c488b2 - rusty_fork[4f8853dc2d6e5e23]::fork::fork_impl
[INFO] [stdout]   17:     0x5c1d11a2d35b - rusty_fork[4f8853dc2d6e5e23]::fork::fork::<rusty_fork[4f8853dc2d6e5e23]::sugar::RustyForkId, cosmos_chain_registry[2b5102d73a1afbdb]::get::tests::lists_chains::modify, cosmos_chain_registry[2b5102d73a1afbdb]::get::tests::lists_chains::parent, cosmos_chain_registry[2b5102d73a1afbdb]::get::tests::lists_chains::child, ()>
[INFO] [stdout]   18:     0x5c1d11a1b2bf - <cosmos_chain_registry[2b5102d73a1afbdb]::get::tests::lists_chains::{closure#0} as core[a373ad73a504971]::ops::function::FnOnce<()>>::call_once
[INFO] [stdout]   19:     0x5c1d11be8b7b - test[aada8e7e76ba119b]::__rust_begin_short_backtrace::<core[a373ad73a504971]::result::Result<(), alloc[2e1b2a31b91974c5]::string::String>, fn() -> core[a373ad73a504971]::result::Result<(), alloc[2e1b2a31b91974c5]::string::String>>
[INFO] [stdout]   20:     0x5c1d11bf5d55 - test[aada8e7e76ba119b]::run_test::{closure#0}
[INFO] [stdout]   21:     0x5c1d11bef644 - std[617be2ca0a6fd877]::sys::backtrace::__rust_begin_short_backtrace::<test[aada8e7e76ba119b]::run_test::{closure#1}, ()>
[INFO] [stdout]   22:     0x5c1d11bf8de2 - <std[617be2ca0a6fd877]::thread::lifecycle::spawn_unchecked<test[aada8e7e76ba119b]::run_test::{closure#1}, ()>::{closure#1} as core[a373ad73a504971]::ops::function::FnOnce<()>>::call_once::{shim:vtable#0}
[INFO] [stdout]   23:     0x5c1d11c95f4f - <std[617be2ca0a6fd877]::sys::thread::unix::Thread>::new::thread_start
[INFO] [stdout]   24:     0x75dc60116dfa - <unknown>
[INFO] [stdout]   25:     0x75dc601aa3d4 - clone
[INFO] [stdout]   26:                0x0 - <unknown>
[INFO] [stdout] 
[INFO] [stdout] ---- get::tests::parses_chain_info stdout ----
[INFO] [stdout] 
[INFO] [stdout] thread 'get::tests::parses_chain_info' (2281) panicked at src/get.rs:457:5:
[INFO] [stdout] Assay test failed
[INFO] [stdout] stack backtrace:
[INFO] [stdout]    0:     0x63af61e52aa1 - <<std[617be2ca0a6fd877]::sys::backtrace::BacktraceLock>::print::DisplayBacktrace as core[a373ad73a504971]::fmt::Display>::fmt
[INFO] [stdout]    1:     0x63af61e6941a - core[a373ad73a504971]::fmt::write
[INFO] [stdout]    2:     0x63af61e5763c - <alloc[2e1b2a31b91974c5]::vec::Vec<u8> as core[a373ad73a504971]::io::write::Write>::write_fmt
[INFO] [stdout]    3:     0x63af61e2c346 - std[617be2ca0a6fd877]::panicking::default_hook::{closure#0}
[INFO] [stdout]    4:     0x63af61e4a079 - std[617be2ca0a6fd877]::panicking::default_hook
[INFO] [stdout]    5:     0x63af61db1730 - test[aada8e7e76ba119b]::test_main_inner::{closure#0}
[INFO] [stdout]    6:     0x63af61e4a3a2 - std[617be2ca0a6fd877]::panicking::panic_with_hook
[INFO] [stdout]    7:     0x63af61e2c424 - std[617be2ca0a6fd877]::panicking::panic_handler::{closure#0}
[INFO] [stdout]    8:     0x63af61e24e79 - std[617be2ca0a6fd877]::sys::backtrace::__rust_end_short_backtrace::<std[617be2ca0a6fd877]::panicking::panic_handler::{closure#0}, !>
[INFO] [stdout]    9:     0x63af61e2d1ed - __rustc[ea4f61d10b84890b]::rust_begin_unwind
[INFO] [stdout]   10:     0x63af61e69b7c - core[a373ad73a504971]::panicking::panic_fmt
[INFO] [stdout]   11:     0x63af61be9f73 - rusty_fork[4f8853dc2d6e5e23]::fork::fork::<rusty_fork[4f8853dc2d6e5e23]::sugar::RustyForkId, cosmos_chain_registry[2b5102d73a1afbdb]::get::tests::parses_chain_info::modify, cosmos_chain_registry[2b5102d73a1afbdb]::get::tests::parses_chain_info::parent, cosmos_chain_registry[2b5102d73a1afbdb]::get::tests::parses_chain_info::child, ()>::{closure#1}
[INFO] [stdout]   12:     0x63af61e047b9 - rusty_fork[4f8853dc2d6e5e23]::fork::fork_impl
[INFO] [stdout]   13:     0x63af61be94fb - rusty_fork[4f8853dc2d6e5e23]::fork::fork::<rusty_fork[4f8853dc2d6e5e23]::sugar::RustyForkId, cosmos_chain_registry[2b5102d73a1afbdb]::get::tests::parses_chain_info::modify, cosmos_chain_registry[2b5102d73a1afbdb]::get::tests::parses_chain_info::parent, cosmos_chain_registry[2b5102d73a1afbdb]::get::tests::parses_chain_info::child, ()>
[INFO] [stdout]   14:     0x63af61bd751f - <cosmos_chain_registry[2b5102d73a1afbdb]::get::tests::parses_chain_info::{closure#0} as core[a373ad73a504971]::ops::function::FnOnce<()>>::call_once
[INFO] [stdout]   15:     0x63af61da4b7b - test[aada8e7e76ba119b]::__rust_begin_short_backtrace::<core[a373ad73a504971]::result::Result<(), alloc[2e1b2a31b91974c5]::string::String>, fn() -> core[a373ad73a504971]::result::Result<(), alloc[2e1b2a31b91974c5]::string::String>>
[INFO] [stdout]   16:     0x63af61db1d55 - test[aada8e7e76ba119b]::run_test::{closure#0}
[INFO] [stdout]   17:     0x63af61dab644 - std[617be2ca0a6fd877]::sys::backtrace::__rust_begin_short_backtrace::<test[aada8e7e76ba119b]::run_test::{closure#1}, ()>
[INFO] [stdout]   18:     0x63af61db4de2 - <std[617be2ca0a6fd877]::thread::lifecycle::spawn_unchecked<test[aada8e7e76ba119b]::run_test::{closure#1}, ()>::{closure#1} as core[a373ad73a504971]::ops::function::FnOnce<()>>::call_once::{shim:vtable#0}
[INFO] [stdout]   19:     0x63af61e51f4f - <std[617be2ca0a6fd877]::sys::thread::unix::Thread>::new::thread_start
[INFO] [stdout]   20:     0x789b97493dfa - <unknown>
[INFO] [stdout]   21:     0x789b975273d4 - clone
[INFO] [stdout]   22:                0x0 - <unknown>
[INFO] [stdout] 
[INFO] [stdout] running 1 test
[INFO] [stdout] 
[INFO] [stdout] thread 'get::tests::parses_chain_info' (2297) panicked at src/get.rs:462:14:
[INFO] [stdout] called `Result::unwrap()` on an `Err` value: error sending request for url (https://raw.githubusercontent.com/cosmos/chain-registry/master/cosmoshub/chain.json)
[INFO] [stdout] 
[INFO] [stdout] Caused by:
[INFO] [stdout]    0: client error (Connect)
[INFO] [stdout]    1: dns error
[INFO] [stdout]    2: failed to lookup address information: Temporary failure in name resolution
[INFO] [stdout] 
[INFO] [stdout] Location:
[INFO] [stdout]     src/get.rs:119:24
[INFO] [stdout] stack backtrace:
[INFO] [stdout]    0:     0x613ed406daa1 - <<std[617be2ca0a6fd877]::sys::backtrace::BacktraceLock>::print::DisplayBacktrace as core[a373ad73a504971]::fmt::Display>::fmt
[INFO] [stdout]    1:     0x613ed408441a - core[a373ad73a504971]::fmt::write
[INFO] [stdout]    2:     0x613ed407344c - <std[617be2ca0a6fd877]::sys::stdio::unix::Stderr as core[a373ad73a504971]::io::write::Write>::write_fmt
[INFO] [stdout]    3:     0x613ed4047346 - std[617be2ca0a6fd877]::panicking::default_hook::{closure#0}
[INFO] [stdout]    4:     0x613ed4065041 - std[617be2ca0a6fd877]::panicking::default_hook
[INFO] [stdout]    5:     0x613ed406536b - std[617be2ca0a6fd877]::panicking::panic_with_hook
[INFO] [stdout]    6:     0x613ed40473f2 - std[617be2ca0a6fd877]::panicking::panic_handler::{closure#0}
[INFO] [stdout]    7:     0x613ed403fe79 - std[617be2ca0a6fd877]::sys::backtrace::__rust_end_short_backtrace::<std[617be2ca0a6fd877]::panicking::panic_handler::{closure#0}, !>
[INFO] [stdout]    8:     0x613ed40481ed - __rustc[ea4f61d10b84890b]::rust_begin_unwind
[INFO] [stdout]    9:     0x613ed4084b7c - core[a373ad73a504971]::panicking::panic_fmt
[INFO] [stdout]   10:     0x613ed4084952 - core[a373ad73a504971]::result::unwrap_failed
[INFO] [stdout]   11:     0x613ed3dc6c94 - <tokio[5e3ed9018d5df213]::runtime::park::CachedParkThread>::block_on::<cosmos_chain_registry[2b5102d73a1afbdb]::get::tests::parses_chain_info::child::{closure#0}::inner_async::{closure#0}>
[INFO] [stdout]   12:     0x613ed3df669d - tokio[5e3ed9018d5df213]::runtime::context::runtime::enter_runtime::<<tokio[5e3ed9018d5df213]::runtime::scheduler::multi_thread::MultiThread>::block_on<cosmos_chain_registry[2b5102d73a1afbdb]::get::tests::parses_chain_info::child::{closure#0}::inner_async::{closure#0}>::{closure#0}, core[a373ad73a504971]::result::Result<(), alloc[2e1b2a31b91974c5]::boxed::Box<dyn core[a373ad73a504971]::error::Error>>>
[INFO] [stdout]   13:     0x613ed3e0072e - <tokio[5e3ed9018d5df213]::runtime::runtime::Runtime>::block_on::<cosmos_chain_registry[2b5102d73a1afbdb]::get::tests::parses_chain_info::child::{closure#0}::inner_async::{closure#0}>
[INFO] [stdout]   14:     0x613ed3df0839 - cosmos_chain_registry[2b5102d73a1afbdb]::get::tests::parses_chain_info::child
[INFO] [stdout]   15:     0x613ed401fc6e - __rust_try
[INFO] [stdout]   16:     0x613ed401f8b2 - rusty_fork[4f8853dc2d6e5e23]::fork::fork_impl
[INFO] [stdout]   17:     0x613ed3e044fb - rusty_fork[4f8853dc2d6e5e23]::fork::fork::<rusty_fork[4f8853dc2d6e5e23]::sugar::RustyForkId, cosmos_chain_registry[2b5102d73a1afbdb]::get::tests::parses_chain_info::modify, cosmos_chain_registry[2b5102d73a1afbdb]::get::tests::parses_chain_info::parent, cosmos_chain_registry[2b5102d73a1afbdb]::get::tests::parses_chain_info::child, ()>
[INFO] [stdout]   18:     0x613ed3df251f - <cosmos_chain_registry[2b5102d73a1afbdb]::get::tests::parses_chain_info::{closure#0} as core[a373ad73a504971]::ops::function::FnOnce<()>>::call_once
[INFO] [stdout]   19:     0x613ed3fbfb7b - test[aada8e7e76ba119b]::__rust_begin_short_backtrace::<core[a373ad73a504971]::result::Result<(), alloc[2e1b2a31b91974c5]::string::String>, fn() -> core[a373ad73a504971]::result::Result<(), alloc[2e1b2a31b91974c5]::string::String>>
[INFO] [stdout]   20:     0x613ed3fccd55 - test[aada8e7e76ba119b]::run_test::{closure#0}
[INFO] [stdout]   21:     0x613ed3fc6644 - std[617be2ca0a6fd877]::sys::backtrace::__rust_begin_short_backtrace::<test[aada8e7e76ba119b]::run_test::{closure#1}, ()>
[INFO] [stdout]   22:     0x613ed3fcfde2 - <std[617be2ca0a6fd877]::thread::lifecycle::spawn_unchecked<test[aada8e7e76ba119b]::run_test::{closure#1}, ()>::{closure#1} as core[a373ad73a504971]::ops::function::FnOnce<()>>::call_once::{shim:vtable#0}
[INFO] [stdout]   23:     0x613ed406cf4f - <std[617be2ca0a6fd877]::sys::thread::unix::Thread>::new::thread_start
[INFO] [stdout]   24:     0x7379e0931dfa - <unknown>
[INFO] [stdout]   25:     0x7379e09c53d4 - clone
[INFO] [stdout]   26:                0x0 - <unknown>
[INFO] [stdout] 
[INFO] [stdout] ---- get::tests::gets_content_from_registry stdout ----
[INFO] [stdout] 
[INFO] [stdout] thread 'get::tests::gets_content_from_registry' (2276) panicked at src/get.rs:448:5:
[INFO] [stdout] Assay test failed
[INFO] [stdout] stack backtrace:
[INFO] [stdout]    0:     0x63af61e52aa1 - <<std[617be2ca0a6fd877]::sys::backtrace::BacktraceLock>::print::DisplayBacktrace as core[a373ad73a504971]::fmt::Display>::fmt
[INFO] [stdout]    1:     0x63af61e6941a - core[a373ad73a504971]::fmt::write
[INFO] [stdout]    2:     0x63af61e5763c - <alloc[2e1b2a31b91974c5]::vec::Vec<u8> as core[a373ad73a504971]::io::write::Write>::write_fmt
[INFO] [stdout]    3:     0x63af61e2c346 - std[617be2ca0a6fd877]::panicking::default_hook::{closure#0}
[INFO] [stdout]    4:     0x63af61e4a079 - std[617be2ca0a6fd877]::panicking::default_hook
[INFO] [stdout]    5:     0x63af61db1730 - test[aada8e7e76ba119b]::test_main_inner::{closure#0}
[INFO] [stdout]    6:     0x63af61e4a3a2 - std[617be2ca0a6fd877]::panicking::panic_with_hook
[INFO] [stdout]    7:     0x63af61e2c424 - std[617be2ca0a6fd877]::panicking::panic_handler::{closure#0}
[INFO] [stdout]    8:     0x63af61e24e79 - std[617be2ca0a6fd877]::sys::backtrace::__rust_end_short_backtrace::<std[617be2ca0a6fd877]::panicking::panic_handler::{closure#0}, !>
[INFO] [stdout]    9:     0x63af61e2d1ed - __rustc[ea4f61d10b84890b]::rust_begin_unwind
[INFO] [stdout]   10:     0x63af61e69b7c - core[a373ad73a504971]::panicking::panic_fmt
[INFO] [stdout]   11:     0x63af61bea213 - rusty_fork[4f8853dc2d6e5e23]::fork::fork::<rusty_fork[4f8853dc2d6e5e23]::sugar::RustyForkId, cosmos_chain_registry[2b5102d73a1afbdb]::get::tests::gets_content_from_registry::modify, cosmos_chain_registry[2b5102d73a1afbdb]::get::tests::gets_content_from_registry::parent, cosmos_chain_registry[2b5102d73a1afbdb]::get::tests::gets_content_from_registry::child, ()>::{closure#1}
[INFO] [stdout]   12:     0x63af61e047b9 - rusty_fork[4f8853dc2d6e5e23]::fork::fork_impl
[INFO] [stdout]   13:     0x63af61be99db - rusty_fork[4f8853dc2d6e5e23]::fork::fork::<rusty_fork[4f8853dc2d6e5e23]::sugar::RustyForkId, cosmos_chain_registry[2b5102d73a1afbdb]::get::tests::gets_content_from_registry::modify, cosmos_chain_registry[2b5102d73a1afbdb]::get::tests::gets_content_from_registry::parent, cosmos_chain_registry[2b5102d73a1afbdb]::get::tests::gets_content_from_registry::child, ()>
[INFO] [stdout]   14:     0x63af61bd8008 - <cosmos_chain_registry[2b5102d73a1afbdb]::get::tests::gets_content_from_registry::{closure#0} as core[a373ad73a504971]::ops::function::FnOnce<()>>::call_once
[INFO] [stdout]   15:     0x63af61da4b7b - test[aada8e7e76ba119b]::__rust_begin_short_backtrace::<core[a373ad73a504971]::result::Result<(), alloc[2e1b2a31b91974c5]::string::String>, fn() -> core[a373ad73a504971]::result::Result<(), alloc[2e1b2a31b91974c5]::string::String>>
[INFO] [stdout]   16:     0x63af61db1d55 - test[aada8e7e76ba119b]::run_test::{closure#0}
[INFO] [stdout]   17:     0x63af61dab644 - std[617be2ca0a6fd877]::sys::backtrace::__rust_begin_short_backtrace::<test[aada8e7e76ba119b]::run_test::{closure#1}, ()>
[INFO] [stdout]   18:     0x63af61db4de2 - <std[617be2ca0a6fd877]::thread::lifecycle::spawn_unchecked<test[aada8e7e76ba119b]::run_test::{closure#1}, ()>::{closure#1} as core[a373ad73a504971]::ops::function::FnOnce<()>>::call_once::{shim:vtable#0}
[INFO] [stdout]   19:     0x63af61e51f4f - <std[617be2ca0a6fd877]::sys::thread::unix::Thread>::new::thread_start
[INFO] [stdout]   20:     0x789b97493dfa - <unknown>
[INFO] [stdout]   21:     0x789b975273d4 - clone
[INFO] [stdout]   22:                0x0 - <unknown>
[INFO] [stdout] 
[INFO] [stdout] running 1 test
[INFO] [stdout] 
[INFO] [stdout] thread 'get::tests::gets_content_from_registry' (2392) panicked at src/get.rs:454:16:
[INFO] [stdout] called `Result::unwrap()` on an `Err` value: error sending request for url (https://raw.githubusercontent.com/cosmos/chain-registry/master/cosmoshub/chain.json)
[INFO] [stdout] 
[INFO] [stdout] Caused by:
[INFO] [stdout]    0: client error (Connect)
[INFO] [stdout]    1: dns error
[INFO] [stdout]    2: failed to lookup address information: Temporary failure in name resolution
[INFO] [stdout] 
[INFO] [stdout] Location:
[INFO] [stdout]     src/get.rs:119:24
[INFO] [stdout] stack backtrace:
[INFO] [stdout]    0:     0x5e59b069daa1 - <<std[617be2ca0a6fd877]::sys::backtrace::BacktraceLock>::print::DisplayBacktrace as core[a373ad73a504971]::fmt::Display>::fmt
[INFO] [stdout]    1:     0x5e59b06b441a - core[a373ad73a504971]::fmt::write
[INFO] [stdout]    2:     0x5e59b06a344c - <std[617be2ca0a6fd877]::sys::stdio::unix::Stderr as core[a373ad73a504971]::io::write::Write>::write_fmt
[INFO] [stdout]    3:     0x5e59b0677346 - std[617be2ca0a6fd877]::panicking::default_hook::{closure#0}
[INFO] [stdout]    4:     0x5e59b0695041 - std[617be2ca0a6fd877]::panicking::default_hook
[INFO] [stdout]    5:     0x5e59b069536b - std[617be2ca0a6fd877]::panicking::panic_with_hook
[INFO] [stdout]    6:     0x5e59b06773f2 - std[617be2ca0a6fd877]::panicking::panic_handler::{closure#0}
[INFO] [stdout]    7:     0x5e59b066fe79 - std[617be2ca0a6fd877]::sys::backtrace::__rust_end_short_backtrace::<std[617be2ca0a6fd877]::panicking::panic_handler::{closure#0}, !>
[INFO] [stdout]    8:     0x5e59b06781ed - __rustc[ea4f61d10b84890b]::rust_begin_unwind
[INFO] [stdout]    9:     0x5e59b06b4b7c - core[a373ad73a504971]::panicking::panic_fmt
[INFO] [stdout]   10:     0x5e59b06b4952 - core[a373ad73a504971]::result::unwrap_failed
[INFO] [stdout]   11:     0x5e59b03f7db3 - <tokio[5e3ed9018d5df213]::runtime::park::CachedParkThread>::block_on::<cosmos_chain_registry[2b5102d73a1afbdb]::get::tests::gets_content_from_registry::child::{closure#0}::inner_async::{closure#0}>
[INFO] [stdout]   12:     0x5e59b0426ced - tokio[5e3ed9018d5df213]::runtime::context::runtime::enter_runtime::<<tokio[5e3ed9018d5df213]::runtime::scheduler::multi_thread::MultiThread>::block_on<cosmos_chain_registry[2b5102d73a1afbdb]::get::tests::gets_content_from_registry::child::{closure#0}::inner_async::{closure#0}>::{closure#0}, core[a373ad73a504971]::result::Result<(), alloc[2e1b2a31b91974c5]::boxed::Box<dyn core[a373ad73a504971]::error::Error>>>
[INFO] [stdout]   13:     0x5e59b0430bbc - <tokio[5e3ed9018d5df213]::runtime::runtime::Runtime>::block_on::<cosmos_chain_registry[2b5102d73a1afbdb]::get::tests::gets_content_from_registry::child::{closure#0}::inner_async::{closure#0}>
[INFO] [stdout]   14:     0x5e59b0420f89 - cosmos_chain_registry[2b5102d73a1afbdb]::get::tests::gets_content_from_registry::child
[INFO] [stdout]   15:     0x5e59b064fc6e - __rust_try
[INFO] [stdout]   16:     0x5e59b064f8b2 - rusty_fork[4f8853dc2d6e5e23]::fork::fork_impl
[INFO] [stdout]   17:     0x5e59b04349db - rusty_fork[4f8853dc2d6e5e23]::fork::fork::<rusty_fork[4f8853dc2d6e5e23]::sugar::RustyForkId, cosmos_chain_registry[2b5102d73a1afbdb]::get::tests::gets_content_from_registry::modify, cosmos_chain_registry[2b5102d73a1afbdb]::get::tests::gets_content_from_registry::parent, cosmos_chain_registry[2b5102d73a1afbdb]::get::tests::gets_content_from_registry::child, ()>
[INFO] [stdout]   18:     0x5e59b0423008 - <cosmos_chain_registry[2b5102d73a1afbdb]::get::tests::gets_content_from_registry::{closure#0} as core[a373ad73a504971]::ops::function::FnOnce<()>>::call_once
[INFO] [stdout]   19:     0x5e59b05efb7b - test[aada8e7e76ba119b]::__rust_begin_short_backtrace::<core[a373ad73a504971]::result::Result<(), alloc[2e1b2a31b91974c5]::string::String>, fn() -> core[a373ad73a504971]::result::Result<(), alloc[2e1b2a31b91974c5]::string::String>>
[INFO] [stdout]   20:     0x5e59b05fcd55 - test[aada8e7e76ba119b]::run_test::{closure#0}
[INFO] [stdout]   21:     0x5e59b05f6644 - std[617be2ca0a6fd877]::sys::backtrace::__rust_begin_short_backtrace::<test[aada8e7e76ba119b]::run_test::{closure#1}, ()>
[INFO] [stdout]   22:     0x5e59b05ffde2 - <std[617be2ca0a6fd877]::thread::lifecycle::spawn_unchecked<test[aada8e7e76ba119b]::run_test::{closure#1}, ()>::{closure#1} as core[a373ad73a504971]::ops::function::FnOnce<()>>::call_once::{shim:vtable#0}
[INFO] [stdout]   23:     0x5e59b069cf4f - <std[617be2ca0a6fd877]::sys::thread::unix::Thread>::new::thread_start
[INFO] [stdout]   24:     0x7d52419ccdfa - <unknown>
[INFO] [stdout]   25:     0x7d5241a603d4 - clone
[INFO] [stdout]   26:                0x0 - <unknown>
[INFO] [stdout] 
[INFO] [stdout] ---- get::tests::gets_path_out_of_order stdout ----
[INFO] [stdout] 
[INFO] [stdout] thread 'get::tests::gets_path_out_of_order' (2278) panicked at src/get.rs:499:5:
[INFO] [stdout] Assay test failed
[INFO] [stdout] stack backtrace:
[INFO] [stdout]    0:     0x63af61e52aa1 - <<std[617be2ca0a6fd877]::sys::backtrace::BacktraceLock>::print::DisplayBacktrace as core[a373ad73a504971]::fmt::Display>::fmt
[INFO] [stdout]    1:     0x63af61e6941a - core[a373ad73a504971]::fmt::write
[INFO] [stdout]    2:     0x63af61e5763c - <alloc[2e1b2a31b91974c5]::vec::Vec<u8> as core[a373ad73a504971]::io::write::Write>::write_fmt
[INFO] [stdout]    3:     0x63af61e2c346 - std[617be2ca0a6fd877]::panicking::default_hook::{closure#0}
[INFO] [stdout]    4:     0x63af61e4a079 - std[617be2ca0a6fd877]::panicking::default_hook
[INFO] [stdout]    5:     0x63af61db1730 - test[aada8e7e76ba119b]::test_main_inner::{closure#0}
[INFO] [stdout]    6:     0x63af61e4a3a2 - std[617be2ca0a6fd877]::panicking::panic_with_hook
[INFO] [stdout]    7:     0x63af61e2c424 - std[617be2ca0a6fd877]::panicking::panic_handler::{closure#0}
[INFO] [stdout]    8:     0x63af61e24e79 - std[617be2ca0a6fd877]::sys::backtrace::__rust_end_short_backtrace::<std[617be2ca0a6fd877]::panicking::panic_handler::{closure#0}, !>
[INFO] [stdout]    9:     0x63af61e2d1ed - __rustc[ea4f61d10b84890b]::rust_begin_unwind
[INFO] [stdout]   10:     0x63af61e69b7c - core[a373ad73a504971]::panicking::panic_fmt
[INFO] [stdout]   11:     0x63af61bea133 - rusty_fork[4f8853dc2d6e5e23]::fork::fork::<rusty_fork[4f8853dc2d6e5e23]::sugar::RustyForkId, cosmos_chain_registry[2b5102d73a1afbdb]::get::tests::gets_path_out_of_order::modify, cosmos_chain_registry[2b5102d73a1afbdb]::get::tests::gets_path_out_of_order::parent, cosmos_chain_registry[2b5102d73a1afbdb]::get::tests::gets_path_out_of_order::child, ()>::{closure#1}
[INFO] [stdout]   12:     0x63af61e047b9 - rusty_fork[4f8853dc2d6e5e23]::fork::fork_impl
[INFO] [stdout]   13:     0x63af61be983b - rusty_fork[4f8853dc2d6e5e23]::fork::fork::<rusty_fork[4f8853dc2d6e5e23]::sugar::RustyForkId, cosmos_chain_registry[2b5102d73a1afbdb]::get::tests::gets_path_out_of_order::modify, cosmos_chain_registry[2b5102d73a1afbdb]::get::tests::gets_path_out_of_order::parent, cosmos_chain_registry[2b5102d73a1afbdb]::get::tests::gets_path_out_of_order::child, ()>
[INFO] [stdout]   14:     0x63af61bd7d9f - <cosmos_chain_registry[2b5102d73a1afbdb]::get::tests::gets_path_out_of_order::{closure#0} as core[a373ad73a504971]::ops::function::FnOnce<()>>::call_once
[INFO] [stdout]   15:     0x63af61da4b7b - test[aada8e7e76ba119b]::__rust_begin_short_backtrace::<core[a373ad73a504971]::result::Result<(), alloc[2e1b2a31b91974c5]::string::String>, fn() -> core[a373ad73a504971]::result::Result<(), alloc[2e1b2a31b91974c5]::string::String>>
[INFO] [stdout]   16:     0x63af61db1d55 - test[aada8e7e76ba119b]::run_test::{closure#0}
[INFO] [stdout]   17:     0x63af61dab644 - std[617be2ca0a6fd877]::sys::backtrace::__rust_begin_short_backtrace::<test[aada8e7e76ba119b]::run_test::{closure#1}, ()>
[INFO] [stdout]   18:     0x63af61db4de2 - <std[617be2ca0a6fd877]::thread::lifecycle::spawn_unchecked<test[aada8e7e76ba119b]::run_test::{closure#1}, ()>::{closure#1} as core[a373ad73a504971]::ops::function::FnOnce<()>>::call_once::{shim:vtable#0}
[INFO] [stdout]   19:     0x63af61e51f4f - <std[617be2ca0a6fd877]::sys::thread::unix::Thread>::new::thread_start
[INFO] [stdout]   20:     0x789b97493dfa - <unknown>
[INFO] [stdout]   21:     0x789b975273d4 - clone
[INFO] [stdout]   22:                0x0 - <unknown>
[INFO] [stdout] 
[INFO] [stdout] running 1 test
[INFO] [stdout] 
[INFO] [stdout] thread 'get::tests::gets_path_out_of_order' (2298) panicked at src/get.rs:503:55:
[INFO] [stdout] called `Result::unwrap()` on an `Err` value: error sending request for url (https://raw.githubusercontent.com/cosmos/chain-registry/master/_IBC/cosmoshub-osmosis.json)
[INFO] [stdout] 
[INFO] [stdout] Caused by:
[INFO] [stdout]    0: client error (Connect)
[INFO] [stdout]    1: dns error
[INFO] [stdout]    2: failed to lookup address information: Temporary failure in name resolution
[INFO] [stdout] 
[INFO] [stdout] Location:
[INFO] [stdout]     src/get.rs:119:24
[INFO] [stdout] stack backtrace:
[INFO] [stdout]    0:     0x5e6252842aa1 - <<std[617be2ca0a6fd877]::sys::backtrace::BacktraceLock>::print::DisplayBacktrace as core[a373ad73a504971]::fmt::Display>::fmt
[INFO] [stdout]    1:     0x5e625285941a - core[a373ad73a504971]::fmt::write
[INFO] [stdout]    2:     0x5e625284844c - <std[617be2ca0a6fd877]::sys::stdio::unix::Stderr as core[a373ad73a504971]::io::write::Write>::write_fmt
[INFO] [stdout]    3:     0x5e625281c346 - std[617be2ca0a6fd877]::panicking::default_hook::{closure#0}
[INFO] [stdout]    4:     0x5e625283a041 - std[617be2ca0a6fd877]::panicking::default_hook
[INFO] [stdout]    5:     0x5e625283a36b - std[617be2ca0a6fd877]::panicking::panic_with_hook
[INFO] [stdout]    6:     0x5e625281c3f2 - std[617be2ca0a6fd877]::panicking::panic_handler::{closure#0}
[INFO] [stdout]    7:     0x5e6252814e79 - std[617be2ca0a6fd877]::sys::backtrace::__rust_end_short_backtrace::<std[617be2ca0a6fd877]::panicking::panic_handler::{closure#0}, !>
[INFO] [stdout]    8:     0x5e625281d1ed - __rustc[ea4f61d10b84890b]::rust_begin_unwind
[INFO] [stdout]    9:     0x5e6252859b7c - core[a373ad73a504971]::panicking::panic_fmt
[INFO] [stdout]   10:     0x5e6252859952 - core[a373ad73a504971]::result::unwrap_failed
[INFO] [stdout]   11:     0x5e625259c841 - <tokio[5e3ed9018d5df213]::runtime::park::CachedParkThread>::block_on::<cosmos_chain_registry[2b5102d73a1afbdb]::get::tests::gets_path_out_of_order::child::{closure#0}::inner_async::{closure#0}>
[INFO] [stdout]   12:     0x5e62525cbacd - tokio[5e3ed9018d5df213]::runtime::context::runtime::enter_runtime::<<tokio[5e3ed9018d5df213]::runtime::scheduler::multi_thread::MultiThread>::block_on<cosmos_chain_registry[2b5102d73a1afbdb]::get::tests::gets_path_out_of_order::child::{closure#0}::inner_async::{closure#0}>::{closure#0}, core[a373ad73a504971]::result::Result<(), alloc[2e1b2a31b91974c5]::boxed::Box<dyn core[a373ad73a504971]::error::Error>>>
[INFO] [stdout]   13:     0x5e62525d5a2e - <tokio[5e3ed9018d5df213]::runtime::runtime::Runtime>::block_on::<cosmos_chain_registry[2b5102d73a1afbdb]::get::tests::gets_path_out_of_order::child::{closure#0}::inner_async::{closure#0}>
[INFO] [stdout]   14:     0x5e62525c5d19 - cosmos_chain_registry[2b5102d73a1afbdb]::get::tests::gets_path_out_of_order::child
[INFO] [stdout]   15:     0x5e62527f4c6e - __rust_try
[INFO] [stdout]   16:     0x5e62527f48b2 - rusty_fork[4f8853dc2d6e5e23]::fork::fork_impl
[INFO] [stdout]   17:     0x5e62525d983b - rusty_fork[4f8853dc2d6e5e23]::fork::fork::<rusty_fork[4f8853dc2d6e5e23]::sugar::RustyForkId, cosmos_chain_registry[2b5102d73a1afbdb]::get::tests::gets_path_out_of_order::modify, cosmos_chain_registry[2b5102d73a1afbdb]::get::tests::gets_path_out_of_order::parent, cosmos_chain_registry[2b5102d73a1afbdb]::get::tests::gets_path_out_of_order::child, ()>
[INFO] [stdout]   18:     0x5e62525c7d9f - <cosmos_chain_registry[2b5102d73a1afbdb]::get::tests::gets_path_out_of_order::{closure#0} as core[a373ad73a504971]::ops::function::FnOnce<()>>::call_once
[INFO] [stdout]   19:     0x5e6252794b7b - test[aada8e7e76ba119b]::__rust_begin_short_backtrace::<core[a373ad73a504971]::result::Result<(), alloc[2e1b2a31b91974c5]::string::String>, fn() -> core[a373ad73a504971]::result::Result<(), alloc[2e1b2a31b91974c5]::string::String>>
[INFO] [stdout]   20:     0x5e62527a1d55 - test[aada8e7e76ba119b]::run_test::{closure#0}
[INFO] [stdout]   21:     0x5e625279b644 - std[617be2ca0a6fd877]::sys::backtrace::__rust_begin_short_backtrace::<test[aada8e7e76ba119b]::run_test::{closure#1}, ()>
[INFO] [stdout]   22:     0x5e62527a4de2 - <std[617be2ca0a6fd877]::thread::lifecycle::spawn_unchecked<test[aada8e7e76ba119b]::run_test::{closure#1}, ()>::{closure#1} as core[a373ad73a504971]::ops::function::FnOnce<()>>::call_once::{shim:vtable#0}
[INFO] [stdout]   23:     0x5e6252841f4f - <std[617be2ca0a6fd877]::sys::thread::unix::Thread>::new::thread_start
[INFO] [stdout]   24:     0x76b6ea08cdfa - <unknown>
[INFO] [stdout]   25:     0x76b6ea1203d4 - clone
[INFO] [stdout]   26:                0x0 - <unknown>
[INFO] [stdout] 
[INFO] [stdout] ---- get::tests::gets_chain stdout ----
[INFO] [stdout] 
[INFO] [stdout] thread 'get::tests::gets_chain' (2275) panicked at src/get.rs:469:5:
[INFO] [stdout] Assay test failed
[INFO] [stdout] stack backtrace:
[INFO] [stdout]    0:     0x63af61e52aa1 - <<std[617be2ca0a6fd877]::sys::backtrace::BacktraceLock>::print::DisplayBacktrace as core[a373ad73a504971]::fmt::Display>::fmt
[INFO] [stdout]    1:     0x63af61e6941a - core[a373ad73a504971]::fmt::write
[INFO] [stdout]    2:     0x63af61e5763c - <alloc[2e1b2a31b91974c5]::vec::Vec<u8> as core[a373ad73a504971]::io::write::Write>::write_fmt
[INFO] [stdout]    3:     0x63af61e2c346 - std[617be2ca0a6fd877]::panicking::default_hook::{closure#0}
[INFO] [stdout]    4:     0x63af61e4a079 - std[617be2ca0a6fd877]::panicking::default_hook
[INFO] [stdout]    5:     0x63af61db1730 - test[aada8e7e76ba119b]::test_main_inner::{closure#0}
[INFO] [stdout]    6:     0x63af61e4a3a2 - std[617be2ca0a6fd877]::panicking::panic_with_hook
[INFO] [stdout]    7:     0x63af61e2c424 - std[617be2ca0a6fd877]::panicking::panic_handler::{closure#0}
[INFO] [stdout]    8:     0x63af61e24e79 - std[617be2ca0a6fd877]::sys::backtrace::__rust_end_short_backtrace::<std[617be2ca0a6fd877]::panicking::panic_handler::{closure#0}, !>
[INFO] [stdout]    9:     0x63af61e2d1ed - __rustc[ea4f61d10b84890b]::rust_begin_unwind
[INFO] [stdout]   10:     0x63af61e69b7c - core[a373ad73a504971]::panicking::panic_fmt
[INFO] [stdout]   11:     0x63af61be9cd3 - rusty_fork[4f8853dc2d6e5e23]::fork::fork::<rusty_fork[4f8853dc2d6e5e23]::sugar::RustyForkId, cosmos_chain_registry[2b5102d73a1afbdb]::get::tests::gets_chain::modify, cosmos_chain_registry[2b5102d73a1afbdb]::get::tests::gets_chain::parent, cosmos_chain_registry[2b5102d73a1afbdb]::get::tests::gets_chain::child, ()>::{closure#1}
[INFO] [stdout]   12:     0x63af61e047b9 - rusty_fork[4f8853dc2d6e5e23]::fork::fork_impl
[INFO] [stdout]   13:     0x63af61be901b - rusty_fork[4f8853dc2d6e5e23]::fork::fork::<rusty_fork[4f8853dc2d6e5e23]::sugar::RustyForkId, cosmos_chain_registry[2b5102d73a1afbdb]::get::tests::gets_chain::modify, cosmos_chain_registry[2b5102d73a1afbdb]::get::tests::gets_chain::parent, cosmos_chain_registry[2b5102d73a1afbdb]::get::tests::gets_chain::child, ()>
[INFO] [stdout]   14:     0x63af61bd6dff - <cosmos_chain_registry[2b5102d73a1afbdb]::get::tests::gets_chain::{closure#0} as core[a373ad73a504971]::ops::function::FnOnce<()>>::call_once
[INFO] [stdout]   15:     0x63af61da4b7b - test[aada8e7e76ba119b]::__rust_begin_short_backtrace::<core[a373ad73a504971]::result::Result<(), alloc[2e1b2a31b91974c5]::string::String>, fn() -> core[a373ad73a504971]::result::Result<(), alloc[2e1b2a31b91974c5]::string::String>>
[INFO] [stdout]   16:     0x63af61db1d55 - test[aada8e7e76ba119b]::run_test::{closure#0}
[INFO] [stdout]   17:     0x63af61dab644 - std[617be2ca0a6fd877]::sys::backtrace::__rust_begin_short_backtrace::<test[aada8e7e76ba119b]::run_test::{closure#1}, ()>
[INFO] [stdout]   18:     0x63af61db4de2 - <std[617be2ca0a6fd877]::thread::lifecycle::spawn_unchecked<test[aada8e7e76ba119b]::run_test::{closure#1}, ()>::{closure#1} as core[a373ad73a504971]::ops::function::FnOnce<()>>::call_once::{shim:vtable#0}
[INFO] [stdout]   19:     0x63af61e51f4f - <std[617be2ca0a6fd877]::sys::thread::unix::Thread>::new::thread_start
[INFO] [stdout]   20:     0x789b97493dfa - <unknown>
[INFO] [stdout]   21:     0x789b975273d4 - clone
[INFO] [stdout]   22:                0x0 - <unknown>
[INFO] [stdout] 
[INFO] [stdout] running 1 test
[INFO] [stdout] 
[INFO] [stdout] thread 'get::tests::gets_chain' (2310) panicked at src/get.rs:473:16:
[INFO] [stdout] called `Result::unwrap()` on an `Err` value: error sending request for url (https://raw.githubusercontent.com/cosmos/chain-registry/master/cosmoshub/chain.json)
[INFO] [stdout] 
[INFO] [stdout] Caused by:
[INFO] [stdout]    0: client error (Connect)
[INFO] [stdout]    1: dns error
[INFO] [stdout]    2: failed to lookup address information: Temporary failure in name resolution
[INFO] [stdout] 
[INFO] [stdout] Location:
[INFO] [stdout]     src/get.rs:119:24
[INFO] [stdout] stack backtrace:
[INFO] [stdout]    0:     0x62dfb103caa1 - <<std[617be2ca0a6fd877]::sys::backtrace::BacktraceLock>::print::DisplayBacktrace as core[a373ad73a504971]::fmt::Display>::fmt
[INFO] [stdout]    1:     0x62dfb105341a - core[a373ad73a504971]::fmt::write
[INFO] [stdout]    2:     0x62dfb104244c - <std[617be2ca0a6fd877]::sys::stdio::unix::Stderr as core[a373ad73a504971]::io::write::Write>::write_fmt
[INFO] [stdout]    3:     0x62dfb1016346 - std[617be2ca0a6fd877]::panicking::default_hook::{closure#0}
[INFO] [stdout]    4:     0x62dfb1034041 - std[617be2ca0a6fd877]::panicking::default_hook
[INFO] [stdout]    5:     0x62dfb103436b - std[617be2ca0a6fd877]::panicking::panic_with_hook
[INFO] [stdout]    6:     0x62dfb10163f2 - std[617be2ca0a6fd877]::panicking::panic_handler::{closure#0}
[INFO] [stdout]    7:     0x62dfb100ee79 - std[617be2ca0a6fd877]::sys::backtrace::__rust_end_short_backtrace::<std[617be2ca0a6fd877]::panicking::panic_handler::{closure#0}, !>
[INFO] [stdout]    8:     0x62dfb10171ed - __rustc[ea4f61d10b84890b]::rust_begin_unwind
[INFO] [stdout]    9:     0x62dfb1053b7c - core[a373ad73a504971]::panicking::panic_fmt
[INFO] [stdout]   10:     0x62dfb1053952 - core[a373ad73a504971]::result::unwrap_failed
[INFO] [stdout]   11:     0x62dfb0d9413f - <tokio[5e3ed9018d5df213]::runtime::park::CachedParkThread>::block_on::<cosmos_chain_registry[2b5102d73a1afbdb]::get::tests::gets_chain::child::{closure#0}::inner_async::{closure#0}>
[INFO] [stdout]   12:     0x62dfb0dc504d - tokio[5e3ed9018d5df213]::runtime::context::runtime::enter_runtime::<<tokio[5e3ed9018d5df213]::runtime::scheduler::multi_thread::MultiThread>::block_on<cosmos_chain_registry[2b5102d73a1afbdb]::get::tests::gets_chain::child::{closure#0}::inner_async::{closure#0}>::{closure#0}, core[a373ad73a504971]::result::Result<(), alloc[2e1b2a31b91974c5]::boxed::Box<dyn core[a373ad73a504971]::error::Error>>>
[INFO] [stdout]   13:     0x62dfb0dcf2de - <tokio[5e3ed9018d5df213]::runtime::runtime::Runtime>::block_on::<cosmos_chain_registry[2b5102d73a1afbdb]::get::tests::gets_chain::child::{closure#0}::inner_async::{closure#0}>
[INFO] [stdout]   14:     0x62dfb0dbf0e9 - cosmos_chain_registry[2b5102d73a1afbdb]::get::tests::gets_chain::child
[INFO] [stdout]   15:     0x62dfb0feec6e - __rust_try
[INFO] [stdout]   16:     0x62dfb0fee8b2 - rusty_fork[4f8853dc2d6e5e23]::fork::fork_impl
[INFO] [stdout]   17:     0x62dfb0dd301b - rusty_fork[4f8853dc2d6e5e23]::fork::fork::<rusty_fork[4f8853dc2d6e5e23]::sugar::RustyForkId, cosmos_chain_registry[2b5102d73a1afbdb]::get::tests::gets_chain::modify, cosmos_chain_registry[2b5102d73a1afbdb]::get::tests::gets_chain::parent, cosmos_chain_registry[2b5102d73a1afbdb]::get::tests::gets_chain::child, ()>
[INFO] [stdout]   18:     0x62dfb0dc0dff - <cosmos_chain_registry[2b5102d73a1afbdb]::get::tests::gets_chain::{closure#0} as core[a373ad73a504971]::ops::function::FnOnce<()>>::call_once
[INFO] [stdout]   19:     0x62dfb0f8eb7b - test[aada8e7e76ba119b]::__rust_begin_short_backtrace::<core[a373ad73a504971]::result::Result<(), alloc[2e1b2a31b91974c5]::string::String>, fn() -> core[a373ad73a504971]::result::Result<(), alloc[2e1b2a31b91974c5]::string::String>>
[INFO] [stdout]   20:     0x62dfb0f9bd55 - test[aada8e7e76ba119b]::run_test::{closure#0}
[INFO] [stdout]   21:     0x62dfb0f95644 - std[617be2ca0a6fd877]::sys::backtrace::__rust_begin_short_backtrace::<test[aada8e7e76ba119b]::run_test::{closure#1}, ()>
[INFO] [stdout]   22:     0x62dfb0f9ede2 - <std[617be2ca0a6fd877]::thread::lifecycle::spawn_unchecked<test[aada8e7e76ba119b]::run_test::{closure#1}, ()>::{closure#1} as core[a373ad73a504971]::ops::function::FnOnce<()>>::call_once::{shim:vtable#0}
[INFO] [stdout]   23:     0x62dfb103bf4f - <std[617be2ca0a6fd877]::sys::thread::unix::Thread>::new::thread_start
[INFO] [stdout]   24:     0x756838262dfa - <unknown>
[INFO] [stdout]   25:     0x7568382f63d4 - clone
[INFO] [stdout]   26:                0x0 - <unknown>
[INFO] [stdout] 
[INFO] [stdout] ---- get::tests::lists_paths stdout ----
[INFO] [stdout] 
[INFO] [stdout] thread 'get::tests::lists_paths' (2280) panicked at src/get.rs:481:5:
[INFO] [stdout] Assay test failed
[INFO] [stdout] stack backtrace:
[INFO] [stdout]    0:     0x63af61e52aa1 - <<std[617be2ca0a6fd877]::sys::backtrace::BacktraceLock>::print::DisplayBacktrace as core[a373ad73a504971]::fmt::Display>::fmt
[INFO] [stdout]    1:     0x63af61e6941a - core[a373ad73a504971]::fmt::write
[INFO] [stdout]    2:     0x63af61e5763c - <alloc[2e1b2a31b91974c5]::vec::Vec<u8> as core[a373ad73a504971]::io::write::Write>::write_fmt
[INFO] [stdout]    3:     0x63af61e2c346 - std[617be2ca0a6fd877]::panicking::default_hook::{closure#0}
[INFO] [stdout]    4:     0x63af61e4a079 - std[617be2ca0a6fd877]::panicking::default_hook
[INFO] [stdout]    5:     0x63af61db1730 - test[aada8e7e76ba119b]::test_main_inner::{closure#0}
[INFO] [stdout]    6:     0x63af61e4a3a2 - std[617be2ca0a6fd877]::panicking::panic_with_hook
[INFO] [stdout]    7:     0x63af61e2c424 - std[617be2ca0a6fd877]::panicking::panic_handler::{closure#0}
[INFO] [stdout]    8:     0x63af61e24e79 - std[617be2ca0a6fd877]::sys::backtrace::__rust_end_short_backtrace::<std[617be2ca0a6fd877]::panicking::panic_handler::{closure#0}, !>
[INFO] [stdout]    9:     0x63af61e2d1ed - __rustc[ea4f61d10b84890b]::rust_begin_unwind
[INFO] [stdout]   10:     0x63af61e69b7c - core[a373ad73a504971]::panicking::panic_fmt
[INFO] [stdout]   11:     0x63af61be9db3 - rusty_fork[4f8853dc2d6e5e23]::fork::fork::<rusty_fork[4f8853dc2d6e5e23]::sugar::RustyForkId, cosmos_chain_registry[2b5102d73a1afbdb]::get::tests::lists_paths::modify, cosmos_chain_registry[2b5102d73a1afbdb]::get::tests::lists_paths::parent, cosmos_chain_registry[2b5102d73a1afbdb]::get::tests::lists_paths::child, ()>::{closure#1}
[INFO] [stdout]   12:     0x63af61e047b9 - rusty_fork[4f8853dc2d6e5e23]::fork::fork_impl
[INFO] [stdout]   13:     0x63af61be91bb - rusty_fork[4f8853dc2d6e5e23]::fork::fork::<rusty_fork[4f8853dc2d6e5e23]::sugar::RustyForkId, cosmos_chain_registry[2b5102d73a1afbdb]::get::tests::lists_paths::modify, cosmos_chain_registry[2b5102d73a1afbdb]::get::tests::lists_paths::parent, cosmos_chain_registry[2b5102d73a1afbdb]::get::tests::lists_paths::child, ()>
[INFO] [stdout]   14:     0x63af61bd705f - <cosmos_chain_registry[2b5102d73a1afbdb]::get::tests::lists_paths::{closure#0} as core[a373ad73a504971]::ops::function::FnOnce<()>>::call_once
[INFO] [stdout]   15:     0x63af61da4b7b - test[aada8e7e76ba119b]::__rust_begin_short_backtrace::<core[a373ad73a504971]::result::Result<(), alloc[2e1b2a31b91974c5]::string::String>, fn() -> core[a373ad73a504971]::result::Result<(), alloc[2e1b2a31b91974c5]::string::String>>
[INFO] [stdout]   16:     0x63af61db1d55 - test[aada8e7e76ba119b]::run_test::{closure#0}
[INFO] [stdout]   17:     0x63af61dab644 - std[617be2ca0a6fd877]::sys::backtrace::__rust_begin_short_backtrace::<test[aada8e7e76ba119b]::run_test::{closure#1}, ()>
[INFO] [stdout]   18:     0x63af61db4de2 - <std[617be2ca0a6fd877]::thread::lifecycle::spawn_unchecked<test[aada8e7e76ba119b]::run_test::{closure#1}, ()>::{closure#1} as core[a373ad73a504971]::ops::function::FnOnce<()>>::call_once::{shim:vtable#0}
[INFO] [stdout]   19:     0x63af61e51f4f - <std[617be2ca0a6fd877]::sys::thread::unix::Thread>::new::thread_start
[INFO] [stdout]   20:     0x789b97493dfa - <unknown>
[INFO] [stdout]   21:     0x789b975273d4 - clone
[INFO] [stdout]   22:                0x0 - <unknown>
[INFO] [stdout] 
[INFO] [stdout] running 1 test
[INFO] [stdout] 
[INFO] [stdout] thread 'get::tests::lists_paths' (2335) panicked at src/get.rs:483:40:
[INFO] [stdout] called `Result::unwrap()` on an `Err` value: error sending request for url (https://api.github.com/repos/cosmos/chain-registry/contents/_IBC?ref=master)
[INFO] [stdout] 
[INFO] [stdout] Caused by:
[INFO] [stdout]    0: client error (Connect)
[INFO] [stdout]    1: dns error
[INFO] [stdout]    2: failed to lookup address information: Temporary failure in name resolution
[INFO] [stdout] 
[INFO] [stdout] Location:
[INFO] [stdout]     src/get.rs:109:24
[INFO] [stdout] stack backtrace:
[INFO] [stdout]    0:     0x600434829aa1 - <<std[617be2ca0a6fd877]::sys::backtrace::BacktraceLock>::print::DisplayBacktrace as core[a373ad73a504971]::fmt::Display>::fmt
[INFO] [stdout]    1:     0x60043484041a - core[a373ad73a504971]::fmt::write
[INFO] [stdout]    2:     0x60043482f44c - <std[617be2ca0a6fd877]::sys::stdio::unix::Stderr as core[a373ad73a504971]::io::write::Write>::write_fmt
[INFO] [stdout]    3:     0x600434803346 - std[617be2ca0a6fd877]::panicking::default_hook::{closure#0}
[INFO] [stdout]    4:     0x600434821041 - std[617be2ca0a6fd877]::panicking::default_hook
[INFO] [stdout]    5:     0x60043482136b - std[617be2ca0a6fd877]::panicking::panic_with_hook
[INFO] [stdout]    6:     0x6004348033f2 - std[617be2ca0a6fd877]::panicking::panic_handler::{closure#0}
[INFO] [stdout]    7:     0x6004347fbe79 - std[617be2ca0a6fd877]::sys::backtrace::__rust_end_short_backtrace::<std[617be2ca0a6fd877]::panicking::panic_handler::{closure#0}, !>
[INFO] [stdout]    8:     0x6004348041ed - __rustc[ea4f61d10b84890b]::rust_begin_unwind
[INFO] [stdout]    9:     0x600434840b7c - core[a373ad73a504971]::panicking::panic_fmt
[INFO] [stdout]   10:     0x600434840952 - core[a373ad73a504971]::result::unwrap_failed
[INFO] [stdout]   11:     0x600434581b47 - <tokio[5e3ed9018d5df213]::runtime::park::CachedParkThread>::block_on::<cosmos_chain_registry[2b5102d73a1afbdb]::get::tests::lists_paths::child::{closure#0}::inner_async::{closure#0}>
[INFO] [stdout]   12:     0x6004345b2260 - tokio[5e3ed9018d5df213]::runtime::context::runtime::enter_runtime::<<tokio[5e3ed9018d5df213]::runtime::scheduler::multi_thread::MultiThread>::block_on<cosmos_chain_registry[2b5102d73a1afbdb]::get::tests::lists_paths::child::{closure#0}::inner_async::{closure#0}>::{closure#0}, core[a373ad73a504971]::result::Result<(), alloc[2e1b2a31b91974c5]::boxed::Box<dyn core[a373ad73a504971]::error::Error>>>
[INFO] [stdout]   13:     0x6004345bc44e - <tokio[5e3ed9018d5df213]::runtime::runtime::Runtime>::block_on::<cosmos_chain_registry[2b5102d73a1afbdb]::get::tests::lists_paths::child::{closure#0}::inner_async::{closure#0}>
[INFO] [stdout]   14:     0x6004345ac35a - cosmos_chain_registry[2b5102d73a1afbdb]::get::tests::lists_paths::child
[INFO] [stdout]   15:     0x6004347dbc6e - __rust_try
[INFO] [stdout]   16:     0x6004347db8b2 - rusty_fork[4f8853dc2d6e5e23]::fork::fork_impl
[INFO] [stdout]   17:     0x6004345c01bb - rusty_fork[4f8853dc2d6e5e23]::fork::fork::<rusty_fork[4f8853dc2d6e5e23]::sugar::RustyForkId, cosmos_chain_registry[2b5102d73a1afbdb]::get::tests::lists_paths::modify, cosmos_chain_registry[2b5102d73a1afbdb]::get::tests::lists_paths::parent, cosmos_chain_registry[2b5102d73a1afbdb]::get::tests::lists_paths::child, ()>
[INFO] [stdout]   18:     0x6004345ae05f - <cosmos_chain_registry[2b5102d73a1afbdb]::get::tests::lists_paths::{closure#0} as core[a373ad73a504971]::ops::function::FnOnce<()>>::call_once
[INFO] [stdout]   19:     0x60043477bb7b - test[aada8e7e76ba119b]::__rust_begin_short_backtrace::<core[a373ad73a504971]::result::Result<(), alloc[2e1b2a31b91974c5]::string::String>, fn() -> core[a373ad73a504971]::result::Result<(), alloc[2e1b2a31b91974c5]::string::String>>
[INFO] [stdout]   20:     0x600434788d55 - test[aada8e7e76ba119b]::run_test::{closure#0}
[INFO] [stdout]   21:     0x600434782644 - std[617be2ca0a6fd877]::sys::backtrace::__rust_begin_short_backtrace::<test[aada8e7e76ba119b]::run_test::{closure#1}, ()>
[INFO] [stdout]   22:     0x60043478bde2 - <std[617be2ca0a6fd877]::thread::lifecycle::spawn_unchecked<test[aada8e7e76ba119b]::run_test::{closure#1}, ()>::{closure#1} as core[a373ad73a504971]::ops::function::FnOnce<()>>::call_once::{shim:vtable#0}
[INFO] [stdout]   23:     0x600434828f4f - <std[617be2ca0a6fd877]::sys::thread::unix::Thread>::new::thread_start
[INFO] [stdout]   24:     0x76025bd82dfa - <unknown>
[INFO] [stdout]   25:     0x76025be163d4 - clone
[INFO] [stdout]   26:                0x0 - <unknown>
[INFO] [stdout] 
[INFO] [stdout] ---- get::tests::gets_path_in_order stdout ----
[INFO] [stdout] 
[INFO] [stdout] thread 'get::tests::gets_path_in_order' (2277) panicked at src/get.rs:490:5:
[INFO] [stdout] Assay test failed
[INFO] [stdout] stack backtrace:
[INFO] [stdout]    0:     0x63af61e52aa1 - <<std[617be2ca0a6fd877]::sys::backtrace::BacktraceLock>::print::DisplayBacktrace as core[a373ad73a504971]::fmt::Display>::fmt
[INFO] [stdout]    1:     0x63af61e6941a - core[a373ad73a504971]::fmt::write
[INFO] [stdout]    2:     0x63af61e5763c - <alloc[2e1b2a31b91974c5]::vec::Vec<u8> as core[a373ad73a504971]::io::write::Write>::write_fmt
[INFO] [stdout]    3:     0x63af61e2c346 - std[617be2ca0a6fd877]::panicking::default_hook::{closure#0}
[INFO] [stdout]    4:     0x63af61e4a079 - std[617be2ca0a6fd877]::panicking::default_hook
[INFO] [stdout]    5:     0x63af61db1730 - test[aada8e7e76ba119b]::test_main_inner::{closure#0}
[INFO] [stdout]    6:     0x63af61e4a3a2 - std[617be2ca0a6fd877]::panicking::panic_with_hook
[INFO] [stdout]    7:     0x63af61e2c424 - std[617be2ca0a6fd877]::panicking::panic_handler::{closure#0}
[INFO] [stdout]    8:     0x63af61e24e79 - std[617be2ca0a6fd877]::sys::backtrace::__rust_end_short_backtrace::<std[617be2ca0a6fd877]::panicking::panic_handler::{closure#0}, !>
[INFO] [stdout]    9:     0x63af61e2d1ed - __rustc[ea4f61d10b84890b]::rust_begin_unwind
[INFO] [stdout]   10:     0x63af61e69b7c - core[a373ad73a504971]::panicking::panic_fmt
[INFO] [stdout]   11:     0x63af61bea053 - rusty_fork[4f8853dc2d6e5e23]::fork::fork::<rusty_fork[4f8853dc2d6e5e23]::sugar::RustyForkId, cosmos_chain_registry[2b5102d73a1afbdb]::get::tests::gets_path_in_order::modify, cosmos_chain_registry[2b5102d73a1afbdb]::get::tests::gets_path_in_order::parent, cosmos_chain_registry[2b5102d73a1afbdb]::get::tests::gets_path_in_order::child, ()>::{closure#1}
[INFO] [stdout]   12:     0x63af61e047b9 - rusty_fork[4f8853dc2d6e5e23]::fork::fork_impl
[INFO] [stdout]   13:     0x63af61be969b - rusty_fork[4f8853dc2d6e5e23]::fork::fork::<rusty_fork[4f8853dc2d6e5e23]::sugar::RustyForkId, cosmos_chain_registry[2b5102d73a1afbdb]::get::tests::gets_path_in_order::modify, cosmos_chain_registry[2b5102d73a1afbdb]::get::tests::gets_path_in_order::parent, cosmos_chain_registry[2b5102d73a1afbdb]::get::tests::gets_path_in_order::child, ()>
[INFO] [stdout]   14:     0x63af61bd777f - <cosmos_chain_registry[2b5102d73a1afbdb]::get::tests::gets_path_in_order::{closure#0} as core[a373ad73a504971]::ops::function::FnOnce<()>>::call_once
[INFO] [stdout]   15:     0x63af61da4b7b - test[aada8e7e76ba119b]::__rust_begin_short_backtrace::<core[a373ad73a504971]::result::Result<(), alloc[2e1b2a31b91974c5]::string::String>, fn() -> core[a373ad73a504971]::result::Result<(), alloc[2e1b2a31b91974c5]::string::String>>
[INFO] [stdout]   16:     0x63af61db1d55 - test[aada8e7e76ba119b]::run_test::{closure#0}
[INFO] [stdout]   17:     0x63af61dab644 - std[617be2ca0a6fd877]::sys::backtrace::__rust_begin_short_backtrace::<test[aada8e7e76ba119b]::run_test::{closure#1}, ()>
[INFO] [stdout]   18:     0x63af61db4de2 - <std[617be2ca0a6fd877]::thread::lifecycle::spawn_unchecked<test[aada8e7e76ba119b]::run_test::{closure#1}, ()>::{closure#1} as core[a373ad73a504971]::ops::function::FnOnce<()>>::call_once::{shim:vtable#0}
[INFO] [stdout]   19:     0x63af61e51f4f - <std[617be2ca0a6fd877]::sys::thread::unix::Thread>::new::thread_start
[INFO] [stdout]   20:     0x789b97493dfa - <unknown>
[INFO] [stdout]   21:     0x789b975273d4 - clone
[INFO] [stdout]   22:                0x0 - <unknown>
[INFO] [stdout] 
[INFO] [stdout] running 1 test
[INFO] [stdout] 
[INFO] [stdout] thread 'get::tests::gets_path_in_order' (2296) panicked at src/get.rs:494:55:
[INFO] [stdout] called `Result::unwrap()` on an `Err` value: error sending request for url (https://raw.githubusercontent.com/cosmos/chain-registry/master/_IBC/cosmoshub-osmosis.json)
[INFO] [stdout] 
[INFO] [stdout] Caused by:
[INFO] [stdout]    0: client error (Connect)
[INFO] [stdout]    1: dns error
[INFO] [stdout]    2: failed to lookup address information: Temporary failure in name resolution
[INFO] [stdout] 
[INFO] [stdout] Location:
[INFO] [stdout]     src/get.rs:119:24
[INFO] [stdout] stack backtrace:
[INFO] [stdout]    0:     0x642c73391aa1 - <<std[617be2ca0a6fd877]::sys::backtrace::BacktraceLock>::print::DisplayBacktrace as core[a373ad73a504971]::fmt::Display>::fmt
[INFO] [stdout]    1:     0x642c733a841a - core[a373ad73a504971]::fmt::write
[INFO] [stdout]    2:     0x642c7339744c - <std[617be2ca0a6fd877]::sys::stdio::unix::Stderr as core[a373ad73a504971]::io::write::Write>::write_fmt
[INFO] [stdout]    3:     0x642c7336b346 - std[617be2ca0a6fd877]::panicking::default_hook::{closure#0}
[INFO] [stdout]    4:     0x642c73389041 - std[617be2ca0a6fd877]::panicking::default_hook
[INFO] [stdout]    5:     0x642c7338936b - std[617be2ca0a6fd877]::panicking::panic_with_hook
[INFO] [stdout]    6:     0x642c7336b3f2 - std[617be2ca0a6fd877]::panicking::panic_handler::{closure#0}
[INFO] [stdout]    7:     0x642c73363e79 - std[617be2ca0a6fd877]::sys::backtrace::__rust_end_short_backtrace::<std[617be2ca0a6fd877]::panicking::panic_handler::{closure#0}, !>
[INFO] [stdout]    8:     0x642c7336c1ed - __rustc[ea4f61d10b84890b]::rust_begin_unwind
[INFO] [stdout]    9:     0x642c733a8b7c - core[a373ad73a504971]::panicking::panic_fmt
[INFO] [stdout]   10:     0x642c733a8952 - core[a373ad73a504971]::result::unwrap_failed
[INFO] [stdout]   11:     0x642c730eb221 - <tokio[5e3ed9018d5df213]::runtime::park::CachedParkThread>::block_on::<cosmos_chain_registry[2b5102d73a1afbdb]::get::tests::gets_path_in_order::child::{closure#0}::inner_async::{closure#0}>
[INFO] [stdout]   12:     0x642c7311a8ad - tokio[5e3ed9018d5df213]::runtime::context::runtime::enter_runtime::<<tokio[5e3ed9018d5df213]::runtime::scheduler::multi_thread::MultiThread>::block_on<cosmos_chain_registry[2b5102d73a1afbdb]::get::tests::gets_path_in_order::child::{closure#0}::inner_async::{closure#0}>::{closure#0}, core[a373ad73a504971]::result::Result<(), alloc[2e1b2a31b91974c5]::boxed::Box<dyn core[a373ad73a504971]::error::Error>>>
[INFO] [stdout]   13:     0x642c7312489e - <tokio[5e3ed9018d5df213]::runtime::runtime::Runtime>::block_on::<cosmos_chain_registry[2b5102d73a1afbdb]::get::tests::gets_path_in_order::child::{closure#0}::inner_async::{closure#0}>
[INFO] [stdout]   14:     0x642c73114aa9 - cosmos_chain_registry[2b5102d73a1afbdb]::get::tests::gets_path_in_order::child
[INFO] [stdout]   15:     0x642c73343c6e - __rust_try
[INFO] [stdout]   16:     0x642c733438b2 - rusty_fork[4f8853dc2d6e5e23]::fork::fork_impl
[INFO] [stdout]   17:     0x642c7312869b - rusty_fork[4f8853dc2d6e5e23]::fork::fork::<rusty_fork[4f8853dc2d6e5e23]::sugar::RustyForkId, cosmos_chain_registry[2b5102d73a1afbdb]::get::tests::gets_path_in_order::modify, cosmos_chain_registry[2b5102d73a1afbdb]::get::tests::gets_path_in_order::parent, cosmos_chain_registry[2b5102d73a1afbdb]::get::tests::gets_path_in_order::child, ()>
[INFO] [stdout]   18:     0x642c7311677f - <cosmos_chain_registry[2b5102d73a1afbdb]::get::tests::gets_path_in_order::{closure#0} as core[a373ad73a504971]::ops::function::FnOnce<()>>::call_once
[INFO] [stdout]   19:     0x642c732e3b7b - test[aada8e7e76ba119b]::__rust_begin_short_backtrace::<core[a373ad73a504971]::result::Result<(), alloc[2e1b2a31b91974c5]::string::String>, fn() -> core[a373ad73a504971]::result::Result<(), alloc[2e1b2a31b91974c5]::string::String>>
[INFO] [stdout]   20:     0x642c732f0d55 - test[aada8e7e76ba119b]::run_test::{closure#0}
[INFO] [stdout]   21:     0x642c732ea644 - std[617be2ca0a6fd877]::sys::backtrace::__rust_begin_short_backtrace::<test[aada8e7e76ba119b]::run_test::{closure#1}, ()>
[INFO] [stdout]   22:     0x642c732f3de2 - <std[617be2ca0a6fd877]::thread::lifecycle::spawn_unchecked<test[aada8e7e76ba119b]::run_test::{closure#1}, ()>::{closure#1} as core[a373ad73a504971]::ops::function::FnOnce<()>>::call_once::{shim:vtable#0}
[INFO] [stdout]   23:     0x642c73390f4f - <std[617be2ca0a6fd877]::sys::thread::unix::Thread>::new::thread_start
[INFO] [stdout]   24:     0x720f1c4a1dfa - <unknown>
[INFO] [stdout]   25:     0x720f1c5353d4 - clone
[INFO] [stdout]   26:                0x0 - <unknown>
[INFO] [stdout] 
[INFO] [stdout] 
[INFO] [stdout] failures:
[INFO] [stdout]     get::tests::get_path_not_present_returns_none
[INFO] [stdout]     get::tests::gets_chain
[INFO] [stdout]     get::tests::gets_content_from_registry
[INFO] [stdout]     get::tests::gets_path_in_order
[INFO] [stdout]     get::tests::gets_path_out_of_order
[INFO] [stdout]     get::tests::lists_chains
[INFO] [stdout]     get::tests::lists_paths
[INFO] [stdout]     get::tests::parses_chain_info
[INFO] [stdout] 
[INFO] [stdout] test result: FAILED. 8 passed; 8 failed; 0 ignored; 0 measured; 0 filtered out; finished in 0.03s
[INFO] [stdout] 
[INFO] [stderr] error: test failed, to rerun pass `--lib`
[INFO] running `Command { std: "docker" "inspect" "09776ae3857948ed61f4e67cfb47c84075e351155d554dc1d032970c0de05c19", kill_on_drop: false }`
[INFO] running `Command { std: "docker" "rm" "-f" "09776ae3857948ed61f4e67cfb47c84075e351155d554dc1d032970c0de05c19", kill_on_drop: false }`
[INFO] [stdout] 09776ae3857948ed61f4e67cfb47c84075e351155d554dc1d032970c0de05c19
