[INFO] fetching crate cosmolkit-ringdecomposer 0.5.1-rc.3...
[INFO] testing cosmolkit-ringdecomposer-0.5.1-rc.3 against 1.100.0-beta.1+cargoflags=--release for beta-release-1.100-2
[INFO] extracting crate cosmolkit-ringdecomposer 0.5.1-rc.3 into /workspace/builds/worker-3-tc2/source
[INFO] started tweaking crates.io crate cosmolkit-ringdecomposer 0.5.1-rc.3
[INFO] removed 0 missing tests
[INFO] finished tweaking crates.io crate cosmolkit-ringdecomposer 0.5.1-rc.3
[INFO] tweaked toml for crates.io crate cosmolkit-ringdecomposer 0.5.1-rc.3 written to /workspace/builds/worker-3-tc2/source/Cargo.toml
[INFO] validating manifest of crates.io crate cosmolkit-ringdecomposer 0.5.1-rc.3 on toolchain 1.100.0-beta.1
[INFO] running `Command { std: CARGO_HOME="/workspace/cargo-home" RUSTUP_HOME="/workspace/rustup-home" "/workspace/cargo-home/bin/cargo" "+1.100.0-beta.1" "metadata" "--manifest-path" "Cargo.toml" "--no-deps", kill_on_drop: false }`
[INFO] crate crates.io crate cosmolkit-ringdecomposer 0.5.1-rc.3 already has a lockfile, it will not be regenerated
[INFO] running `Command { std: CARGO_HOME="/workspace/cargo-home" RUSTUP_HOME="/workspace/rustup-home" "/workspace/cargo-home/bin/cargo" "+1.100.0-beta.1" "fetch" "--manifest-path" "Cargo.toml", kill_on_drop: false }`
[INFO] running `Command { std: "docker" "create" "-v" "/var/lib/crater-agent-workspace/builds/worker-3-tc2/source:/opt/rustwide/workdir:ro,Z" "-v" "/var/lib/crater-agent-workspace/builds/worker-3-tc2/target:/opt/rustwide/target:rw,Z" "-v" "/var/lib/crater-agent-workspace/cargo-home:/opt/rustwide/cargo-home:ro,Z" "-v" "/var/lib/crater-agent-workspace/rustup-home:/opt/rustwide/rustup-home:ro,Z" "-m" "1610612736" "--network" "none" "ghcr.io/rust-lang/crates-build-env/linux@sha256:77db811e55d90add9212f6832c23229e3de5f1c1f9905e8cb07319ea15df73ac" "sleep" "infinity", kill_on_drop: false }`
[INFO] [stdout] 10ad3167a4c7763a2aa8c1e9bae1686ec0c0c1d717003671f2ebf927d0b18ccd
[INFO] running `Command { std: "docker" "start" "10ad3167a4c7763a2aa8c1e9bae1686ec0c0c1d717003671f2ebf927d0b18ccd", kill_on_drop: false }`
[INFO] running `Command { std: "docker" "inspect" "10ad3167a4c7763a2aa8c1e9bae1686ec0c0c1d717003671f2ebf927d0b18ccd", kill_on_drop: false }`
[INFO] running `Command { std: "docker" "exec" "-e" "SOURCE_DIR=/opt/rustwide/workdir" "-e" "CARGO_HOME=/opt/rustwide/cargo-home" "-e" "RUSTUP_HOME=/opt/rustwide/rustup-home" "-e" "CARGO_TARGET_DIR=/opt/rustwide/target" "-w" "/opt/rustwide/workdir" "--user" "0:0" "10ad3167a4c7763a2aa8c1e9bae1686ec0c0c1d717003671f2ebf927d0b18ccd" "/opt/rustwide/cargo-home/bin/cargo" "+1.100.0-beta.1" "metadata" "--no-deps" "--format-version=1", kill_on_drop: false }`
[INFO] running `Command { std: "docker" "inspect" "10ad3167a4c7763a2aa8c1e9bae1686ec0c0c1d717003671f2ebf927d0b18ccd", kill_on_drop: false }`
[INFO] running `Command { std: "docker" "exec" "-e" "SOURCE_DIR=/opt/rustwide/workdir" "-e" "CARGO_HOME=/opt/rustwide/cargo-home" "-e" "RUSTUP_HOME=/opt/rustwide/rustup-home" "-e" "CARGO_TARGET_DIR=/opt/rustwide/target" "-e" "CARGO_INCREMENTAL=0" "-e" "RUST_BACKTRACE=full" "-e" "RUSTFLAGS=--cap-lints=warn" "-e" "RUSTDOCFLAGS=--cap-lints=warn" "-w" "/opt/rustwide/workdir" "--user" "0:0" "10ad3167a4c7763a2aa8c1e9bae1686ec0c0c1d717003671f2ebf927d0b18ccd" "/opt/rustwide/cargo-home/bin/cargo" "+1.100.0-beta.1" "build" "--frozen" "--message-format=json" "--release", kill_on_drop: false }`
[INFO] [stderr]    Compiling unicode-ident v1.0.27
[INFO] [stderr]    Compiling thiserror v2.0.21
[INFO] [stderr]    Compiling proc-macro2 v1.0.107
[INFO] [stderr]    Compiling quote v1.0.47
[INFO] [stderr]    Compiling syn v3.0.9
[INFO] [stderr]    Compiling thiserror-impl v2.0.21
[INFO] [stderr]    Compiling cosmolkit-ringdecomposer v0.5.1-rc.3 (/opt/rustwide/workdir)
[INFO] [stdout] warning: method `node_count` is never used
[INFO] [stdout]    --> src/lib.rs:352:14
[INFO] [stdout]     |
[INFO] [stdout] 310 | impl DirectedPathGraph {
[INFO] [stdout]     | ---------------------- method in this implementation
[INFO] [stdout] ...
[INFO] [stdout] 352 |     const fn node_count(&self) -> usize {
[INFO] [stdout]     |              ^^^^^^^^^^
[INFO] [stdout]     |
[INFO] [stdout]     = note: `#[warn(dead_code)]` (part of `#[warn(unused)]`) on by default
[INFO] [stdout] 
[INFO] [stdout] 
[INFO] [stdout] warning: methods `components`, `edge_component`, and `node_components` are never used
[INFO] [stdout]    --> src/lib.rs:376:8
[INFO] [stdout]     |
[INFO] [stdout] 369 | impl BiconnectedComponents {
[INFO] [stdout]     | -------------------------- methods in this implementation
[INFO] [stdout] ...
[INFO] [stdout] 376 |     fn components(&self) -> &[BiconnectedComponent] {
[INFO] [stdout]     |        ^^^^^^^^^^
[INFO] [stdout] ...
[INFO] [stdout] 386 |     fn edge_component(&self, edge: EdgeId) -> Option<(usize, usize)> {
[INFO] [stdout]     |        ^^^^^^^^^^^^^^
[INFO] [stdout] ...
[INFO] [stdout] 391 |     fn node_components(&self, node: usize) -> Option<&[(usize, usize)]> {
[INFO] [stdout]     |        ^^^^^^^^^^^^^^^
[INFO] [stdout] 
[INFO] [stdout] 
[INFO] [stdout] warning: method `directed_path_graphs` is never used
[INFO] [stdout]    --> src/lib.rs:637:8
[INFO] [stdout]     |
[INFO] [stdout] 428 | impl ShortestPathInfo {
[INFO] [stdout]     | --------------------- method in this implementation
[INFO] [stdout] ...
[INFO] [stdout] 637 |     fn directed_path_graphs(&self) -> &[DirectedPathGraph] {
[INFO] [stdout]     |        ^^^^^^^^^^^^^^^^^^^^
[INFO] [stdout] 
[INFO] [stdout] 
[INFO] [stderr]     Finished `release` profile [optimized] target(s) in 7.91s
[INFO] running `Command { std: "docker" "inspect" "10ad3167a4c7763a2aa8c1e9bae1686ec0c0c1d717003671f2ebf927d0b18ccd", kill_on_drop: false }`
[INFO] running `Command { std: "docker" "exec" "-e" "SOURCE_DIR=/opt/rustwide/workdir" "-e" "CARGO_HOME=/opt/rustwide/cargo-home" "-e" "RUSTUP_HOME=/opt/rustwide/rustup-home" "-e" "CARGO_TARGET_DIR=/opt/rustwide/target" "-e" "CARGO_INCREMENTAL=0" "-e" "RUST_BACKTRACE=full" "-e" "RUSTFLAGS=--cap-lints=warn" "-e" "RUSTDOCFLAGS=--cap-lints=warn" "-w" "/opt/rustwide/workdir" "--user" "0:0" "10ad3167a4c7763a2aa8c1e9bae1686ec0c0c1d717003671f2ebf927d0b18ccd" "/opt/rustwide/cargo-home/bin/cargo" "+1.100.0-beta.1" "test" "--frozen" "--no-run" "--message-format=json" "--release", kill_on_drop: false }`
[INFO] [stderr]    Compiling cosmolkit-ringdecomposer v0.5.1-rc.3 (/opt/rustwide/workdir)
[INFO] [stdout] warning: method `node_count` is never used
[INFO] [stdout]    --> src/lib.rs:352:14
[INFO] [stdout]     |
[INFO] [stdout] 310 | impl DirectedPathGraph {
[INFO] [stdout]     | ---------------------- method in this implementation
[INFO] [stdout] ...
[INFO] [stdout] 352 |     const fn node_count(&self) -> usize {
[INFO] [stdout]     |              ^^^^^^^^^^
[INFO] [stdout]     |
[INFO] [stdout]     = note: `#[warn(dead_code)]` (part of `#[warn(unused)]`) on by default
[INFO] [stdout] 
[INFO] [stdout] 
[INFO] [stdout] warning: methods `components`, `edge_component`, and `node_components` are never used
[INFO] [stdout]    --> src/lib.rs:376:8
[INFO] [stdout]     |
[INFO] [stdout] 369 | impl BiconnectedComponents {
[INFO] [stdout]     | -------------------------- methods in this implementation
[INFO] [stdout] ...
[INFO] [stdout] 376 |     fn components(&self) -> &[BiconnectedComponent] {
[INFO] [stdout]     |        ^^^^^^^^^^
[INFO] [stdout] ...
[INFO] [stdout] 386 |     fn edge_component(&self, edge: EdgeId) -> Option<(usize, usize)> {
[INFO] [stdout]     |        ^^^^^^^^^^^^^^
[INFO] [stdout] ...
[INFO] [stdout] 391 |     fn node_components(&self, node: usize) -> Option<&[(usize, usize)]> {
[INFO] [stdout]     |        ^^^^^^^^^^^^^^^
[INFO] [stdout] 
[INFO] [stdout] 
[INFO] [stdout] warning: method `directed_path_graphs` is never used
[INFO] [stdout]    --> src/lib.rs:637:8
[INFO] [stdout]     |
[INFO] [stdout] 428 | impl ShortestPathInfo {
[INFO] [stdout]     | --------------------- method in this implementation
[INFO] [stdout] ...
[INFO] [stdout] 637 |     fn directed_path_graphs(&self) -> &[DirectedPathGraph] {
[INFO] [stdout]     |        ^^^^^^^^^^^^^^^^^^^^
[INFO] [stdout] 
[INFO] [stdout] 
[INFO] [stderr]     Finished `release` profile [optimized] target(s) in 5.53s
[INFO] running `Command { std: "docker" "inspect" "10ad3167a4c7763a2aa8c1e9bae1686ec0c0c1d717003671f2ebf927d0b18ccd", kill_on_drop: false }`
[INFO] running `Command { std: "docker" "exec" "-e" "SOURCE_DIR=/opt/rustwide/workdir" "-e" "CARGO_HOME=/opt/rustwide/cargo-home" "-e" "RUSTUP_HOME=/opt/rustwide/rustup-home" "-e" "CARGO_TARGET_DIR=/opt/rustwide/target" "-e" "CARGO_INCREMENTAL=0" "-e" "RUST_BACKTRACE=full" "-e" "RUSTFLAGS=--cap-lints=warn" "-e" "RUSTDOCFLAGS=--cap-lints=warn" "-w" "/opt/rustwide/workdir" "--user" "0:0" "10ad3167a4c7763a2aa8c1e9bae1686ec0c0c1d717003671f2ebf927d0b18ccd" "/opt/rustwide/cargo-home/bin/cargo" "+1.100.0-beta.1" "test" "--frozen" "--release", kill_on_drop: false }`
[INFO] [stderr] warning: method `node_count` is never used
[INFO] [stderr]    --> src/lib.rs:352:14
[INFO] [stderr]     |
[INFO] [stderr] 310 | impl DirectedPathGraph {
[INFO] [stderr]     | ---------------------- method in this implementation
[INFO] [stderr] ...
[INFO] [stderr] 352 |     const fn node_count(&self) -> usize {
[INFO] [stderr]     |              ^^^^^^^^^^
[INFO] [stderr]     |
[INFO] [stderr]     = note: `#[warn(dead_code)]` (part of `#[warn(unused)]`) on by default
[INFO] [stderr] 
[INFO] [stderr] warning: methods `components`, `edge_component`, and `node_components` are never used
[INFO] [stderr]    --> src/lib.rs:376:8
[INFO] [stderr]     |
[INFO] [stderr] 369 | impl BiconnectedComponents {
[INFO] [stderr]     | -------------------------- methods in this implementation
[INFO] [stderr] ...
[INFO] [stderr] 376 |     fn components(&self) -> &[BiconnectedComponent] {
[INFO] [stderr]     |        ^^^^^^^^^^
[INFO] [stderr] ...
[INFO] [stderr] 386 |     fn edge_component(&self, edge: EdgeId) -> Option<(usize, usize)> {
[INFO] [stderr]     |        ^^^^^^^^^^^^^^
[INFO] [stderr] ...
[INFO] [stderr] 391 |     fn node_components(&self, node: usize) -> Option<&[(usize, usize)]> {
[INFO] [stderr]     |        ^^^^^^^^^^^^^^^
[INFO] [stderr] 
[INFO] [stderr] warning: method `directed_path_graphs` is never used
[INFO] [stderr]    --> src/lib.rs:637:8
[INFO] [stderr]     |
[INFO] [stderr] 428 | impl ShortestPathInfo {
[INFO] [stderr]     | --------------------- method in this implementation
[INFO] [stderr] ...
[INFO] [stderr] 637 |     fn directed_path_graphs(&self) -> &[DirectedPathGraph] {
[INFO] [stderr]     |        ^^^^^^^^^^^^^^^^^^^^
[INFO] [stderr] 
[INFO] [stderr] warning: `cosmolkit-ringdecomposer` (lib) generated 3 warnings
[INFO] [stderr]     Finished `release` profile [optimized] target(s) in 0.02s
[INFO] [stderr]      Running unittests src/lib.rs (/opt/rustwide/target/release/build/cosmolkit-ringdecomposer/76c3666101b03a81/out/cosmolkit_ringdecomposer-76c3666101b03a81)
[INFO] [stdout] 
[INFO] [stdout] running 22 tests
[INFO] [stdout] test tests::apsp_reachable_preceding_matches_degree_ordering_rule ... ok
[INFO] [stdout] test tests::apsp_preserves_equal_path_predecessor_and_unreachable_rows ... ok
[INFO] [stdout] test tests::graph_add_undirected_edge_matches_rdl_validation ... ok
[INFO] [stdout] test tests::tarjan_bcc_maps_articulation_into_both_local_index_spaces ... ok
[INFO] [stdout] test cycles::tests::source_basis_and_relevant_iterator_keep_theta_cycle_order ... ok
[INFO] [stdout] test tests::decomposition_handles_acyclic_graph_without_guessing_urf_state ... ok
[INFO] [stdout] test tests::private_relation_pipeline_covers_smaller_and_equal_weight_cycles ... ok
[INFO] [stdout] test tests::directed_path_graph_rejects_invalid_arcs_and_preserves_row_order ... ok
[INFO] [stdout] test tests::gaussian_dependency_distinguishes_smaller_equal_and_new_pivots ... ok
[INFO] [stdout] test tests::complete_shortest_path_dag_counts_two_paths_and_rejects_a_cycle ... ok
[INFO] [stdout] test tests::decomposition_returns_single_urf_for_square ... ok
[INFO] [stdout] test tests::tarjan_bcc_maps_every_row_for_disconnected_cycles ... ok
[INFO] [stdout] test tests::apsp_records_shortest_distances_and_predecessors ... ok
[INFO] [stdout] test tests::decomposition_returns_single_urf_for_triangle ... ok
[INFO] [stdout] test tests::urf_fast_path_and_empty_initialization_keep_exact_private_state ... ok
[INFO] [stdout] test tests::tarjan_bcc_splits_two_cycles_sharing_articulation ... ok
[INFO] [stdout] test tests::transitive_closure_relates_complete_components_in_source_order ... ok
[INFO] [stdout] test tests::graph_connectivity_matches_rdl_depth_first_logic ... ok
[INFO] [stdout] test tests::cycle_families_find_triangle_family ... ok
[INFO] [stdout] test tests::tarjan_bcc_drops_trivial_edges_like_rdl ... ok
[INFO] [stdout] test tests::tarjan_bcc_keeps_simple_cycle_as_one_nontrivial_component ... ok
[INFO] [stdout] test tests::relevant_cycle_product_overflow_is_a_structured_error ... ok
[INFO] [stderr]      Running tests/migration_ring_families.rs (/opt/rustwide/target/release/build/cosmolkit-ringdecomposer/6c04c6ee211d356d/out/migration_ring_families-6c04c6ee211d356d)
[INFO] [stdout] 
[INFO] [stdout] test result: ok. 22 passed; 0 failed; 0 ignored; 0 measured; 0 filtered out; finished in 0.15s
[INFO] [stdout] 
[INFO] [stdout] 
[INFO] [stdout] running 30 tests
[INFO] [stdout] test empty_singleton_and_forest_follow_rdl_result_boundaries ... ok
[INFO] [stdout] test source_molecule_11 ... FAILED
[INFO] [stdout] test source_molecule_01 ... FAILED
[INFO] [stdout] test source_molecule_13 ... FAILED
[INFO] [stdout] test source_molecule_12 ... FAILED
[INFO] [stdout] test source_molecule_14 ... FAILED
[INFO] [stdout] test source_molecule_05 ... FAILED
[INFO] [stdout] test source_molecule_16 ... FAILED
[INFO] [stdout] test source_molecule_17 ... FAILED
[INFO] [stdout] test source_molecule_18 ... FAILED
[INFO] [stdout] test source_molecule_19 ... FAILED
[INFO] [stdout] test source_molecule_20 ... FAILED
[INFO] [stdout] test source_molecule_15 ... FAILED
[INFO] [stdout] test source_molecule_21 ... FAILED
[INFO] [stdout] test source_molecule_22 ... FAILED
[INFO] [stdout] test odd_and_even_single_cycles_have_complete_stable_membership ... ok
[INFO] [stdout] test fused_spiro_and_bridged_graphs_close_relation_and_path_count_branches ... ok
[INFO] [stdout] test source_molecule_25 ... FAILED
[INFO] [stdout] test source_molecule_09 ... FAILED
[INFO] [stdout] test source_molecule_02 ... FAILED
[INFO] [stdout] test source_molecule_23 ... FAILED
[INFO] [stdout] test source_molecule_00 ... FAILED
[INFO] [stdout] test source_molecule_04 ... FAILED
[INFO] [stdout] test source_molecule_03 ... FAILED
[INFO] [stdout] test disconnected_and_articulation_separated_cycles_keep_component_order ... ok
[INFO] [stdout] test source_molecule_10 ... FAILED
[INFO] [stdout] test source_molecule_06 ... FAILED
[INFO] [stdout] test source_molecule_08 ... FAILED
[INFO] [stdout] test source_molecule_07 ... FAILED
[INFO] [stdout] test source_molecule_24 ... FAILED
[INFO] [stdout] 
[INFO] [stdout] failures:
[INFO] [stdout] 
[INFO] [stdout] ---- source_molecule_11 stdout ----
[INFO] [stdout] 
[INFO] [stdout] thread 'source_molecule_11' (414) panicked at tests/migration_ring_families.rs:43:33:
[INFO] [stdout] cannot read molecule_11_0.dimacs: No such file or directory (os error 2)
[INFO] [stdout] stack backtrace:
[INFO] [stdout]    0:     0x624f47018491 - <<std[617be2ca0a6fd877]::sys::backtrace::BacktraceLock>::print::DisplayBacktrace as core[a373ad73a504971]::fmt::Display>::fmt
[INFO] [stdout]    1:     0x624f4702d0fa - core[a373ad73a504971]::fmt::write
[INFO] [stdout]    2:     0x624f4701c6ac - <alloc[2e1b2a31b91974c5]::vec::Vec<u8> as core[a373ad73a504971]::io::write::Write>::write_fmt
[INFO] [stdout]    3:     0x624f46ff4406 - std[617be2ca0a6fd877]::panicking::default_hook::{closure#0}
[INFO] [stdout]    4:     0x624f470107c9 - std[617be2ca0a6fd877]::panicking::default_hook
[INFO] [stdout]    5:     0x624f46f9bc30 - test[aada8e7e76ba119b]::test_main_inner::{closure#0}
[INFO] [stdout]    6:     0x624f47010982 - std[617be2ca0a6fd877]::panicking::panic_with_hook
[INFO] [stdout]    7:     0x624f46ff44b2 - std[617be2ca0a6fd877]::panicking::panic_handler::{closure#0}
[INFO] [stdout]    8:     0x624f46fed039 - std[617be2ca0a6fd877]::sys::backtrace::__rust_end_short_backtrace::<std[617be2ca0a6fd877]::panicking::panic_handler::{closure#0}, !>
[INFO] [stdout]    9:     0x624f46ff50bd - __rustc[ea4f61d10b84890b]::rust_begin_unwind
[INFO] [stdout]   10:     0x624f4702d82c - core[a373ad73a504971]::panicking::panic_fmt
[INFO] [stdout]   11:     0x624f46f7b49a - migration_ring_families[329ff4f8f87b7383]::read_fixture::{closure#0}
[INFO] [stdout]   12:     0x624f46f7f759 - migration_ring_families[329ff4f8f87b7383]::validate_fixture
[INFO] [stdout]   13:     0x624f46f80820 - <migration_ring_families[329ff4f8f87b7383]::source_molecule_11::{closure#0} as core[a373ad73a504971]::ops::function::FnOnce<()>>::call_once
[INFO] [stdout]   14:     0x624f46f8f07b - test[aada8e7e76ba119b]::__rust_begin_short_backtrace::<core[a373ad73a504971]::result::Result<(), alloc[2e1b2a31b91974c5]::string::String>, fn() -> core[a373ad73a504971]::result::Result<(), alloc[2e1b2a31b91974c5]::string::String>>
[INFO] [stdout]   15:     0x624f46f9c255 - test[aada8e7e76ba119b]::run_test::{closure#0}
[INFO] [stdout]   16:     0x624f46f95b44 - std[617be2ca0a6fd877]::sys::backtrace::__rust_begin_short_backtrace::<test[aada8e7e76ba119b]::run_test::{closure#1}, ()>
[INFO] [stdout]   17:     0x624f46f9f2e2 - <std[617be2ca0a6fd877]::thread::lifecycle::spawn_unchecked<test[aada8e7e76ba119b]::run_test::{closure#1}, ()>::{closure#1} as core[a373ad73a504971]::ops::function::FnOnce<()>>::call_once::{shim:vtable#0}
[INFO] [stdout]   18:     0x624f4701798f - <std[617be2ca0a6fd877]::sys::thread::unix::Thread>::new::thread_start
[INFO] [stdout]   19:     0x7a102f217dfa - <unknown>
[INFO] [stdout]   20:     0x7a102f2ab3d4 - clone
[INFO] [stdout]   21:                0x0 - <unknown>
[INFO] [stdout] 
[INFO] [stdout] ---- source_molecule_01 stdout ----
[INFO] [stdout] 
[INFO] [stdout] thread 'source_molecule_01' (404) panicked at tests/migration_ring_families.rs:43:33:
[INFO] [stdout] cannot read molecule_01_0.dimacs: No such file or directory (os error 2)
[INFO] [stdout] stack backtrace:
[INFO] [stdout]    0:     0x624f47018491 - <<std[617be2ca0a6fd877]::sys::backtrace::BacktraceLock>::print::DisplayBacktrace as core[a373ad73a504971]::fmt::Display>::fmt
[INFO] [stdout]    1:     0x624f4702d0fa - core[a373ad73a504971]::fmt::write
[INFO] [stdout]    2:     0x624f4701c6ac - <alloc[2e1b2a31b91974c5]::vec::Vec<u8> as core[a373ad73a504971]::io::write::Write>::write_fmt
[INFO] [stdout]    3:     0x624f46ff4406 - std[617be2ca0a6fd877]::panicking::default_hook::{closure#0}
[INFO] [stdout]    4:     0x624f470107c9 - std[617be2ca0a6fd877]::panicking::default_hook
[INFO] [stdout]    5:     0x624f46f9bc30 - test[aada8e7e76ba119b]::test_main_inner::{closure#0}
[INFO] [stdout]    6:     0x624f47010982 - std[617be2ca0a6fd877]::panicking::panic_with_hook
[INFO] [stdout]    7:     0x624f46ff44b2 - std[617be2ca0a6fd877]::panicking::panic_handler::{closure#0}
[INFO] [stdout]    8:     0x624f46fed039 - std[617be2ca0a6fd877]::sys::backtrace::__rust_end_short_backtrace::<std[617be2ca0a6fd877]::panicking::panic_handler::{closure#0}, !>
[INFO] [stdout]    9:     0x624f46ff50bd - __rustc[ea4f61d10b84890b]::rust_begin_unwind
[INFO] [stdout]   10:     0x624f4702d82c - core[a373ad73a504971]::panicking::panic_fmt
[INFO] [stdout]   11:     0x624f46f7b49a - migration_ring_families[329ff4f8f87b7383]::read_fixture::{closure#0}
[INFO] [stdout]   12:     0x624f46f7f759 - migration_ring_families[329ff4f8f87b7383]::validate_fixture
[INFO] [stdout]   13:     0x624f46f806e0 - <migration_ring_families[329ff4f8f87b7383]::source_molecule_01::{closure#0} as core[a373ad73a504971]::ops::function::FnOnce<()>>::call_once
[INFO] [stdout]   14:     0x624f46f8f07b - test[aada8e7e76ba119b]::__rust_begin_short_backtrace::<core[a373ad73a504971]::result::Result<(), alloc[2e1b2a31b91974c5]::string::String>, fn() -> core[a373ad73a504971]::result::Result<(), alloc[2e1b2a31b91974c5]::string::String>>
[INFO] [stdout]   15:     0x624f46f9c255 - test[aada8e7e76ba119b]::run_test::{closure#0}
[INFO] [stdout]   16:     0x624f46f95b44 - std[617be2ca0a6fd877]::sys::backtrace::__rust_begin_short_backtrace::<test[aada8e7e76ba119b]::run_test::{closure#1}, ()>
[INFO] [stdout]   17:     0x624f46f9f2e2 - <std[617be2ca0a6fd877]::thread::lifecycle::spawn_unchecked<test[aada8e7e76ba119b]::run_test::{closure#1}, ()>::{closure#1} as core[a373ad73a504971]::ops::function::FnOnce<()>>::call_once::{shim:vtable#0}
[INFO] [stdout]   18:     0x624f4701798f - <std[617be2ca0a6fd877]::sys::thread::unix::Thread>::new::thread_start
[INFO] [stdout]   19:     0x7a102f217dfa - <unknown>
[INFO] [stdout]   20:     0x7a102f2ab3d4 - clone
[INFO] [stdout]   21:                0x0 - <unknown>
[INFO] [stdout] 
[INFO] [stdout] ---- source_molecule_13 stdout ----
[INFO] [stdout] 
[INFO] [stdout] thread 'source_molecule_13' (416) panicked at tests/migration_ring_families.rs:43:33:
[INFO] [stdout] cannot read molecule_13_0.dimacs: No such file or directory (os error 2)
[INFO] [stdout] stack backtrace:
[INFO] [stdout]    0:     0x624f47018491 - <<std[617be2ca0a6fd877]::sys::backtrace::BacktraceLock>::print::DisplayBacktrace as core[a373ad73a504971]::fmt::Display>::fmt
[INFO] [stdout]    1:     0x624f4702d0fa - core[a373ad73a504971]::fmt::write
[INFO] [stdout]    2:     0x624f4701c6ac - <alloc[2e1b2a31b91974c5]::vec::Vec<u8> as core[a373ad73a504971]::io::write::Write>::write_fmt
[INFO] [stdout]    3:     0x624f46ff4406 - std[617be2ca0a6fd877]::panicking::default_hook::{closure#0}
[INFO] [stdout]    4:     0x624f470107c9 - std[617be2ca0a6fd877]::panicking::default_hook
[INFO] [stdout]    5:     0x624f46f9bc30 - test[aada8e7e76ba119b]::test_main_inner::{closure#0}
[INFO] [stdout]    6:     0x624f47010982 - std[617be2ca0a6fd877]::panicking::panic_with_hook
[INFO] [stdout]    7:     0x624f46ff44b2 - std[617be2ca0a6fd877]::panicking::panic_handler::{closure#0}
[INFO] [stdout]    8:     0x624f46fed039 - std[617be2ca0a6fd877]::sys::backtrace::__rust_end_short_backtrace::<std[617be2ca0a6fd877]::panicking::panic_handler::{closure#0}, !>
[INFO] [stdout]    9:     0x624f46ff50bd - __rustc[ea4f61d10b84890b]::rust_begin_unwind
[INFO] [stdout]   10:     0x624f4702d82c - core[a373ad73a504971]::panicking::panic_fmt
[INFO] [stderr] error: test failed, to rerun pass `--test migration_ring_families`
[INFO] [stdout]   11:     0x624f46f7b49a - migration_ring_families[329ff4f8f87b7383]::read_fixture::{closure#0}
[INFO] [stdout]   12:     0x624f46f7f759 - migration_ring_families[329ff4f8f87b7383]::validate_fixture
[INFO] [stdout]   13:     0x624f46f80860 - <migration_ring_families[329ff4f8f87b7383]::source_molecule_13::{closure#0} as core[a373ad73a504971]::ops::function::FnOnce<()>>::call_once
[INFO] [stdout]   14:     0x624f46f8f07b - test[aada8e7e76ba119b]::__rust_begin_short_backtrace::<core[a373ad73a504971]::result::Result<(), alloc[2e1b2a31b91974c5]::string::String>, fn() -> core[a373ad73a504971]::result::Result<(), alloc[2e1b2a31b91974c5]::string::String>>
[INFO] [stdout]   15:     0x624f46f9c255 - test[aada8e7e76ba119b]::run_test::{closure#0}
[INFO] [stdout]   16:     0x624f46f95b44 - std[617be2ca0a6fd877]::sys::backtrace::__rust_begin_short_backtrace::<test[aada8e7e76ba119b]::run_test::{closure#1}, ()>
[INFO] [stdout]   17:     0x624f46f9f2e2 - <std[617be2ca0a6fd877]::thread::lifecycle::spawn_unchecked<test[aada8e7e76ba119b]::run_test::{closure#1}, ()>::{closure#1} as core[a373ad73a504971]::ops::function::FnOnce<()>>::call_once::{shim:vtable#0}
[INFO] [stdout]   18:     0x624f4701798f - <std[617be2ca0a6fd877]::sys::thread::unix::Thread>::new::thread_start
[INFO] [stdout]   19:     0x7a102f217dfa - <unknown>
[INFO] [stdout]   20:     0x7a102f2ab3d4 - clone
[INFO] [stdout]   21:                0x0 - <unknown>
[INFO] [stdout] 
[INFO] [stdout] ---- source_molecule_12 stdout ----
[INFO] [stdout] 
[INFO] [stdout] thread 'source_molecule_12' (415) panicked at tests/migration_ring_families.rs:43:33:
[INFO] [stdout] cannot read molecule_12_0.dimacs: No such file or directory (os error 2)
[INFO] [stdout] stack backtrace:
[INFO] [stdout]    0:     0x624f47018491 - <<std[617be2ca0a6fd877]::sys::backtrace::BacktraceLock>::print::DisplayBacktrace as core[a373ad73a504971]::fmt::Display>::fmt
[INFO] [stdout]    1:     0x624f4702d0fa - core[a373ad73a504971]::fmt::write
[INFO] [stdout]    2:     0x624f4701c6ac - <alloc[2e1b2a31b91974c5]::vec::Vec<u8> as core[a373ad73a504971]::io::write::Write>::write_fmt
[INFO] [stdout]    3:     0x624f46ff4406 - std[617be2ca0a6fd877]::panicking::default_hook::{closure#0}
[INFO] [stdout]    4:     0x624f470107c9 - std[617be2ca0a6fd877]::panicking::default_hook
[INFO] [stdout]    5:     0x624f46f9bc30 - test[aada8e7e76ba119b]::test_main_inner::{closure#0}
[INFO] [stdout]    6:     0x624f47010982 - std[617be2ca0a6fd877]::panicking::panic_with_hook
[INFO] [stdout]    7:     0x624f46ff44b2 - std[617be2ca0a6fd877]::panicking::panic_handler::{closure#0}
[INFO] [stdout]    8:     0x624f46fed039 - std[617be2ca0a6fd877]::sys::backtrace::__rust_end_short_backtrace::<std[617be2ca0a6fd877]::panicking::panic_handler::{closure#0}, !>
[INFO] [stdout]    9:     0x624f46ff50bd - __rustc[ea4f61d10b84890b]::rust_begin_unwind
[INFO] [stdout]   10:     0x624f4702d82c - core[a373ad73a504971]::panicking::panic_fmt
[INFO] [stdout]   11:     0x624f46f7b49a - migration_ring_families[329ff4f8f87b7383]::read_fixture::{closure#0}
[INFO] [stdout]   12:     0x624f46f7f759 - migration_ring_families[329ff4f8f87b7383]::validate_fixture
[INFO] [stdout]   13:     0x624f46f80840 - <migration_ring_families[329ff4f8f87b7383]::source_molecule_12::{closure#0} as core[a373ad73a504971]::ops::function::FnOnce<()>>::call_once
[INFO] [stdout]   14:     0x624f46f8f07b - test[aada8e7e76ba119b]::__rust_begin_short_backtrace::<core[a373ad73a504971]::result::Result<(), alloc[2e1b2a31b91974c5]::string::String>, fn() -> core[a373ad73a504971]::result::Result<(), alloc[2e1b2a31b91974c5]::string::String>>
[INFO] [stdout]   15:     0x624f46f9c255 - test[aada8e7e76ba119b]::run_test::{closure#0}
[INFO] [stdout]   16:     0x624f46f95b44 - std[617be2ca0a6fd877]::sys::backtrace::__rust_begin_short_backtrace::<test[aada8e7e76ba119b]::run_test::{closure#1}, ()>
[INFO] [stdout]   17:     0x624f46f9f2e2 - <std[617be2ca0a6fd877]::thread::lifecycle::spawn_unchecked<test[aada8e7e76ba119b]::run_test::{closure#1}, ()>::{closure#1} as core[a373ad73a504971]::ops::function::FnOnce<()>>::call_once::{shim:vtable#0}
[INFO] [stdout]   18:     0x624f4701798f - <std[617be2ca0a6fd877]::sys::thread::unix::Thread>::new::thread_start
[INFO] [stdout]   19:     0x7a102f217dfa - <unknown>
[INFO] [stdout]   20:     0x7a102f2ab3d4 - clone
[INFO] [stdout]   21:                0x0 - <unknown>
[INFO] [stdout] 
[INFO] [stdout] ---- source_molecule_14 stdout ----
[INFO] [stdout] 
[INFO] [stdout] thread 'source_molecule_14' (417) panicked at tests/migration_ring_families.rs:43:33:
[INFO] [stdout] cannot read molecule_14_0.dimacs: No such file or directory (os error 2)
[INFO] [stdout] stack backtrace:
[INFO] [stdout]    0:     0x624f47018491 - <<std[617be2ca0a6fd877]::sys::backtrace::BacktraceLock>::print::DisplayBacktrace as core[a373ad73a504971]::fmt::Display>::fmt
[INFO] [stdout]    1:     0x624f4702d0fa - core[a373ad73a504971]::fmt::write
[INFO] [stdout]    2:     0x624f4701c6ac - <alloc[2e1b2a31b91974c5]::vec::Vec<u8> as core[a373ad73a504971]::io::write::Write>::write_fmt
[INFO] [stdout]    3:     0x624f46ff4406 - std[617be2ca0a6fd877]::panicking::default_hook::{closure#0}
[INFO] [stdout]    4:     0x624f470107c9 - std[617be2ca0a6fd877]::panicking::default_hook
[INFO] [stdout]    5:     0x624f46f9bc30 - test[aada8e7e76ba119b]::test_main_inner::{closure#0}
[INFO] [stdout]    6:     0x624f47010982 - std[617be2ca0a6fd877]::panicking::panic_with_hook
[INFO] [stdout]    7:     0x624f46ff44b2 - std[617be2ca0a6fd877]::panicking::panic_handler::{closure#0}
[INFO] [stdout]    8:     0x624f46fed039 - std[617be2ca0a6fd877]::sys::backtrace::__rust_end_short_backtrace::<std[617be2ca0a6fd877]::panicking::panic_handler::{closure#0}, !>
[INFO] [stdout]    9:     0x624f46ff50bd - __rustc[ea4f61d10b84890b]::rust_begin_unwind
[INFO] [stdout]   10:     0x624f4702d82c - core[a373ad73a504971]::panicking::panic_fmt
[INFO] [stdout]   11:     0x624f46f7b49a - migration_ring_families[329ff4f8f87b7383]::read_fixture::{closure#0}
[INFO] [stdout]   12:     0x624f46f7f759 - migration_ring_families[329ff4f8f87b7383]::validate_fixture
[INFO] [stdout]   13:     0x624f46f80880 - <migration_ring_families[329ff4f8f87b7383]::source_molecule_14::{closure#0} as core[a373ad73a504971]::ops::function::FnOnce<()>>::call_once
[INFO] [stdout]   14:     0x624f46f8f07b - test[aada8e7e76ba119b]::__rust_begin_short_backtrace::<core[a373ad73a504971]::result::Result<(), alloc[2e1b2a31b91974c5]::string::String>, fn() -> core[a373ad73a504971]::result::Result<(), alloc[2e1b2a31b91974c5]::string::String>>
[INFO] [stdout]   15:     0x624f46f9c255 - test[aada8e7e76ba119b]::run_test::{closure#0}
[INFO] [stdout]   16:     0x624f46f95b44 - std[617be2ca0a6fd877]::sys::backtrace::__rust_begin_short_backtrace::<test[aada8e7e76ba119b]::run_test::{closure#1}, ()>
[INFO] [stdout]   17:     0x624f46f9f2e2 - <std[617be2ca0a6fd877]::thread::lifecycle::spawn_unchecked<test[aada8e7e76ba119b]::run_test::{closure#1}, ()>::{closure#1} as core[a373ad73a504971]::ops::function::FnOnce<()>>::call_once::{shim:vtable#0}
[INFO] [stdout]   18:     0x624f4701798f - <std[617be2ca0a6fd877]::sys::thread::unix::Thread>::new::thread_start
[INFO] [stdout]   19:     0x7a102f217dfa - <unknown>
[INFO] [stdout]   20:     0x7a102f2ab3d4 - clone
[INFO] [stdout]   21:                0x0 - <unknown>
[INFO] [stdout] 
[INFO] [stdout] ---- source_molecule_05 stdout ----
[INFO] [stdout] 
[INFO] [stdout] thread 'source_molecule_05' (408) panicked at tests/migration_ring_families.rs:43:33:
[INFO] [stdout] cannot read molecule_05_0.dimacs: No such file or directory (os error 2)
[INFO] [stdout] stack backtrace:
[INFO] [stdout]    0:     0x624f47018491 - <<std[617be2ca0a6fd877]::sys::backtrace::BacktraceLock>::print::DisplayBacktrace as core[a373ad73a504971]::fmt::Display>::fmt
[INFO] [stdout]    1:     0x624f4702d0fa - core[a373ad73a504971]::fmt::write
[INFO] [stdout]    2:     0x624f4701c6ac - <alloc[2e1b2a31b91974c5]::vec::Vec<u8> as core[a373ad73a504971]::io::write::Write>::write_fmt
[INFO] [stdout]    3:     0x624f46ff4406 - std[617be2ca0a6fd877]::panicking::default_hook::{closure#0}
[INFO] [stdout]    4:     0x624f470107c9 - std[617be2ca0a6fd877]::panicking::default_hook
[INFO] [stdout]    5:     0x624f46f9bc30 - test[aada8e7e76ba119b]::test_main_inner::{closure#0}
[INFO] [stdout]    6:     0x624f47010982 - std[617be2ca0a6fd877]::panicking::panic_with_hook
[INFO] [stdout]    7:     0x624f46ff44b2 - std[617be2ca0a6fd877]::panicking::panic_handler::{closure#0}
[INFO] [stdout]    8:     0x624f46fed039 - std[617be2ca0a6fd877]::sys::backtrace::__rust_end_short_backtrace::<std[617be2ca0a6fd877]::panicking::panic_handler::{closure#0}, !>
[INFO] [stdout]    9:     0x624f46ff50bd - __rustc[ea4f61d10b84890b]::rust_begin_unwind
[INFO] [stdout]   10:     0x624f4702d82c - core[a373ad73a504971]::panicking::panic_fmt
[INFO] [stdout]   11:     0x624f46f7b49a - migration_ring_families[329ff4f8f87b7383]::read_fixture::{closure#0}
[INFO] [stdout]   12:     0x624f46f7f759 - migration_ring_families[329ff4f8f87b7383]::validate_fixture
[INFO] [stdout]   13:     0x624f46f80760 - <migration_ring_families[329ff4f8f87b7383]::source_molecule_05::{closure#0} as core[a373ad73a504971]::ops::function::FnOnce<()>>::call_once
[INFO] [stdout]   14:     0x624f46f8f07b - test[aada8e7e76ba119b]::__rust_begin_short_backtrace::<core[a373ad73a504971]::result::Result<(), alloc[2e1b2a31b91974c5]::string::String>, fn() -> core[a373ad73a504971]::result::Result<(), alloc[2e1b2a31b91974c5]::string::String>>
[INFO] [stdout]   15:     0x624f46f9c255 - test[aada8e7e76ba119b]::run_test::{closure#0}
[INFO] [stdout]   16:     0x624f46f95b44 - std[617be2ca0a6fd877]::sys::backtrace::__rust_begin_short_backtrace::<test[aada8e7e76ba119b]::run_test::{closure#1}, ()>
[INFO] [stdout]   17:     0x624f46f9f2e2 - <std[617be2ca0a6fd877]::thread::lifecycle::spawn_unchecked<test[aada8e7e76ba119b]::run_test::{closure#1}, ()>::{closure#1} as core[a373ad73a504971]::ops::function::FnOnce<()>>::call_once::{shim:vtable#0}
[INFO] [stdout]   18:     0x624f4701798f - <std[617be2ca0a6fd877]::sys::thread::unix::Thread>::new::thread_start
[INFO] [stdout]   19:     0x7a102f217dfa - <unknown>
[INFO] [stdout]   20:     0x7a102f2ab3d4 - clone
[INFO] [stdout]   21:                0x0 - <unknown>
[INFO] [stdout] 
[INFO] [stdout] ---- source_molecule_16 stdout ----
[INFO] [stdout] 
[INFO] [stdout] thread 'source_molecule_16' (419) panicked at tests/migration_ring_families.rs:43:33:
[INFO] [stdout] cannot read molecule_16_0.dimacs: No such file or directory (os error 2)
[INFO] [stdout] stack backtrace:
[INFO] [stdout]    0:     0x624f47018491 - <<std[617be2ca0a6fd877]::sys::backtrace::BacktraceLock>::print::DisplayBacktrace as core[a373ad73a504971]::fmt::Display>::fmt
[INFO] [stdout]    1:     0x624f4702d0fa - core[a373ad73a504971]::fmt::write
[INFO] [stdout]    2:     0x624f4701c6ac - <alloc[2e1b2a31b91974c5]::vec::Vec<u8> as core[a373ad73a504971]::io::write::Write>::write_fmt
[INFO] [stdout]    3:     0x624f46ff4406 - std[617be2ca0a6fd877]::panicking::default_hook::{closure#0}
[INFO] [stdout]    4:     0x624f470107c9 - std[617be2ca0a6fd877]::panicking::default_hook
[INFO] [stdout]    5:     0x624f46f9bc30 - test[aada8e7e76ba119b]::test_main_inner::{closure#0}
[INFO] [stdout]    6:     0x624f47010982 - std[617be2ca0a6fd877]::panicking::panic_with_hook
[INFO] [stdout]    7:     0x624f46ff44b2 - std[617be2ca0a6fd877]::panicking::panic_handler::{closure#0}
[INFO] [stdout]    8:     0x624f46fed039 - std[617be2ca0a6fd877]::sys::backtrace::__rust_end_short_backtrace::<std[617be2ca0a6fd877]::panicking::panic_handler::{closure#0}, !>
[INFO] [stdout]    9:     0x624f46ff50bd - __rustc[ea4f61d10b84890b]::rust_begin_unwind
[INFO] [stdout]   10:     0x624f4702d82c - core[a373ad73a504971]::panicking::panic_fmt
[INFO] [stdout]   11:     0x624f46f7b49a - migration_ring_families[329ff4f8f87b7383]::read_fixture::{closure#0}
[INFO] [stdout]   12:     0x624f46f7f759 - migration_ring_families[329ff4f8f87b7383]::validate_fixture
[INFO] [stdout]   13:     0x624f46f808c0 - <migration_ring_families[329ff4f8f87b7383]::source_molecule_16::{closure#0} as core[a373ad73a504971]::ops::function::FnOnce<()>>::call_once
[INFO] [stdout]   14:     0x624f46f8f07b - test[aada8e7e76ba119b]::__rust_begin_short_backtrace::<core[a373ad73a504971]::result::Result<(), alloc[2e1b2a31b91974c5]::string::String>, fn() -> core[a373ad73a504971]::result::Result<(), alloc[2e1b2a31b91974c5]::string::String>>
[INFO] [stdout]   15:     0x624f46f9c255 - test[aada8e7e76ba119b]::run_test::{closure#0}
[INFO] [stdout]   16:     0x624f46f95b44 - std[617be2ca0a6fd877]::sys::backtrace::__rust_begin_short_backtrace::<test[aada8e7e76ba119b]::run_test::{closure#1}, ()>
[INFO] [stdout]   17:     0x624f46f9f2e2 - <std[617be2ca0a6fd877]::thread::lifecycle::spawn_unchecked<test[aada8e7e76ba119b]::run_test::{closure#1}, ()>::{closure#1} as core[a373ad73a504971]::ops::function::FnOnce<()>>::call_once::{shim:vtable#0}
[INFO] [stdout]   18:     0x624f4701798f - <std[617be2ca0a6fd877]::sys::thread::unix::Thread>::new::thread_start
[INFO] [stdout]   19:     0x7a102f217dfa - <unknown>
[INFO] [stdout]   20:     0x7a102f2ab3d4 - clone
[INFO] [stdout]   21:                0x0 - <unknown>
[INFO] [stdout] 
[INFO] [stdout] ---- source_molecule_17 stdout ----
[INFO] [stdout] 
[INFO] [stdout] thread 'source_molecule_17' (420) panicked at tests/migration_ring_families.rs:43:33:
[INFO] [stdout] cannot read molecule_17_0.dimacs: No such file or directory (os error 2)
[INFO] [stdout] stack backtrace:
[INFO] [stdout]    0:     0x624f47018491 - <<std[617be2ca0a6fd877]::sys::backtrace::BacktraceLock>::print::DisplayBacktrace as core[a373ad73a504971]::fmt::Display>::fmt
[INFO] [stdout]    1:     0x624f4702d0fa - core[a373ad73a504971]::fmt::write
[INFO] [stdout]    2:     0x624f4701c6ac - <alloc[2e1b2a31b91974c5]::vec::Vec<u8> as core[a373ad73a504971]::io::write::Write>::write_fmt
[INFO] [stdout]    3:     0x624f46ff4406 - std[617be2ca0a6fd877]::panicking::default_hook::{closure#0}
[INFO] [stdout]    4:     0x624f470107c9 - std[617be2ca0a6fd877]::panicking::default_hook
[INFO] [stdout]    5:     0x624f46f9bc30 - test[aada8e7e76ba119b]::test_main_inner::{closure#0}
[INFO] [stdout]    6:     0x624f47010982 - std[617be2ca0a6fd877]::panicking::panic_with_hook
[INFO] [stdout]    7:     0x624f46ff44b2 - std[617be2ca0a6fd877]::panicking::panic_handler::{closure#0}
[INFO] [stdout]    8:     0x624f46fed039 - std[617be2ca0a6fd877]::sys::backtrace::__rust_end_short_backtrace::<std[617be2ca0a6fd877]::panicking::panic_handler::{closure#0}, !>
[INFO] [stdout]    9:     0x624f46ff50bd - __rustc[ea4f61d10b84890b]::rust_begin_unwind
[INFO] [stdout]   10:     0x624f4702d82c - core[a373ad73a504971]::panicking::panic_fmt
[INFO] [stdout]   11:     0x624f46f7b49a - migration_ring_families[329ff4f8f87b7383]::read_fixture::{closure#0}
[INFO] [stdout]   12:     0x624f46f7f759 - migration_ring_families[329ff4f8f87b7383]::validate_fixture
[INFO] [stdout]   13:     0x624f46f808e0 - <migration_ring_families[329ff4f8f87b7383]::source_molecule_17::{closure#0} as core[a373ad73a504971]::ops::function::FnOnce<()>>::call_once
[INFO] [stdout]   14:     0x624f46f8f07b - test[aada8e7e76ba119b]::__rust_begin_short_backtrace::<core[a373ad73a504971]::result::Result<(), alloc[2e1b2a31b91974c5]::string::String>, fn() -> core[a373ad73a504971]::result::Result<(), alloc[2e1b2a31b91974c5]::string::String>>
[INFO] [stdout]   15:     0x624f46f9c255 - test[aada8e7e76ba119b]::run_test::{closure#0}
[INFO] [stdout]   16:     0x624f46f95b44 - std[617be2ca0a6fd877]::sys::backtrace::__rust_begin_short_backtrace::<test[aada8e7e76ba119b]::run_test::{closure#1}, ()>
[INFO] [stdout]   17:     0x624f46f9f2e2 - <std[617be2ca0a6fd877]::thread::lifecycle::spawn_unchecked<test[aada8e7e76ba119b]::run_test::{closure#1}, ()>::{closure#1} as core[a373ad73a504971]::ops::function::FnOnce<()>>::call_once::{shim:vtable#0}
[INFO] [stdout]   18:     0x624f4701798f - <std[617be2ca0a6fd877]::sys::thread::unix::Thread>::new::thread_start
[INFO] [stdout]   19:     0x7a102f217dfa - <unknown>
[INFO] [stdout]   20:     0x7a102f2ab3d4 - clone
[INFO] [stdout]   21:                0x0 - <unknown>
[INFO] [stdout] 
[INFO] [stdout] ---- source_molecule_18 stdout ----
[INFO] [stdout] 
[INFO] [stdout] thread 'source_molecule_18' (421) panicked at tests/migration_ring_families.rs:43:33:
[INFO] [stdout] cannot read molecule_18_0.dimacs: No such file or directory (os error 2)
[INFO] [stdout] stack backtrace:
[INFO] [stdout]    0:     0x624f47018491 - <<std[617be2ca0a6fd877]::sys::backtrace::BacktraceLock>::print::DisplayBacktrace as core[a373ad73a504971]::fmt::Display>::fmt
[INFO] [stdout]    1:     0x624f4702d0fa - core[a373ad73a504971]::fmt::write
[INFO] [stdout]    2:     0x624f4701c6ac - <alloc[2e1b2a31b91974c5]::vec::Vec<u8> as core[a373ad73a504971]::io::write::Write>::write_fmt
[INFO] [stdout]    3:     0x624f46ff4406 - std[617be2ca0a6fd877]::panicking::default_hook::{closure#0}
[INFO] [stdout]    4:     0x624f470107c9 - std[617be2ca0a6fd877]::panicking::default_hook
[INFO] [stdout]    5:     0x624f46f9bc30 - test[aada8e7e76ba119b]::test_main_inner::{closure#0}
[INFO] [stdout]    6:     0x624f47010982 - std[617be2ca0a6fd877]::panicking::panic_with_hook
[INFO] [stdout]    7:     0x624f46ff44b2 - std[617be2ca0a6fd877]::panicking::panic_handler::{closure#0}
[INFO] [stdout]    8:     0x624f46fed039 - std[617be2ca0a6fd877]::sys::backtrace::__rust_end_short_backtrace::<std[617be2ca0a6fd877]::panicking::panic_handler::{closure#0}, !>
[INFO] [stdout]    9:     0x624f46ff50bd - __rustc[ea4f61d10b84890b]::rust_begin_unwind
[INFO] [stdout]   10:     0x624f4702d82c - core[a373ad73a504971]::panicking::panic_fmt
[INFO] [stdout]   11:     0x624f46f7b49a - migration_ring_families[329ff4f8f87b7383]::read_fixture::{closure#0}
[INFO] [stdout]   12:     0x624f46f7f759 - migration_ring_families[329ff4f8f87b7383]::validate_fixture
[INFO] [stdout]   13:     0x624f46f80900 - <migration_ring_families[329ff4f8f87b7383]::source_molecule_18::{closure#0} as core[a373ad73a504971]::ops::function::FnOnce<()>>::call_once
[INFO] [stdout]   14:     0x624f46f8f07b - test[aada8e7e76ba119b]::__rust_begin_short_backtrace::<core[a373ad73a504971]::result::Result<(), alloc[2e1b2a31b91974c5]::string::String>, fn() -> core[a373ad73a504971]::result::Result<(), alloc[2e1b2a31b91974c5]::string::String>>
[INFO] [stdout]   15:     0x624f46f9c255 - test[aada8e7e76ba119b]::run_test::{closure#0}
[INFO] [stdout]   16:     0x624f46f95b44 - std[617be2ca0a6fd877]::sys::backtrace::__rust_begin_short_backtrace::<test[aada8e7e76ba119b]::run_test::{closure#1}, ()>
[INFO] [stdout]   17:     0x624f46f9f2e2 - <std[617be2ca0a6fd877]::thread::lifecycle::spawn_unchecked<test[aada8e7e76ba119b]::run_test::{closure#1}, ()>::{closure#1} as core[a373ad73a504971]::ops::function::FnOnce<()>>::call_once::{shim:vtable#0}
[INFO] [stdout]   18:     0x624f4701798f - <std[617be2ca0a6fd877]::sys::thread::unix::Thread>::new::thread_start
[INFO] [stdout]   19:     0x7a102f217dfa - <unknown>
[INFO] [stdout]   20:     0x7a102f2ab3d4 - clone
[INFO] [stdout]   21:                0x0 - <unknown>
[INFO] [stdout] 
[INFO] [stdout] ---- source_molecule_19 stdout ----
[INFO] [stdout] 
[INFO] [stdout] thread 'source_molecule_19' (422) panicked at tests/migration_ring_families.rs:43:33:
[INFO] [stdout] cannot read molecule_19_0.dimacs: No such file or directory (os error 2)
[INFO] [stdout] stack backtrace:
[INFO] [stdout]    0:     0x624f47018491 - <<std[617be2ca0a6fd877]::sys::backtrace::BacktraceLock>::print::DisplayBacktrace as core[a373ad73a504971]::fmt::Display>::fmt
[INFO] [stdout]    1:     0x624f4702d0fa - core[a373ad73a504971]::fmt::write
[INFO] [stdout]    2:     0x624f4701c6ac - <alloc[2e1b2a31b91974c5]::vec::Vec<u8> as core[a373ad73a504971]::io::write::Write>::write_fmt
[INFO] [stdout]    3:     0x624f46ff4406 - std[617be2ca0a6fd877]::panicking::default_hook::{closure#0}
[INFO] [stdout]    4:     0x624f470107c9 - std[617be2ca0a6fd877]::panicking::default_hook
[INFO] [stdout]    5:     0x624f46f9bc30 - test[aada8e7e76ba119b]::test_main_inner::{closure#0}
[INFO] [stdout]    6:     0x624f47010982 - std[617be2ca0a6fd877]::panicking::panic_with_hook
[INFO] [stdout]    7:     0x624f46ff44b2 - std[617be2ca0a6fd877]::panicking::panic_handler::{closure#0}
[INFO] [stdout]    8:     0x624f46fed039 - std[617be2ca0a6fd877]::sys::backtrace::__rust_end_short_backtrace::<std[617be2ca0a6fd877]::panicking::panic_handler::{closure#0}, !>
[INFO] [stdout]    9:     0x624f46ff50bd - __rustc[ea4f61d10b84890b]::rust_begin_unwind
[INFO] [stdout]   10:     0x624f4702d82c - core[a373ad73a504971]::panicking::panic_fmt
[INFO] [stdout]   11:     0x624f46f7b49a - migration_ring_families[329ff4f8f87b7383]::read_fixture::{closure#0}
[INFO] [stdout]   12:     0x624f46f7f759 - migration_ring_families[329ff4f8f87b7383]::validate_fixture
[INFO] [stdout]   13:     0x624f46f80920 - <migration_ring_families[329ff4f8f87b7383]::source_molecule_19::{closure#0} as core[a373ad73a504971]::ops::function::FnOnce<()>>::call_once
[INFO] [stdout]   14:     0x624f46f8f07b - test[aada8e7e76ba119b]::__rust_begin_short_backtrace::<core[a373ad73a504971]::result::Result<(), alloc[2e1b2a31b91974c5]::string::String>, fn() -> core[a373ad73a504971]::result::Result<(), alloc[2e1b2a31b91974c5]::string::String>>
[INFO] [stdout]   15:     0x624f46f9c255 - test[aada8e7e76ba119b]::run_test::{closure#0}
[INFO] [stdout]   16:     0x624f46f95b44 - std[617be2ca0a6fd877]::sys::backtrace::__rust_begin_short_backtrace::<test[aada8e7e76ba119b]::run_test::{closure#1}, ()>
[INFO] [stdout]   17:     0x624f46f9f2e2 - <std[617be2ca0a6fd877]::thread::lifecycle::spawn_unchecked<test[aada8e7e76ba119b]::run_test::{closure#1}, ()>::{closure#1} as core[a373ad73a504971]::ops::function::FnOnce<()>>::call_once::{shim:vtable#0}
[INFO] [stdout]   18:     0x624f4701798f - <std[617be2ca0a6fd877]::sys::thread::unix::Thread>::new::thread_start
[INFO] [stdout]   19:     0x7a102f217dfa - <unknown>
[INFO] [stdout]   20:     0x7a102f2ab3d4 - clone
[INFO] [stdout]   21:                0x0 - <unknown>
[INFO] [stdout] 
[INFO] [stdout] ---- source_molecule_20 stdout ----
[INFO] [stdout] 
[INFO] [stdout] thread 'source_molecule_20' (423) panicked at tests/migration_ring_families.rs:43:33:
[INFO] [stdout] cannot read molecule_20_0.dimacs: No such file or directory (os error 2)
[INFO] [stdout] stack backtrace:
[INFO] [stdout]    0:     0x624f47018491 - <<std[617be2ca0a6fd877]::sys::backtrace::BacktraceLock>::print::DisplayBacktrace as core[a373ad73a504971]::fmt::Display>::fmt
[INFO] [stdout]    1:     0x624f4702d0fa - core[a373ad73a504971]::fmt::write
[INFO] [stdout]    2:     0x624f4701c6ac - <alloc[2e1b2a31b91974c5]::vec::Vec<u8> as core[a373ad73a504971]::io::write::Write>::write_fmt
[INFO] [stdout]    3:     0x624f46ff4406 - std[617be2ca0a6fd877]::panicking::default_hook::{closure#0}
[INFO] [stdout]    4:     0x624f470107c9 - std[617be2ca0a6fd877]::panicking::default_hook
[INFO] [stdout]    5:     0x624f46f9bc30 - test[aada8e7e76ba119b]::test_main_inner::{closure#0}
[INFO] [stdout]    6:     0x624f47010982 - std[617be2ca0a6fd877]::panicking::panic_with_hook
[INFO] [stdout]    7:     0x624f46ff44b2 - std[617be2ca0a6fd877]::panicking::panic_handler::{closure#0}
[INFO] [stdout]    8:     0x624f46fed039 - std[617be2ca0a6fd877]::sys::backtrace::__rust_end_short_backtrace::<std[617be2ca0a6fd877]::panicking::panic_handler::{closure#0}, !>
[INFO] [stdout]    9:     0x624f46ff50bd - __rustc[ea4f61d10b84890b]::rust_begin_unwind
[INFO] [stdout]   10:     0x624f4702d82c - core[a373ad73a504971]::panicking::panic_fmt
[INFO] [stdout]   11:     0x624f46f7b49a - migration_ring_families[329ff4f8f87b7383]::read_fixture::{closure#0}
[INFO] [stdout]   12:     0x624f46f7f759 - migration_ring_families[329ff4f8f87b7383]::validate_fixture
[INFO] [stdout]   13:     0x624f46f80940 - <migration_ring_families[329ff4f8f87b7383]::source_molecule_20::{closure#0} as core[a373ad73a504971]::ops::function::FnOnce<()>>::call_once
[INFO] [stdout]   14:     0x624f46f8f07b - test[aada8e7e76ba119b]::__rust_begin_short_backtrace::<core[a373ad73a504971]::result::Result<(), alloc[2e1b2a31b91974c5]::string::String>, fn() -> core[a373ad73a504971]::result::Result<(), alloc[2e1b2a31b91974c5]::string::String>>
[INFO] [stdout]   15:     0x624f46f9c255 - test[aada8e7e76ba119b]::run_test::{closure#0}
[INFO] [stdout]   16:     0x624f46f95b44 - std[617be2ca0a6fd877]::sys::backtrace::__rust_begin_short_backtrace::<test[aada8e7e76ba119b]::run_test::{closure#1}, ()>
[INFO] [stdout]   17:     0x624f46f9f2e2 - <std[617be2ca0a6fd877]::thread::lifecycle::spawn_unchecked<test[aada8e7e76ba119b]::run_test::{closure#1}, ()>::{closure#1} as core[a373ad73a504971]::ops::function::FnOnce<()>>::call_once::{shim:vtable#0}
[INFO] [stdout]   18:     0x624f4701798f - <std[617be2ca0a6fd877]::sys::thread::unix::Thread>::new::thread_start
[INFO] [stdout]   19:     0x7a102f217dfa - <unknown>
[INFO] [stdout]   20:     0x7a102f2ab3d4 - clone
[INFO] [stdout]   21:                0x0 - <unknown>
[INFO] [stdout] 
[INFO] [stdout] ---- source_molecule_15 stdout ----
[INFO] [stdout] 
[INFO] [stdout] thread 'source_molecule_15' (418) panicked at tests/migration_ring_families.rs:43:33:
[INFO] [stdout] cannot read molecule_15_0.dimacs: No such file or directory (os error 2)
[INFO] [stdout] stack backtrace:
[INFO] [stdout]    0:     0x624f47018491 - <<std[617be2ca0a6fd877]::sys::backtrace::BacktraceLock>::print::DisplayBacktrace as core[a373ad73a504971]::fmt::Display>::fmt
[INFO] [stdout]    1:     0x624f4702d0fa - core[a373ad73a504971]::fmt::write
[INFO] [stdout]    2:     0x624f4701c6ac - <alloc[2e1b2a31b91974c5]::vec::Vec<u8> as core[a373ad73a504971]::io::write::Write>::write_fmt
[INFO] [stdout]    3:     0x624f46ff4406 - std[617be2ca0a6fd877]::panicking::default_hook::{closure#0}
[INFO] [stdout]    4:     0x624f470107c9 - std[617be2ca0a6fd877]::panicking::default_hook
[INFO] [stdout]    5:     0x624f46f9bc30 - test[aada8e7e76ba119b]::test_main_inner::{closure#0}
[INFO] [stdout]    6:     0x624f47010982 - std[617be2ca0a6fd877]::panicking::panic_with_hook
[INFO] [stdout]    7:     0x624f46ff44b2 - std[617be2ca0a6fd877]::panicking::panic_handler::{closure#0}
[INFO] [stdout]    8:     0x624f46fed039 - std[617be2ca0a6fd877]::sys::backtrace::__rust_end_short_backtrace::<std[617be2ca0a6fd877]::panicking::panic_handler::{closure#0}, !>
[INFO] [stdout]    9:     0x624f46ff50bd - __rustc[ea4f61d10b84890b]::rust_begin_unwind
[INFO] [stdout]   10:     0x624f4702d82c - core[a373ad73a504971]::panicking::panic_fmt
[INFO] [stdout]   11:     0x624f46f7b49a - migration_ring_families[329ff4f8f87b7383]::read_fixture::{closure#0}
[INFO] [stdout]   12:     0x624f46f7f759 - migration_ring_families[329ff4f8f87b7383]::validate_fixture
[INFO] [stdout]   13:     0x624f46f808a0 - <migration_ring_families[329ff4f8f87b7383]::source_molecule_15::{closure#0} as core[a373ad73a504971]::ops::function::FnOnce<()>>::call_once
[INFO] [stdout]   14:     0x624f46f8f07b - test[aada8e7e76ba119b]::__rust_begin_short_backtrace::<core[a373ad73a504971]::result::Result<(), alloc[2e1b2a31b91974c5]::string::String>, fn() -> core[a373ad73a504971]::result::Result<(), alloc[2e1b2a31b91974c5]::string::String>>
[INFO] [stdout]   15:     0x624f46f9c255 - test[aada8e7e76ba119b]::run_test::{closure#0}
[INFO] [stdout]   16:     0x624f46f95b44 - std[617be2ca0a6fd877]::sys::backtrace::__rust_begin_short_backtrace::<test[aada8e7e76ba119b]::run_test::{closure#1}, ()>
[INFO] [stdout]   17:     0x624f46f9f2e2 - <std[617be2ca0a6fd877]::thread::lifecycle::spawn_unchecked<test[aada8e7e76ba119b]::run_test::{closure#1}, ()>::{closure#1} as core[a373ad73a504971]::ops::function::FnOnce<()>>::call_once::{shim:vtable#0}
[INFO] [stdout]   18:     0x624f4701798f - <std[617be2ca0a6fd877]::sys::thread::unix::Thread>::new::thread_start
[INFO] [stdout]   19:     0x7a102f217dfa - <unknown>
[INFO] [stdout]   20:     0x7a102f2ab3d4 - clone
[INFO] [stdout]   21:                0x0 - <unknown>
[INFO] [stdout] 
[INFO] [stdout] ---- source_molecule_21 stdout ----
[INFO] [stdout] 
[INFO] [stdout] thread 'source_molecule_21' (424) panicked at tests/migration_ring_families.rs:43:33:
[INFO] [stdout] cannot read molecule_21_0.dimacs: No such file or directory (os error 2)
[INFO] [stdout] stack backtrace:
[INFO] [stdout]    0:     0x624f47018491 - <<std[617be2ca0a6fd877]::sys::backtrace::BacktraceLock>::print::DisplayBacktrace as core[a373ad73a504971]::fmt::Display>::fmt
[INFO] [stdout]    1:     0x624f4702d0fa - core[a373ad73a504971]::fmt::write
[INFO] [stdout]    2:     0x624f4701c6ac - <alloc[2e1b2a31b91974c5]::vec::Vec<u8> as core[a373ad73a504971]::io::write::Write>::write_fmt
[INFO] [stdout]    3:     0x624f46ff4406 - std[617be2ca0a6fd877]::panicking::default_hook::{closure#0}
[INFO] [stdout]    4:     0x624f470107c9 - std[617be2ca0a6fd877]::panicking::default_hook
[INFO] [stdout]    5:     0x624f46f9bc30 - test[aada8e7e76ba119b]::test_main_inner::{closure#0}
[INFO] [stdout]    6:     0x624f47010982 - std[617be2ca0a6fd877]::panicking::panic_with_hook
[INFO] [stdout]    7:     0x624f46ff44b2 - std[617be2ca0a6fd877]::panicking::panic_handler::{closure#0}
[INFO] [stdout]    8:     0x624f46fed039 - std[617be2ca0a6fd877]::sys::backtrace::__rust_end_short_backtrace::<std[617be2ca0a6fd877]::panicking::panic_handler::{closure#0}, !>
[INFO] [stdout]    9:     0x624f46ff50bd - __rustc[ea4f61d10b84890b]::rust_begin_unwind
[INFO] [stdout]   10:     0x624f4702d82c - core[a373ad73a504971]::panicking::panic_fmt
[INFO] [stdout]   11:     0x624f46f7b49a - migration_ring_families[329ff4f8f87b7383]::read_fixture::{closure#0}
[INFO] [stdout]   12:     0x624f46f7f759 - migration_ring_families[329ff4f8f87b7383]::validate_fixture
[INFO] [stdout]   13:     0x624f46f80960 - <migration_ring_families[329ff4f8f87b7383]::source_molecule_21::{closure#0} as core[a373ad73a504971]::ops::function::FnOnce<()>>::call_once
[INFO] [stdout]   14:     0x624f46f8f07b - test[aada8e7e76ba119b]::__rust_begin_short_backtrace::<core[a373ad73a504971]::result::Result<(), alloc[2e1b2a31b91974c5]::string::String>, fn() -> core[a373ad73a504971]::result::Result<(), alloc[2e1b2a31b91974c5]::string::String>>
[INFO] [stdout]   15:     0x624f46f9c255 - test[aada8e7e76ba119b]::run_test::{closure#0}
[INFO] [stdout]   16:     0x624f46f95b44 - std[617be2ca0a6fd877]::sys::backtrace::__rust_begin_short_backtrace::<test[aada8e7e76ba119b]::run_test::{closure#1}, ()>
[INFO] [stdout]   17:     0x624f46f9f2e2 - <std[617be2ca0a6fd877]::thread::lifecycle::spawn_unchecked<test[aada8e7e76ba119b]::run_test::{closure#1}, ()>::{closure#1} as core[a373ad73a504971]::ops::function::FnOnce<()>>::call_once::{shim:vtable#0}
[INFO] [stdout]   18:     0x624f4701798f - <std[617be2ca0a6fd877]::sys::thread::unix::Thread>::new::thread_start
[INFO] [stdout]   19:     0x7a102f217dfa - <unknown>
[INFO] [stdout]   20:     0x7a102f2ab3d4 - clone
[INFO] [stdout]   21:                0x0 - <unknown>
[INFO] [stdout] 
[INFO] [stdout] ---- source_molecule_22 stdout ----
[INFO] [stdout] 
[INFO] [stdout] thread 'source_molecule_22' (425) panicked at tests/migration_ring_families.rs:43:33:
[INFO] [stdout] cannot read molecule_22_0.dimacs: No such file or directory (os error 2)
[INFO] [stdout] stack backtrace:
[INFO] [stdout]    0:     0x624f47018491 - <<std[617be2ca0a6fd877]::sys::backtrace::BacktraceLock>::print::DisplayBacktrace as core[a373ad73a504971]::fmt::Display>::fmt
[INFO] [stdout]    1:     0x624f4702d0fa - core[a373ad73a504971]::fmt::write
[INFO] [stdout]    2:     0x624f4701c6ac - <alloc[2e1b2a31b91974c5]::vec::Vec<u8> as core[a373ad73a504971]::io::write::Write>::write_fmt
[INFO] [stdout]    3:     0x624f46ff4406 - std[617be2ca0a6fd877]::panicking::default_hook::{closure#0}
[INFO] [stdout]    4:     0x624f470107c9 - std[617be2ca0a6fd877]::panicking::default_hook
[INFO] [stdout]    5:     0x624f46f9bc30 - test[aada8e7e76ba119b]::test_main_inner::{closure#0}
[INFO] [stdout]    6:     0x624f47010982 - std[617be2ca0a6fd877]::panicking::panic_with_hook
[INFO] [stdout]    7:     0x624f46ff44b2 - std[617be2ca0a6fd877]::panicking::panic_handler::{closure#0}
[INFO] [stdout]    8:     0x624f46fed039 - std[617be2ca0a6fd877]::sys::backtrace::__rust_end_short_backtrace::<std[617be2ca0a6fd877]::panicking::panic_handler::{closure#0}, !>
[INFO] [stdout]    9:     0x624f46ff50bd - __rustc[ea4f61d10b84890b]::rust_begin_unwind
[INFO] [stdout]   10:     0x624f4702d82c - core[a373ad73a504971]::panicking::panic_fmt
[INFO] [stdout]   11:     0x624f46f7b49a - migration_ring_families[329ff4f8f87b7383]::read_fixture::{closure#0}
[INFO] [stdout]   12:     0x624f46f7f759 - migration_ring_families[329ff4f8f87b7383]::validate_fixture
[INFO] [stdout]   13:     0x624f46f80980 - <migration_ring_families[329ff4f8f87b7383]::source_molecule_22::{closure#0} as core[a373ad73a504971]::ops::function::FnOnce<()>>::call_once
[INFO] [stdout]   14:     0x624f46f8f07b - test[aada8e7e76ba119b]::__rust_begin_short_backtrace::<core[a373ad73a504971]::result::Result<(), alloc[2e1b2a31b91974c5]::string::String>, fn() -> core[a373ad73a504971]::result::Result<(), alloc[2e1b2a31b91974c5]::string::String>>
[INFO] [stdout]   15:     0x624f46f9c255 - test[aada8e7e76ba119b]::run_test::{closure#0}
[INFO] [stdout]   16:     0x624f46f95b44 - std[617be2ca0a6fd877]::sys::backtrace::__rust_begin_short_backtrace::<test[aada8e7e76ba119b]::run_test::{closure#1}, ()>
[INFO] [stdout]   17:     0x624f46f9f2e2 - <std[617be2ca0a6fd877]::thread::lifecycle::spawn_unchecked<test[aada8e7e76ba119b]::run_test::{closure#1}, ()>::{closure#1} as core[a373ad73a504971]::ops::function::FnOnce<()>>::call_once::{shim:vtable#0}
[INFO] [stdout]   18:     0x624f4701798f - <std[617be2ca0a6fd877]::sys::thread::unix::Thread>::new::thread_start
[INFO] [stdout]   19:     0x7a102f217dfa - <unknown>
[INFO] [stdout]   20:     0x7a102f2ab3d4 - clone
[INFO] [stdout]   21:                0x0 - <unknown>
[INFO] [stdout] 
[INFO] [stdout] ---- source_molecule_25 stdout ----
[INFO] [stdout] 
[INFO] [stdout] thread 'source_molecule_25' (428) panicked at tests/migration_ring_families.rs:43:33:
[INFO] [stdout] cannot read molecule_25_0.dimacs: No such file or directory (os error 2)
[INFO] [stdout] stack backtrace:
[INFO] [stdout]    0:     0x624f47018491 - <<std[617be2ca0a6fd877]::sys::backtrace::BacktraceLock>::print::DisplayBacktrace as core[a373ad73a504971]::fmt::Display>::fmt
[INFO] [stdout]    1:     0x624f4702d0fa - core[a373ad73a504971]::fmt::write
[INFO] [stdout]    2:     0x624f4701c6ac - <alloc[2e1b2a31b91974c5]::vec::Vec<u8> as core[a373ad73a504971]::io::write::Write>::write_fmt
[INFO] [stdout]    3:     0x624f46ff4406 - std[617be2ca0a6fd877]::panicking::default_hook::{closure#0}
[INFO] [stdout]    4:     0x624f470107c9 - std[617be2ca0a6fd877]::panicking::default_hook
[INFO] [stdout]    5:     0x624f46f9bc30 - test[aada8e7e76ba119b]::test_main_inner::{closure#0}
[INFO] [stdout]    6:     0x624f47010982 - std[617be2ca0a6fd877]::panicking::panic_with_hook
[INFO] [stdout]    7:     0x624f46ff44b2 - std[617be2ca0a6fd877]::panicking::panic_handler::{closure#0}
[INFO] [stdout]    8:     0x624f46fed039 - std[617be2ca0a6fd877]::sys::backtrace::__rust_end_short_backtrace::<std[617be2ca0a6fd877]::panicking::panic_handler::{closure#0}, !>
[INFO] [stdout]    9:     0x624f46ff50bd - __rustc[ea4f61d10b84890b]::rust_begin_unwind
[INFO] [stdout]   10:     0x624f4702d82c - core[a373ad73a504971]::panicking::panic_fmt
[INFO] [stdout]   11:     0x624f46f7b49a - migration_ring_families[329ff4f8f87b7383]::read_fixture::{closure#0}
[INFO] [stdout]   12:     0x624f46f7f759 - migration_ring_families[329ff4f8f87b7383]::validate_fixture
[INFO] [stdout]   13:     0x624f46f809e0 - <migration_ring_families[329ff4f8f87b7383]::source_molecule_25::{closure#0} as core[a373ad73a504971]::ops::function::FnOnce<()>>::call_once
[INFO] [stdout]   14:     0x624f46f8f07b - test[aada8e7e76ba119b]::__rust_begin_short_backtrace::<core[a373ad73a504971]::result::Result<(), alloc[2e1b2a31b91974c5]::string::String>, fn() -> core[a373ad73a504971]::result::Result<(), alloc[2e1b2a31b91974c5]::string::String>>
[INFO] [stdout]   15:     0x624f46f9c255 - test[aada8e7e76ba119b]::run_test::{closure#0}
[INFO] [stdout]   16:     0x624f46f95b44 - std[617be2ca0a6fd877]::sys::backtrace::__rust_begin_short_backtrace::<test[aada8e7e76ba119b]::run_test::{closure#1}, ()>
[INFO] [stdout]   17:     0x624f46f9f2e2 - <std[617be2ca0a6fd877]::thread::lifecycle::spawn_unchecked<test[aada8e7e76ba119b]::run_test::{closure#1}, ()>::{closure#1} as core[a373ad73a504971]::ops::function::FnOnce<()>>::call_once::{shim:vtable#0}
[INFO] [stdout]   18:     0x624f4701798f - <std[617be2ca0a6fd877]::sys::thread::unix::Thread>::new::thread_start
[INFO] [stdout]   19:     0x7a102f217dfa - <unknown>
[INFO] [stdout]   20:     0x7a102f2ab3d4 - clone
[INFO] [stdout]   21:                0x0 - <unknown>
[INFO] [stdout] 
[INFO] [stdout] ---- source_molecule_09 stdout ----
[INFO] [stdout] 
[INFO] [stdout] thread 'source_molecule_09' (412) panicked at tests/migration_ring_families.rs:43:33:
[INFO] [stdout] cannot read molecule_09_0.dimacs: No such file or directory (os error 2)
[INFO] [stdout] stack backtrace:
[INFO] [stdout]    0:     0x624f47018491 - <<std[617be2ca0a6fd877]::sys::backtrace::BacktraceLock>::print::DisplayBacktrace as core[a373ad73a504971]::fmt::Display>::fmt
[INFO] [stdout]    1:     0x624f4702d0fa - core[a373ad73a504971]::fmt::write
[INFO] [stdout]    2:     0x624f4701c6ac - <alloc[2e1b2a31b91974c5]::vec::Vec<u8> as core[a373ad73a504971]::io::write::Write>::write_fmt
[INFO] [stdout]    3:     0x624f46ff4406 - std[617be2ca0a6fd877]::panicking::default_hook::{closure#0}
[INFO] [stdout]    4:     0x624f470107c9 - std[617be2ca0a6fd877]::panicking::default_hook
[INFO] [stdout]    5:     0x624f46f9bc30 - test[aada8e7e76ba119b]::test_main_inner::{closure#0}
[INFO] [stdout]    6:     0x624f47010982 - std[617be2ca0a6fd877]::panicking::panic_with_hook
[INFO] [stdout]    7:     0x624f46ff44b2 - std[617be2ca0a6fd877]::panicking::panic_handler::{closure#0}
[INFO] [stdout]    8:     0x624f46fed039 - std[617be2ca0a6fd877]::sys::backtrace::__rust_end_short_backtrace::<std[617be2ca0a6fd877]::panicking::panic_handler::{closure#0}, !>
[INFO] [stdout]    9:     0x624f46ff50bd - __rustc[ea4f61d10b84890b]::rust_begin_unwind
[INFO] [stdout]   10:     0x624f4702d82c - core[a373ad73a504971]::panicking::panic_fmt
[INFO] [stdout]   11:     0x624f46f7b49a - migration_ring_families[329ff4f8f87b7383]::read_fixture::{closure#0}
[INFO] [stdout]   12:     0x624f46f7f759 - migration_ring_families[329ff4f8f87b7383]::validate_fixture
[INFO] [stdout]   13:     0x624f46f807e0 - <migration_ring_families[329ff4f8f87b7383]::source_molecule_09::{closure#0} as core[a373ad73a504971]::ops::function::FnOnce<()>>::call_once
[INFO] [stdout]   14:     0x624f46f8f07b - test[aada8e7e76ba119b]::__rust_begin_short_backtrace::<core[a373ad73a504971]::result::Result<(), alloc[2e1b2a31b91974c5]::string::String>, fn() -> core[a373ad73a504971]::result::Result<(), alloc[2e1b2a31b91974c5]::string::String>>
[INFO] [stdout]   15:     0x624f46f9c255 - test[aada8e7e76ba119b]::run_test::{closure#0}
[INFO] [stdout]   16:     0x624f46f95b44 - std[617be2ca0a6fd877]::sys::backtrace::__rust_begin_short_backtrace::<test[aada8e7e76ba119b]::run_test::{closure#1}, ()>
[INFO] [stdout]   17:     0x624f46f9f2e2 - <std[617be2ca0a6fd877]::thread::lifecycle::spawn_unchecked<test[aada8e7e76ba119b]::run_test::{closure#1}, ()>::{closure#1} as core[a373ad73a504971]::ops::function::FnOnce<()>>::call_once::{shim:vtable#0}
[INFO] [stdout]   18:     0x624f4701798f - <std[617be2ca0a6fd877]::sys::thread::unix::Thread>::new::thread_start
[INFO] [stdout]   19:     0x7a102f217dfa - <unknown>
[INFO] [stdout]   20:     0x7a102f2ab3d4 - clone
[INFO] [stdout]   21:                0x0 - <unknown>
[INFO] [stdout] 
[INFO] [stdout] ---- source_molecule_02 stdout ----
[INFO] [stdout] 
[INFO] [stdout] thread 'source_molecule_02' (405) panicked at tests/migration_ring_families.rs:43:33:
[INFO] [stdout] cannot read molecule_02_0.dimacs: No such file or directory (os error 2)
[INFO] [stdout] stack backtrace:
[INFO] [stdout]    0:     0x624f47018491 - <<std[617be2ca0a6fd877]::sys::backtrace::BacktraceLock>::print::DisplayBacktrace as core[a373ad73a504971]::fmt::Display>::fmt
[INFO] [stdout]    1:     0x624f4702d0fa - core[a373ad73a504971]::fmt::write
[INFO] [stdout]    2:     0x624f4701c6ac - <alloc[2e1b2a31b91974c5]::vec::Vec<u8> as core[a373ad73a504971]::io::write::Write>::write_fmt
[INFO] [stdout]    3:     0x624f46ff4406 - std[617be2ca0a6fd877]::panicking::default_hook::{closure#0}
[INFO] [stdout]    4:     0x624f470107c9 - std[617be2ca0a6fd877]::panicking::default_hook
[INFO] [stdout]    5:     0x624f46f9bc30 - test[aada8e7e76ba119b]::test_main_inner::{closure#0}
[INFO] [stdout]    6:     0x624f47010982 - std[617be2ca0a6fd877]::panicking::panic_with_hook
[INFO] [stdout]    7:     0x624f46ff44b2 - std[617be2ca0a6fd877]::panicking::panic_handler::{closure#0}
[INFO] [stdout]    8:     0x624f46fed039 - std[617be2ca0a6fd877]::sys::backtrace::__rust_end_short_backtrace::<std[617be2ca0a6fd877]::panicking::panic_handler::{closure#0}, !>
[INFO] [stdout]    9:     0x624f46ff50bd - __rustc[ea4f61d10b84890b]::rust_begin_unwind
[INFO] [stdout]   10:     0x624f4702d82c - core[a373ad73a504971]::panicking::panic_fmt
[INFO] [stdout]   11:     0x624f46f7b49a - migration_ring_families[329ff4f8f87b7383]::read_fixture::{closure#0}
[INFO] [stdout]   12:     0x624f46f7f759 - migration_ring_families[329ff4f8f87b7383]::validate_fixture
[INFO] [stdout]   13:     0x624f46f80700 - <migration_ring_families[329ff4f8f87b7383]::source_molecule_02::{closure#0} as core[a373ad73a504971]::ops::function::FnOnce<()>>::call_once
[INFO] [stdout]   14:     0x624f46f8f07b - test[aada8e7e76ba119b]::__rust_begin_short_backtrace::<core[a373ad73a504971]::result::Result<(), alloc[2e1b2a31b91974c5]::string::String>, fn() -> core[a373ad73a504971]::result::Result<(), alloc[2e1b2a31b91974c5]::string::String>>
[INFO] [stdout]   15:     0x624f46f9c255 - test[aada8e7e76ba119b]::run_test::{closure#0}
[INFO] [stdout]   16:     0x624f46f95b44 - std[617be2ca0a6fd877]::sys::backtrace::__rust_begin_short_backtrace::<test[aada8e7e76ba119b]::run_test::{closure#1}, ()>
[INFO] [stdout]   17:     0x624f46f9f2e2 - <std[617be2ca0a6fd877]::thread::lifecycle::spawn_unchecked<test[aada8e7e76ba119b]::run_test::{closure#1}, ()>::{closure#1} as core[a373ad73a504971]::ops::function::FnOnce<()>>::call_once::{shim:vtable#0}
[INFO] [stdout]   18:     0x624f4701798f - <std[617be2ca0a6fd877]::sys::thread::unix::Thread>::new::thread_start
[INFO] [stdout]   19:     0x7a102f217dfa - <unknown>
[INFO] [stdout]   20:     0x7a102f2ab3d4 - clone
[INFO] [stdout]   21:                0x0 - <unknown>
[INFO] [stdout] 
[INFO] [stdout] ---- source_molecule_23 stdout ----
[INFO] [stdout] 
[INFO] [stdout] thread 'source_molecule_23' (426) panicked at tests/migration_ring_families.rs:43:33:
[INFO] [stdout] cannot read molecule_23_0.dimacs: No such file or directory (os error 2)
[INFO] [stdout] stack backtrace:
[INFO] [stdout]    0:     0x624f47018491 - <<std[617be2ca0a6fd877]::sys::backtrace::BacktraceLock>::print::DisplayBacktrace as core[a373ad73a504971]::fmt::Display>::fmt
[INFO] [stdout]    1:     0x624f4702d0fa - core[a373ad73a504971]::fmt::write
[INFO] [stdout]    2:     0x624f4701c6ac - <alloc[2e1b2a31b91974c5]::vec::Vec<u8> as core[a373ad73a504971]::io::write::Write>::write_fmt
[INFO] [stdout]    3:     0x624f46ff4406 - std[617be2ca0a6fd877]::panicking::default_hook::{closure#0}
[INFO] [stdout]    4:     0x624f470107c9 - std[617be2ca0a6fd877]::panicking::default_hook
[INFO] [stdout]    5:     0x624f46f9bc30 - test[aada8e7e76ba119b]::test_main_inner::{closure#0}
[INFO] [stdout]    6:     0x624f47010982 - std[617be2ca0a6fd877]::panicking::panic_with_hook
[INFO] [stdout]    7:     0x624f46ff44b2 - std[617be2ca0a6fd877]::panicking::panic_handler::{closure#0}
[INFO] [stdout]    8:     0x624f46fed039 - std[617be2ca0a6fd877]::sys::backtrace::__rust_end_short_backtrace::<std[617be2ca0a6fd877]::panicking::panic_handler::{closure#0}, !>
[INFO] [stdout]    9:     0x624f46ff50bd - __rustc[ea4f61d10b84890b]::rust_begin_unwind
[INFO] [stdout]   10:     0x624f4702d82c - core[a373ad73a504971]::panicking::panic_fmt
[INFO] [stdout]   11:     0x624f46f7b49a - migration_ring_families[329ff4f8f87b7383]::read_fixture::{closure#0}
[INFO] [stdout]   12:     0x624f46f7f759 - migration_ring_families[329ff4f8f87b7383]::validate_fixture
[INFO] [stdout]   13:     0x624f46f809a0 - <migration_ring_families[329ff4f8f87b7383]::source_molecule_23::{closure#0} as core[a373ad73a504971]::ops::function::FnOnce<()>>::call_once
[INFO] [stdout]   14:     0x624f46f8f07b - test[aada8e7e76ba119b]::__rust_begin_short_backtrace::<core[a373ad73a504971]::result::Result<(), alloc[2e1b2a31b91974c5]::string::String>, fn() -> core[a373ad73a504971]::result::Result<(), alloc[2e1b2a31b91974c5]::string::String>>
[INFO] [stdout]   15:     0x624f46f9c255 - test[aada8e7e76ba119b]::run_test::{closure#0}
[INFO] [stdout]   16:     0x624f46f95b44 - std[617be2ca0a6fd877]::sys::backtrace::__rust_begin_short_backtrace::<test[aada8e7e76ba119b]::run_test::{closure#1}, ()>
[INFO] [stdout]   17:     0x624f46f9f2e2 - <std[617be2ca0a6fd877]::thread::lifecycle::spawn_unchecked<test[aada8e7e76ba119b]::run_test::{closure#1}, ()>::{closure#1} as core[a373ad73a504971]::ops::function::FnOnce<()>>::call_once::{shim:vtable#0}
[INFO] [stdout]   18:     0x624f4701798f - <std[617be2ca0a6fd877]::sys::thread::unix::Thread>::new::thread_start
[INFO] [stdout]   19:     0x7a102f217dfa - <unknown>
[INFO] [stdout]   20:     0x7a102f2ab3d4 - clone
[INFO] [stdout]   21:                0x0 - <unknown>
[INFO] [stdout] 
[INFO] [stdout] ---- source_molecule_00 stdout ----
[INFO] [stdout] 
[INFO] [stdout] thread 'source_molecule_00' (403) panicked at tests/migration_ring_families.rs:43:33:
[INFO] [stdout] cannot read molecule_00_0.dimacs: No such file or directory (os error 2)
[INFO] [stdout] stack backtrace:
[INFO] [stdout]    0:     0x624f47018491 - <<std[617be2ca0a6fd877]::sys::backtrace::BacktraceLock>::print::DisplayBacktrace as core[a373ad73a504971]::fmt::Display>::fmt
[INFO] [stdout]    1:     0x624f4702d0fa - core[a373ad73a504971]::fmt::write
[INFO] [stdout]    2:     0x624f4701c6ac - <alloc[2e1b2a31b91974c5]::vec::Vec<u8> as core[a373ad73a504971]::io::write::Write>::write_fmt
[INFO] [stdout]    3:     0x624f46ff4406 - std[617be2ca0a6fd877]::panicking::default_hook::{closure#0}
[INFO] [stdout]    4:     0x624f470107c9 - std[617be2ca0a6fd877]::panicking::default_hook
[INFO] [stdout]    5:     0x624f46f9bc30 - test[aada8e7e76ba119b]::test_main_inner::{closure#0}
[INFO] [stdout]    6:     0x624f47010982 - std[617be2ca0a6fd877]::panicking::panic_with_hook
[INFO] [stdout]    7:     0x624f46ff44b2 - std[617be2ca0a6fd877]::panicking::panic_handler::{closure#0}
[INFO] [stdout]    8:     0x624f46fed039 - std[617be2ca0a6fd877]::sys::backtrace::__rust_end_short_backtrace::<std[617be2ca0a6fd877]::panicking::panic_handler::{closure#0}, !>
[INFO] [stdout]    9:     0x624f46ff50bd - __rustc[ea4f61d10b84890b]::rust_begin_unwind
[INFO] [stdout]   10:     0x624f4702d82c - core[a373ad73a504971]::panicking::panic_fmt
[INFO] [stdout]   11:     0x624f46f7b49a - migration_ring_families[329ff4f8f87b7383]::read_fixture::{closure#0}
[INFO] [stdout]   12:     0x624f46f7f759 - migration_ring_families[329ff4f8f87b7383]::validate_fixture
[INFO] [stdout]   13:     0x624f46f806c0 - <migration_ring_families[329ff4f8f87b7383]::source_molecule_00::{closure#0} as core[a373ad73a504971]::ops::function::FnOnce<()>>::call_once
[INFO] [stdout]   14:     0x624f46f8f07b - test[aada8e7e76ba119b]::__rust_begin_short_backtrace::<core[a373ad73a504971]::result::Result<(), alloc[2e1b2a31b91974c5]::string::String>, fn() -> core[a373ad73a504971]::result::Result<(), alloc[2e1b2a31b91974c5]::string::String>>
[INFO] [stdout]   15:     0x624f46f9c255 - test[aada8e7e76ba119b]::run_test::{closure#0}
[INFO] [stdout]   16:     0x624f46f95b44 - std[617be2ca0a6fd877]::sys::backtrace::__rust_begin_short_backtrace::<test[aada8e7e76ba119b]::run_test::{closure#1}, ()>
[INFO] [stdout]   17:     0x624f46f9f2e2 - <std[617be2ca0a6fd877]::thread::lifecycle::spawn_unchecked<test[aada8e7e76ba119b]::run_test::{closure#1}, ()>::{closure#1} as core[a373ad73a504971]::ops::function::FnOnce<()>>::call_once::{shim:vtable#0}
[INFO] [stdout]   18:     0x624f4701798f - <std[617be2ca0a6fd877]::sys::thread::unix::Thread>::new::thread_start
[INFO] [stdout]   19:     0x7a102f217dfa - <unknown>
[INFO] [stdout]   20:     0x7a102f2ab3d4 - clone
[INFO] [stdout]   21:                0x0 - <unknown>
[INFO] [stdout] 
[INFO] [stdout] ---- source_molecule_04 stdout ----
[INFO] [stdout] 
[INFO] [stdout] thread 'source_molecule_04' (407) panicked at tests/migration_ring_families.rs:43:33:
[INFO] [stdout] cannot read molecule_04_0.dimacs: No such file or directory (os error 2)
[INFO] [stdout] stack backtrace:
[INFO] [stdout]    0:     0x624f47018491 - <<std[617be2ca0a6fd877]::sys::backtrace::BacktraceLock>::print::DisplayBacktrace as core[a373ad73a504971]::fmt::Display>::fmt
[INFO] [stdout]    1:     0x624f4702d0fa - core[a373ad73a504971]::fmt::write
[INFO] [stdout]    2:     0x624f4701c6ac - <alloc[2e1b2a31b91974c5]::vec::Vec<u8> as core[a373ad73a504971]::io::write::Write>::write_fmt
[INFO] [stdout]    3:     0x624f46ff4406 - std[617be2ca0a6fd877]::panicking::default_hook::{closure#0}
[INFO] [stdout]    4:     0x624f470107c9 - std[617be2ca0a6fd877]::panicking::default_hook
[INFO] [stdout]    5:     0x624f46f9bc30 - test[aada8e7e76ba119b]::test_main_inner::{closure#0}
[INFO] [stdout]    6:     0x624f47010982 - std[617be2ca0a6fd877]::panicking::panic_with_hook
[INFO] [stdout]    7:     0x624f46ff44b2 - std[617be2ca0a6fd877]::panicking::panic_handler::{closure#0}
[INFO] [stdout]    8:     0x624f46fed039 - std[617be2ca0a6fd877]::sys::backtrace::__rust_end_short_backtrace::<std[617be2ca0a6fd877]::panicking::panic_handler::{closure#0}, !>
[INFO] [stdout]    9:     0x624f46ff50bd - __rustc[ea4f61d10b84890b]::rust_begin_unwind
[INFO] [stdout]   10:     0x624f4702d82c - core[a373ad73a504971]::panicking::panic_fmt
[INFO] [stdout]   11:     0x624f46f7b49a - migration_ring_families[329ff4f8f87b7383]::read_fixture::{closure#0}
[INFO] [stdout]   12:     0x624f46f7f759 - migration_ring_families[329ff4f8f87b7383]::validate_fixture
[INFO] [stdout]   13:     0x624f46f80740 - <migration_ring_families[329ff4f8f87b7383]::source_molecule_04::{closure#0} as core[a373ad73a504971]::ops::function::FnOnce<()>>::call_once
[INFO] [stdout]   14:     0x624f46f8f07b - test[aada8e7e76ba119b]::__rust_begin_short_backtrace::<core[a373ad73a504971]::result::Result<(), alloc[2e1b2a31b91974c5]::string::String>, fn() -> core[a373ad73a504971]::result::Result<(), alloc[2e1b2a31b91974c5]::string::String>>
[INFO] [stdout]   15:     0x624f46f9c255 - test[aada8e7e76ba119b]::run_test::{closure#0}
[INFO] [stdout]   16:     0x624f46f95b44 - std[617be2ca0a6fd877]::sys::backtrace::__rust_begin_short_backtrace::<test[aada8e7e76ba119b]::run_test::{closure#1}, ()>
[INFO] [stdout]   17:     0x624f46f9f2e2 - <std[617be2ca0a6fd877]::thread::lifecycle::spawn_unchecked<test[aada8e7e76ba119b]::run_test::{closure#1}, ()>::{closure#1} as core[a373ad73a504971]::ops::function::FnOnce<()>>::call_once::{shim:vtable#0}
[INFO] [stdout]   18:     0x624f4701798f - <std[617be2ca0a6fd877]::sys::thread::unix::Thread>::new::thread_start
[INFO] [stdout]   19:     0x7a102f217dfa - <unknown>
[INFO] [stdout]   20:     0x7a102f2ab3d4 - clone
[INFO] [stdout]   21:                0x0 - <unknown>
[INFO] [stdout] 
[INFO] [stdout] ---- source_molecule_03 stdout ----
[INFO] [stdout] 
[INFO] [stdout] thread 'source_molecule_03' (406) panicked at tests/migration_ring_families.rs:43:33:
[INFO] [stdout] cannot read molecule_03_0.dimacs: No such file or directory (os error 2)
[INFO] [stdout] stack backtrace:
[INFO] [stdout]    0:     0x624f47018491 - <<std[617be2ca0a6fd877]::sys::backtrace::BacktraceLock>::print::DisplayBacktrace as core[a373ad73a504971]::fmt::Display>::fmt
[INFO] [stdout]    1:     0x624f4702d0fa - core[a373ad73a504971]::fmt::write
[INFO] [stdout]    2:     0x624f4701c6ac - <alloc[2e1b2a31b91974c5]::vec::Vec<u8> as core[a373ad73a504971]::io::write::Write>::write_fmt
[INFO] [stdout]    3:     0x624f46ff4406 - std[617be2ca0a6fd877]::panicking::default_hook::{closure#0}
[INFO] [stdout]    4:     0x624f470107c9 - std[617be2ca0a6fd877]::panicking::default_hook
[INFO] [stdout]    5:     0x624f46f9bc30 - test[aada8e7e76ba119b]::test_main_inner::{closure#0}
[INFO] [stdout]    6:     0x624f47010982 - std[617be2ca0a6fd877]::panicking::panic_with_hook
[INFO] [stdout]    7:     0x624f46ff44b2 - std[617be2ca0a6fd877]::panicking::panic_handler::{closure#0}
[INFO] [stdout]    8:     0x624f46fed039 - std[617be2ca0a6fd877]::sys::backtrace::__rust_end_short_backtrace::<std[617be2ca0a6fd877]::panicking::panic_handler::{closure#0}, !>
[INFO] [stdout]    9:     0x624f46ff50bd - __rustc[ea4f61d10b84890b]::rust_begin_unwind
[INFO] [stdout]   10:     0x624f4702d82c - core[a373ad73a504971]::panicking::panic_fmt
[INFO] [stdout]   11:     0x624f46f7b49a - migration_ring_families[329ff4f8f87b7383]::read_fixture::{closure#0}
[INFO] [stdout]   12:     0x624f46f7f759 - migration_ring_families[329ff4f8f87b7383]::validate_fixture
[INFO] [stdout]   13:     0x624f46f80720 - <migration_ring_families[329ff4f8f87b7383]::source_molecule_03::{closure#0} as core[a373ad73a504971]::ops::function::FnOnce<()>>::call_once
[INFO] [stdout]   14:     0x624f46f8f07b - test[aada8e7e76ba119b]::__rust_begin_short_backtrace::<core[a373ad73a504971]::result::Result<(), alloc[2e1b2a31b91974c5]::string::String>, fn() -> core[a373ad73a504971]::result::Result<(), alloc[2e1b2a31b91974c5]::string::String>>
[INFO] [stdout]   15:     0x624f46f9c255 - test[aada8e7e76ba119b]::run_test::{closure#0}
[INFO] [stdout]   16:     0x624f46f95b44 - std[617be2ca0a6fd877]::sys::backtrace::__rust_begin_short_backtrace::<test[aada8e7e76ba119b]::run_test::{closure#1}, ()>
[INFO] [stdout]   17:     0x624f46f9f2e2 - <std[617be2ca0a6fd877]::thread::lifecycle::spawn_unchecked<test[aada8e7e76ba119b]::run_test::{closure#1}, ()>::{closure#1} as core[a373ad73a504971]::ops::function::FnOnce<()>>::call_once::{shim:vtable#0}
[INFO] [stdout]   18:     0x624f4701798f - <std[617be2ca0a6fd877]::sys::thread::unix::Thread>::new::thread_start
[INFO] [stdout]   19:     0x7a102f217dfa - <unknown>
[INFO] [stdout]   20:     0x7a102f2ab3d4 - clone
[INFO] [stdout]   21:                0x0 - <unknown>
[INFO] [stdout] 
[INFO] [stdout] ---- source_molecule_10 stdout ----
[INFO] [stdout] 
[INFO] [stdout] thread 'source_molecule_10' (413) panicked at tests/migration_ring_families.rs:43:33:
[INFO] [stdout] cannot read molecule_10_0.dimacs: No such file or directory (os error 2)
[INFO] [stdout] stack backtrace:
[INFO] [stdout]    0:     0x624f47018491 - <<std[617be2ca0a6fd877]::sys::backtrace::BacktraceLock>::print::DisplayBacktrace as core[a373ad73a504971]::fmt::Display>::fmt
[INFO] [stdout]    1:     0x624f4702d0fa - core[a373ad73a504971]::fmt::write
[INFO] [stdout]    2:     0x624f4701c6ac - <alloc[2e1b2a31b91974c5]::vec::Vec<u8> as core[a373ad73a504971]::io::write::Write>::write_fmt
[INFO] [stdout]    3:     0x624f46ff4406 - std[617be2ca0a6fd877]::panicking::default_hook::{closure#0}
[INFO] [stdout]    4:     0x624f470107c9 - std[617be2ca0a6fd877]::panicking::default_hook
[INFO] [stdout]    5:     0x624f46f9bc30 - test[aada8e7e76ba119b]::test_main_inner::{closure#0}
[INFO] [stdout]    6:     0x624f47010982 - std[617be2ca0a6fd877]::panicking::panic_with_hook
[INFO] [stdout]    7:     0x624f46ff44b2 - std[617be2ca0a6fd877]::panicking::panic_handler::{closure#0}
[INFO] [stdout]    8:     0x624f46fed039 - std[617be2ca0a6fd877]::sys::backtrace::__rust_end_short_backtrace::<std[617be2ca0a6fd877]::panicking::panic_handler::{closure#0}, !>
[INFO] [stdout]    9:     0x624f46ff50bd - __rustc[ea4f61d10b84890b]::rust_begin_unwind
[INFO] [stdout]   10:     0x624f4702d82c - core[a373ad73a504971]::panicking::panic_fmt
[INFO] [stdout]   11:     0x624f46f7b49a - migration_ring_families[329ff4f8f87b7383]::read_fixture::{closure#0}
[INFO] [stdout]   12:     0x624f46f7f759 - migration_ring_families[329ff4f8f87b7383]::validate_fixture
[INFO] [stdout]   13:     0x624f46f80800 - <migration_ring_families[329ff4f8f87b7383]::source_molecule_10::{closure#0} as core[a373ad73a504971]::ops::function::FnOnce<()>>::call_once
[INFO] [stdout]   14:     0x624f46f8f07b - test[aada8e7e76ba119b]::__rust_begin_short_backtrace::<core[a373ad73a504971]::result::Result<(), alloc[2e1b2a31b91974c5]::string::String>, fn() -> core[a373ad73a504971]::result::Result<(), alloc[2e1b2a31b91974c5]::string::String>>
[INFO] [stdout]   15:     0x624f46f9c255 - test[aada8e7e76ba119b]::run_test::{closure#0}
[INFO] [stdout]   16:     0x624f46f95b44 - std[617be2ca0a6fd877]::sys::backtrace::__rust_begin_short_backtrace::<test[aada8e7e76ba119b]::run_test::{closure#1}, ()>
[INFO] [stdout]   17:     0x624f46f9f2e2 - <std[617be2ca0a6fd877]::thread::lifecycle::spawn_unchecked<test[aada8e7e76ba119b]::run_test::{closure#1}, ()>::{closure#1} as core[a373ad73a504971]::ops::function::FnOnce<()>>::call_once::{shim:vtable#0}
[INFO] [stdout]   18:     0x624f4701798f - <std[617be2ca0a6fd877]::sys::thread::unix::Thread>::new::thread_start
[INFO] [stdout]   19:     0x7a102f217dfa - <unknown>
[INFO] [stdout]   20:     0x7a102f2ab3d4 - clone
[INFO] [stdout]   21:                0x0 - <unknown>
[INFO] [stdout] 
[INFO] [stdout] ---- source_molecule_06 stdout ----
[INFO] [stdout] 
[INFO] [stdout] thread 'source_molecule_06' (409) panicked at tests/migration_ring_families.rs:43:33:
[INFO] [stdout] cannot read molecule_06_0.dimacs: No such file or directory (os error 2)
[INFO] [stdout] stack backtrace:
[INFO] [stdout]    0:     0x624f47018491 - <<std[617be2ca0a6fd877]::sys::backtrace::BacktraceLock>::print::DisplayBacktrace as core[a373ad73a504971]::fmt::Display>::fmt
[INFO] [stdout]    1:     0x624f4702d0fa - core[a373ad73a504971]::fmt::write
[INFO] [stdout]    2:     0x624f4701c6ac - <alloc[2e1b2a31b91974c5]::vec::Vec<u8> as core[a373ad73a504971]::io::write::Write>::write_fmt
[INFO] [stdout]    3:     0x624f46ff4406 - std[617be2ca0a6fd877]::panicking::default_hook::{closure#0}
[INFO] [stdout]    4:     0x624f470107c9 - std[617be2ca0a6fd877]::panicking::default_hook
[INFO] [stdout]    5:     0x624f46f9bc30 - test[aada8e7e76ba119b]::test_main_inner::{closure#0}
[INFO] [stdout]    6:     0x624f47010982 - std[617be2ca0a6fd877]::panicking::panic_with_hook
[INFO] [stdout]    7:     0x624f46ff44b2 - std[617be2ca0a6fd877]::panicking::panic_handler::{closure#0}
[INFO] [stdout]    8:     0x624f46fed039 - std[617be2ca0a6fd877]::sys::backtrace::__rust_end_short_backtrace::<std[617be2ca0a6fd877]::panicking::panic_handler::{closure#0}, !>
[INFO] [stdout]    9:     0x624f46ff50bd - __rustc[ea4f61d10b84890b]::rust_begin_unwind
[INFO] [stdout]   10:     0x624f4702d82c - core[a373ad73a504971]::panicking::panic_fmt
[INFO] [stdout]   11:     0x624f46f7b49a - migration_ring_families[329ff4f8f87b7383]::read_fixture::{closure#0}
[INFO] [stdout]   12:     0x624f46f7f759 - migration_ring_families[329ff4f8f87b7383]::validate_fixture
[INFO] [stdout]   13:     0x624f46f80780 - <migration_ring_families[329ff4f8f87b7383]::source_molecule_06::{closure#0} as core[a373ad73a504971]::ops::function::FnOnce<()>>::call_once
[INFO] [stdout]   14:     0x624f46f8f07b - test[aada8e7e76ba119b]::__rust_begin_short_backtrace::<core[a373ad73a504971]::result::Result<(), alloc[2e1b2a31b91974c5]::string::String>, fn() -> core[a373ad73a504971]::result::Result<(), alloc[2e1b2a31b91974c5]::string::String>>
[INFO] [stdout]   15:     0x624f46f9c255 - test[aada8e7e76ba119b]::run_test::{closure#0}
[INFO] [stdout]   16:     0x624f46f95b44 - std[617be2ca0a6fd877]::sys::backtrace::__rust_begin_short_backtrace::<test[aada8e7e76ba119b]::run_test::{closure#1}, ()>
[INFO] [stdout]   17:     0x624f46f9f2e2 - <std[617be2ca0a6fd877]::thread::lifecycle::spawn_unchecked<test[aada8e7e76ba119b]::run_test::{closure#1}, ()>::{closure#1} as core[a373ad73a504971]::ops::function::FnOnce<()>>::call_once::{shim:vtable#0}
[INFO] [stdout]   18:     0x624f4701798f - <std[617be2ca0a6fd877]::sys::thread::unix::Thread>::new::thread_start
[INFO] [stdout]   19:     0x7a102f217dfa - <unknown>
[INFO] [stdout]   20:     0x7a102f2ab3d4 - clone
[INFO] [stdout]   21:                0x0 - <unknown>
[INFO] [stdout] 
[INFO] [stdout] ---- source_molecule_08 stdout ----
[INFO] [stdout] 
[INFO] [stdout] thread 'source_molecule_08' (411) panicked at tests/migration_ring_families.rs:43:33:
[INFO] [stdout] cannot read molecule_08_0.dimacs: No such file or directory (os error 2)
[INFO] [stdout] stack backtrace:
[INFO] [stdout]    0:     0x624f47018491 - <<std[617be2ca0a6fd877]::sys::backtrace::BacktraceLock>::print::DisplayBacktrace as core[a373ad73a504971]::fmt::Display>::fmt
[INFO] [stdout]    1:     0x624f4702d0fa - core[a373ad73a504971]::fmt::write
[INFO] [stdout]    2:     0x624f4701c6ac - <alloc[2e1b2a31b91974c5]::vec::Vec<u8> as core[a373ad73a504971]::io::write::Write>::write_fmt
[INFO] [stdout]    3:     0x624f46ff4406 - std[617be2ca0a6fd877]::panicking::default_hook::{closure#0}
[INFO] [stdout]    4:     0x624f470107c9 - std[617be2ca0a6fd877]::panicking::default_hook
[INFO] [stdout]    5:     0x624f46f9bc30 - test[aada8e7e76ba119b]::test_main_inner::{closure#0}
[INFO] [stdout]    6:     0x624f47010982 - std[617be2ca0a6fd877]::panicking::panic_with_hook
[INFO] [stdout]    7:     0x624f46ff44b2 - std[617be2ca0a6fd877]::panicking::panic_handler::{closure#0}
[INFO] [stdout]    8:     0x624f46fed039 - std[617be2ca0a6fd877]::sys::backtrace::__rust_end_short_backtrace::<std[617be2ca0a6fd877]::panicking::panic_handler::{closure#0}, !>
[INFO] [stdout]    9:     0x624f46ff50bd - __rustc[ea4f61d10b84890b]::rust_begin_unwind
[INFO] [stdout]   10:     0x624f4702d82c - core[a373ad73a504971]::panicking::panic_fmt
[INFO] [stdout]   11:     0x624f46f7b49a - migration_ring_families[329ff4f8f87b7383]::read_fixture::{closure#0}
[INFO] [stdout]   12:     0x624f46f7f759 - migration_ring_families[329ff4f8f87b7383]::validate_fixture
[INFO] [stdout]   13:     0x624f46f807c0 - <migration_ring_families[329ff4f8f87b7383]::source_molecule_08::{closure#0} as core[a373ad73a504971]::ops::function::FnOnce<()>>::call_once
[INFO] [stdout]   14:     0x624f46f8f07b - test[aada8e7e76ba119b]::__rust_begin_short_backtrace::<core[a373ad73a504971]::result::Result<(), alloc[2e1b2a31b91974c5]::string::String>, fn() -> core[a373ad73a504971]::result::Result<(), alloc[2e1b2a31b91974c5]::string::String>>
[INFO] [stdout]   15:     0x624f46f9c255 - test[aada8e7e76ba119b]::run_test::{closure#0}
[INFO] [stdout]   16:     0x624f46f95b44 - std[617be2ca0a6fd877]::sys::backtrace::__rust_begin_short_backtrace::<test[aada8e7e76ba119b]::run_test::{closure#1}, ()>
[INFO] [stdout]   17:     0x624f46f9f2e2 - <std[617be2ca0a6fd877]::thread::lifecycle::spawn_unchecked<test[aada8e7e76ba119b]::run_test::{closure#1}, ()>::{closure#1} as core[a373ad73a504971]::ops::function::FnOnce<()>>::call_once::{shim:vtable#0}
[INFO] [stdout]   18:     0x624f4701798f - <std[617be2ca0a6fd877]::sys::thread::unix::Thread>::new::thread_start
[INFO] [stdout]   19:     0x7a102f217dfa - <unknown>
[INFO] [stdout]   20:     0x7a102f2ab3d4 - clone
[INFO] [stdout]   21:                0x0 - <unknown>
[INFO] [stdout] 
[INFO] [stdout] ---- source_molecule_07 stdout ----
[INFO] [stdout] 
[INFO] [stdout] thread 'source_molecule_07' (410) panicked at tests/migration_ring_families.rs:43:33:
[INFO] [stdout] cannot read molecule_07_0.dimacs: No such file or directory (os error 2)
[INFO] [stdout] stack backtrace:
[INFO] [stdout]    0:     0x624f47018491 - <<std[617be2ca0a6fd877]::sys::backtrace::BacktraceLock>::print::DisplayBacktrace as core[a373ad73a504971]::fmt::Display>::fmt
[INFO] [stdout]    1:     0x624f4702d0fa - core[a373ad73a504971]::fmt::write
[INFO] [stdout]    2:     0x624f4701c6ac - <alloc[2e1b2a31b91974c5]::vec::Vec<u8> as core[a373ad73a504971]::io::write::Write>::write_fmt
[INFO] [stdout]    3:     0x624f46ff4406 - std[617be2ca0a6fd877]::panicking::default_hook::{closure#0}
[INFO] [stdout]    4:     0x624f470107c9 - std[617be2ca0a6fd877]::panicking::default_hook
[INFO] [stdout]    5:     0x624f46f9bc30 - test[aada8e7e76ba119b]::test_main_inner::{closure#0}
[INFO] [stdout]    6:     0x624f47010982 - std[617be2ca0a6fd877]::panicking::panic_with_hook
[INFO] [stdout]    7:     0x624f46ff44b2 - std[617be2ca0a6fd877]::panicking::panic_handler::{closure#0}
[INFO] [stdout]    8:     0x624f46fed039 - std[617be2ca0a6fd877]::sys::backtrace::__rust_end_short_backtrace::<std[617be2ca0a6fd877]::panicking::panic_handler::{closure#0}, !>
[INFO] [stdout]    9:     0x624f46ff50bd - __rustc[ea4f61d10b84890b]::rust_begin_unwind
[INFO] [stdout]   10:     0x624f4702d82c - core[a373ad73a504971]::panicking::panic_fmt
[INFO] [stdout]   11:     0x624f46f7b49a - migration_ring_families[329ff4f8f87b7383]::read_fixture::{closure#0}
[INFO] [stdout]   12:     0x624f46f7f759 - migration_ring_families[329ff4f8f87b7383]::validate_fixture
[INFO] [stdout]   13:     0x624f46f807a0 - <migration_ring_families[329ff4f8f87b7383]::source_molecule_07::{closure#0} as core[a373ad73a504971]::ops::function::FnOnce<()>>::call_once
[INFO] [stdout]   14:     0x624f46f8f07b - test[aada8e7e76ba119b]::__rust_begin_short_backtrace::<core[a373ad73a504971]::result::Result<(), alloc[2e1b2a31b91974c5]::string::String>, fn() -> core[a373ad73a504971]::result::Result<(), alloc[2e1b2a31b91974c5]::string::String>>
[INFO] [stdout]   15:     0x624f46f9c255 - test[aada8e7e76ba119b]::run_test::{closure#0}
[INFO] [stdout]   16:     0x624f46f95b44 - std[617be2ca0a6fd877]::sys::backtrace::__rust_begin_short_backtrace::<test[aada8e7e76ba119b]::run_test::{closure#1}, ()>
[INFO] [stdout]   17:     0x624f46f9f2e2 - <std[617be2ca0a6fd877]::thread::lifecycle::spawn_unchecked<test[aada8e7e76ba119b]::run_test::{closure#1}, ()>::{closure#1} as core[a373ad73a504971]::ops::function::FnOnce<()>>::call_once::{shim:vtable#0}
[INFO] [stdout]   18:     0x624f4701798f - <std[617be2ca0a6fd877]::sys::thread::unix::Thread>::new::thread_start
[INFO] [stdout]   19:     0x7a102f217dfa - <unknown>
[INFO] [stdout]   20:     0x7a102f2ab3d4 - clone
[INFO] [stdout]   21:                0x0 - <unknown>
[INFO] [stdout] 
[INFO] [stdout] ---- source_molecule_24 stdout ----
[INFO] [stdout] 
[INFO] [stdout] thread 'source_molecule_24' (427) panicked at tests/migration_ring_families.rs:43:33:
[INFO] [stdout] cannot read molecule_24_0.dimacs: No such file or directory (os error 2)
[INFO] [stdout] stack backtrace:
[INFO] [stdout]    0:     0x624f47018491 - <<std[617be2ca0a6fd877]::sys::backtrace::BacktraceLock>::print::DisplayBacktrace as core[a373ad73a504971]::fmt::Display>::fmt
[INFO] [stdout]    1:     0x624f4702d0fa - core[a373ad73a504971]::fmt::write
[INFO] [stdout]    2:     0x624f4701c6ac - <alloc[2e1b2a31b91974c5]::vec::Vec<u8> as core[a373ad73a504971]::io::write::Write>::write_fmt
[INFO] [stdout]    3:     0x624f46ff4406 - std[617be2ca0a6fd877]::panicking::default_hook::{closure#0}
[INFO] [stdout]    4:     0x624f470107c9 - std[617be2ca0a6fd877]::panicking::default_hook
[INFO] [stdout]    5:     0x624f46f9bc30 - test[aada8e7e76ba119b]::test_main_inner::{closure#0}
[INFO] [stdout]    6:     0x624f47010982 - std[617be2ca0a6fd877]::panicking::panic_with_hook
[INFO] [stdout]    7:     0x624f46ff44b2 - std[617be2ca0a6fd877]::panicking::panic_handler::{closure#0}
[INFO] [stdout]    8:     0x624f46fed039 - std[617be2ca0a6fd877]::sys::backtrace::__rust_end_short_backtrace::<std[617be2ca0a6fd877]::panicking::panic_handler::{closure#0}, !>
[INFO] [stdout]    9:     0x624f46ff50bd - __rustc[ea4f61d10b84890b]::rust_begin_unwind
[INFO] [stdout]   10:     0x624f4702d82c - core[a373ad73a504971]::panicking::panic_fmt
[INFO] [stdout]   11:     0x624f46f7b49a - migration_ring_families[329ff4f8f87b7383]::read_fixture::{closure#0}
[INFO] [stdout]   12:     0x624f46f7f759 - migration_ring_families[329ff4f8f87b7383]::validate_fixture
[INFO] [stdout]   13:     0x624f46f809c0 - <migration_ring_families[329ff4f8f87b7383]::source_molecule_24::{closure#0} as core[a373ad73a504971]::ops::function::FnOnce<()>>::call_once
[INFO] [stdout]   14:     0x624f46f8f07b - test[aada8e7e76ba119b]::__rust_begin_short_backtrace::<core[a373ad73a504971]::result::Result<(), alloc[2e1b2a31b91974c5]::string::String>, fn() -> core[a373ad73a504971]::result::Result<(), alloc[2e1b2a31b91974c5]::string::String>>
[INFO] [stdout]   15:     0x624f46f9c255 - test[aada8e7e76ba119b]::run_test::{closure#0}
[INFO] [stdout]   16:     0x624f46f95b44 - std[617be2ca0a6fd877]::sys::backtrace::__rust_begin_short_backtrace::<test[aada8e7e76ba119b]::run_test::{closure#1}, ()>
[INFO] [stdout]   17:     0x624f46f9f2e2 - <std[617be2ca0a6fd877]::thread::lifecycle::spawn_unchecked<test[aada8e7e76ba119b]::run_test::{closure#1}, ()>::{closure#1} as core[a373ad73a504971]::ops::function::FnOnce<()>>::call_once::{shim:vtable#0}
[INFO] [stdout]   18:     0x624f4701798f - <std[617be2ca0a6fd877]::sys::thread::unix::Thread>::new::thread_start
[INFO] [stdout]   19:     0x7a102f217dfa - <unknown>
[INFO] [stdout]   20:     0x7a102f2ab3d4 - clone
[INFO] [stdout]   21:                0x0 - <unknown>
[INFO] [stdout] 
[INFO] [stdout] 
[INFO] [stdout] failures:
[INFO] [stdout]     source_molecule_00
[INFO] [stdout]     source_molecule_01
[INFO] [stdout]     source_molecule_02
[INFO] [stdout]     source_molecule_03
[INFO] [stdout]     source_molecule_04
[INFO] [stdout]     source_molecule_05
[INFO] [stdout]     source_molecule_06
[INFO] [stdout]     source_molecule_07
[INFO] [stdout]     source_molecule_08
[INFO] [stdout]     source_molecule_09
[INFO] [stdout]     source_molecule_10
[INFO] [stdout]     source_molecule_11
[INFO] [stdout]     source_molecule_12
[INFO] [stdout]     source_molecule_13
[INFO] [stdout]     source_molecule_14
[INFO] [stdout]     source_molecule_15
[INFO] [stdout]     source_molecule_16
[INFO] [stdout]     source_molecule_17
[INFO] [stdout]     source_molecule_18
[INFO] [stdout]     source_molecule_19
[INFO] [stdout]     source_molecule_20
[INFO] [stdout]     source_molecule_21
[INFO] [stdout]     source_molecule_22
[INFO] [stdout]     source_molecule_23
[INFO] [stdout]     source_molecule_24
[INFO] [stdout]     source_molecule_25
[INFO] [stdout] 
[INFO] [stdout] test result: FAILED. 4 passed; 26 failed; 0 ignored; 0 measured; 0 filtered out; finished in 0.02s
[INFO] [stdout] 
[INFO] running `Command { std: "docker" "inspect" "10ad3167a4c7763a2aa8c1e9bae1686ec0c0c1d717003671f2ebf927d0b18ccd", kill_on_drop: false }`
[INFO] running `Command { std: "docker" "rm" "-f" "10ad3167a4c7763a2aa8c1e9bae1686ec0c0c1d717003671f2ebf927d0b18ccd", kill_on_drop: false }`
[INFO] [stdout] 10ad3167a4c7763a2aa8c1e9bae1686ec0c0c1d717003671f2ebf927d0b18ccd
