[INFO] fetching crate cosmicbox 0.5.1...
[INFO] testing cosmicbox-0.5.1 against 1.100.0-beta.1+cargoflags=--release for beta-release-1.100-2
[INFO] extracting crate cosmicbox 0.5.1 into /workspace/builds/worker-5-tc2/source
[INFO] started tweaking crates.io crate cosmicbox 0.5.1
[INFO] finished tweaking crates.io crate cosmicbox 0.5.1
[INFO] tweaked toml for crates.io crate cosmicbox 0.5.1 written to /workspace/builds/worker-5-tc2/source/Cargo.toml
[INFO] validating manifest of crates.io crate cosmicbox 0.5.1 on toolchain 1.100.0-beta.1
[INFO] running `Command { std: CARGO_HOME="/workspace/cargo-home" RUSTUP_HOME="/workspace/rustup-home" "/workspace/cargo-home/bin/cargo" "+1.100.0-beta.1" "metadata" "--manifest-path" "Cargo.toml" "--no-deps", kill_on_drop: false }`
[INFO] running `Command { std: CARGO_HOME="/workspace/cargo-home" RUSTUP_HOME="/workspace/rustup-home" "/workspace/cargo-home/bin/cargo" "+1.100.0-beta.1" "generate-lockfile" "--manifest-path" "Cargo.toml", kill_on_drop: false }`
[INFO] [stderr]     Updating crates.io index
[INFO] [stderr]      Locking 24 packages to highest compatible versions
[INFO] [stderr]       Adding hidapi v0.5.2 (available: v2.6.7)
[INFO] running `Command { std: CARGO_HOME="/workspace/cargo-home" RUSTUP_HOME="/workspace/rustup-home" "/workspace/cargo-home/bin/cargo" "+1.100.0-beta.1" "fetch" "--manifest-path" "Cargo.toml", kill_on_drop: false }`
[INFO] [stderr] warning: Cargo.toml: `package.edition` is unspecified, defaulting to `2015` while the latest is `2024`
[INFO] [stderr] warning: `cosmicbox` (manifest) generated 1 warning
[INFO] running `Command { std: "docker" "create" "-v" "/var/lib/crater-agent-workspace/builds/worker-5-tc2/source:/opt/rustwide/workdir:ro,Z" "-v" "/var/lib/crater-agent-workspace/builds/worker-5-tc2/target:/opt/rustwide/target:rw,Z" "-v" "/var/lib/crater-agent-workspace/cargo-home:/opt/rustwide/cargo-home:ro,Z" "-v" "/var/lib/crater-agent-workspace/rustup-home:/opt/rustwide/rustup-home:ro,Z" "-m" "1610612736" "--network" "none" "ghcr.io/rust-lang/crates-build-env/linux@sha256:77db811e55d90add9212f6832c23229e3de5f1c1f9905e8cb07319ea15df73ac" "sleep" "infinity", kill_on_drop: false }`
[INFO] [stdout] c7c8da925543f505883f053ba4649580c7c59ecca25e6ee98a081e9935d48a75
[INFO] running `Command { std: "docker" "start" "c7c8da925543f505883f053ba4649580c7c59ecca25e6ee98a081e9935d48a75", kill_on_drop: false }`
[INFO] running `Command { std: "docker" "inspect" "c7c8da925543f505883f053ba4649580c7c59ecca25e6ee98a081e9935d48a75", kill_on_drop: false }`
[INFO] running `Command { std: "docker" "exec" "-e" "SOURCE_DIR=/opt/rustwide/workdir" "-e" "CARGO_HOME=/opt/rustwide/cargo-home" "-e" "RUSTUP_HOME=/opt/rustwide/rustup-home" "-e" "CARGO_TARGET_DIR=/opt/rustwide/target" "-w" "/opt/rustwide/workdir" "--user" "0:0" "c7c8da925543f505883f053ba4649580c7c59ecca25e6ee98a081e9935d48a75" "/opt/rustwide/cargo-home/bin/cargo" "+1.100.0-beta.1" "metadata" "--no-deps" "--format-version=1", kill_on_drop: false }`
[INFO] running `Command { std: "docker" "inspect" "c7c8da925543f505883f053ba4649580c7c59ecca25e6ee98a081e9935d48a75", kill_on_drop: false }`
[INFO] running `Command { std: "docker" "exec" "-e" "SOURCE_DIR=/opt/rustwide/workdir" "-e" "CARGO_HOME=/opt/rustwide/cargo-home" "-e" "RUSTUP_HOME=/opt/rustwide/rustup-home" "-e" "CARGO_TARGET_DIR=/opt/rustwide/target" "-e" "CARGO_INCREMENTAL=0" "-e" "RUST_BACKTRACE=full" "-e" "RUSTFLAGS=--cap-lints=warn" "-e" "RUSTDOCFLAGS=--cap-lints=warn" "-w" "/opt/rustwide/workdir" "--user" "0:0" "c7c8da925543f505883f053ba4649580c7c59ecca25e6ee98a081e9935d48a75" "/opt/rustwide/cargo-home/bin/cargo" "+1.100.0-beta.1" "build" "--frozen" "--message-format=json" "--release", kill_on_drop: false }`
[INFO] [stderr] warning: Cargo.toml: `package.edition` is unspecified, defaulting to `2015` while the latest is `2024`
[INFO] [stderr] warning: `cosmicbox` (manifest) generated 1 warning
[INFO] [stderr]    Compiling proc-macro2 v1.0.107
[INFO] [stderr]    Compiling syn v1.0.109
[INFO] [stderr]    Compiling libc v0.2.191
[INFO] [stderr]    Compiling object v0.37.3
[INFO] [stderr]    Compiling gimli v0.32.3
[INFO] [stderr]    Compiling failure_derive v0.1.8
[INFO] [stderr]    Compiling memchr v2.8.3
[INFO] [stderr]    Compiling pkg-config v0.3.34
[INFO] [stderr]    Compiling rustc-demangle v0.1.28
[INFO] [stderr]    Compiling quote v1.0.47
[INFO] [stderr]    Compiling hidapi v0.5.2
[INFO] [stderr]    Compiling synstructure v0.12.6
[INFO] [stderr]    Compiling addr2line v0.25.1
[INFO] [stderr]    Compiling backtrace v0.3.76
[INFO] [stderr]    Compiling failure v0.1.8
[INFO] [stderr]    Compiling cosmicbox v0.5.1 (/opt/rustwide/workdir)
[INFO] [stdout] warning: anonymous parameters are deprecated and will be removed in the next edition
[INFO] [stdout]   --> src/lib.rs:30:12
[INFO] [stdout]    |
[INFO] [stdout] 30 |     fn new(T) -> Self;
[INFO] [stdout]    |            ^ help: try naming the parameter or explicitly ignoring it: `_: T`
[INFO] [stdout]    |
[INFO] [stdout]    = warning: this is accepted in the current edition (Rust 2015) but is a hard error in Rust 2018!
[INFO] [stdout]    = note: for more information, see <https://doc.rust-lang.org/edition-guide/rust-2018/trait-fn-parameters.html>
[INFO] [stdout]    = note: `#[warn(anonymous_parameters)]` (part of `#[warn(rust_2018_compatibility)]`) on by default
[INFO] [stdout] 
[INFO] [stdout] 
[INFO] [stdout] warning: anonymous parameters are deprecated and will be removed in the next edition
[INFO] [stdout]   --> src/lib.rs:34:27
[INFO] [stdout]    |
[INFO] [stdout] 34 |     fn set_address(&self, u8) -> CosmicBoxResult<()>;
[INFO] [stdout]    |                           ^^ help: try naming the parameter or explicitly ignoring it: `_: u8`
[INFO] [stdout]    |
[INFO] [stdout]    = warning: this is accepted in the current edition (Rust 2015) but is a hard error in Rust 2018!
[INFO] [stdout]    = note: for more information, see <https://doc.rust-lang.org/edition-guide/rust-2018/trait-fn-parameters.html>
[INFO] [stdout] 
[INFO] [stdout] 
[INFO] [stderr]     Finished `release` profile [optimized] target(s) in 16.05s
[INFO] running `Command { std: "docker" "inspect" "c7c8da925543f505883f053ba4649580c7c59ecca25e6ee98a081e9935d48a75", kill_on_drop: false }`
[INFO] running `Command { std: "docker" "exec" "-e" "SOURCE_DIR=/opt/rustwide/workdir" "-e" "CARGO_HOME=/opt/rustwide/cargo-home" "-e" "RUSTUP_HOME=/opt/rustwide/rustup-home" "-e" "CARGO_TARGET_DIR=/opt/rustwide/target" "-e" "CARGO_INCREMENTAL=0" "-e" "RUST_BACKTRACE=full" "-e" "RUSTFLAGS=--cap-lints=warn" "-e" "RUSTDOCFLAGS=--cap-lints=warn" "-w" "/opt/rustwide/workdir" "--user" "0:0" "c7c8da925543f505883f053ba4649580c7c59ecca25e6ee98a081e9935d48a75" "/opt/rustwide/cargo-home/bin/cargo" "+1.100.0-beta.1" "test" "--frozen" "--no-run" "--message-format=json" "--release", kill_on_drop: false }`
[INFO] [stderr] warning: Cargo.toml: `package.edition` is unspecified, defaulting to `2015` while the latest is `2024`
[INFO] [stderr] warning: `cosmicbox` (manifest) generated 1 warning
[INFO] [stdout] warning: anonymous parameters are deprecated and will be removed in the next edition
[INFO] [stdout]   --> src/lib.rs:30:12
[INFO] [stdout]    |
[INFO] [stdout] 30 |     fn new(T) -> Self;
[INFO] [stdout]    |            ^ help: try naming the parameter or explicitly ignoring it: `_: T`
[INFO] [stdout]    |
[INFO] [stdout]    = warning: this is accepted in the current edition (Rust 2015) but is a hard error in Rust 2018!
[INFO] [stdout]    = note: for more information, see <https://doc.rust-lang.org/edition-guide/rust-2018/trait-fn-parameters.html>
[INFO] [stdout]    = note: `#[warn(anonymous_parameters)]` (part of `#[warn(rust_2018_compatibility)]`) on by default
[INFO] [stdout] 
[INFO] [stdout] 
[INFO] [stderr]    Compiling cosmicbox v0.5.1 (/opt/rustwide/workdir)
[INFO] [stdout] warning: anonymous parameters are deprecated and will be removed in the next edition
[INFO] [stdout]   --> src/lib.rs:34:27
[INFO] [stdout]    |
[INFO] [stdout] 34 |     fn set_address(&self, u8) -> CosmicBoxResult<()>;
[INFO] [stdout]    |                           ^^ help: try naming the parameter or explicitly ignoring it: `_: u8`
[INFO] [stdout]    |
[INFO] [stdout]    = warning: this is accepted in the current edition (Rust 2015) but is a hard error in Rust 2018!
[INFO] [stdout]    = note: for more information, see <https://doc.rust-lang.org/edition-guide/rust-2018/trait-fn-parameters.html>
[INFO] [stdout] 
[INFO] [stdout] 
[INFO] [stdout] warning: anonymous parameters are deprecated and will be removed in the next edition
[INFO] [stdout]   --> src/lib.rs:30:12
[INFO] [stdout]    |
[INFO] [stdout] 30 |     fn new(T) -> Self;
[INFO] [stdout]    |            ^ help: try naming the parameter or explicitly ignoring it: `_: T`
[INFO] [stdout]    |
[INFO] [stdout]    = warning: this is accepted in the current edition (Rust 2015) but is a hard error in Rust 2018!
[INFO] [stdout]    = note: for more information, see <https://doc.rust-lang.org/edition-guide/rust-2018/trait-fn-parameters.html>
[INFO] [stdout]    = note: `#[warn(anonymous_parameters)]` (part of `#[warn(rust_2018_compatibility)]`) on by default
[INFO] [stdout] 
[INFO] [stdout] 
[INFO] [stdout] warning: anonymous parameters are deprecated and will be removed in the next edition
[INFO] [stdout]   --> src/lib.rs:34:27
[INFO] [stdout]    |
[INFO] [stdout] 34 |     fn set_address(&self, u8) -> CosmicBoxResult<()>;
[INFO] [stdout]    |                           ^^ help: try naming the parameter or explicitly ignoring it: `_: u8`
[INFO] [stdout]    |
[INFO] [stdout]    = warning: this is accepted in the current edition (Rust 2015) but is a hard error in Rust 2018!
[INFO] [stdout]    = note: for more information, see <https://doc.rust-lang.org/edition-guide/rust-2018/trait-fn-parameters.html>
[INFO] [stdout] 
[INFO] [stdout] 
[INFO] [stderr]     Finished `release` profile [optimized] target(s) in 0.66s
[INFO] running `Command { std: "docker" "inspect" "c7c8da925543f505883f053ba4649580c7c59ecca25e6ee98a081e9935d48a75", kill_on_drop: false }`
[INFO] running `Command { std: "docker" "exec" "-e" "SOURCE_DIR=/opt/rustwide/workdir" "-e" "CARGO_HOME=/opt/rustwide/cargo-home" "-e" "RUSTUP_HOME=/opt/rustwide/rustup-home" "-e" "CARGO_TARGET_DIR=/opt/rustwide/target" "-e" "CARGO_INCREMENTAL=0" "-e" "RUST_BACKTRACE=full" "-e" "RUSTFLAGS=--cap-lints=warn" "-e" "RUSTDOCFLAGS=--cap-lints=warn" "-w" "/opt/rustwide/workdir" "--user" "0:0" "c7c8da925543f505883f053ba4649580c7c59ecca25e6ee98a081e9935d48a75" "/opt/rustwide/cargo-home/bin/cargo" "+1.100.0-beta.1" "test" "--frozen" "--release", kill_on_drop: false }`
[INFO] [stderr] warning: Cargo.toml: `package.edition` is unspecified, defaulting to `2015` while the latest is `2024`
[INFO] [stderr] warning: `cosmicbox` (manifest) generated 1 warning
[INFO] [stderr] warning: anonymous parameters are deprecated and will be removed in the next edition
[INFO] [stderr]   --> src/lib.rs:30:12
[INFO] [stderr]    |
[INFO] [stderr] 30 |     fn new(T) -> Self;
[INFO] [stderr]    |            ^ help: try naming the parameter or explicitly ignoring it: `_: T`
[INFO] [stderr]    |
[INFO] [stderr]    = warning: this is accepted in the current edition (Rust 2015) but is a hard error in Rust 2018!
[INFO] [stderr]    = note: for more information, see <https://doc.rust-lang.org/edition-guide/rust-2018/trait-fn-parameters.html>
[INFO] [stderr]    = note: `#[warn(anonymous_parameters)]` (part of `#[warn(rust_2018_compatibility)]`) on by default
[INFO] [stderr] 
[INFO] [stderr] warning: anonymous parameters are deprecated and will be removed in the next edition
[INFO] [stderr]   --> src/lib.rs:34:27
[INFO] [stderr]    |
[INFO] [stderr] 34 |     fn set_address(&self, u8) -> CosmicBoxResult<()>;
[INFO] [stderr]    |                           ^^ help: try naming the parameter or explicitly ignoring it: `_: u8`
[INFO] [stderr]    |
[INFO] [stderr]    = warning: this is accepted in the current edition (Rust 2015) but is a hard error in Rust 2018!
[INFO] [stderr]    = note: for more information, see <https://doc.rust-lang.org/edition-guide/rust-2018/trait-fn-parameters.html>
[INFO] [stderr] 
[INFO] [stderr] warning: `cosmicbox` (lib) generated 2 warnings (run `cargo fix --lib -p cosmicbox` to apply 2 suggestions)
[INFO] [stderr] warning: `cosmicbox` (lib test) generated 2 warnings (2 duplicates)
[INFO] [stderr]     Finished `release` profile [optimized] target(s) in 0.06s
[INFO] [stderr]      Running unittests src/lib.rs (/opt/rustwide/target/release/build/cosmicbox/7225eec395f24663/out/cosmicbox-7225eec395f24663)
[INFO] [stdout] 
[INFO] [stdout] running 8 tests
[INFO] [stdout] test hid::logic::tests::cosmicbox_hid_set_get_trigger ... FAILED
[INFO] [stdout] test hid::tests::cosmicbox_connect ... FAILED
[INFO] [stdout] test hid::proto::tests::cosmicbox_hid_send ... FAILED
[INFO] [stdout] test hid::proto::tests::cosmicbox_hid_read16 ... FAILED
[INFO] [stdout] test hid::logic::tests::cosmicbox_hid_reset ... FAILED
[INFO] [stdout] test hid::proto::tests::cosmicbox_hid_read8 ... FAILED
[INFO] [stderr] error: test failed, to rerun pass `--lib`
[INFO] [stdout] test hid::logic::tests::cosmicbox_get_counters ... FAILED
[INFO] [stdout] test hid::logic::tests::cosmicbox_hid_new ... FAILED
[INFO] [stdout] 
[INFO] [stdout] failures:
[INFO] [stdout] 
[INFO] [stdout] ---- hid::logic::tests::cosmicbox_hid_set_get_trigger stdout ----
[INFO] [stdout] 
[INFO] [stdout] thread 'hid::logic::tests::cosmicbox_hid_set_get_trigger' (575) panicked at src/hid/logic.rs:109:33:
[INFO] [stdout] called `Result::unwrap()` on an `Err` value: InitializationError
[INFO] [stdout] stack backtrace:
[INFO] [stdout]    0:     0x6496936bf931 - <<std[617be2ca0a6fd877]::sys::backtrace::BacktraceLock>::print::DisplayBacktrace as core[a373ad73a504971]::fmt::Display>::fmt
[INFO] [stdout]    1:     0x6496936d3b6a - core[a373ad73a504971]::fmt::write
[INFO] [stdout]    2:     0x6496936c3b8c - <alloc[2e1b2a31b91974c5]::vec::Vec<u8> as core[a373ad73a504971]::io::write::Write>::write_fmt
[INFO] [stdout]    3:     0x64969369b7d6 - std[617be2ca0a6fd877]::panicking::default_hook::{closure#0}
[INFO] [stdout]    4:     0x6496936b7e69 - std[617be2ca0a6fd877]::panicking::default_hook
[INFO] [stdout]    5:     0x64969361dd60 - test[aada8e7e76ba119b]::test_main_inner::{closure#0}
[INFO] [stdout]    6:     0x6496936b8022 - std[617be2ca0a6fd877]::panicking::panic_with_hook
[INFO] [stdout]    7:     0x64969369b882 - std[617be2ca0a6fd877]::panicking::panic_handler::{closure#0}
[INFO] [stdout]    8:     0x649693694599 - std[617be2ca0a6fd877]::sys::backtrace::__rust_end_short_backtrace::<std[617be2ca0a6fd877]::panicking::panic_handler::{closure#0}, !>
[INFO] [stdout]    9:     0x64969369c48d - __rustc[ea4f61d10b84890b]::rust_begin_unwind
[INFO] [stdout]   10:     0x6496936d429c - core[a373ad73a504971]::panicking::panic_fmt
[INFO] [stdout]   11:     0x6496936d4072 - core[a373ad73a504971]::result::unwrap_failed
[INFO] [stdout]   12:     0x649693610a3b - <cosmicbox[5c81257d297e3b3]::hid::logic::tests::cosmicbox_hid_set_get_trigger::{closure#0} as core[a373ad73a504971]::ops::function::FnOnce<()>>::call_once
[INFO] [stdout]   13:     0x6496936111ab - test[aada8e7e76ba119b]::__rust_begin_short_backtrace::<core[a373ad73a504971]::result::Result<(), alloc[2e1b2a31b91974c5]::string::String>, fn() -> core[a373ad73a504971]::result::Result<(), alloc[2e1b2a31b91974c5]::string::String>>
[INFO] [stdout]   14:     0x64969361e385 - test[aada8e7e76ba119b]::run_test::{closure#0}
[INFO] [stdout]   15:     0x649693617c74 - std[617be2ca0a6fd877]::sys::backtrace::__rust_begin_short_backtrace::<test[aada8e7e76ba119b]::run_test::{closure#1}, ()>
[INFO] [stdout]   16:     0x649693621412 - <std[617be2ca0a6fd877]::thread::lifecycle::spawn_unchecked<test[aada8e7e76ba119b]::run_test::{closure#1}, ()>::{closure#1} as core[a373ad73a504971]::ops::function::FnOnce<()>>::call_once::{shim:vtable#0}
[INFO] [stdout]   17:     0x6496936bf18f - <std[617be2ca0a6fd877]::sys::thread::unix::Thread>::new::thread_start
[INFO] [stdout]   18:     0x7e291e2eadfa - <unknown>
[INFO] [stdout]   19:     0x7e291e37e3d4 - clone
[INFO] [stdout]   20:                0x0 - <unknown>
[INFO] [stdout] 
[INFO] [stdout] ---- hid::tests::cosmicbox_connect stdout ----
[INFO] [stdout] 
[INFO] [stdout] thread 'hid::tests::cosmicbox_connect' (579) panicked at src/hid/mod.rs:25:50:
[INFO] [stdout] called `Result::unwrap()` on an `Err` value: InitializationError
[INFO] [stdout] stack backtrace:
[INFO] [stdout]    0:     0x6496936bf931 - <<std[617be2ca0a6fd877]::sys::backtrace::BacktraceLock>::print::DisplayBacktrace as core[a373ad73a504971]::fmt::Display>::fmt
[INFO] [stdout]    1:     0x6496936d3b6a - core[a373ad73a504971]::fmt::write
[INFO] [stdout]    2:     0x6496936c3b8c - <alloc[2e1b2a31b91974c5]::vec::Vec<u8> as core[a373ad73a504971]::io::write::Write>::write_fmt
[INFO] [stdout]    3:     0x64969369b7d6 - std[617be2ca0a6fd877]::panicking::default_hook::{closure#0}
[INFO] [stdout]    4:     0x6496936b7e69 - std[617be2ca0a6fd877]::panicking::default_hook
[INFO] [stdout]    5:     0x64969361dd60 - test[aada8e7e76ba119b]::test_main_inner::{closure#0}
[INFO] [stdout]    6:     0x6496936b8022 - std[617be2ca0a6fd877]::panicking::panic_with_hook
[INFO] [stdout]    7:     0x64969369b882 - std[617be2ca0a6fd877]::panicking::panic_handler::{closure#0}
[INFO] [stdout]    8:     0x649693694599 - std[617be2ca0a6fd877]::sys::backtrace::__rust_end_short_backtrace::<std[617be2ca0a6fd877]::panicking::panic_handler::{closure#0}, !>
[INFO] [stdout]    9:     0x64969369c48d - __rustc[ea4f61d10b84890b]::rust_begin_unwind
[INFO] [stdout]   10:     0x6496936d429c - core[a373ad73a504971]::panicking::panic_fmt
[INFO] [stdout]   11:     0x6496936d4072 - core[a373ad73a504971]::result::unwrap_failed
[INFO] [stdout]   12:     0x649693610224 - <cosmicbox[5c81257d297e3b3]::hid::tests::cosmicbox_connect::{closure#0} as core[a373ad73a504971]::ops::function::FnOnce<()>>::call_once
[INFO] [stdout]   13:     0x6496936111ab - test[aada8e7e76ba119b]::__rust_begin_short_backtrace::<core[a373ad73a504971]::result::Result<(), alloc[2e1b2a31b91974c5]::string::String>, fn() -> core[a373ad73a504971]::result::Result<(), alloc[2e1b2a31b91974c5]::string::String>>
[INFO] [stdout]   14:     0x64969361e385 - test[aada8e7e76ba119b]::run_test::{closure#0}
[INFO] [stdout]   15:     0x649693617c74 - std[617be2ca0a6fd877]::sys::backtrace::__rust_begin_short_backtrace::<test[aada8e7e76ba119b]::run_test::{closure#1}, ()>
[INFO] [stdout]   16:     0x649693621412 - <std[617be2ca0a6fd877]::thread::lifecycle::spawn_unchecked<test[aada8e7e76ba119b]::run_test::{closure#1}, ()>::{closure#1} as core[a373ad73a504971]::ops::function::FnOnce<()>>::call_once::{shim:vtable#0}
[INFO] [stdout]   17:     0x6496936bf18f - <std[617be2ca0a6fd877]::sys::thread::unix::Thread>::new::thread_start
[INFO] [stdout]   18:     0x7e291e2eadfa - <unknown>
[INFO] [stdout]   19:     0x7e291e37e3d4 - clone
[INFO] [stdout]   20:                0x0 - <unknown>
[INFO] [stdout] 
[INFO] [stdout] ---- hid::proto::tests::cosmicbox_hid_send stdout ----
[INFO] [stdout] 
[INFO] [stdout] thread 'hid::proto::tests::cosmicbox_hid_send' (578) panicked at src/hid/mod.rs:12:53:
[INFO] [stdout] couldn't connect to cosmicbox: OpenHidDeviceError
[INFO] [stdout] stack backtrace:
[INFO] [stdout]    0:     0x6496936bf931 - <<std[617be2ca0a6fd877]::sys::backtrace::BacktraceLock>::print::DisplayBacktrace as core[a373ad73a504971]::fmt::Display>::fmt
[INFO] [stdout]    1:     0x6496936d3b6a - core[a373ad73a504971]::fmt::write
[INFO] [stdout]    2:     0x6496936c3b8c - <alloc[2e1b2a31b91974c5]::vec::Vec<u8> as core[a373ad73a504971]::io::write::Write>::write_fmt
[INFO] [stdout]    3:     0x64969369b7d6 - std[617be2ca0a6fd877]::panicking::default_hook::{closure#0}
[INFO] [stdout]    4:     0x6496936b7e69 - std[617be2ca0a6fd877]::panicking::default_hook
[INFO] [stdout]    5:     0x64969361dd60 - test[aada8e7e76ba119b]::test_main_inner::{closure#0}
[INFO] [stdout]    6:     0x6496936b8022 - std[617be2ca0a6fd877]::panicking::panic_with_hook
[INFO] [stdout]    7:     0x64969369b882 - std[617be2ca0a6fd877]::panicking::panic_handler::{closure#0}
[INFO] [stdout]    8:     0x649693694599 - std[617be2ca0a6fd877]::sys::backtrace::__rust_end_short_backtrace::<std[617be2ca0a6fd877]::panicking::panic_handler::{closure#0}, !>
[INFO] [stdout]    9:     0x64969369c48d - __rustc[ea4f61d10b84890b]::rust_begin_unwind
[INFO] [stdout]   10:     0x6496936d429c - core[a373ad73a504971]::panicking::panic_fmt
[INFO] [stdout]   11:     0x6496936d4072 - core[a373ad73a504971]::result::unwrap_failed
[INFO] [stdout]   12:     0x64969360efa1 - <cosmicbox[5c81257d297e3b3]::CosmicBox<hidapi[32d0daa39dcd0fb4]::HidDevice>>::connect
[INFO] [stdout]   13:     0x649693610c09 - <cosmicbox[5c81257d297e3b3]::hid::proto::tests::cosmicbox_hid_send::{closure#0} as core[a373ad73a504971]::ops::function::FnOnce<()>>::call_once
[INFO] [stdout]   14:     0x6496936111ab - test[aada8e7e76ba119b]::__rust_begin_short_backtrace::<core[a373ad73a504971]::result::Result<(), alloc[2e1b2a31b91974c5]::string::String>, fn() -> core[a373ad73a504971]::result::Result<(), alloc[2e1b2a31b91974c5]::string::String>>
[INFO] [stdout]   15:     0x64969361e385 - test[aada8e7e76ba119b]::run_test::{closure#0}
[INFO] [stdout]   16:     0x649693617c74 - std[617be2ca0a6fd877]::sys::backtrace::__rust_begin_short_backtrace::<test[aada8e7e76ba119b]::run_test::{closure#1}, ()>
[INFO] [stdout]   17:     0x649693621412 - <std[617be2ca0a6fd877]::thread::lifecycle::spawn_unchecked<test[aada8e7e76ba119b]::run_test::{closure#1}, ()>::{closure#1} as core[a373ad73a504971]::ops::function::FnOnce<()>>::call_once::{shim:vtable#0}
[INFO] [stdout]   18:     0x6496936bf18f - <std[617be2ca0a6fd877]::sys::thread::unix::Thread>::new::thread_start
[INFO] [stdout]   19:     0x7e291e2eadfa - <unknown>
[INFO] [stdout]   20:     0x7e291e37e3d4 - clone
[INFO] [stdout]   21:                0x0 - <unknown>
[INFO] [stdout] 
[INFO] [stdout] ---- hid::proto::tests::cosmicbox_hid_read16 stdout ----
[INFO] [stdout] 
[INFO] [stdout] thread 'hid::proto::tests::cosmicbox_hid_read16' (576) panicked at src/hid/proto.rs:58:33:
[INFO] [stdout] called `Result::unwrap()` on an `Err` value: InitializationError
[INFO] [stdout] stack backtrace:
[INFO] [stdout]    0:     0x6496936bf931 - <<std[617be2ca0a6fd877]::sys::backtrace::BacktraceLock>::print::DisplayBacktrace as core[a373ad73a504971]::fmt::Display>::fmt
[INFO] [stdout]    1:     0x6496936d3b6a - core[a373ad73a504971]::fmt::write
[INFO] [stdout]    2:     0x6496936c3b8c - <alloc[2e1b2a31b91974c5]::vec::Vec<u8> as core[a373ad73a504971]::io::write::Write>::write_fmt
[INFO] [stdout]    3:     0x64969369b7d6 - std[617be2ca0a6fd877]::panicking::default_hook::{closure#0}
[INFO] [stdout]    4:     0x6496936b7e69 - std[617be2ca0a6fd877]::panicking::default_hook
[INFO] [stdout]    5:     0x64969361dd60 - test[aada8e7e76ba119b]::test_main_inner::{closure#0}
[INFO] [stdout]    6:     0x6496936b8022 - std[617be2ca0a6fd877]::panicking::panic_with_hook
[INFO] [stdout]    7:     0x64969369b882 - std[617be2ca0a6fd877]::panicking::panic_handler::{closure#0}
[INFO] [stdout]    8:     0x649693694599 - std[617be2ca0a6fd877]::sys::backtrace::__rust_end_short_backtrace::<std[617be2ca0a6fd877]::panicking::panic_handler::{closure#0}, !>
[INFO] [stdout]    9:     0x64969369c48d - __rustc[ea4f61d10b84890b]::rust_begin_unwind
[INFO] [stdout]   10:     0x6496936d429c - core[a373ad73a504971]::panicking::panic_fmt
[INFO] [stdout]   11:     0x6496936d4072 - core[a373ad73a504971]::result::unwrap_failed
[INFO] [stdout]   12:     0x64969361108a - <cosmicbox[5c81257d297e3b3]::hid::proto::tests::cosmicbox_hid_read16::{closure#0} as core[a373ad73a504971]::ops::function::FnOnce<()>>::call_once
[INFO] [stdout]   13:     0x6496936111ab - test[aada8e7e76ba119b]::__rust_begin_short_backtrace::<core[a373ad73a504971]::result::Result<(), alloc[2e1b2a31b91974c5]::string::String>, fn() -> core[a373ad73a504971]::result::Result<(), alloc[2e1b2a31b91974c5]::string::String>>
[INFO] [stdout]   14:     0x64969361e385 - test[aada8e7e76ba119b]::run_test::{closure#0}
[INFO] [stdout]   15:     0x649693617c74 - std[617be2ca0a6fd877]::sys::backtrace::__rust_begin_short_backtrace::<test[aada8e7e76ba119b]::run_test::{closure#1}, ()>
[INFO] [stdout]   16:     0x649693621412 - <std[617be2ca0a6fd877]::thread::lifecycle::spawn_unchecked<test[aada8e7e76ba119b]::run_test::{closure#1}, ()>::{closure#1} as core[a373ad73a504971]::ops::function::FnOnce<()>>::call_once::{shim:vtable#0}
[INFO] [stdout]   17:     0x6496936bf18f - <std[617be2ca0a6fd877]::sys::thread::unix::Thread>::new::thread_start
[INFO] [stdout]   18:     0x7e291e2eadfa - <unknown>
[INFO] [stdout]   19:     0x7e291e37e3d4 - clone
[INFO] [stdout]   20:                0x0 - <unknown>
[INFO] [stdout] 
[INFO] [stdout] ---- hid::logic::tests::cosmicbox_hid_reset stdout ----
[INFO] [stdout] 
[INFO] [stdout] thread 'hid::logic::tests::cosmicbox_hid_reset' (574) panicked at src/hid/logic.rs:126:33:
[INFO] [stdout] called `Result::unwrap()` on an `Err` value: InitializationError
[INFO] [stdout] stack backtrace:
[INFO] [stdout]    0:     0x6496936bf931 - <<std[617be2ca0a6fd877]::sys::backtrace::BacktraceLock>::print::DisplayBacktrace as core[a373ad73a504971]::fmt::Display>::fmt
[INFO] [stdout]    1:     0x6496936d3b6a - core[a373ad73a504971]::fmt::write
[INFO] [stdout]    2:     0x6496936c3b8c - <alloc[2e1b2a31b91974c5]::vec::Vec<u8> as core[a373ad73a504971]::io::write::Write>::write_fmt
[INFO] [stdout]    3:     0x64969369b7d6 - std[617be2ca0a6fd877]::panicking::default_hook::{closure#0}
[INFO] [stdout]    4:     0x6496936b7e69 - std[617be2ca0a6fd877]::panicking::default_hook
[INFO] [stdout]    5:     0x64969361dd60 - test[aada8e7e76ba119b]::test_main_inner::{closure#0}
[INFO] [stdout]    6:     0x6496936b8022 - std[617be2ca0a6fd877]::panicking::panic_with_hook
[INFO] [stdout]    7:     0x64969369b882 - std[617be2ca0a6fd877]::panicking::panic_handler::{closure#0}
[INFO] [stdout]    8:     0x649693694599 - std[617be2ca0a6fd877]::sys::backtrace::__rust_end_short_backtrace::<std[617be2ca0a6fd877]::panicking::panic_handler::{closure#0}, !>
[INFO] [stdout]    9:     0x64969369c48d - __rustc[ea4f61d10b84890b]::rust_begin_unwind
[INFO] [stdout]   10:     0x6496936d429c - core[a373ad73a504971]::panicking::panic_fmt
[INFO] [stdout]   11:     0x6496936d4072 - core[a373ad73a504971]::result::unwrap_failed
[INFO] [stdout]   12:     0x649693610527 - <cosmicbox[5c81257d297e3b3]::hid::logic::tests::cosmicbox_hid_reset::{closure#0} as core[a373ad73a504971]::ops::function::FnOnce<()>>::call_once
[INFO] [stdout]   13:     0x6496936111ab - test[aada8e7e76ba119b]::__rust_begin_short_backtrace::<core[a373ad73a504971]::result::Result<(), alloc[2e1b2a31b91974c5]::string::String>, fn() -> core[a373ad73a504971]::result::Result<(), alloc[2e1b2a31b91974c5]::string::String>>
[INFO] [stdout]   14:     0x64969361e385 - test[aada8e7e76ba119b]::run_test::{closure#0}
[INFO] [stdout]   15:     0x649693617c74 - std[617be2ca0a6fd877]::sys::backtrace::__rust_begin_short_backtrace::<test[aada8e7e76ba119b]::run_test::{closure#1}, ()>
[INFO] [stdout]   16:     0x649693621412 - <std[617be2ca0a6fd877]::thread::lifecycle::spawn_unchecked<test[aada8e7e76ba119b]::run_test::{closure#1}, ()>::{closure#1} as core[a373ad73a504971]::ops::function::FnOnce<()>>::call_once::{shim:vtable#0}
[INFO] [stdout]   17:     0x6496936bf18f - <std[617be2ca0a6fd877]::sys::thread::unix::Thread>::new::thread_start
[INFO] [stdout]   18:     0x7e291e2eadfa - <unknown>
[INFO] [stdout]   19:     0x7e291e37e3d4 - clone
[INFO] [stdout]   20:                0x0 - <unknown>
[INFO] [stdout] 
[INFO] [stdout] ---- hid::proto::tests::cosmicbox_hid_read8 stdout ----
[INFO] [stdout] 
[INFO] [stdout] thread 'hid::proto::tests::cosmicbox_hid_read8' (577) panicked at src/hid/proto.rs:50:33:
[INFO] [stdout] called `Result::unwrap()` on an `Err` value: InitializationError
[INFO] [stdout] stack backtrace:
[INFO] [stdout]    0:     0x6496936bf931 - <<std[617be2ca0a6fd877]::sys::backtrace::BacktraceLock>::print::DisplayBacktrace as core[a373ad73a504971]::fmt::Display>::fmt
[INFO] [stdout]    1:     0x6496936d3b6a - core[a373ad73a504971]::fmt::write
[INFO] [stdout]    2:     0x6496936c3b8c - <alloc[2e1b2a31b91974c5]::vec::Vec<u8> as core[a373ad73a504971]::io::write::Write>::write_fmt
[INFO] [stdout]    3:     0x64969369b7d6 - std[617be2ca0a6fd877]::panicking::default_hook::{closure#0}
[INFO] [stdout]    4:     0x6496936b7e69 - std[617be2ca0a6fd877]::panicking::default_hook
[INFO] [stdout]    5:     0x64969361dd60 - test[aada8e7e76ba119b]::test_main_inner::{closure#0}
[INFO] [stdout]    6:     0x6496936b8022 - std[617be2ca0a6fd877]::panicking::panic_with_hook
[INFO] [stdout]    7:     0x64969369b882 - std[617be2ca0a6fd877]::panicking::panic_handler::{closure#0}
[INFO] [stdout]    8:     0x649693694599 - std[617be2ca0a6fd877]::sys::backtrace::__rust_end_short_backtrace::<std[617be2ca0a6fd877]::panicking::panic_handler::{closure#0}, !>
[INFO] [stdout]    9:     0x64969369c48d - __rustc[ea4f61d10b84890b]::rust_begin_unwind
[INFO] [stdout]   10:     0x6496936d429c - core[a373ad73a504971]::panicking::panic_fmt
[INFO] [stdout]   11:     0x6496936d4072 - core[a373ad73a504971]::result::unwrap_failed
[INFO] [stdout]   12:     0x649693610e8a - <cosmicbox[5c81257d297e3b3]::hid::proto::tests::cosmicbox_hid_read8::{closure#0} as core[a373ad73a504971]::ops::function::FnOnce<()>>::call_once
[INFO] [stdout]   13:     0x6496936111ab - test[aada8e7e76ba119b]::__rust_begin_short_backtrace::<core[a373ad73a504971]::result::Result<(), alloc[2e1b2a31b91974c5]::string::String>, fn() -> core[a373ad73a504971]::result::Result<(), alloc[2e1b2a31b91974c5]::string::String>>
[INFO] [stdout]   14:     0x64969361e385 - test[aada8e7e76ba119b]::run_test::{closure#0}
[INFO] [stdout]   15:     0x649693617c74 - std[617be2ca0a6fd877]::sys::backtrace::__rust_begin_short_backtrace::<test[aada8e7e76ba119b]::run_test::{closure#1}, ()>
[INFO] [stdout]   16:     0x649693621412 - <std[617be2ca0a6fd877]::thread::lifecycle::spawn_unchecked<test[aada8e7e76ba119b]::run_test::{closure#1}, ()>::{closure#1} as core[a373ad73a504971]::ops::function::FnOnce<()>>::call_once::{shim:vtable#0}
[INFO] [stdout]   17:     0x6496936bf18f - <std[617be2ca0a6fd877]::sys::thread::unix::Thread>::new::thread_start
[INFO] [stdout]   18:     0x7e291e2eadfa - <unknown>
[INFO] [stdout]   19:     0x7e291e37e3d4 - clone
[INFO] [stdout]   20:                0x0 - <unknown>
[INFO] [stdout] 
[INFO] [stdout] ---- hid::logic::tests::cosmicbox_get_counters stdout ----
[INFO] [stdout] 
[INFO] [stdout] thread 'hid::logic::tests::cosmicbox_get_counters' (572) panicked at src/hid/logic.rs:134:33:
[INFO] [stdout] called `Result::unwrap()` on an `Err` value: InitializationError
[INFO] [stdout] stack backtrace:
[INFO] [stdout]    0:     0x6496936bf931 - <<std[617be2ca0a6fd877]::sys::backtrace::BacktraceLock>::print::DisplayBacktrace as core[a373ad73a504971]::fmt::Display>::fmt
[INFO] [stdout]    1:     0x6496936d3b6a - core[a373ad73a504971]::fmt::write
[INFO] [stdout]    2:     0x6496936c3b8c - <alloc[2e1b2a31b91974c5]::vec::Vec<u8> as core[a373ad73a504971]::io::write::Write>::write_fmt
[INFO] [stdout]    3:     0x64969369b7d6 - std[617be2ca0a6fd877]::panicking::default_hook::{closure#0}
[INFO] [stdout]    4:     0x6496936b7e69 - std[617be2ca0a6fd877]::panicking::default_hook
[INFO] [stdout]    5:     0x64969361dd60 - test[aada8e7e76ba119b]::test_main_inner::{closure#0}
[INFO] [stdout]    6:     0x6496936b8022 - std[617be2ca0a6fd877]::panicking::panic_with_hook
[INFO] [stdout]    7:     0x64969369b882 - std[617be2ca0a6fd877]::panicking::panic_handler::{closure#0}
[INFO] [stdout]    8:     0x649693694599 - std[617be2ca0a6fd877]::sys::backtrace::__rust_end_short_backtrace::<std[617be2ca0a6fd877]::panicking::panic_handler::{closure#0}, !>
[INFO] [stdout]    9:     0x64969369c48d - __rustc[ea4f61d10b84890b]::rust_begin_unwind
[INFO] [stdout]   10:     0x6496936d429c - core[a373ad73a504971]::panicking::panic_fmt
[INFO] [stdout]   11:     0x6496936d4072 - core[a373ad73a504971]::result::unwrap_failed
[INFO] [stdout]   12:     0x649693610725 - <cosmicbox[5c81257d297e3b3]::hid::logic::tests::cosmicbox_get_counters::{closure#0} as core[a373ad73a504971]::ops::function::FnOnce<()>>::call_once
[INFO] [stdout]   13:     0x6496936111ab - test[aada8e7e76ba119b]::__rust_begin_short_backtrace::<core[a373ad73a504971]::result::Result<(), alloc[2e1b2a31b91974c5]::string::String>, fn() -> core[a373ad73a504971]::result::Result<(), alloc[2e1b2a31b91974c5]::string::String>>
[INFO] [stdout]   14:     0x64969361e385 - test[aada8e7e76ba119b]::run_test::{closure#0}
[INFO] [stdout]   15:     0x649693617c74 - std[617be2ca0a6fd877]::sys::backtrace::__rust_begin_short_backtrace::<test[aada8e7e76ba119b]::run_test::{closure#1}, ()>
[INFO] [stdout]   16:     0x649693621412 - <std[617be2ca0a6fd877]::thread::lifecycle::spawn_unchecked<test[aada8e7e76ba119b]::run_test::{closure#1}, ()>::{closure#1} as core[a373ad73a504971]::ops::function::FnOnce<()>>::call_once::{shim:vtable#0}
[INFO] [stdout]   17:     0x6496936bf18f - <std[617be2ca0a6fd877]::sys::thread::unix::Thread>::new::thread_start
[INFO] [stdout]   18:     0x7e291e2eadfa - <unknown>
[INFO] [stdout]   19:     0x7e291e37e3d4 - clone
[INFO] [stdout]   20:                0x0 - <unknown>
[INFO] [stdout] 
[INFO] [stdout] ---- hid::logic::tests::cosmicbox_hid_new stdout ----
[INFO] [stdout] 
[INFO] [stdout] thread 'hid::logic::tests::cosmicbox_hid_new' (573) panicked at src/hid/logic.rs:102:14:
[INFO] [stdout] failed to open HID port: OpenHidDeviceError
[INFO] [stdout] stack backtrace:
[INFO] [stdout]    0:     0x6496936bf931 - <<std[617be2ca0a6fd877]::sys::backtrace::BacktraceLock>::print::DisplayBacktrace as core[a373ad73a504971]::fmt::Display>::fmt
[INFO] [stdout]    1:     0x6496936d3b6a - core[a373ad73a504971]::fmt::write
[INFO] [stdout]    2:     0x6496936c3b8c - <alloc[2e1b2a31b91974c5]::vec::Vec<u8> as core[a373ad73a504971]::io::write::Write>::write_fmt
[INFO] [stdout]    3:     0x64969369b7d6 - std[617be2ca0a6fd877]::panicking::default_hook::{closure#0}
[INFO] [stdout]    4:     0x6496936b7e69 - std[617be2ca0a6fd877]::panicking::default_hook
[INFO] [stdout]    5:     0x64969361dd60 - test[aada8e7e76ba119b]::test_main_inner::{closure#0}
[INFO] [stdout]    6:     0x6496936b8022 - std[617be2ca0a6fd877]::panicking::panic_with_hook
[INFO] [stdout]    7:     0x64969369b882 - std[617be2ca0a6fd877]::panicking::panic_handler::{closure#0}
[INFO] [stdout]    8:     0x649693694599 - std[617be2ca0a6fd877]::sys::backtrace::__rust_end_short_backtrace::<std[617be2ca0a6fd877]::panicking::panic_handler::{closure#0}, !>
[INFO] [stdout]    9:     0x64969369c48d - __rustc[ea4f61d10b84890b]::rust_begin_unwind
[INFO] [stdout]   10:     0x6496936d429c - core[a373ad73a504971]::panicking::panic_fmt
[INFO] [stdout]   11:     0x6496936d4072 - core[a373ad73a504971]::result::unwrap_failed
[INFO] [stdout]   12:     0x6496936103e2 - <cosmicbox[5c81257d297e3b3]::hid::logic::tests::cosmicbox_hid_new::{closure#0} as core[a373ad73a504971]::ops::function::FnOnce<()>>::call_once
[INFO] [stdout]   13:     0x6496936111ab - test[aada8e7e76ba119b]::__rust_begin_short_backtrace::<core[a373ad73a504971]::result::Result<(), alloc[2e1b2a31b91974c5]::string::String>, fn() -> core[a373ad73a504971]::result::Result<(), alloc[2e1b2a31b91974c5]::string::String>>
[INFO] [stdout]   14:     0x64969361e385 - test[aada8e7e76ba119b]::run_test::{closure#0}
[INFO] [stdout]   15:     0x649693617c74 - std[617be2ca0a6fd877]::sys::backtrace::__rust_begin_short_backtrace::<test[aada8e7e76ba119b]::run_test::{closure#1}, ()>
[INFO] [stdout]   16:     0x649693621412 - <std[617be2ca0a6fd877]::thread::lifecycle::spawn_unchecked<test[aada8e7e76ba119b]::run_test::{closure#1}, ()>::{closure#1} as core[a373ad73a504971]::ops::function::FnOnce<()>>::call_once::{shim:vtable#0}
[INFO] [stdout]   17:     0x6496936bf18f - <std[617be2ca0a6fd877]::sys::thread::unix::Thread>::new::thread_start
[INFO] [stdout]   18:     0x7e291e2eadfa - <unknown>
[INFO] [stdout]   19:     0x7e291e37e3d4 - clone
[INFO] [stdout]   20:                0x0 - <unknown>
[INFO] [stdout] 
[INFO] [stdout] 
[INFO] [stdout] failures:
[INFO] [stdout]     hid::logic::tests::cosmicbox_get_counters
[INFO] [stdout]     hid::logic::tests::cosmicbox_hid_new
[INFO] [stdout]     hid::logic::tests::cosmicbox_hid_reset
[INFO] [stdout]     hid::logic::tests::cosmicbox_hid_set_get_trigger
[INFO] [stdout]     hid::proto::tests::cosmicbox_hid_read16
[INFO] [stdout]     hid::proto::tests::cosmicbox_hid_read8
[INFO] [stdout]     hid::proto::tests::cosmicbox_hid_send
[INFO] [stdout]     hid::tests::cosmicbox_connect
[INFO] [stdout] 
[INFO] [stdout] test result: FAILED. 0 passed; 8 failed; 0 ignored; 0 measured; 0 filtered out; finished in 0.01s
[INFO] [stdout] 
[INFO] running `Command { std: "docker" "inspect" "c7c8da925543f505883f053ba4649580c7c59ecca25e6ee98a081e9935d48a75", kill_on_drop: false }`
[INFO] running `Command { std: "docker" "rm" "-f" "c7c8da925543f505883f053ba4649580c7c59ecca25e6ee98a081e9935d48a75", kill_on_drop: false }`
[INFO] [stdout] c7c8da925543f505883f053ba4649580c7c59ecca25e6ee98a081e9935d48a75
