[INFO] fetching crate cosmic-text 0.19.0...
[INFO] testing cosmic-text-0.19.0 against 1.99.0-beta.8+cargoflags=--release for beta-release-1.100-2
[INFO] extracting crate cosmic-text 0.19.0 into /workspace/builds/worker-4-tc1/source
[INFO] started tweaking crates.io crate cosmic-text 0.19.0
[INFO] removed 0 missing tests
[INFO] finished tweaking crates.io crate cosmic-text 0.19.0
[INFO] tweaked toml for crates.io crate cosmic-text 0.19.0 written to /workspace/builds/worker-4-tc1/source/Cargo.toml
[INFO] validating manifest of crates.io crate cosmic-text 0.19.0 on toolchain 1.99.0-beta.8
[INFO] running `Command { std: CARGO_HOME="/workspace/cargo-home" RUSTUP_HOME="/workspace/rustup-home" "/workspace/cargo-home/bin/cargo" "+1.99.0-beta.8" "metadata" "--manifest-path" "Cargo.toml" "--no-deps", kill_on_drop: false }`
[INFO] crate crates.io crate cosmic-text 0.19.0 already has a lockfile, it will not be regenerated
[INFO] running `Command { std: CARGO_HOME="/workspace/cargo-home" RUSTUP_HOME="/workspace/rustup-home" "/workspace/cargo-home/bin/cargo" "+1.99.0-beta.8" "fetch" "--manifest-path" "Cargo.toml", kill_on_drop: false }`
[INFO] [stderr]     Updating crates.io index
[INFO] [stderr]     Blocking waiting for file lock on package cache
[INFO] [stderr]  Downloading crates ...
[INFO] [stderr]   Downloaded unicode-script v0.5.8
[INFO] [stderr]   Downloaded arrayref v0.3.9
[INFO] [stderr]   Downloaded sys-locale v0.3.2
[INFO] [stderr]   Downloaded alloca v0.4.0
[INFO] [stderr]   Downloaded linebender_resource_handle v0.1.1
[INFO] [stderr]   Downloaded page_size v0.6.0
[INFO] [stderr]   Downloaded cosmic_undo_2 v0.2.0
[INFO] [stderr]   Downloaded core_maths v0.1.1
[INFO] [stderr]   Downloaded bytemuck_derive v1.10.2
[INFO] [stderr]   Downloaded onig v6.5.1
[INFO] [stderr]   Downloaded yazi v0.2.1
[INFO] [stderr]   Downloaded smol_str v0.3.6
[INFO] [stderr]   Downloaded self_cell v1.2.2
[INFO] [stderr]   Downloaded font-types v0.11.3
[INFO] [stderr]   Downloaded modit v0.1.5
[INFO] [stderr]   Downloaded memmap2 v0.9.10
[INFO] [stderr]   Downloaded criterion-plot v0.8.2
[INFO] [stderr]   Downloaded unicode-segmentation v1.13.2
[INFO] [stderr]   Downloaded zeno v0.3.3
[INFO] [stderr]   Downloaded fontconfig-parser v0.5.8
[INFO] [stderr]   Downloaded roxmltree v0.20.0
[INFO] [stderr]   Downloaded slotmap v1.1.1
[INFO] [stderr]   Downloaded plist v1.8.0
[INFO] [stderr]   Downloaded cc v1.2.60
[INFO] [stderr]   Downloaded fontdb v0.23.0
[INFO] [stderr]   Downloaded criterion v0.8.2
[INFO] [stderr]   Downloaded quick-xml v0.38.4
[INFO] [stderr]   Downloaded skrifa v0.40.0
[INFO] [stderr]   Downloaded swash v0.2.7
[INFO] [stderr]   Downloaded harfrust v0.5.2
[INFO] [stderr]   Downloaded read-fonts v0.37.0
[INFO] [stderr]   Downloaded onig_sys v69.9.1
[INFO] [stderr]   Downloaded web-sys v0.3.95
[INFO] [stderr]   Downloaded syntect v5.3.0
[INFO] [stderr]   Downloaded libc v0.2.185
[INFO] running `Command { std: "docker" "create" "-v" "/var/lib/crater-agent-workspace/builds/worker-4-tc1/source:/opt/rustwide/workdir:ro,Z" "-v" "/var/lib/crater-agent-workspace/builds/worker-4-tc1/target:/opt/rustwide/target:rw,Z" "-v" "/var/lib/crater-agent-workspace/cargo-home:/opt/rustwide/cargo-home:ro,Z" "-v" "/var/lib/crater-agent-workspace/rustup-home:/opt/rustwide/rustup-home:ro,Z" "-m" "1610612736" "--network" "none" "ghcr.io/rust-lang/crates-build-env/linux@sha256:77db811e55d90add9212f6832c23229e3de5f1c1f9905e8cb07319ea15df73ac" "sleep" "infinity", kill_on_drop: false }`
[INFO] [stdout] 8698a785453752abbbf58d55dc43115bac5c26e291b4b75c5cdb2770378cf9ce
[INFO] running `Command { std: "docker" "start" "8698a785453752abbbf58d55dc43115bac5c26e291b4b75c5cdb2770378cf9ce", kill_on_drop: false }`
[INFO] running `Command { std: "docker" "inspect" "8698a785453752abbbf58d55dc43115bac5c26e291b4b75c5cdb2770378cf9ce", kill_on_drop: false }`
[INFO] running `Command { std: "docker" "exec" "-e" "SOURCE_DIR=/opt/rustwide/workdir" "-e" "CARGO_HOME=/opt/rustwide/cargo-home" "-e" "RUSTUP_HOME=/opt/rustwide/rustup-home" "-e" "CARGO_TARGET_DIR=/opt/rustwide/target" "-w" "/opt/rustwide/workdir" "--user" "0:0" "8698a785453752abbbf58d55dc43115bac5c26e291b4b75c5cdb2770378cf9ce" "/opt/rustwide/cargo-home/bin/cargo" "+1.99.0-beta.8" "metadata" "--no-deps" "--format-version=1", kill_on_drop: false }`
[INFO] running `Command { std: "docker" "inspect" "8698a785453752abbbf58d55dc43115bac5c26e291b4b75c5cdb2770378cf9ce", kill_on_drop: false }`
[INFO] running `Command { std: "docker" "exec" "-e" "SOURCE_DIR=/opt/rustwide/workdir" "-e" "CARGO_HOME=/opt/rustwide/cargo-home" "-e" "RUSTUP_HOME=/opt/rustwide/rustup-home" "-e" "CARGO_TARGET_DIR=/opt/rustwide/target" "-e" "CARGO_INCREMENTAL=0" "-e" "RUST_BACKTRACE=full" "-e" "RUSTFLAGS=--cap-lints=warn" "-e" "RUSTDOCFLAGS=--cap-lints=warn" "-w" "/opt/rustwide/workdir" "--user" "0:0" "8698a785453752abbbf58d55dc43115bac5c26e291b4b75c5cdb2770378cf9ce" "/opt/rustwide/cargo-home/bin/cargo" "+1.99.0-beta.8" "build" "--frozen" "--message-format=json" "--release", kill_on_drop: false }`
[INFO] [stderr]    Compiling quote v1.0.45
[INFO] [stderr]    Compiling libm v0.2.16
[INFO] [stderr]    Compiling libc v0.2.185
[INFO] [stderr]    Compiling roxmltree v0.20.0
[INFO] [stderr]    Compiling slotmap v1.1.1
[INFO] [stderr]    Compiling tinyvec v1.11.0
[INFO] [stderr]    Compiling bitflags v2.11.1
[INFO] [stderr]    Compiling smallvec v1.15.1
[INFO] [stderr]    Compiling zeno v0.3.3
[INFO] [stderr]    Compiling syn v2.0.117
[INFO] [stderr]    Compiling yazi v0.2.1
[INFO] [stderr]    Compiling rustc-hash v2.1.2
[INFO] [stderr]    Compiling smol_str v0.3.6
[INFO] [stderr]    Compiling rangemap v1.7.1
[INFO] [stderr]    Compiling fontconfig-parser v0.5.8
[INFO] [stderr]    Compiling sys-locale v0.3.2
[INFO] [stderr]    Compiling memmap2 v0.9.10
[INFO] [stderr]    Compiling unicode-linebreak v0.1.5
[INFO] [stderr]    Compiling core_maths v0.1.1
[INFO] [stderr]    Compiling ttf-parser v0.25.1
[INFO] [stderr]    Compiling unicode-script v0.5.8
[INFO] [stderr]    Compiling linebender_resource_handle v0.1.1
[INFO] [stderr]    Compiling unicode-bidi v0.3.18
[INFO] [stderr]    Compiling self_cell v1.2.2
[INFO] [stderr]    Compiling unicode-segmentation v1.13.2
[INFO] [stderr]    Compiling bytemuck_derive v1.10.2
[INFO] [stderr]    Compiling bytemuck v1.25.0
[INFO] [stderr]    Compiling font-types v0.11.3
[INFO] [stderr]    Compiling fontdb v0.23.0
[INFO] [stderr]    Compiling read-fonts v0.37.0
[INFO] [stderr]    Compiling skrifa v0.40.0
[INFO] [stderr]    Compiling harfrust v0.5.2
[INFO] [stderr]    Compiling swash v0.2.7
[INFO] [stderr]    Compiling cosmic-text v0.19.0 (/opt/rustwide/workdir)
[INFO] [stderr]     Finished `release` profile [optimized] target(s) in 2m 19s
[INFO] running `Command { std: "docker" "inspect" "8698a785453752abbbf58d55dc43115bac5c26e291b4b75c5cdb2770378cf9ce", kill_on_drop: false }`
[INFO] running `Command { std: "docker" "exec" "-e" "SOURCE_DIR=/opt/rustwide/workdir" "-e" "CARGO_HOME=/opt/rustwide/cargo-home" "-e" "RUSTUP_HOME=/opt/rustwide/rustup-home" "-e" "CARGO_TARGET_DIR=/opt/rustwide/target" "-e" "CARGO_INCREMENTAL=0" "-e" "RUST_BACKTRACE=full" "-e" "RUSTFLAGS=--cap-lints=warn" "-e" "RUSTDOCFLAGS=--cap-lints=warn" "-w" "/opt/rustwide/workdir" "--user" "0:0" "8698a785453752abbbf58d55dc43115bac5c26e291b4b75c5cdb2770378cf9ce" "/opt/rustwide/cargo-home/bin/cargo" "+1.99.0-beta.8" "test" "--frozen" "--no-run" "--message-format=json" "--release", kill_on_drop: false }`
[INFO] [stderr]    Compiling syn v2.0.117
[INFO] [stderr]    Compiling serde_core v1.0.228
[INFO] [stderr]    Compiling zerocopy v0.8.48
[INFO] [stderr]    Compiling zmij v1.0.21
[INFO] [stderr]    Compiling serde v1.0.228
[INFO] [stderr]    Compiling simd-adler32 v0.3.9
[INFO] [stderr]    Compiling cc v1.2.60
[INFO] [stderr]    Compiling serde_json v1.0.149
[INFO] [stderr]    Compiling num-traits v0.2.19
[INFO] [stderr]    Compiling miniz_oxide v0.8.9
[INFO] [stderr]    Compiling ciborium-io v0.2.2
[INFO] [stderr]    Compiling clap_lex v1.1.0
[INFO] [stderr]    Compiling anstyle v1.0.14
[INFO] [stderr]    Compiling either v1.15.0
[INFO] [stderr]    Compiling itoa v1.0.18
[INFO] [stderr]    Compiling regex-syntax v0.8.10
[INFO] [stderr]    Compiling memchr v2.8.0
[INFO] [stderr]    Compiling clap_builder v4.6.0
[INFO] [stderr]    Compiling itertools v0.13.0
[INFO] [stderr]    Compiling alloca v0.4.0
[INFO] [stderr]    Compiling flate2 v1.1.9
[INFO] [stderr]    Compiling fdeflate v0.3.7
[INFO] [stderr]    Compiling strict-num v0.1.1
[INFO] [stderr]    Compiling cast v0.3.0
[INFO] [stderr]    Compiling regex-automata v0.4.14
[INFO] [stderr]    Compiling arrayref v0.3.9
[INFO] [stderr]    Compiling same-file v1.0.6
[INFO] [stderr]    Compiling png v0.17.16
[INFO] [stderr]    Compiling criterion-plot v0.8.2
[INFO] [stderr]    Compiling walkdir v2.5.0
[INFO] [stderr]    Compiling clap v4.6.1
[INFO] [stderr]    Compiling page_size v0.6.0
[INFO] [stderr]    Compiling arrayvec v0.7.6
[INFO] [stderr]    Compiling bytemuck_derive v1.10.2
[INFO] [stderr]    Compiling zerocopy-derive v0.8.48
[INFO] [stderr]    Compiling serde_derive v1.0.228
[INFO] [stderr]    Compiling regex v1.12.3
[INFO] [stderr]    Compiling bytemuck v1.25.0
[INFO] [stderr]    Compiling font-types v0.11.3
[INFO] [stderr]    Compiling read-fonts v0.37.0
[INFO] [stderr]    Compiling tiny-skia-path v0.11.4
[INFO] [stderr]    Compiling oorandom v11.1.5
[INFO] [stderr]    Compiling anes v0.1.6
[INFO] [stderr]    Compiling tiny-skia v0.11.4
[INFO] [stderr]    Compiling tinytemplate v1.2.1
[INFO] [stderr]    Compiling half v2.7.1
[INFO] [stderr]    Compiling ciborium-ll v0.2.2
[INFO] [stderr]    Compiling ciborium v0.2.2
[INFO] [stderr]    Compiling criterion v0.8.2
[INFO] [stderr]    Compiling skrifa v0.40.0
[INFO] [stderr]    Compiling harfrust v0.5.2
[INFO] [stderr]    Compiling swash v0.2.7
[INFO] [stderr]    Compiling cosmic-text v0.19.0 (/opt/rustwide/workdir)
[INFO] [stdout] warning: unused import: `std::path::PathBuf`
[INFO] [stdout]  --> tests/ellipsize_rendering.rs:1:5
[INFO] [stdout]   |
[INFO] [stdout] 1 | use std::path::PathBuf;
[INFO] [stdout]   |     ^^^^^^^^^^^^^^^^^^
[INFO] [stdout]   |
[INFO] [stdout]   = note: `#[warn(unused_imports)]` (part of `#[warn(unused)]`) on by default
[INFO] [stdout] 
[INFO] [stdout] 
[INFO] [stdout] warning: unused imports: `Buffer`, `FontSystem`, `Metrics`, `Shaping`, and `fontdb::Database`
[INFO] [stdout]  --> tests/ellipsize_rendering.rs:5:5
[INFO] [stdout]   |
[INFO] [stdout] 5 |     fontdb::Database, Align, Attrs, Buffer, Ellipsize, EllipsizeHeightLimit, Family, FontSystem,
[INFO] [stdout]   |     ^^^^^^^^^^^^^^^^                ^^^^^^                                           ^^^^^^^^^^
[INFO] [stdout] 6 |     Metrics, Shaping, Wrap,
[INFO] [stdout]   |     ^^^^^^^  ^^^^^^^
[INFO] [stdout] 
[INFO] [stdout] 
[INFO] [stdout] warning: methods `text`, `wrap`, `ellipsize`, and `alignment` are never used
[INFO] [stdout]    --> tests/common/mod.rs:67:12
[INFO] [stdout]     |
[INFO] [stdout]  59 | impl DrawTestCfg {
[INFO] [stdout]     | ---------------- methods in this implementation
[INFO] [stdout] ...
[INFO] [stdout]  67 |     pub fn text(mut self, text: impl Into<String>) -> Self {
[INFO] [stdout]     |            ^^^^
[INFO] [stdout] ...
[INFO] [stdout] 102 |     pub fn wrap(mut self, wrap: Wrap) -> Self {
[INFO] [stdout]     |            ^^^^
[INFO] [stdout] ...
[INFO] [stdout] 107 |     pub fn ellipsize(mut self, ellipsize: Ellipsize) -> Self {
[INFO] [stdout]     |            ^^^^^^^^^
[INFO] [stdout] ...
[INFO] [stdout] 112 |     pub fn alignment(mut self, alignment: Option<Align>) -> Self {
[INFO] [stdout]     |            ^^^^^^^^^
[INFO] [stdout]     |
[INFO] [stdout]     = note: `#[warn(dead_code)]` (part of `#[warn(unused)]`) on by default
[INFO] [stdout] 
[INFO] [stdout] 
[INFO] [stdout] warning: methods `rich_text`, `wrap`, `ellipsize`, and `alignment` are never used
[INFO] [stdout]    --> tests/common/mod.rs:72:12
[INFO] [stdout]     |
[INFO] [stdout]  59 | impl DrawTestCfg {
[INFO] [stdout]     | ---------------- methods in this implementation
[INFO] [stdout] ...
[INFO] [stdout]  72 |     pub fn rich_text(
[INFO] [stdout]     |            ^^^^^^^^^
[INFO] [stdout] ...
[INFO] [stdout] 102 |     pub fn wrap(mut self, wrap: Wrap) -> Self {
[INFO] [stdout]     |            ^^^^
[INFO] [stdout] ...
[INFO] [stdout] 107 |     pub fn ellipsize(mut self, ellipsize: Ellipsize) -> Self {
[INFO] [stdout]     |            ^^^^^^^^^
[INFO] [stdout] ...
[INFO] [stdout] 112 |     pub fn alignment(mut self, alignment: Option<Align>) -> Self {
[INFO] [stdout]     |            ^^^^^^^^^
[INFO] [stdout]     |
[INFO] [stdout]     = note: `#[warn(dead_code)]` (part of `#[warn(unused)]`) on by default
[INFO] [stdout] 
[INFO] [stdout] 
[INFO] [stderr]     Finished `release` profile [optimized] target(s) in 3m 41s
[INFO] running `Command { std: "docker" "inspect" "8698a785453752abbbf58d55dc43115bac5c26e291b4b75c5cdb2770378cf9ce", kill_on_drop: false }`
[INFO] running `Command { std: "docker" "exec" "-e" "SOURCE_DIR=/opt/rustwide/workdir" "-e" "CARGO_HOME=/opt/rustwide/cargo-home" "-e" "RUSTUP_HOME=/opt/rustwide/rustup-home" "-e" "CARGO_TARGET_DIR=/opt/rustwide/target" "-e" "CARGO_INCREMENTAL=0" "-e" "RUST_BACKTRACE=full" "-e" "RUSTFLAGS=--cap-lints=warn" "-e" "RUSTDOCFLAGS=--cap-lints=warn" "-w" "/opt/rustwide/workdir" "--user" "0:0" "8698a785453752abbbf58d55dc43115bac5c26e291b4b75c5cdb2770378cf9ce" "/opt/rustwide/cargo-home/bin/cargo" "+1.99.0-beta.8" "test" "--frozen" "--release", kill_on_drop: false }`
[INFO] [stderr] warning: methods `rich_text`, `wrap`, `ellipsize`, and `alignment` are never used
[INFO] [stderr]    --> tests/common/mod.rs:72:12
[INFO] [stderr]     |
[INFO] [stderr]  59 | impl DrawTestCfg {
[INFO] [stderr]     | ---------------- methods in this implementation
[INFO] [stderr] ...
[INFO] [stderr]  72 |     pub fn rich_text(
[INFO] [stderr]     |            ^^^^^^^^^
[INFO] [stderr] ...
[INFO] [stderr] 102 |     pub fn wrap(mut self, wrap: Wrap) -> Self {
[INFO] [stderr]     |            ^^^^
[INFO] [stderr] ...
[INFO] [stderr] 107 |     pub fn ellipsize(mut self, ellipsize: Ellipsize) -> Self {
[INFO] [stderr]     |            ^^^^^^^^^
[INFO] [stderr] ...
[INFO] [stderr] 112 |     pub fn alignment(mut self, alignment: Option<Align>) -> Self {
[INFO] [stderr]     |            ^^^^^^^^^
[INFO] [stderr]     |
[INFO] [stderr]     = note: `#[warn(dead_code)]` (part of `#[warn(unused)]`) on by default
[INFO] [stderr] 
[INFO] [stderr] warning: methods `text`, `wrap`, `ellipsize`, and `alignment` are never used
[INFO] [stderr]    --> tests/common/mod.rs:67:12
[INFO] [stderr]     |
[INFO] [stderr]  59 | impl DrawTestCfg {
[INFO] [stderr]     | ---------------- methods in this implementation
[INFO] [stderr] ...
[INFO] [stderr]  67 |     pub fn text(mut self, text: impl Into<String>) -> Self {
[INFO] [stderr]     |            ^^^^
[INFO] [stderr] ...
[INFO] [stderr] 102 |     pub fn wrap(mut self, wrap: Wrap) -> Self {
[INFO] [stderr]     |            ^^^^
[INFO] [stderr] ...
[INFO] [stderr] 107 |     pub fn ellipsize(mut self, ellipsize: Ellipsize) -> Self {
[INFO] [stderr]     |            ^^^^^^^^^
[INFO] [stderr] ...
[INFO] [stderr] 112 |     pub fn alignment(mut self, alignment: Option<Align>) -> Self {
[INFO] [stderr]     |            ^^^^^^^^^
[INFO] [stderr]     |
[INFO] [stderr]     = note: `#[warn(dead_code)]` (part of `#[warn(unused)]`) on by default
[INFO] [stderr] 
[INFO] [stderr] warning: unused import: `std::path::PathBuf`
[INFO] [stderr]  --> tests/ellipsize_rendering.rs:1:5
[INFO] [stderr]   |
[INFO] [stderr] 1 | use std::path::PathBuf;
[INFO] [stderr]   |     ^^^^^^^^^^^^^^^^^^
[INFO] [stderr]   |
[INFO] [stderr]   = note: `#[warn(unused_imports)]` (part of `#[warn(unused)]`) on by default
[INFO] [stderr] 
[INFO] [stderr] warning: unused imports: `Buffer`, `FontSystem`, `Metrics`, `Shaping`, and `fontdb::Database`
[INFO] [stderr]  --> tests/ellipsize_rendering.rs:5:5
[INFO] [stderr]   |
[INFO] [stderr] 5 |     fontdb::Database, Align, Attrs, Buffer, Ellipsize, EllipsizeHeightLimit, Family, FontSystem,
[INFO] [stderr]   |     ^^^^^^^^^^^^^^^^                ^^^^^^                                           ^^^^^^^^^^
[INFO] [stderr] 6 |     Metrics, Shaping, Wrap,
[INFO] [stderr]   |     ^^^^^^^  ^^^^^^^
[INFO] [stderr] 
[INFO] [stderr] warning: `cosmic-text` (test "shaping_and_rendering") generated 1 warning
[INFO] [stderr] warning: `cosmic-text` (test "text_decorations") generated 1 warning
[INFO] [stderr] warning: `cosmic-text` (test "ellipsize_rendering") generated 2 warnings (run `cargo fix --test "ellipsize_rendering" -p cosmic-text` to apply 2 suggestions)
[INFO] [stderr]     Finished `release` profile [optimized] target(s) in 0.18s
[INFO] [stderr]      Running unittests src/lib.rs (/opt/rustwide/target/release/deps/cosmic_text-32fec31ff8a516a6)
[INFO] [stdout] 
[INFO] [stdout] running 4 tests
[INFO] [stdout] test glyph_cache::test_subpixel_bins ... ok
[INFO] [stdout] test line_ending::test_line_iter ... ok
[INFO] [stdout] test font::test::test_fonts_load_time ... FAILED
[INFO] [stdout] test swash::test::no_coord_leakage_across_fonts ... ok
[INFO] [stdout] 
[INFO] [stdout] failures:
[INFO] [stdout] 
[INFO] [stdout] ---- font::test::test_fonts_load_time stdout ----
[INFO] [stdout] 
[INFO] [stdout] thread 'font::test::test_fonts_load_time' (2059) panicked at src/font/mod.rs:254:35:
[INFO] [stdout] Local available
[INFO] [stdout] stack backtrace:
[INFO] [stdout]    0:     0x628679659be1 - <<std[70759c8f55707aa4]::sys::backtrace::BacktraceLock>::print::DisplayBacktrace as core[df12db4294e9bfd3]::fmt::Display>::fmt
[INFO] [stdout]    1:     0x62867966fdfa - core[df12db4294e9bfd3]::fmt::write
[INFO] [stdout]    2:     0x62867965e36c - <alloc[2182bb758b4b3781]::vec::Vec<u8> as core[df12db4294e9bfd3]::io::write::Write>::write_fmt
[INFO] [stdout]    3:     0x628679634d86 - std[70759c8f55707aa4]::panicking::default_hook::{closure#0}
[INFO] [stdout]    4:     0x628679651959 - std[70759c8f55707aa4]::panicking::default_hook
[INFO] [stdout]    5:     0x6286794fdf10 - test[9d35eded1c95d3be]::test_main_inner::<test[9d35eded1c95d3be]::test_main_static::{closure#0}>::{closure#0}
[INFO] [stdout]    6:     0x628679651b12 - std[70759c8f55707aa4]::panicking::panic_with_hook
[INFO] [stdout]    7:     0x628679634e32 - std[70759c8f55707aa4]::panicking::panic_handler::{closure#0}
[INFO] [stdout]    8:     0x62867962d989 - std[70759c8f55707aa4]::sys::backtrace::__rust_end_short_backtrace::<std[70759c8f55707aa4]::panicking::panic_handler::{closure#0}, !>
[INFO] [stdout]    9:     0x628679635a2d - __rustc[8fa7c3cbc660c2b3]::rust_begin_unwind
[INFO] [stdout]   10:     0x62867967052c - core[df12db4294e9bfd3]::panicking::panic_fmt
[INFO] [stdout]   11:     0x628679670284 - core[df12db4294e9bfd3]::option::expect_failed
[INFO] [stdout]   12:     0x6286794eab52 - cosmic_text[b7d9080b13c00d1e]::font::test::test_fonts_load_time
[INFO] [stdout]   13:     0x6286794ed069 - <cosmic_text[b7d9080b13c00d1e]::font::test::test_fonts_load_time::{closure#0} as core[df12db4294e9bfd3]::ops::function::FnOnce<()>>::call_once
[INFO] [stdout]   14:     0x6286794f11fb - test[9d35eded1c95d3be]::__rust_begin_short_backtrace::<core[df12db4294e9bfd3]::result::Result<(), alloc[2182bb758b4b3781]::string::String>, fn() -> core[df12db4294e9bfd3]::result::Result<(), alloc[2182bb758b4b3781]::string::String>>
[INFO] [stdout]   15:     0x6286794fe865 - test[9d35eded1c95d3be]::run_test::{closure#0}
[INFO] [stdout]   16:     0x6286794f8124 - std[70759c8f55707aa4]::sys::backtrace::__rust_begin_short_backtrace::<test[9d35eded1c95d3be]::run_test::{closure#1}, ()>
[INFO] [stdout]   17:     0x6286795019c2 - <std[70759c8f55707aa4]::thread::lifecycle::spawn_unchecked<test[9d35eded1c95d3be]::run_test::{closure#1}, ()>::{closure#1} as core[df12db4294e9bfd3]::ops::function::FnOnce<()>>::call_once::{shim:vtable#0}
[INFO] [stdout]   18:     0x628679658e29 - <std[70759c8f55707aa4]::sys::thread::unix::Thread>::new::thread_start
[INFO] [stdout]   19:     0x73e077452dfa - <unknown>
[INFO] [stdout]   20:     0x73e0774e63d4 - clone
[INFO] [stdout]   21:                0x0 - <unknown>
[INFO] [stdout] 
[INFO] [stdout] 
[INFO] [stdout] failures:
[INFO] [stdout]     font::test::test_fonts_load_time
[INFO] [stdout] 
[INFO] [stdout] test result: FAILED. 3 passed; 1 failed; 0 ignored; 0 measured; 0 filtered out; finished in 0.01s
[INFO] [stdout] 
[INFO] [stderr] error: test failed, to rerun pass `--lib`
[INFO] running `Command { std: "docker" "inspect" "8698a785453752abbbf58d55dc43115bac5c26e291b4b75c5cdb2770378cf9ce", kill_on_drop: false }`
[INFO] running `Command { std: "docker" "rm" "-f" "8698a785453752abbbf58d55dc43115bac5c26e291b4b75c5cdb2770378cf9ce", kill_on_drop: false }`
[INFO] [stdout] 8698a785453752abbbf58d55dc43115bac5c26e291b4b75c5cdb2770378cf9ce
