[INFO] fetching crate cosmic-text-tessera-fork 0.15.5...
[INFO] testing cosmic-text-tessera-fork-0.15.5 against 1.99.0-beta.8+cargoflags=--release for beta-release-1.100-2
[INFO] extracting crate cosmic-text-tessera-fork 0.15.5 into /workspace/builds/worker-4-tc1/source
[INFO] started tweaking crates.io crate cosmic-text-tessera-fork 0.15.5
[INFO] removed 0 missing tests
[INFO] finished tweaking crates.io crate cosmic-text-tessera-fork 0.15.5
[INFO] tweaked toml for crates.io crate cosmic-text-tessera-fork 0.15.5 written to /workspace/builds/worker-4-tc1/source/Cargo.toml
[INFO] validating manifest of crates.io crate cosmic-text-tessera-fork 0.15.5 on toolchain 1.99.0-beta.8
[INFO] running `Command { std: CARGO_HOME="/workspace/cargo-home" RUSTUP_HOME="/workspace/rustup-home" "/workspace/cargo-home/bin/cargo" "+1.99.0-beta.8" "metadata" "--manifest-path" "Cargo.toml" "--no-deps", kill_on_drop: false }`
[INFO] crate crates.io crate cosmic-text-tessera-fork 0.15.5 already has a lockfile, it will not be regenerated
[INFO] running `Command { std: CARGO_HOME="/workspace/cargo-home" RUSTUP_HOME="/workspace/rustup-home" "/workspace/cargo-home/bin/cargo" "+1.99.0-beta.8" "fetch" "--manifest-path" "Cargo.toml", kill_on_drop: false }`
[INFO] [stderr]     Blocking waiting for file lock on package cache
[INFO] [stderr]     Updating crates.io index
[INFO] [stderr]  Downloading crates ...
[INFO] [stderr]   Downloaded serde_derive v1.0.223
[INFO] [stderr]   Downloaded bytemuck_derive v1.10.1
[INFO] [stderr]   Downloaded smol_str v0.3.2
[INFO] [stderr]   Downloaded self_cell v1.2.0
[INFO] [stderr]   Downloaded serde v1.0.223
[INFO] [stderr]   Downloaded serde_core v1.0.223
[INFO] [stderr]   Downloaded indexmap v2.11.1
[INFO] [stderr]   Downloaded font-types v0.9.0
[INFO] [stderr]   Downloaded peniko v0.4.0
[INFO] [stderr]   Downloaded modit v0.1.5
[INFO] [stderr]   Downloaded rangemap v1.6.0
[INFO] [stderr]   Downloaded color v0.3.2
[INFO] [stderr]   Downloaded swash v0.2.5
[INFO] [stderr]   Downloaded skrifa v0.31.3
[INFO] [stderr]   Downloaded read-fonts v0.29.3
[INFO] [stderr]   Downloaded cosmic_undo_2 v0.2.0
[INFO] running `Command { std: "docker" "create" "-v" "/var/lib/crater-agent-workspace/builds/worker-4-tc1/source:/opt/rustwide/workdir:ro,Z" "-v" "/var/lib/crater-agent-workspace/builds/worker-4-tc1/target:/opt/rustwide/target:rw,Z" "-v" "/var/lib/crater-agent-workspace/cargo-home:/opt/rustwide/cargo-home:ro,Z" "-v" "/var/lib/crater-agent-workspace/rustup-home:/opt/rustwide/rustup-home:ro,Z" "-m" "1610612736" "--network" "none" "ghcr.io/rust-lang/crates-build-env/linux@sha256:77db811e55d90add9212f6832c23229e3de5f1c1f9905e8cb07319ea15df73ac" "sleep" "infinity", kill_on_drop: false }`
[INFO] [stdout] bef324e0a275345cccd95545639eb70fc065c1048729c0424f898588dc180881
[INFO] running `Command { std: "docker" "start" "bef324e0a275345cccd95545639eb70fc065c1048729c0424f898588dc180881", kill_on_drop: false }`
[INFO] running `Command { std: "docker" "inspect" "bef324e0a275345cccd95545639eb70fc065c1048729c0424f898588dc180881", kill_on_drop: false }`
[INFO] running `Command { std: "docker" "exec" "-e" "SOURCE_DIR=/opt/rustwide/workdir" "-e" "CARGO_HOME=/opt/rustwide/cargo-home" "-e" "RUSTUP_HOME=/opt/rustwide/rustup-home" "-e" "CARGO_TARGET_DIR=/opt/rustwide/target" "-w" "/opt/rustwide/workdir" "--user" "0:0" "bef324e0a275345cccd95545639eb70fc065c1048729c0424f898588dc180881" "/opt/rustwide/cargo-home/bin/cargo" "+1.99.0-beta.8" "metadata" "--no-deps" "--format-version=1", kill_on_drop: false }`
[INFO] running `Command { std: "docker" "inspect" "bef324e0a275345cccd95545639eb70fc065c1048729c0424f898588dc180881", kill_on_drop: false }`
[INFO] running `Command { std: "docker" "exec" "-e" "SOURCE_DIR=/opt/rustwide/workdir" "-e" "CARGO_HOME=/opt/rustwide/cargo-home" "-e" "RUSTUP_HOME=/opt/rustwide/rustup-home" "-e" "CARGO_TARGET_DIR=/opt/rustwide/target" "-e" "CARGO_INCREMENTAL=0" "-e" "RUST_BACKTRACE=full" "-e" "RUSTFLAGS=--cap-lints=warn" "-e" "RUSTDOCFLAGS=--cap-lints=warn" "-w" "/opt/rustwide/workdir" "--user" "0:0" "bef324e0a275345cccd95545639eb70fc065c1048729c0424f898588dc180881" "/opt/rustwide/cargo-home/bin/cargo" "+1.99.0-beta.8" "build" "--frozen" "--message-format=json" "--release", kill_on_drop: false }`
[INFO] [stderr]    Compiling syn v2.0.106
[INFO] [stderr]    Compiling libc v0.2.175
[INFO] [stderr]    Compiling roxmltree v0.20.0
[INFO] [stderr]    Compiling unicode-properties v0.1.3
[INFO] [stderr]    Compiling unicode-script v0.5.7
[INFO] [stderr]    Compiling bitflags v2.9.4
[INFO] [stderr]    Compiling unicode-bidi-mirroring v0.4.0
[INFO] [stderr]    Compiling unicode-ccc v0.4.0
[INFO] [stderr]    Compiling zeno v0.3.3
[INFO] [stderr]    Compiling yazi v0.2.1
[INFO] [stderr]    Compiling slotmap v1.0.7
[INFO] [stderr]    Compiling sys-locale v0.3.2
[INFO] [stderr]    Compiling smol_str v0.3.2
[INFO] [stderr]    Compiling core_maths v0.1.1
[INFO] [stderr]    Compiling unicode-bidi v0.3.18
[INFO] [stderr]    Compiling self_cell v1.2.0
[INFO] [stderr]    Compiling ttf-parser v0.25.1
[INFO] [stderr]    Compiling rustc-hash v2.1.1
[INFO] [stderr]    Compiling rangemap v1.6.0
[INFO] [stderr]    Compiling fontconfig-parser v0.5.8
[INFO] [stderr]    Compiling memmap2 v0.9.8
[INFO] [stderr]    Compiling bytemuck_derive v1.10.1
[INFO] [stderr]    Compiling bytemuck v1.23.2
[INFO] [stderr]    Compiling fontdb v0.23.0
[INFO] [stderr]    Compiling font-types v0.9.0
[INFO] [stderr]    Compiling rustybuzz v0.20.1
[INFO] [stderr]    Compiling read-fonts v0.29.3
[INFO] [stderr]    Compiling skrifa v0.31.3
[INFO] [stderr]    Compiling swash v0.2.5
[INFO] [stderr]    Compiling cosmic-text-tessera-fork v0.15.5 (/opt/rustwide/workdir)
[INFO] [stderr]     Finished `release` profile [optimized] target(s) in 1m 00s
[INFO] running `Command { std: "docker" "inspect" "bef324e0a275345cccd95545639eb70fc065c1048729c0424f898588dc180881", kill_on_drop: false }`
[INFO] running `Command { std: "docker" "exec" "-e" "SOURCE_DIR=/opt/rustwide/workdir" "-e" "CARGO_HOME=/opt/rustwide/cargo-home" "-e" "RUSTUP_HOME=/opt/rustwide/rustup-home" "-e" "CARGO_TARGET_DIR=/opt/rustwide/target" "-e" "CARGO_INCREMENTAL=0" "-e" "RUST_BACKTRACE=full" "-e" "RUSTFLAGS=--cap-lints=warn" "-e" "RUSTDOCFLAGS=--cap-lints=warn" "-w" "/opt/rustwide/workdir" "--user" "0:0" "bef324e0a275345cccd95545639eb70fc065c1048729c0424f898588dc180881" "/opt/rustwide/cargo-home/bin/cargo" "+1.99.0-beta.8" "test" "--frozen" "--no-run" "--message-format=json" "--release", kill_on_drop: false }`
[INFO] [stderr]    Compiling bytemuck v1.23.2
[INFO] [stderr]    Compiling serde_core v1.0.223
[INFO] [stderr]    Compiling serde v1.0.223
[INFO] [stderr]    Compiling serde_derive v1.0.223
[INFO] [stderr]    Compiling ciborium-io v0.2.2
[INFO] [stderr]    Compiling miniz_oxide v0.8.9
[INFO] [stderr]    Compiling num-traits v0.2.19
[INFO] [stderr]    Compiling half v2.6.0
[INFO] [stderr]    Compiling clap_builder v4.5.47
[INFO] [stderr]    Compiling itertools v0.10.5
[INFO] [stderr]    Compiling regex-automata v0.4.10
[INFO] [stderr]    Compiling cast v0.3.0
[INFO] [stderr]    Compiling is-terminal v0.4.16
[INFO] [stderr]    Compiling oorandom v11.1.5
[INFO] [stderr]    Compiling anes v0.1.6
[INFO] [stderr]    Compiling font-types v0.9.0
[INFO] [stderr]    Compiling rustybuzz v0.20.1
[INFO] [stderr]    Compiling tiny-skia-path v0.11.4
[INFO] [stderr]    Compiling ciborium-ll v0.2.2
[INFO] [stderr]    Compiling flate2 v1.1.2
[INFO] [stderr]    Compiling read-fonts v0.29.3
[INFO] [stderr]    Compiling png v0.17.16
[INFO] [stderr]    Compiling criterion-plot v0.5.0
[INFO] [stderr]    Compiling tiny-skia v0.11.4
[INFO] [stderr]    Compiling clap v4.5.47
[INFO] [stderr]    Compiling regex v1.11.2
[INFO] [stderr]    Compiling serde_json v1.0.145
[INFO] [stderr]    Compiling ciborium v0.2.2
[INFO] [stderr]    Compiling tinytemplate v1.2.1
[INFO] [stderr]    Compiling criterion v0.5.1
[INFO] [stderr]    Compiling skrifa v0.31.3
[INFO] [stderr]    Compiling swash v0.2.5
[INFO] [stderr]    Compiling cosmic-text-tessera-fork v0.15.5 (/opt/rustwide/workdir)
[INFO] [stderr]     Finished `release` profile [optimized] target(s) in 1m 16s
[INFO] running `Command { std: "docker" "inspect" "bef324e0a275345cccd95545639eb70fc065c1048729c0424f898588dc180881", kill_on_drop: false }`
[INFO] running `Command { std: "docker" "exec" "-e" "SOURCE_DIR=/opt/rustwide/workdir" "-e" "CARGO_HOME=/opt/rustwide/cargo-home" "-e" "RUSTUP_HOME=/opt/rustwide/rustup-home" "-e" "CARGO_TARGET_DIR=/opt/rustwide/target" "-e" "CARGO_INCREMENTAL=0" "-e" "RUST_BACKTRACE=full" "-e" "RUSTFLAGS=--cap-lints=warn" "-e" "RUSTDOCFLAGS=--cap-lints=warn" "-w" "/opt/rustwide/workdir" "--user" "0:0" "bef324e0a275345cccd95545639eb70fc065c1048729c0424f898588dc180881" "/opt/rustwide/cargo-home/bin/cargo" "+1.99.0-beta.8" "test" "--frozen" "--release", kill_on_drop: false }`
[INFO] [stderr]     Finished `release` profile [optimized] target(s) in 0.16s
[INFO] [stderr]      Running unittests src/lib.rs (/opt/rustwide/target/release/deps/cosmic_text_tessera_fork-a9f901f2dc570e2b)
[INFO] [stderr] error: test failed, to rerun pass `--lib`
[INFO] [stdout] 
[INFO] [stdout] running 3 tests
[INFO] [stdout] test glyph_cache::test_subpixel_bins ... ok
[INFO] [stdout] test line_ending::test_line_iter ... ok
[INFO] [stdout] test font::test::test_fonts_load_time ... FAILED
[INFO] [stdout] 
[INFO] [stdout] failures:
[INFO] [stdout] 
[INFO] [stdout] ---- font::test::test_fonts_load_time stdout ----
[INFO] [stdout] 
[INFO] [stdout] thread 'font::test::test_fonts_load_time' (1600) panicked at src/font/mod.rs:223:35:
[INFO] [stdout] Local available
[INFO] [stdout] stack backtrace:
[INFO] [stdout]    0:     0x5ec1a00c7bc1 - <<std[70759c8f55707aa4]::sys::backtrace::BacktraceLock>::print::DisplayBacktrace as core[df12db4294e9bfd3]::fmt::Display>::fmt
[INFO] [stdout]    1:     0x5ec1a00dddda - core[df12db4294e9bfd3]::fmt::write
[INFO] [stdout]    2:     0x5ec1a00cc34c - <alloc[2182bb758b4b3781]::vec::Vec<u8> as core[df12db4294e9bfd3]::io::write::Write>::write_fmt
[INFO] [stdout]    3:     0x5ec1a00a3086 - std[70759c8f55707aa4]::panicking::default_hook::{closure#0}
[INFO] [stdout]    4:     0x5ec1a00bfc59 - std[70759c8f55707aa4]::panicking::default_hook
[INFO] [stdout]    5:     0x5ec1a002e7a0 - test[9d35eded1c95d3be]::test_main_inner::<test[9d35eded1c95d3be]::test_main_static::{closure#0}>::{closure#0}
[INFO] [stdout]    6:     0x5ec1a00bfe12 - std[70759c8f55707aa4]::panicking::panic_with_hook
[INFO] [stdout]    7:     0x5ec1a00a3132 - std[70759c8f55707aa4]::panicking::panic_handler::{closure#0}
[INFO] [stdout]    8:     0x5ec1a009bc89 - std[70759c8f55707aa4]::sys::backtrace::__rust_end_short_backtrace::<std[70759c8f55707aa4]::panicking::panic_handler::{closure#0}, !>
[INFO] [stdout]    9:     0x5ec1a00a3d2d - __rustc[8fa7c3cbc660c2b3]::rust_begin_unwind
[INFO] [stdout]   10:     0x5ec1a00de50c - core[df12db4294e9bfd3]::panicking::panic_fmt
[INFO] [stdout]   11:     0x5ec1a00de264 - core[df12db4294e9bfd3]::option::expect_failed
[INFO] [stdout]   12:     0x5ec1a001dec2 - cosmic_text_tessera_fork[1216743201cb7618]::font::test::test_fonts_load_time
[INFO] [stdout]   13:     0x5ec1a0020dc9 - <cosmic_text_tessera_fork[1216743201cb7618]::font::test::test_fonts_load_time::{closure#0} as core[df12db4294e9bfd3]::ops::function::FnOnce<()>>::call_once
[INFO] [stdout]   14:     0x5ec1a0021a8b - test[9d35eded1c95d3be]::__rust_begin_short_backtrace::<core[df12db4294e9bfd3]::result::Result<(), alloc[2182bb758b4b3781]::string::String>, fn() -> core[df12db4294e9bfd3]::result::Result<(), alloc[2182bb758b4b3781]::string::String>>
[INFO] [stdout]   15:     0x5ec1a002f0f5 - test[9d35eded1c95d3be]::run_test::{closure#0}
[INFO] [stdout]   16:     0x5ec1a00289b4 - std[70759c8f55707aa4]::sys::backtrace::__rust_begin_short_backtrace::<test[9d35eded1c95d3be]::run_test::{closure#1}, ()>
[INFO] [stdout]   17:     0x5ec1a0032252 - <std[70759c8f55707aa4]::thread::lifecycle::spawn_unchecked<test[9d35eded1c95d3be]::run_test::{closure#1}, ()>::{closure#1} as core[df12db4294e9bfd3]::ops::function::FnOnce<()>>::call_once::{shim:vtable#0}
[INFO] [stdout]   18:     0x5ec1a00c7129 - <std[70759c8f55707aa4]::sys::thread::unix::Thread>::new::thread_start
[INFO] [stdout]   19:     0x7afd4d269dfa - <unknown>
[INFO] [stdout]   20:     0x7afd4d2fd3d4 - clone
[INFO] [stdout]   21:                0x0 - <unknown>
[INFO] [stdout] 
[INFO] [stdout] 
[INFO] [stdout] failures:
[INFO] [stdout]     font::test::test_fonts_load_time
[INFO] [stdout] 
[INFO] [stdout] test result: FAILED. 2 passed; 1 failed; 0 ignored; 0 measured; 0 filtered out; finished in 0.00s
[INFO] [stdout] 
[INFO] running `Command { std: "docker" "inspect" "bef324e0a275345cccd95545639eb70fc065c1048729c0424f898588dc180881", kill_on_drop: false }`
[INFO] running `Command { std: "docker" "rm" "-f" "bef324e0a275345cccd95545639eb70fc065c1048729c0424f898588dc180881", kill_on_drop: false }`
[INFO] [stdout] bef324e0a275345cccd95545639eb70fc065c1048729c0424f898588dc180881
