[INFO] fetching crate cosmian_kms_access 5.28.0...
[INFO] testing cosmian_kms_access-5.28.0 against 1.99.0-beta.8+cargoflags=--release for beta-release-1.100-2
[INFO] extracting crate cosmian_kms_access 5.28.0 into /workspace/builds/worker-6-tc1/source
[INFO] started tweaking crates.io crate cosmian_kms_access 5.28.0
[INFO] finished tweaking crates.io crate cosmian_kms_access 5.28.0
[INFO] tweaked toml for crates.io crate cosmian_kms_access 5.28.0 written to /workspace/builds/worker-6-tc1/source/Cargo.toml
[INFO] validating manifest of crates.io crate cosmian_kms_access 5.28.0 on toolchain 1.99.0-beta.8
[INFO] running `Command { std: CARGO_HOME="/workspace/cargo-home" RUSTUP_HOME="/workspace/rustup-home" "/workspace/cargo-home/bin/cargo" "+1.99.0-beta.8" "metadata" "--manifest-path" "Cargo.toml" "--no-deps", kill_on_drop: false }`
[INFO] crate crates.io crate cosmian_kms_access 5.28.0 already has a lockfile, it will not be regenerated
[INFO] running `Command { std: CARGO_HOME="/workspace/cargo-home" RUSTUP_HOME="/workspace/rustup-home" "/workspace/cargo-home/bin/cargo" "+1.99.0-beta.8" "fetch" "--manifest-path" "Cargo.toml", kill_on_drop: false }`
[INFO] [stderr] warning: Cargo.toml: `lints.rust.deprecated-safe-2024` is deprecated in favor of `lints.rust.deprecated_safe_2024` and will not work in a future edition
[INFO] [stderr] warning: Cargo.toml: `lints.rust.edition-2024-expr-fragment-specifier` is deprecated in favor of `lints.rust.edition_2024_expr_fragment_specifier` and will not work in a future edition
[INFO] [stderr] warning: Cargo.toml: `lints.rust.if-let-rescope` is deprecated in favor of `lints.rust.if_let_rescope` and will not work in a future edition
[INFO] [stderr] warning: Cargo.toml: `lints.rust.impl-trait-overcaptures` is deprecated in favor of `lints.rust.impl_trait_overcaptures` and will not work in a future edition
[INFO] [stderr] warning: Cargo.toml: `lints.rust.keyword-idents-2024` is deprecated in favor of `lints.rust.keyword_idents_2024` and will not work in a future edition
[INFO] [stderr] warning: Cargo.toml: `lints.rust.let-underscore-drop` is deprecated in favor of `lints.rust.let_underscore_drop` and will not work in a future edition
[INFO] [stderr] warning: Cargo.toml: `lints.rust.missing-unsafe-on-extern` is deprecated in favor of `lints.rust.missing_unsafe_on_extern` and will not work in a future edition
[INFO] [stderr] warning: Cargo.toml: `lints.rust.rust-2024-prelude-collisions` is deprecated in favor of `lints.rust.rust_2024_prelude_collisions` and will not work in a future edition
[INFO] [stderr] warning: Cargo.toml: `lints.rust.tail-expr-drop-order` is deprecated in favor of `lints.rust.tail_expr_drop_order` and will not work in a future edition
[INFO] [stderr] warning: Cargo.toml: `lints.rust.unsafe-attr-outside-unsafe` is deprecated in favor of `lints.rust.unsafe_attr_outside_unsafe` and will not work in a future edition
[INFO] [stderr] warning: Cargo.toml: `lints.rust.unsafe-op-in-unsafe-fn` is deprecated in favor of `lints.rust.unsafe_op_in_unsafe_fn` and will not work in a future edition
[INFO] [stderr] warning: `cosmian_kms_access` (manifest) generated 11 warnings
[INFO] [stderr]     Updating crates.io index
[INFO] [stderr]     Blocking waiting for file lock on package cache
[INFO] [stderr]  Downloading crates ...
[INFO] [stderr]   Downloaded cosmian_logger v0.8.1
[INFO] [stderr]   Downloaded kmip-derive v5.28.0
[INFO] [stderr]   Downloaded uuid v1.11.1
[INFO] [stderr]   Downloaded tracing-opentelemetry v0.33.0
[INFO] [stderr]   Downloaded syslog-tracing v0.3.1
[INFO] [stderr]   Downloaded leb128 v0.2.7
[INFO] [stderr]   Downloaded opentelemetry-http v0.32.0
[INFO] [stderr]   Downloaded opentelemetry v0.32.0
[INFO] [stderr]   Downloaded opentelemetry-otlp v0.32.0
[INFO] [stderr]   Downloaded opentelemetry-appender-tracing v0.32.0
[INFO] [stderr]   Downloaded opentelemetry-semantic-conventions v0.32.1
[INFO] [stderr]   Downloaded cosmian_crypto_core v11.0.0
[INFO] [stderr]   Downloaded opentelemetry-proto v0.32.0
[INFO] [stderr]   Downloaded opentelemetry_sdk v0.32.1
[INFO] [stderr]   Downloaded cosmian_kmip v5.28.0
[INFO] running `Command { std: "docker" "create" "-v" "/var/lib/crater-agent-workspace/builds/worker-6-tc1/source:/opt/rustwide/workdir:ro,Z" "-v" "/var/lib/crater-agent-workspace/builds/worker-6-tc1/target:/opt/rustwide/target:rw,Z" "-v" "/var/lib/crater-agent-workspace/cargo-home:/opt/rustwide/cargo-home:ro,Z" "-v" "/var/lib/crater-agent-workspace/rustup-home:/opt/rustwide/rustup-home:ro,Z" "-m" "1610612736" "--network" "none" "ghcr.io/rust-lang/crates-build-env/linux@sha256:77db811e55d90add9212f6832c23229e3de5f1c1f9905e8cb07319ea15df73ac" "sleep" "infinity", kill_on_drop: false }`
[INFO] [stdout] 8e7c7a618a03a6b5055c658a9c8228b26c69717bd5ef616ba523df2c24157dd2
[INFO] running `Command { std: "docker" "start" "8e7c7a618a03a6b5055c658a9c8228b26c69717bd5ef616ba523df2c24157dd2", kill_on_drop: false }`
[INFO] running `Command { std: "docker" "inspect" "8e7c7a618a03a6b5055c658a9c8228b26c69717bd5ef616ba523df2c24157dd2", kill_on_drop: false }`
[INFO] running `Command { std: "docker" "exec" "-e" "SOURCE_DIR=/opt/rustwide/workdir" "-e" "CARGO_HOME=/opt/rustwide/cargo-home" "-e" "RUSTUP_HOME=/opt/rustwide/rustup-home" "-e" "CARGO_TARGET_DIR=/opt/rustwide/target" "-w" "/opt/rustwide/workdir" "--user" "0:0" "8e7c7a618a03a6b5055c658a9c8228b26c69717bd5ef616ba523df2c24157dd2" "/opt/rustwide/cargo-home/bin/cargo" "+1.99.0-beta.8" "metadata" "--no-deps" "--format-version=1", kill_on_drop: false }`
[INFO] running `Command { std: "docker" "inspect" "8e7c7a618a03a6b5055c658a9c8228b26c69717bd5ef616ba523df2c24157dd2", kill_on_drop: false }`
[INFO] running `Command { std: "docker" "exec" "-e" "SOURCE_DIR=/opt/rustwide/workdir" "-e" "CARGO_HOME=/opt/rustwide/cargo-home" "-e" "RUSTUP_HOME=/opt/rustwide/rustup-home" "-e" "CARGO_TARGET_DIR=/opt/rustwide/target" "-e" "CARGO_INCREMENTAL=0" "-e" "RUST_BACKTRACE=full" "-e" "RUSTFLAGS=--cap-lints=warn" "-e" "RUSTDOCFLAGS=--cap-lints=warn" "-w" "/opt/rustwide/workdir" "--user" "0:0" "8e7c7a618a03a6b5055c658a9c8228b26c69717bd5ef616ba523df2c24157dd2" "/opt/rustwide/cargo-home/bin/cargo" "+1.99.0-beta.8" "build" "--frozen" "--message-format=json" "--release", kill_on_drop: false }`
[INFO] [stderr] warning: Cargo.toml: `lints.rust.deprecated-safe-2024` is deprecated in favor of `lints.rust.deprecated_safe_2024` and will not work in a future edition
[INFO] [stderr] warning: Cargo.toml: `lints.rust.edition-2024-expr-fragment-specifier` is deprecated in favor of `lints.rust.edition_2024_expr_fragment_specifier` and will not work in a future edition
[INFO] [stderr] warning: Cargo.toml: `lints.rust.if-let-rescope` is deprecated in favor of `lints.rust.if_let_rescope` and will not work in a future edition
[INFO] [stderr] warning: Cargo.toml: `lints.rust.impl-trait-overcaptures` is deprecated in favor of `lints.rust.impl_trait_overcaptures` and will not work in a future edition
[INFO] [stderr] warning: Cargo.toml: `lints.rust.keyword-idents-2024` is deprecated in favor of `lints.rust.keyword_idents_2024` and will not work in a future edition
[INFO] [stderr] warning: Cargo.toml: `lints.rust.let-underscore-drop` is deprecated in favor of `lints.rust.let_underscore_drop` and will not work in a future edition
[INFO] [stderr] warning: Cargo.toml: `lints.rust.missing-unsafe-on-extern` is deprecated in favor of `lints.rust.missing_unsafe_on_extern` and will not work in a future edition
[INFO] [stderr] warning: Cargo.toml: `lints.rust.rust-2024-prelude-collisions` is deprecated in favor of `lints.rust.rust_2024_prelude_collisions` and will not work in a future edition
[INFO] [stderr] warning: Cargo.toml: `lints.rust.tail-expr-drop-order` is deprecated in favor of `lints.rust.tail_expr_drop_order` and will not work in a future edition
[INFO] [stderr] warning: Cargo.toml: `lints.rust.unsafe-attr-outside-unsafe` is deprecated in favor of `lints.rust.unsafe_attr_outside_unsafe` and will not work in a future edition
[INFO] [stderr] warning: Cargo.toml: `lints.rust.unsafe-op-in-unsafe-fn` is deprecated in favor of `lints.rust.unsafe_op_in_unsafe_fn` and will not work in a future edition
[INFO] [stderr] warning: `cosmian_kms_access` (manifest) generated 11 warnings
[INFO] [stderr]    Compiling futures-core v0.3.33
[INFO] [stderr]    Compiling futures-sink v0.3.33
[INFO] [stderr]    Compiling smallvec v1.15.2
[INFO] [stderr]    Compiling memchr v2.8.3
[INFO] [stderr]    Compiling futures-task v0.3.33
[INFO] [stderr]    Compiling futures-io v0.3.33
[INFO] [stderr]    Compiling zerocopy v0.8.55
[INFO] [stderr]    Compiling syn v2.0.119
[INFO] [stderr]    Compiling syn v3.0.3
[INFO] [stderr]    Compiling tokio v1.53.1
[INFO] [stderr]    Compiling thiserror v2.0.19
[INFO] [stderr]    Compiling anyhow v1.0.104
[INFO] [stderr]    Compiling spin v0.9.9
[INFO] [stderr]    Compiling either v1.17.0
[INFO] [stderr]    Compiling regex-automata v0.4.16
[INFO] [stderr]    Compiling serde v1.0.229
[INFO] [stderr]    Compiling lazy_static v1.5.0
[INFO] [stderr]    Compiling getrandom v0.2.17
[INFO] [stderr]    Compiling futures-channel v0.3.33
[INFO] [stderr]    Compiling sync_wrapper v1.0.2
[INFO] [stderr]    Compiling http-body-util v0.1.4
[INFO] [stderr]    Compiling itertools v0.14.0
[INFO] [stderr]    Compiling sharded-slab v0.1.7
[INFO] [stderr]    Compiling form_urlencoded v1.2.2
[INFO] [stderr]    Compiling crossbeam-utils v0.8.22
[INFO] [stderr]    Compiling rand_core v0.6.4
[INFO] [stderr]    Compiling num-conv v0.2.2
[INFO] [stderr]    Compiling time-core v0.1.9
[INFO] [stderr]    Compiling deranged v0.5.8
[INFO] [stderr]    Compiling num-integer v0.1.46
[INFO] [stderr]    Compiling tracing-log v0.2.0
[INFO] [stderr]    Compiling num-bigint-dig v0.8.6
[INFO] [stderr]    Compiling time-macros v0.2.32
[INFO] [stderr]    Compiling symlink v0.1.0
[INFO] [stderr]    Compiling crypto-common v0.1.7
[INFO] [stderr]    Compiling opentelemetry-semantic-conventions v0.32.1
[INFO] [stderr]    Compiling leb128 v0.2.7
[INFO] [stderr]    Compiling serde_json v1.0.151
[INFO] [stderr]    Compiling digest v0.10.7
[INFO] [stderr]    Compiling num-iter v0.1.46
[INFO] [stderr]    Compiling sha2 v0.10.9
[INFO] [stderr]    Compiling crossbeam-channel v0.5.16
[INFO] [stderr]    Compiling time v0.3.54
[INFO] [stderr]    Compiling matchers v0.2.0
[INFO] [stderr]    Compiling regex v1.13.1
[INFO] [stderr]    Compiling displaydoc v0.2.7
[INFO] [stderr]    Compiling thiserror-impl v2.0.19
[INFO] [stderr]    Compiling serde_derive v1.0.229
[INFO] [stderr]    Compiling async-trait v0.1.91
[INFO] [stderr]    Compiling tokio-util v0.7.19
[INFO] [stderr]    Compiling tokio-stream v0.1.19
[INFO] [stderr]    Compiling ppv-lite86 v0.2.21
[INFO] [stderr]    Compiling synstructure v0.13.2
[INFO] [stderr]    Compiling rand_chacha v0.9.0
[INFO] [stderr]    Compiling rand_chacha v0.3.1
[INFO] [stderr]    Compiling rand v0.9.5
[INFO] [stderr]    Compiling tracing-attributes v0.1.31
[INFO] [stderr]    Compiling zerovec-derive v0.11.3
[INFO] [stderr]    Compiling futures-macro v0.3.33
[INFO] [stderr]    Compiling pin-project-internal v1.1.13
[INFO] [stderr]    Compiling prost-derive v0.14.4
[INFO] [stderr]    Compiling zeroize_derive v1.5.0
[INFO] [stderr]    Compiling strum_macros v0.27.2
[INFO] [stderr]    Compiling kmip-derive v5.28.0
[INFO] [stderr]    Compiling rand v0.8.7
[INFO] [stderr]    Compiling zerofrom-derive v0.1.7
[INFO] [stderr]    Compiling yoke-derive v0.8.2
[INFO] [stderr]    Compiling zerofrom v0.1.8
[INFO] [stderr]    Compiling futures-util v0.3.33
[INFO] [stderr]    Compiling pin-project v1.1.13
[INFO] [stderr]    Compiling yoke v0.8.3
[INFO] [stderr]    Compiling zerotrie v0.2.4
[INFO] [stderr]    Compiling tracing v0.1.44
[INFO] [stderr]    Compiling prost v0.14.4
[INFO] [stderr]    Compiling zerovec v0.11.6
[INFO] [stderr]    Compiling h2 v0.4.16
[INFO] [stderr]    Compiling opentelemetry v0.32.0
[INFO] [stderr]    Compiling tracing-subscriber v0.3.23
[INFO] [stderr]    Compiling zeroize v1.9.0
[INFO] [stderr]    Compiling quick-xml v0.41.0
[INFO] [stderr]    Compiling uuid v1.11.1
[INFO] [stderr]    Compiling hex v0.4.3
[INFO] [stderr]    Compiling prost-types v0.14.4
[INFO] [stderr]    Compiling cosmian_crypto_core v11.0.0
[INFO] [stderr]    Compiling tinystr v0.8.3
[INFO] [stderr]    Compiling potential_utf v0.1.5
[INFO] [stderr]    Compiling icu_collections v2.2.0
[INFO] [stderr]    Compiling icu_locale_core v2.2.0
[INFO] [stderr]    Compiling strum v0.27.2
[INFO] [stderr]    Compiling tracing-opentelemetry v0.33.0
[INFO] [stderr]    Compiling syslog-tracing v0.3.1
[INFO] [stderr]    Compiling icu_provider v2.2.0
[INFO] [stderr]    Compiling tracing-appender v0.2.5
[INFO] [stderr]    Compiling opentelemetry-appender-tracing v0.32.0
[INFO] [stderr]    Compiling icu_properties v2.2.0
[INFO] [stderr]    Compiling icu_normalizer v2.2.0
[INFO] [stderr]    Compiling tower v0.5.3
[INFO] [stderr]    Compiling futures-executor v0.3.33
[INFO] [stderr]    Compiling opentelemetry_sdk v0.32.1
[INFO] [stderr]    Compiling hyper v1.11.0
[INFO] [stderr]    Compiling idna_adapter v1.2.2
[INFO] [stderr]    Compiling idna v1.1.0
[INFO] [stderr]    Compiling url v2.5.8
[INFO] [stderr]    Compiling hyper-util v0.1.20
[INFO] [stderr]    Compiling tower-http v0.6.11
[INFO] [stderr]    Compiling hyper-timeout v0.5.2
[INFO] [stderr]    Compiling reqwest v0.13.4
[INFO] [stderr]    Compiling tonic v0.14.6
[INFO] [stderr]    Compiling opentelemetry-http v0.32.0
[INFO] [stderr]    Compiling tonic-prost v0.14.6
[INFO] [stderr]    Compiling tonic-types v0.14.6
[INFO] [stderr]    Compiling opentelemetry-proto v0.32.0
[INFO] [stderr]    Compiling opentelemetry-otlp v0.32.0
[INFO] [stderr]    Compiling cosmian_logger v0.8.1
[INFO] [stderr]    Compiling cosmian_kmip v5.28.0
[INFO] [stderr]    Compiling cosmian_kms_access v5.28.0 (/opt/rustwide/workdir)
[INFO] [stderr]     Finished `release` profile [optimized] target(s) in 3m 48s
[INFO] running `Command { std: "docker" "inspect" "8e7c7a618a03a6b5055c658a9c8228b26c69717bd5ef616ba523df2c24157dd2", kill_on_drop: false }`
[INFO] running `Command { std: "docker" "exec" "-e" "SOURCE_DIR=/opt/rustwide/workdir" "-e" "CARGO_HOME=/opt/rustwide/cargo-home" "-e" "RUSTUP_HOME=/opt/rustwide/rustup-home" "-e" "CARGO_TARGET_DIR=/opt/rustwide/target" "-e" "CARGO_INCREMENTAL=0" "-e" "RUST_BACKTRACE=full" "-e" "RUSTFLAGS=--cap-lints=warn" "-e" "RUSTDOCFLAGS=--cap-lints=warn" "-w" "/opt/rustwide/workdir" "--user" "0:0" "8e7c7a618a03a6b5055c658a9c8228b26c69717bd5ef616ba523df2c24157dd2" "/opt/rustwide/cargo-home/bin/cargo" "+1.99.0-beta.8" "test" "--frozen" "--no-run" "--message-format=json" "--release", kill_on_drop: false }`
[INFO] [stderr] warning: Cargo.toml: `lints.rust.deprecated-safe-2024` is deprecated in favor of `lints.rust.deprecated_safe_2024` and will not work in a future edition
[INFO] [stderr] warning: Cargo.toml: `lints.rust.edition-2024-expr-fragment-specifier` is deprecated in favor of `lints.rust.edition_2024_expr_fragment_specifier` and will not work in a future edition
[INFO] [stderr] warning: Cargo.toml: `lints.rust.if-let-rescope` is deprecated in favor of `lints.rust.if_let_rescope` and will not work in a future edition
[INFO] [stderr] warning: Cargo.toml: `lints.rust.impl-trait-overcaptures` is deprecated in favor of `lints.rust.impl_trait_overcaptures` and will not work in a future edition
[INFO] [stderr] warning: Cargo.toml: `lints.rust.keyword-idents-2024` is deprecated in favor of `lints.rust.keyword_idents_2024` and will not work in a future edition
[INFO] [stderr] warning: Cargo.toml: `lints.rust.let-underscore-drop` is deprecated in favor of `lints.rust.let_underscore_drop` and will not work in a future edition
[INFO] [stderr] warning: Cargo.toml: `lints.rust.missing-unsafe-on-extern` is deprecated in favor of `lints.rust.missing_unsafe_on_extern` and will not work in a future edition
[INFO] [stderr] warning: Cargo.toml: `lints.rust.rust-2024-prelude-collisions` is deprecated in favor of `lints.rust.rust_2024_prelude_collisions` and will not work in a future edition
[INFO] [stderr] warning: Cargo.toml: `lints.rust.tail-expr-drop-order` is deprecated in favor of `lints.rust.tail_expr_drop_order` and will not work in a future edition
[INFO] [stderr] warning: Cargo.toml: `lints.rust.unsafe-attr-outside-unsafe` is deprecated in favor of `lints.rust.unsafe_attr_outside_unsafe` and will not work in a future edition
[INFO] [stderr] warning: Cargo.toml: `lints.rust.unsafe-op-in-unsafe-fn` is deprecated in favor of `lints.rust.unsafe_op_in_unsafe_fn` and will not work in a future edition
[INFO] [stderr] warning: `cosmian_kms_access` (manifest) generated 11 warnings
[INFO] [stderr]    Compiling cosmian_kms_access v5.28.0 (/opt/rustwide/workdir)
[INFO] [stderr]     Finished `release` profile [optimized] target(s) in 3.37s
[INFO] running `Command { std: "docker" "inspect" "8e7c7a618a03a6b5055c658a9c8228b26c69717bd5ef616ba523df2c24157dd2", kill_on_drop: false }`
[INFO] running `Command { std: "docker" "exec" "-e" "SOURCE_DIR=/opt/rustwide/workdir" "-e" "CARGO_HOME=/opt/rustwide/cargo-home" "-e" "RUSTUP_HOME=/opt/rustwide/rustup-home" "-e" "CARGO_TARGET_DIR=/opt/rustwide/target" "-e" "CARGO_INCREMENTAL=0" "-e" "RUST_BACKTRACE=full" "-e" "RUSTFLAGS=--cap-lints=warn" "-e" "RUSTDOCFLAGS=--cap-lints=warn" "-w" "/opt/rustwide/workdir" "--user" "0:0" "8e7c7a618a03a6b5055c658a9c8228b26c69717bd5ef616ba523df2c24157dd2" "/opt/rustwide/cargo-home/bin/cargo" "+1.99.0-beta.8" "test" "--frozen" "--release", kill_on_drop: false }`
[INFO] [stderr] warning: Cargo.toml: `lints.rust.deprecated-safe-2024` is deprecated in favor of `lints.rust.deprecated_safe_2024` and will not work in a future edition
[INFO] [stderr] warning: Cargo.toml: `lints.rust.edition-2024-expr-fragment-specifier` is deprecated in favor of `lints.rust.edition_2024_expr_fragment_specifier` and will not work in a future edition
[INFO] [stderr] warning: Cargo.toml: `lints.rust.if-let-rescope` is deprecated in favor of `lints.rust.if_let_rescope` and will not work in a future edition
[INFO] [stderr] warning: Cargo.toml: `lints.rust.impl-trait-overcaptures` is deprecated in favor of `lints.rust.impl_trait_overcaptures` and will not work in a future edition
[INFO] [stderr] warning: Cargo.toml: `lints.rust.keyword-idents-2024` is deprecated in favor of `lints.rust.keyword_idents_2024` and will not work in a future edition
[INFO] [stderr] warning: Cargo.toml: `lints.rust.let-underscore-drop` is deprecated in favor of `lints.rust.let_underscore_drop` and will not work in a future edition
[INFO] [stderr] warning: Cargo.toml: `lints.rust.missing-unsafe-on-extern` is deprecated in favor of `lints.rust.missing_unsafe_on_extern` and will not work in a future edition
[INFO] [stderr] warning: Cargo.toml: `lints.rust.rust-2024-prelude-collisions` is deprecated in favor of `lints.rust.rust_2024_prelude_collisions` and will not work in a future edition
[INFO] [stderr] warning: Cargo.toml: `lints.rust.tail-expr-drop-order` is deprecated in favor of `lints.rust.tail_expr_drop_order` and will not work in a future edition
[INFO] [stderr] warning: Cargo.toml: `lints.rust.unsafe-attr-outside-unsafe` is deprecated in favor of `lints.rust.unsafe_attr_outside_unsafe` and will not work in a future edition
[INFO] [stderr] warning: Cargo.toml: `lints.rust.unsafe-op-in-unsafe-fn` is deprecated in favor of `lints.rust.unsafe_op_in_unsafe_fn` and will not work in a future edition
[INFO] [stderr] warning: `cosmian_kms_access` (manifest) generated 11 warnings
[INFO] [stderr]     Finished `release` profile [optimized] target(s) in 0.21s
[INFO] [stderr]      Running unittests src/lib.rs (/opt/rustwide/target/release/deps/cosmian_kms_access-3957c81f39825a1b)
[INFO] [stdout] 
[INFO] [stdout] running 47 tests
[INFO] [stdout] test audit::cef::tests::cef_failure_401_severity_7 ... ok
[INFO] [stdout] test audit::cef::tests::cef_line_includes_external_id ... ok
[INFO] [stdout] test audit::cef::tests::cef_line_includes_request_id_as_device_payload_id ... ok
[INFO] [stdout] test audit::cef::tests::cef_line_no_details_when_absent ... ok
[INFO] [stdout] test audit::cef::tests::cef_line_no_object_uid_when_absent ... ok
[INFO] [stdout] test audit::cef::tests::cef_header_fields_within_v27_length_limits ... ok
[INFO] [stdout] test audit::cef::tests::cef_line_contains_rt ... ok
[INFO] [stdout] test audit::cef::tests::cef_line_success_outcome ... ok
[INFO] [stdout] test audit::cef::tests::cef_line_object_uid_with_equals_and_pipe_stays_single_field ... ok
[INFO] [stdout] test audit::cef::tests::cef_line_omits_device_payload_id_when_no_request_id ... ok
[INFO] [stdout] test audit::cef::tests::cef_line_operation_with_pipe_does_not_break_header_fields ... ok
[INFO] [stdout] test audit::cef::tests::cef_line_starts_with_header ... ok
[INFO] [stdout] test audit::cef::tests::cef_line_user_with_forged_record_stays_single_line ... ok
[INFO] [stdout] test audit::cef::tests::cef_line_has_details_when_present ... ok
[INFO] [stdout] test audit::cef::tests::cef_line_has_object_uid ... ok
[INFO] [stdout] test audit::cef::tests::cef_line_failure_outcome ... ok
[INFO] [stdout] test audit::cef::tests::cef_line_uses_only_standard_cef_keys ... ok
[INFO] [stdout] test audit::cef::tests::escape_ext_value_round_trip ... ok
[INFO] [stdout] test audit::cef::tests::cef_other_failure_severity_6 ... ok
[INFO] [stdout] test audit::cef::tests::cef_severity_always_in_valid_range ... ok
[INFO] [stdout] test audit::cef::tests::escape_ext_value_backslash ... ok
[INFO] [stdout] test audit::cef::tests::escape_ext_value_equals ... ok
[INFO] [stdout] test audit::cef::tests::escape_ext_value_newline_and_cr ... ok
[INFO] [stdout] test audit::cef::tests::escape_header_newline_and_cr ... ok
[INFO] [stdout] test audit::cef::tests::escape_header_pipe ... ok
[INFO] [stdout] test audit::cef::tests::escape_header_round_trip ... ok
[INFO] [stdout] test audit::cef::tests::escape_ext_value_pipe_is_not_escaped ... ok
[INFO] [stdout] test audit::event::tests::canonical_str_success ... ok
[INFO] [stdout] test audit::cef::tests::cef_extension_keys_all_in_v27_dictionary ... ok
[INFO] [stdout] test audit::event::tests::draft_creation ... ok
[INFO] [stdout] test audit::file_hash::tests::empty_file_hashes_to_sha256_of_empty_input ... ok
[INFO] [stdout] test audit::file_hash::tests::hashes_and_sizes_match_known_content ... ok
[INFO] [stdout] test audit::hash::tests::existing_event_without_request_id_still_verifies ... ok
[INFO] [stdout] test audit::file_hash::tests::missing_file_returns_err ... ok
[INFO] [stdout] test audit::hash::tests::canonical_bytes_deterministic ... ok
[INFO] [stderr] error: test failed, to rerun pass `--lib`
[INFO] [stdout] test audit::hash::tests::canonical_bytes_differ_on_operation ... ok
[INFO] [stdout] test audit::event::tests::canonical_str_failure ... ok
[INFO] [stdout] test audit::hash::tests::chain_first_row_wrong_id ... ok
[INFO] [stdout] test audit::hash::tests::verify_event_detects_tampering ... ok
[INFO] [stdout] test audit::hash::tests::existing_event_without_details_still_verifies ... ok
[INFO] [stdout] test audit::hash::tests::canonical_bytes_includes_details ... ok
[INFO] [stdout] test audit::hash::tests::verify_event_ok ... ok
[INFO] [stdout] test audit::hash::tests::canonical_bytes_includes_request_id ... ok
[INFO] [stdout] test audit::hash::tests::chain_first_row ... ok
[INFO] [stdout] test audit::hash::tests::chain_link_valid ... ok
[INFO] [stdout] test audit::hash::tests::chain_link_broken ... ok
[INFO] [stdout] test audit::hash::tests::pre_details_field_fixture_still_verifies_byte_for_byte ... FAILED
[INFO] [stdout] 
[INFO] [stdout] failures:
[INFO] [stdout] 
[INFO] [stdout] ---- audit::hash::tests::pre_details_field_fixture_still_verifies_byte_for_byte stdout ----
[INFO] [stdout] 
[INFO] [stdout] thread 'audit::hash::tests::pre_details_field_fixture_still_verifies_byte_for_byte' (2317) panicked at src/audit/hash.rs:256:33:
[INFO] [stdout] cannot read fixture /opt/rustwide/workdir/../../test_data/audit/kms-audit-e2e.jsonl: No such file or directory (os error 2)
[INFO] [stdout] stack backtrace:
[INFO] [stdout]    0:     0x61037fd03831 - <<std[70759c8f55707aa4]::sys::backtrace::BacktraceLock>::print::DisplayBacktrace as core[df12db4294e9bfd3]::fmt::Display>::fmt
[INFO] [stdout]    1:     0x61037fd183ba - core[df12db4294e9bfd3]::fmt::write
[INFO] [stdout]    2:     0x61037fd07ccc - <alloc[2182bb758b4b3781]::vec::Vec<u8> as core[df12db4294e9bfd3]::io::write::Write>::write_fmt
[INFO] [stdout]    3:     0x61037fcdf736 - std[70759c8f55707aa4]::panicking::default_hook::{closure#0}
[INFO] [stdout]    4:     0x61037fcfbb49 - std[70759c8f55707aa4]::panicking::default_hook
[INFO] [stdout]    5:     0x61037fc8c170 - test[9d35eded1c95d3be]::test_main_inner::<test[9d35eded1c95d3be]::test_main_static::{closure#0}>::{closure#0}
[INFO] [stdout]    6:     0x61037fcfbd02 - std[70759c8f55707aa4]::panicking::panic_with_hook
[INFO] [stdout]    7:     0x61037fcdf7e2 - std[70759c8f55707aa4]::panicking::panic_handler::{closure#0}
[INFO] [stdout]    8:     0x61037fcd8329 - std[70759c8f55707aa4]::sys::backtrace::__rust_end_short_backtrace::<std[70759c8f55707aa4]::panicking::panic_handler::{closure#0}, !>
[INFO] [stdout]    9:     0x61037fce03dd - __rustc[8fa7c3cbc660c2b3]::rust_begin_unwind
[INFO] [stdout]   10:     0x61037fd18aec - core[df12db4294e9bfd3]::panicking::panic_fmt
[INFO] [stdout]   11:     0x61037fc76b0a - cosmian_kms_access[e0aa26ffa5bdb0fe]::audit::hash::tests::pre_details_field_fixture_still_verifies_byte_for_byte::{closure#0}
[INFO] [stdout]   12:     0x61037fc782aa - cosmian_kms_access[e0aa26ffa5bdb0fe]::audit::hash::tests::pre_details_field_fixture_still_verifies_byte_for_byte
[INFO] [stdout]   13:     0x61037fc7f329 - <cosmian_kms_access[e0aa26ffa5bdb0fe]::audit::hash::tests::pre_details_field_fixture_still_verifies_byte_for_byte::{closure#0} as core[df12db4294e9bfd3]::ops::function::FnOnce<()>>::call_once
[INFO] [stdout]   14:     0x61037fc7f45b - test[9d35eded1c95d3be]::__rust_begin_short_backtrace::<core[df12db4294e9bfd3]::result::Result<(), alloc[2182bb758b4b3781]::string::String>, fn() -> core[df12db4294e9bfd3]::result::Result<(), alloc[2182bb758b4b3781]::string::String>>
[INFO] [stdout]   15:     0x61037fc8cac5 - test[9d35eded1c95d3be]::run_test::{closure#0}
[INFO] [stdout]   16:     0x61037fc86384 - std[70759c8f55707aa4]::sys::backtrace::__rust_begin_short_backtrace::<test[9d35eded1c95d3be]::run_test::{closure#1}, ()>
[INFO] [stdout]   17:     0x61037fc8fc22 - <std[70759c8f55707aa4]::thread::lifecycle::spawn_unchecked<test[9d35eded1c95d3be]::run_test::{closure#1}, ()>::{closure#1} as core[df12db4294e9bfd3]::ops::function::FnOnce<()>>::call_once::{shim:vtable#0}
[INFO] [stdout]   18:     0x61037fd02d99 - <std[70759c8f55707aa4]::sys::thread::unix::Thread>::new::thread_start
[INFO] [stdout]   19:     0x784216885dfa - <unknown>
[INFO] [stdout]   20:     0x7842169193d4 - clone
[INFO] [stdout]   21:                0x0 - <unknown>
[INFO] [stdout] 
[INFO] [stdout] 
[INFO] [stdout] failures:
[INFO] [stdout]     audit::hash::tests::pre_details_field_fixture_still_verifies_byte_for_byte
[INFO] [stdout] 
[INFO] [stdout] test result: FAILED. 46 passed; 1 failed; 0 ignored; 0 measured; 0 filtered out; finished in 0.01s
[INFO] [stdout] 
[INFO] running `Command { std: "docker" "inspect" "8e7c7a618a03a6b5055c658a9c8228b26c69717bd5ef616ba523df2c24157dd2", kill_on_drop: false }`
[INFO] running `Command { std: "docker" "rm" "-f" "8e7c7a618a03a6b5055c658a9c8228b26c69717bd5ef616ba523df2c24157dd2", kill_on_drop: false }`
[INFO] [stdout] 8e7c7a618a03a6b5055c658a9c8228b26c69717bd5ef616ba523df2c24157dd2
