[INFO] fetching crate cosmian_abe_gpsw 2.0.3...
[INFO] testing cosmian_abe_gpsw-2.0.3 against 1.99.0-beta.8+cargoflags=--release for beta-release-1.100-2
[INFO] extracting crate cosmian_abe_gpsw 2.0.3 into /workspace/builds/worker-1-tc1/source
[INFO] removed /workspace/builds/worker-1-tc1/source/.cargo/config
[INFO] started tweaking crates.io crate cosmian_abe_gpsw 2.0.3
[INFO] finished tweaking crates.io crate cosmian_abe_gpsw 2.0.3
[INFO] tweaked toml for crates.io crate cosmian_abe_gpsw 2.0.3 written to /workspace/builds/worker-1-tc1/source/Cargo.toml
[INFO] validating manifest of crates.io crate cosmian_abe_gpsw 2.0.3 on toolchain 1.99.0-beta.8
[INFO] running `Command { std: CARGO_HOME="/workspace/cargo-home" RUSTUP_HOME="/workspace/rustup-home" "/workspace/cargo-home/bin/cargo" "+1.99.0-beta.8" "metadata" "--manifest-path" "Cargo.toml" "--no-deps", kill_on_drop: false }`
[INFO] running `Command { std: CARGO_HOME="/workspace/cargo-home" RUSTUP_HOME="/workspace/rustup-home" "/workspace/cargo-home/bin/cargo" "+1.99.0-beta.8" "generate-lockfile" "--manifest-path" "Cargo.toml", kill_on_drop: false }`
[INFO] [stderr]     Updating crates.io index
[INFO] [stderr]     Blocking waiting for file lock on package cache
[INFO] [stderr]      Locking 181 packages to highest compatible versions
[INFO] [stderr]       Adding abe_policy v1.0.1 (available: v3.0.5)
[INFO] [stderr]       Adding curve25519-dalek v3.2.0 (available: v3.2.1)
[INFO] [stderr]       Adding ff v0.9.0 (available: v0.14.0)
[INFO] [stderr]       Adding generic-array v0.14.7 (available: v0.14.9)
[INFO] [stderr]       Adding getrandom v0.2.17 (available: v0.4.3)
[INFO] [stderr]       Adding group v0.9.0 (available: v0.14.0)
[INFO] [stderr]       Adding minicov v0.3.8 (available: v0.3.9)
[INFO] [stderr]       Adding pyo3 v0.16.6 (available: v0.30.1)
[INFO] [stderr]       Adding rand v0.8.8 (available: v0.10.3)
[INFO] [stderr]       Adding rand_core v0.5.1 (available: v0.10.1)
[INFO] [stderr]       Adding rand_hc v0.3.2 (available: v0.5.1)
[INFO] [stderr]       Adding sha3 v0.10.9 (available: v0.12.0)
[INFO] [stderr]       Adding subtle v2.4.1 (available: v2.6.1)
[INFO] [stderr]       Adding thiserror v1.0.69 (available: v2.0.21)
[INFO] running `Command { std: CARGO_HOME="/workspace/cargo-home" RUSTUP_HOME="/workspace/rustup-home" "/workspace/cargo-home/bin/cargo" "+1.99.0-beta.8" "fetch" "--manifest-path" "Cargo.toml", kill_on_drop: false }`
[INFO] [stderr]     Blocking waiting for file lock on package cache
[INFO] [stderr]     Blocking waiting for file lock on package cache
[INFO] [stderr]  Downloading crates ...
[INFO] [stderr]   Downloaded rand_hc v0.3.2
[INFO] [stderr]   Downloaded wasm-bindgen-test v0.3.79
[INFO] [stderr]   Downloaded wasm-bindgen-test-shared v0.2.129
[INFO] [stderr]   Downloaded wasm-bindgen-test-macro v0.3.79
[INFO] [stderr]   Downloaded ff v0.9.0
[INFO] [stderr]   Downloaded cosmian_crypto_core v2.0.0
[INFO] [stderr]   Downloaded minicov v0.3.8
[INFO] [stderr]   Downloaded cupid v0.6.1
[INFO] [stderr]   Downloaded group v0.9.0
[INFO] [stderr]   Downloaded pyo3-macros v0.16.6
[INFO] [stderr]   Downloaded ghash v0.4.4
[INFO] [stderr]   Downloaded pyo3-build-config v0.16.6
[INFO] [stderr]   Downloaded cosmian_crypto_base v2.1.2
[INFO] [stderr]   Downloaded abe_policy v1.0.1
[INFO] [stderr]   Downloaded pairing v0.19.0
[INFO] [stderr]   Downloaded pyo3-macros-backend v0.16.6
[INFO] [stderr]   Downloaded pyo3-ffi v0.16.6
[INFO] [stderr]   Downloaded aes-gcm v0.9.4
[INFO] [stderr]   Downloaded bindgen v0.60.1
[INFO] [stderr]   Downloaded pyo3 v0.16.6
[INFO] [stderr]   Downloaded cosmian_bls12_381 v0.4.1
[INFO] running `Command { std: "docker" "create" "-v" "/var/lib/crater-agent-workspace/builds/worker-1-tc1/source:/opt/rustwide/workdir:ro,Z" "-v" "/var/lib/crater-agent-workspace/builds/worker-1-tc1/target:/opt/rustwide/target:rw,Z" "-v" "/var/lib/crater-agent-workspace/cargo-home:/opt/rustwide/cargo-home:ro,Z" "-v" "/var/lib/crater-agent-workspace/rustup-home:/opt/rustwide/rustup-home:ro,Z" "-m" "1610612736" "--network" "none" "ghcr.io/rust-lang/crates-build-env/linux@sha256:77db811e55d90add9212f6832c23229e3de5f1c1f9905e8cb07319ea15df73ac" "sleep" "infinity", kill_on_drop: false }`
[INFO] [stdout] a37287c5f598a5cab910940d6e39cd5c58c2a45e7c4c220696d30251ec6ad652
[INFO] running `Command { std: "docker" "start" "a37287c5f598a5cab910940d6e39cd5c58c2a45e7c4c220696d30251ec6ad652", kill_on_drop: false }`
[INFO] running `Command { std: "docker" "inspect" "a37287c5f598a5cab910940d6e39cd5c58c2a45e7c4c220696d30251ec6ad652", kill_on_drop: false }`
[INFO] running `Command { std: "docker" "exec" "-e" "SOURCE_DIR=/opt/rustwide/workdir" "-e" "CARGO_HOME=/opt/rustwide/cargo-home" "-e" "RUSTUP_HOME=/opt/rustwide/rustup-home" "-e" "CARGO_TARGET_DIR=/opt/rustwide/target" "-w" "/opt/rustwide/workdir" "--user" "0:0" "a37287c5f598a5cab910940d6e39cd5c58c2a45e7c4c220696d30251ec6ad652" "/opt/rustwide/cargo-home/bin/cargo" "+1.99.0-beta.8" "metadata" "--no-deps" "--format-version=1", kill_on_drop: false }`
[INFO] running `Command { std: "docker" "inspect" "a37287c5f598a5cab910940d6e39cd5c58c2a45e7c4c220696d30251ec6ad652", kill_on_drop: false }`
[INFO] running `Command { std: "docker" "exec" "-e" "SOURCE_DIR=/opt/rustwide/workdir" "-e" "CARGO_HOME=/opt/rustwide/cargo-home" "-e" "RUSTUP_HOME=/opt/rustwide/rustup-home" "-e" "CARGO_TARGET_DIR=/opt/rustwide/target" "-e" "CARGO_INCREMENTAL=0" "-e" "RUST_BACKTRACE=full" "-e" "RUSTFLAGS=--cap-lints=warn" "-e" "RUSTDOCFLAGS=--cap-lints=warn" "-w" "/opt/rustwide/workdir" "--user" "0:0" "a37287c5f598a5cab910940d6e39cd5c58c2a45e7c4c220696d30251ec6ad652" "/opt/rustwide/cargo-home/bin/cargo" "+1.99.0-beta.8" "build" "--frozen" "--message-format=json" "--release", kill_on_drop: false }`
[INFO] [stderr]    Compiling libc v0.2.191
[INFO] [stderr]    Compiling unicode-ident v1.0.27
[INFO] [stderr]    Compiling radium v0.6.2
[INFO] [stderr]    Compiling wyz v0.2.0
[INFO] [stderr]    Compiling tap v1.0.1
[INFO] [stderr]    Compiling funty v1.1.0
[INFO] [stderr]    Compiling zerocopy v0.8.63
[INFO] [stderr]    Compiling subtle v2.4.1
[INFO] [stderr]    Compiling serde_json v1.0.154
[INFO] [stderr]    Compiling getrandom v0.1.16
[INFO] [stderr]    Compiling regex-automata v0.4.18
[INFO] [stderr]    Compiling lazy_static v1.5.1
[INFO] [stderr]    Compiling sha3 v0.10.9
[INFO] [stderr]    Compiling proc-macro2 v1.0.107
[INFO] [stderr]    Compiling bitvec v0.20.4
[INFO] [stderr]    Compiling quote v1.0.47
[INFO] [stderr]    Compiling syn v2.0.119
[INFO] [stderr]    Compiling syn v3.0.9
[INFO] [stderr]    Compiling getrandom v0.2.17
[INFO] [stderr]    Compiling rand_core v0.5.1
[INFO] [stderr]    Compiling rand_core v0.6.4
[INFO] [stderr]    Compiling rand_hc v0.3.2
[INFO] [stderr]    Compiling ff v0.9.0
[INFO] [stderr]    Compiling group v0.9.0
[INFO] [stderr]    Compiling pairing v0.19.0
[INFO] [stderr]    Compiling cosmian_bls12_381 v0.4.1
[INFO] [stderr]    Compiling thiserror-impl v1.0.69
[INFO] [stderr]    Compiling regex v1.13.1
[INFO] [stderr]    Compiling thiserror v1.0.69
[INFO] [stderr]    Compiling ppv-lite86 v0.2.21
[INFO] [stderr]    Compiling rand_chacha v0.3.1
[INFO] [stderr]    Compiling rand v0.8.8
[INFO] [stderr]    Compiling serde_derive v1.0.229
[INFO] [stderr]    Compiling serde v1.0.229
[INFO] [stderr]    Compiling abe_policy v1.0.1
[INFO] [stderr]    Compiling cosmian_abe_gpsw v2.0.3 (/opt/rustwide/workdir)
[INFO] [stderr]     Finished `release` profile [optimized] target(s) in 31.73s
[INFO] running `Command { std: "docker" "inspect" "a37287c5f598a5cab910940d6e39cd5c58c2a45e7c4c220696d30251ec6ad652", kill_on_drop: false }`
[INFO] running `Command { std: "docker" "exec" "-e" "SOURCE_DIR=/opt/rustwide/workdir" "-e" "CARGO_HOME=/opt/rustwide/cargo-home" "-e" "RUSTUP_HOME=/opt/rustwide/rustup-home" "-e" "CARGO_TARGET_DIR=/opt/rustwide/target" "-e" "CARGO_INCREMENTAL=0" "-e" "RUST_BACKTRACE=full" "-e" "RUSTFLAGS=--cap-lints=warn" "-e" "RUSTDOCFLAGS=--cap-lints=warn" "-w" "/opt/rustwide/workdir" "--user" "0:0" "a37287c5f598a5cab910940d6e39cd5c58c2a45e7c4c220696d30251ec6ad652" "/opt/rustwide/cargo-home/bin/cargo" "+1.99.0-beta.8" "test" "--frozen" "--no-run" "--message-format=json" "--release", kill_on_drop: false }`
[INFO] [stderr]    Compiling wasm-bindgen-shared v0.2.129
[INFO] [stderr]    Compiling bumpalo v3.20.3
[INFO] [stderr]    Compiling unicode-ident v1.0.27
[INFO] [stderr]    Compiling once_cell v1.21.4
[INFO] [stderr]    Compiling futures-core v0.3.34
[INFO] [stderr]    Compiling wasm-bindgen v0.2.129
[INFO] [stderr]    Compiling num-traits v0.2.19
[INFO] [stderr]    Compiling wasm-bindgen-test-macro v0.3.79
[INFO] [stderr]    Compiling async-trait v0.1.92
[INFO] [stderr]    Compiling wasm-bindgen-test-shared v0.2.129
[INFO] [stderr]    Compiling cast v0.3.0
[INFO] [stderr]    Compiling nu-ansi-term v0.50.3
[INFO] [stderr]    Compiling oorandom v11.1.5
[INFO] [stderr]    Compiling futures-util v0.3.34
[INFO] [stderr]    Compiling wasm-bindgen-macro-support v0.2.129
[INFO] [stderr]    Compiling wasm-bindgen-macro v0.2.129
[INFO] [stderr]    Compiling js-sys v0.3.106
[INFO] [stderr]    Compiling wasm-bindgen-futures v0.4.79
[INFO] [stderr]    Compiling wasm-bindgen-test v0.3.79
[INFO] [stderr]    Compiling cosmian_abe_gpsw v2.0.3 (/opt/rustwide/workdir)
[INFO] [stdout] warning: unnecessary allocation, use `&` instead
[INFO] [stdout]   --> src/core/tests/msp_tests.rs:23:17
[INFO] [stdout]    |
[INFO] [stdout] 23 |     let a_msp = Box::new(Leaf(1)).to_msp()?;
[INFO] [stdout]    |                 ^^^^^^^^^^^^^^^^^
[INFO] [stdout]    |
[INFO] [stdout]    = note: `#[warn(unused_allocation)]` (part of `#[warn(unused)]`) on by default
[INFO] [stdout] 
[INFO] [stdout] 
[INFO] [stdout] warning: unnecessary allocation, use `&` instead
[INFO] [stdout]   --> src/core/tests/msp_tests.rs:24:23
[INFO] [stdout]    |
[INFO] [stdout] 24 |     let a_and_b_msp = Box::new(And(Box::new(Leaf(1)), Box::new(Leaf(2)))).to_msp()?;
[INFO] [stdout]    |                       ^^^^^^^^^^^^^^^^^^^^^^^^^^^^^^^^^^^^^^^^^^^^^^^^^^^
[INFO] [stdout] 
[INFO] [stdout] 
[INFO] [stdout] warning: unnecessary allocation, use `&` instead
[INFO] [stdout]   --> src/core/tests/msp_tests.rs:25:22
[INFO] [stdout]    |
[INFO] [stdout] 25 |     let a_or_b_msp = Box::new(Or(Box::new(Leaf(1)), Box::new(Leaf(2)))).to_msp()?;
[INFO] [stdout]    |                      ^^^^^^^^^^^^^^^^^^^^^^^^^^^^^^^^^^^^^^^^^^^^^^^^^^
[INFO] [stdout] 
[INFO] [stdout] 
[INFO] [stderr]     Finished `release` profile [optimized] target(s) in 26.61s
[INFO] running `Command { std: "docker" "inspect" "a37287c5f598a5cab910940d6e39cd5c58c2a45e7c4c220696d30251ec6ad652", kill_on_drop: false }`
[INFO] running `Command { std: "docker" "exec" "-e" "SOURCE_DIR=/opt/rustwide/workdir" "-e" "CARGO_HOME=/opt/rustwide/cargo-home" "-e" "RUSTUP_HOME=/opt/rustwide/rustup-home" "-e" "CARGO_TARGET_DIR=/opt/rustwide/target" "-e" "CARGO_INCREMENTAL=0" "-e" "RUST_BACKTRACE=full" "-e" "RUSTFLAGS=--cap-lints=warn" "-e" "RUSTDOCFLAGS=--cap-lints=warn" "-w" "/opt/rustwide/workdir" "--user" "0:0" "a37287c5f598a5cab910940d6e39cd5c58c2a45e7c4c220696d30251ec6ad652" "/opt/rustwide/cargo-home/bin/cargo" "+1.99.0-beta.8" "test" "--frozen" "--release", kill_on_drop: false }`
[INFO] [stderr] warning: unnecessary allocation, use `&` instead
[INFO] [stderr]   --> src/core/tests/msp_tests.rs:23:17
[INFO] [stderr]    |
[INFO] [stderr] 23 |     let a_msp = Box::new(Leaf(1)).to_msp()?;
[INFO] [stderr]    |                 ^^^^^^^^^^^^^^^^^
[INFO] [stderr]    |
[INFO] [stderr]    = note: `#[warn(unused_allocation)]` (part of `#[warn(unused)]`) on by default
[INFO] [stderr] 
[INFO] [stderr] warning: unnecessary allocation, use `&` instead
[INFO] [stderr]   --> src/core/tests/msp_tests.rs:24:23
[INFO] [stderr]    |
[INFO] [stderr] 24 |     let a_and_b_msp = Box::new(And(Box::new(Leaf(1)), Box::new(Leaf(2)))).to_msp()?;
[INFO] [stderr]    |                       ^^^^^^^^^^^^^^^^^^^^^^^^^^^^^^^^^^^^^^^^^^^^^^^^^^^
[INFO] [stderr] 
[INFO] [stderr] warning: unnecessary allocation, use `&` instead
[INFO] [stderr]   --> src/core/tests/msp_tests.rs:25:22
[INFO] [stderr]    |
[INFO] [stderr] 25 |     let a_or_b_msp = Box::new(Or(Box::new(Leaf(1)), Box::new(Leaf(2)))).to_msp()?;
[INFO] [stderr]    |                      ^^^^^^^^^^^^^^^^^^^^^^^^^^^^^^^^^^^^^^^^^^^^^^^^^^
[INFO] [stderr] 
[INFO] [stderr] warning: `cosmian_abe_gpsw` (lib test) generated 3 warnings
[INFO] [stderr]     Finished `release` profile [optimized] target(s) in 0.12s
[INFO] [stderr]      Running unittests src/lib.rs (/opt/rustwide/target/release/deps/cosmian_abe_gpsw-040ad532cf818ae4)
[INFO] [stdout] 
[INFO] [stdout] running 33 tests
[INFO] [stdout] test core::bilinear_map::bls12_381::tests::scalar_as_bytes ... ok
[INFO] [stdout] test core::bilinear_map::bls12_381::tests::g1_affine_as_bytes ... ok
[INFO] [stdout] test core::tests::msp_tests::msp_as_bytes ... ok
[INFO] [stdout] test core::tests::msp_tests::leaf_already_inserted - should panic ... ok
[INFO] [stdout] test core::tests::msp_tests::msp_to_matrix ... ok
[INFO] [stdout] test core::tests::msp_tests::parsing_fail ... ok
[INFO] [stdout] test core::tests::msp_tests::parsing_multi ... ok
[INFO] [stdout] test core::tests::msp_tests::parsing_with_bad_formula - should panic ... ok
[INFO] [stdout] test core::tests::msp_tests::parsing ... ok
[INFO] [stdout] test core::tests::msp_tests::test_equality ... ok
[INFO] [stdout] test core::tests::msp_tests::parsing_with_failures - should panic ... ok
[INFO] [stdout] test core::tests::policy_tests::attribute_parser ... ok
[INFO] [stdout] test core::tests::policy_tests::parse_boolean_expression ... ok
[INFO] [stdout] test core::tests::policy_tests::parse_boolean_expression_additional_tests ... ok
[INFO] [stdout] test core::tests::policy_tests::partialeq_access_policy ... ok
[INFO] [stdout] test core::tests::policy_tests::attributes_parser ... ok
[INFO] [stdout] test core::tests::policy_tests::policy_group ... ok
[INFO] [stdout] test core::bilinear_map::bls12_381::tests::g2_affine_as_bytes ... ok
[INFO] [stdout] test core::tests::policy_tests::policy_group_from_java ... ok
[INFO] [stdout] test core::tests::policy_tests::verify_access_policy ... ok
[INFO] [stdout] test core::bilinear_map::bls12_381::tests::gt_as_bytes ... ok
[INFO] [stdout] test core::tests::gpsw_tests::master_private_key_as_bytes ... ok
[INFO] [stdout] test core::tests::gpsw_tests::ciphertext_as_bytes ... ok
[INFO] [stdout] test core::tests::gpsw_tests::encrypt_decrypt ... ok
[INFO] [stdout] test core::tests::gpsw_tests::master_public_delegation_key_as_bytes ... ok
[INFO] [stdout] test core::tests::gpsw_tests::user_key_as_bytes ... ok
[INFO] [stdout] test core::tests::engine_tests::generate_non_regression_files ... FAILED
[INFO] [stdout] test core::tests::gpsw_tests::master_public_key_as_bytes ... ok
[INFO] [stdout] test core::tests::engine_tests::generate_another_non_regression_files ... FAILED
[INFO] [stdout] test core::tests::gpsw_tests::encrypt_decrypt_with_multiple_key_pair ... ok
[INFO] [stdout] test core::tests::engine_tests::complex_access_policy_test ... ok
[INFO] [stdout] test core::demo::abe ... ok
[INFO] [stdout] test core::tests::engine_tests::symmetric_key_test ... ok
[INFO] [stdout] 
[INFO] [stdout] failures:
[INFO] [stdout] 
[INFO] [stdout] ---- core::tests::engine_tests::generate_non_regression_files stdout ----
[INFO] [stdout] 
[INFO] [stdout] thread 'core::tests::engine_tests::generate_non_regression_files' (1205) panicked at src/core/tests/engine_tests.rs:43:76:
[INFO] [stdout] called `Result::unwrap()` on an `Err` value: Os { code: 2, kind: NotFound, message: "No such file or directory" }
[INFO] [stdout] stack backtrace:
[INFO] [stdout]    0:     0x5c09b47e5291 - <<std[70759c8f55707aa4]::sys::backtrace::BacktraceLock>::print::DisplayBacktrace as core[df12db4294e9bfd3]::fmt::Display>::fmt
[INFO] [stdout]    1:     0x5c09b47fac7a - core[df12db4294e9bfd3]::fmt::write
[INFO] [stdout]    2:     0x5c09b47e97dc - <alloc[2182bb758b4b3781]::vec::Vec<u8> as core[df12db4294e9bfd3]::io::write::Write>::write_fmt
[INFO] [stdout]    3:     0x5c09b47c1806 - std[70759c8f55707aa4]::panicking::default_hook::{closure#0}
[INFO] [stdout]    4:     0x5c09b47dd979 - std[70759c8f55707aa4]::panicking::default_hook
[INFO] [stdout]    5:     0x5c09b466a410 - test[9d35eded1c95d3be]::test_main_inner::<test[9d35eded1c95d3be]::test_main_static::{closure#0}>::{closure#0}
[INFO] [stdout]    6:     0x5c09b47ddb32 - std[70759c8f55707aa4]::panicking::panic_with_hook
[INFO] [stdout]    7:     0x5c09b47c18b2 - std[70759c8f55707aa4]::panicking::panic_handler::{closure#0}
[INFO] [stdout]    8:     0x5c09b47ba609 - std[70759c8f55707aa4]::sys::backtrace::__rust_end_short_backtrace::<std[70759c8f55707aa4]::panicking::panic_handler::{closure#0}, !>
[INFO] [stdout]    9:     0x5c09b47c24ad - __rustc[8fa7c3cbc660c2b3]::rust_begin_unwind
[INFO] [stdout]   10:     0x5c09b47fb45c - core[df12db4294e9bfd3]::panicking::panic_fmt
[INFO] [stdout]   11:     0x5c09b47fb232 - core[df12db4294e9bfd3]::result::unwrap_failed
[INFO] [stdout]   12:     0x5c09b464123a - cosmian_abe_gpsw[8ca80e516ea7ad04]::core::tests::engine_tests::generate_non_regression_files
[INFO] [stdout]   13:     0x5c09b4656809 - <cosmian_abe_gpsw[8ca80e516ea7ad04]::core::tests::engine_tests::generate_non_regression_files::{closure#0} as core[df12db4294e9bfd3]::ops::function::FnOnce<()>>::call_once
[INFO] [stdout]   14:     0x5c09b465d6fb - test[9d35eded1c95d3be]::__rust_begin_short_backtrace::<core[df12db4294e9bfd3]::result::Result<(), alloc[2182bb758b4b3781]::string::String>, fn() -> core[df12db4294e9bfd3]::result::Result<(), alloc[2182bb758b4b3781]::string::String>>
[INFO] [stdout]   15:     0x5c09b466ad65 - test[9d35eded1c95d3be]::run_test::{closure#0}
[INFO] [stdout]   16:     0x5c09b4664624 - std[70759c8f55707aa4]::sys::backtrace::__rust_begin_short_backtrace::<test[9d35eded1c95d3be]::run_test::{closure#1}, ()>
[INFO] [stdout]   17:     0x5c09b466dec2 - <std[70759c8f55707aa4]::thread::lifecycle::spawn_unchecked<test[9d35eded1c95d3be]::run_test::{closure#1}, ()>::{closure#1} as core[df12db4294e9bfd3]::ops::function::FnOnce<()>>::call_once::{shim:vtable#0}
[INFO] [stdout]   18:     0x5c09b47e4b69 - <std[70759c8f55707aa4]::sys::thread::unix::Thread>::new::thread_start
[INFO] [stdout]   19:     0x76f306b45dfa - <unknown>
[INFO] [stdout]   20:     0x76f306bd93d4 - clone
[INFO] [stdout]   21:                0x0 - <unknown>
[INFO] [stdout] 
[INFO] [stdout] ---- core::tests::engine_tests::generate_another_non_regression_files stdout ----
[INFO] [stdout] 
[INFO] [stdout] thread 'core::tests::engine_tests::generate_another_non_regression_files' (1204) panicked at src/core/tests/engine_tests.rs:104:84:
[INFO] [stdout] called `Result::unwrap()` on an `Err` value: Os { code: 2, kind: NotFound, message: "No such file or directory" }
[INFO] [stdout] stack backtrace:
[INFO] [stdout]    0:     0x5c09b47e5291 - <<std[70759c8f55707aa4]::sys::backtrace::BacktraceLock>::print::DisplayBacktrace as core[df12db4294e9bfd3]::fmt::Display>::fmt
[INFO] [stdout]    1:     0x5c09b47fac7a - core[df12db4294e9bfd3]::fmt::write
[INFO] [stdout]    2:     0x5c09b47e97dc - <alloc[2182bb758b4b3781]::vec::Vec<u8> as core[df12db4294e9bfd3]::io::write::Write>::write_fmt
[INFO] [stdout]    3:     0x5c09b47c1806 - std[70759c8f55707aa4]::panicking::default_hook::{closure#0}
[INFO] [stdout]    4:     0x5c09b47dd979 - std[70759c8f55707aa4]::panicking::default_hook
[INFO] [stdout]    5:     0x5c09b466a410 - test[9d35eded1c95d3be]::test_main_inner::<test[9d35eded1c95d3be]::test_main_static::{closure#0}>::{closure#0}
[INFO] [stdout]    6:     0x5c09b47ddb32 - std[70759c8f55707aa4]::panicking::panic_with_hook
[INFO] [stdout]    7:     0x5c09b47c18b2 - std[70759c8f55707aa4]::panicking::panic_handler::{closure#0}
[INFO] [stdout]    8:     0x5c09b47ba609 - std[70759c8f55707aa4]::sys::backtrace::__rust_end_short_backtrace::<std[70759c8f55707aa4]::panicking::panic_handler::{closure#0}, !>
[INFO] [stdout]    9:     0x5c09b47c24ad - __rustc[8fa7c3cbc660c2b3]::rust_begin_unwind
[INFO] [stdout]   10:     0x5c09b47fb45c - core[df12db4294e9bfd3]::panicking::panic_fmt
[INFO] [stdout]   11:     0x5c09b47fb232 - core[df12db4294e9bfd3]::result::unwrap_failed
[INFO] [stdout]   12:     0x5c09b464254a - cosmian_abe_gpsw[8ca80e516ea7ad04]::core::tests::engine_tests::generate_another_non_regression_files
[INFO] [stdout]   13:     0x5c09b4656829 - <cosmian_abe_gpsw[8ca80e516ea7ad04]::core::tests::engine_tests::generate_another_non_regression_files::{closure#0} as core[df12db4294e9bfd3]::ops::function::FnOnce<()>>::call_once
[INFO] [stdout]   14:     0x5c09b465d6fb - test[9d35eded1c95d3be]::__rust_begin_short_backtrace::<core[df12db4294e9bfd3]::result::Result<(), alloc[2182bb758b4b3781]::string::String>, fn() -> core[df12db4294e9bfd3]::result::Result<(), alloc[2182bb758b4b3781]::string::String>>
[INFO] [stdout]   15:     0x5c09b466ad65 - test[9d35eded1c95d3be]::run_test::{closure#0}
[INFO] [stdout]   16:     0x5c09b4664624 - std[70759c8f55707aa4]::sys::backtrace::__rust_begin_short_backtrace::<test[9d35eded1c95d3be]::run_test::{closure#1}, ()>
[INFO] [stdout]   17:     0x5c09b466dec2 - <std[70759c8f55707aa4]::thread::lifecycle::spawn_unchecked<test[9d35eded1c95d3be]::run_test::{closure#1}, ()>::{closure#1} as core[df12db4294e9bfd3]::ops::function::FnOnce<()>>::call_once::{shim:vtable#0}
[INFO] [stdout]   18:     0x5c09b47e4b69 - <std[70759c8f55707aa4]::sys::thread::unix::Thread>::new::thread_start
[INFO] [stdout]   19:     0x76f306b45dfa - <unknown>
[INFO] [stdout]   20:     0x76f306bd93d4 - clone
[INFO] [stdout]   21:                0x0 - <unknown>
[INFO] [stdout] 
[INFO] [stdout] 
[INFO] [stdout] failures:
[INFO] [stdout]     core::tests::engine_tests::generate_another_non_regression_files
[INFO] [stdout]     core::tests::engine_tests::generate_non_regression_files
[INFO] [stdout] 
[INFO] [stdout] test result: FAILED. 31 passed; 2 failed; 0 ignored; 0 measured; 0 filtered out; finished in 0.90s
[INFO] [stdout] 
[INFO] [stderr] error: test failed, to rerun pass `--lib`
[INFO] running `Command { std: "docker" "inspect" "a37287c5f598a5cab910940d6e39cd5c58c2a45e7c4c220696d30251ec6ad652", kill_on_drop: false }`
[INFO] running `Command { std: "docker" "rm" "-f" "a37287c5f598a5cab910940d6e39cd5c58c2a45e7c4c220696d30251ec6ad652", kill_on_drop: false }`
[INFO] [stdout] a37287c5f598a5cab910940d6e39cd5c58c2a45e7c4c220696d30251ec6ad652
