[INFO] fetching crate cos-rust-sdk 0.1.2...
[INFO] testing cos-rust-sdk-0.1.2 against 1.99.0-beta.8+cargoflags=--release for beta-release-1.100-2
[INFO] extracting crate cos-rust-sdk 0.1.2 into /workspace/builds/worker-5-tc1/source
[INFO] started tweaking crates.io crate cos-rust-sdk 0.1.2
[INFO] removed 0 missing examples
[INFO] finished tweaking crates.io crate cos-rust-sdk 0.1.2
[INFO] tweaked toml for crates.io crate cos-rust-sdk 0.1.2 written to /workspace/builds/worker-5-tc1/source/Cargo.toml
[INFO] validating manifest of crates.io crate cos-rust-sdk 0.1.2 on toolchain 1.99.0-beta.8
[INFO] running `Command { std: CARGO_HOME="/workspace/cargo-home" RUSTUP_HOME="/workspace/rustup-home" "/workspace/cargo-home/bin/cargo" "+1.99.0-beta.8" "metadata" "--manifest-path" "Cargo.toml" "--no-deps", kill_on_drop: false }`
[INFO] crate crates.io crate cos-rust-sdk 0.1.2 already has a lockfile, it will not be regenerated
[INFO] running `Command { std: CARGO_HOME="/workspace/cargo-home" RUSTUP_HOME="/workspace/rustup-home" "/workspace/cargo-home/bin/cargo" "+1.99.0-beta.8" "fetch" "--manifest-path" "Cargo.toml", kill_on_drop: false }`
[INFO] [stderr]  Downloading crates ...
[INFO] [stderr]   Downloaded cc v1.2.36
[INFO] [stderr]   Downloaded wasm-bindgen-futures v0.4.51
[INFO] running `Command { std: "docker" "create" "-v" "/var/lib/crater-agent-workspace/builds/worker-5-tc1/source:/opt/rustwide/workdir:ro,Z" "-v" "/var/lib/crater-agent-workspace/builds/worker-5-tc1/target:/opt/rustwide/target:rw,Z" "-v" "/var/lib/crater-agent-workspace/cargo-home:/opt/rustwide/cargo-home:ro,Z" "-v" "/var/lib/crater-agent-workspace/rustup-home:/opt/rustwide/rustup-home:ro,Z" "-m" "1610612736" "--network" "none" "ghcr.io/rust-lang/crates-build-env/linux@sha256:77db811e55d90add9212f6832c23229e3de5f1c1f9905e8cb07319ea15df73ac" "sleep" "infinity", kill_on_drop: false }`
[INFO] [stdout] 3075bddd65266f604d0be5492ad54b9e77ba6333e6e21ba6500808c534c4f74d
[INFO] running `Command { std: "docker" "start" "3075bddd65266f604d0be5492ad54b9e77ba6333e6e21ba6500808c534c4f74d", kill_on_drop: false }`
[INFO] running `Command { std: "docker" "inspect" "3075bddd65266f604d0be5492ad54b9e77ba6333e6e21ba6500808c534c4f74d", kill_on_drop: false }`
[INFO] running `Command { std: "docker" "exec" "-e" "SOURCE_DIR=/opt/rustwide/workdir" "-e" "CARGO_HOME=/opt/rustwide/cargo-home" "-e" "RUSTUP_HOME=/opt/rustwide/rustup-home" "-e" "CARGO_TARGET_DIR=/opt/rustwide/target" "-w" "/opt/rustwide/workdir" "--user" "0:0" "3075bddd65266f604d0be5492ad54b9e77ba6333e6e21ba6500808c534c4f74d" "/opt/rustwide/cargo-home/bin/cargo" "+1.99.0-beta.8" "metadata" "--no-deps" "--format-version=1", kill_on_drop: false }`
[INFO] running `Command { std: "docker" "inspect" "3075bddd65266f604d0be5492ad54b9e77ba6333e6e21ba6500808c534c4f74d", kill_on_drop: false }`
[INFO] running `Command { std: "docker" "exec" "-e" "SOURCE_DIR=/opt/rustwide/workdir" "-e" "CARGO_HOME=/opt/rustwide/cargo-home" "-e" "RUSTUP_HOME=/opt/rustwide/rustup-home" "-e" "CARGO_TARGET_DIR=/opt/rustwide/target" "-e" "CARGO_INCREMENTAL=0" "-e" "RUST_BACKTRACE=full" "-e" "RUSTFLAGS=--cap-lints=warn" "-e" "RUSTDOCFLAGS=--cap-lints=warn" "-w" "/opt/rustwide/workdir" "--user" "0:0" "3075bddd65266f604d0be5492ad54b9e77ba6333e6e21ba6500808c534c4f74d" "/opt/rustwide/cargo-home/bin/cargo" "+1.99.0-beta.8" "build" "--frozen" "--message-format=json" "--release", kill_on_drop: false }`
[INFO] [stderr]    Compiling unicode-ident v1.0.19
[INFO] [stderr]    Compiling find-msvc-tools v0.1.1
[INFO] [stderr]    Compiling lock_api v0.4.13
[INFO] [stderr]    Compiling parking_lot_core v0.9.11
[INFO] [stderr]    Compiling socket2 v0.6.0
[INFO] [stderr]    Compiling signal-hook-registry v1.4.6
[INFO] [stderr]    Compiling mio v1.0.4
[INFO] [stderr]    Compiling hashbrown v0.15.5
[INFO] [stderr]    Compiling bitflags v2.9.4
[INFO] [stderr]    Compiling zerocopy v0.8.27
[INFO] [stderr]    Compiling encoding_rs v0.8.35
[INFO] [stderr]    Compiling sha1 v0.10.6
[INFO] [stderr]    Compiling sha2 v0.10.9
[INFO] [stderr]    Compiling hmac v0.12.1
[INFO] [stderr]    Compiling md5 v0.7.0
[INFO] [stderr]    Compiling proc-macro2 v1.0.101
[INFO] [stderr]    Compiling cc v1.2.36
[INFO] [stderr]    Compiling parking_lot v0.12.4
[INFO] [stderr]    Compiling quote v1.0.40
[INFO] [stderr]    Compiling syn v2.0.106
[INFO] [stderr]    Compiling indexmap v2.11.1
[INFO] [stderr]    Compiling openssl-sys v0.9.109
[INFO] [stderr]    Compiling openssl v0.10.73
[INFO] [stderr]    Compiling native-tls v0.2.14
[INFO] [stderr]    Compiling ppv-lite86 v0.2.21
[INFO] [stderr]    Compiling rand_chacha v0.3.1
[INFO] [stderr]    Compiling rand v0.8.5
[INFO] [stderr]    Compiling synstructure v0.13.2
[INFO] [stderr]    Compiling zerofrom-derive v0.1.6
[INFO] [stderr]    Compiling yoke-derive v0.8.0
[INFO] [stderr]    Compiling zerovec-derive v0.11.1
[INFO] [stderr]    Compiling displaydoc v0.2.5
[INFO] [stderr]    Compiling tokio-macros v2.5.0
[INFO] [stderr]    Compiling futures-macro v0.3.31
[INFO] [stderr]    Compiling serde_derive v1.0.219
[INFO] [stderr]    Compiling openssl-macros v0.1.1
[INFO] [stderr]    Compiling thiserror-impl v1.0.69
[INFO] [stderr]    Compiling tokio v1.47.1
[INFO] [stderr]    Compiling futures-util v0.3.31
[INFO] [stderr]    Compiling thiserror v1.0.69
[INFO] [stderr]    Compiling zerofrom v0.1.6
[INFO] [stderr]    Compiling yoke v0.8.0
[INFO] [stderr]    Compiling zerovec v0.11.4
[INFO] [stderr]    Compiling zerotrie v0.2.2
[INFO] [stderr]    Compiling serde v1.0.219
[INFO] [stderr]    Compiling tinystr v0.8.1
[INFO] [stderr]    Compiling potential_utf v0.1.3
[INFO] [stderr]    Compiling icu_collections v2.0.0
[INFO] [stderr]    Compiling icu_locale_core v2.0.0
[INFO] [stderr]    Compiling icu_provider v2.0.0
[INFO] [stderr]    Compiling futures-executor v0.3.31
[INFO] [stderr]    Compiling futures v0.3.31
[INFO] [stderr]    Compiling icu_properties v2.0.1
[INFO] [stderr]    Compiling icu_normalizer v2.0.0
[INFO] [stderr]    Compiling idna_adapter v1.2.1
[INFO] [stderr]    Compiling idna v1.1.0
[INFO] [stderr]    Compiling url v2.5.7
[INFO] [stderr]    Compiling serde_urlencoded v0.7.1
[INFO] [stderr]    Compiling serde_json v1.0.143
[INFO] [stderr]    Compiling chrono v0.4.42
[INFO] [stderr]    Compiling quick-xml v0.31.0
[INFO] [stderr]    Compiling tokio-util v0.7.16
[INFO] [stderr]    Compiling tokio-native-tls v0.3.1
[INFO] [stderr]    Compiling tower v0.5.2
[INFO] [stderr]    Compiling h2 v0.4.12
[INFO] [stderr]    Compiling tower-http v0.6.6
[INFO] [stderr]    Compiling hyper v1.7.0
[INFO] [stderr]    Compiling hyper-util v0.1.16
[INFO] [stderr]    Compiling hyper-tls v0.6.0
[INFO] [stderr]    Compiling reqwest v0.12.23
[INFO] [stderr]    Compiling cos-rust-sdk v0.1.2 (/opt/rustwide/workdir)
[INFO] [stdout] warning: use of deprecated function `base64::encode`: Use Engine::encode
[INFO] [stdout]    --> src/sts.rs:276:34
[INFO] [stdout]     |
[INFO] [stdout] 276 |          let signature = base64::encode(mac.finalize().into_bytes());
[INFO] [stdout]     |                                  ^^^^^^
[INFO] [stdout]     |
[INFO] [stdout]     = note: `#[warn(deprecated)]` on by default
[INFO] [stdout] 
[INFO] [stdout] 
[INFO] [stdout] warning: variable does not need to be mutable
[INFO] [stdout]   --> src/client.rs:82:13
[INFO] [stdout]    |
[INFO] [stdout] 82 |         let mut headers = self.build_headers(&method, path, &params)?;
[INFO] [stdout]    |             ----^^^^^^^
[INFO] [stdout]    |             |
[INFO] [stdout]    |             help: remove this `mut`
[INFO] [stdout]    |
[INFO] [stdout]    = note: `#[warn(unused_mut)]` (part of `#[warn(unused)]`) on by default
[INFO] [stdout] 
[INFO] [stdout] 
[INFO] [stdout] warning: field `expiration` is never read
[INFO] [stdout]   --> src/sts.rs:59:5
[INFO] [stdout]    |
[INFO] [stdout] 51 | struct StsResponseData {
[INFO] [stdout]    |        --------------- field in this struct
[INFO] [stdout] ...
[INFO] [stdout] 59 |     expiration: Option<String>,
[INFO] [stdout]    |     ^^^^^^^^^^
[INFO] [stdout]    |
[INFO] [stdout]    = note: `StsResponseData` has a derived impl for the trait `Debug`, but this is intentionally ignored during dead code analysis
[INFO] [stdout]    = note: `#[warn(dead_code)]` (part of `#[warn(unused)]`) on by default
[INFO] [stdout] 
[INFO] [stdout] 
[INFO] [stderr]     Finished `release` profile [optimized] target(s) in 1m 05s
[INFO] running `Command { std: "docker" "inspect" "3075bddd65266f604d0be5492ad54b9e77ba6333e6e21ba6500808c534c4f74d", kill_on_drop: false }`
[INFO] running `Command { std: "docker" "exec" "-e" "SOURCE_DIR=/opt/rustwide/workdir" "-e" "CARGO_HOME=/opt/rustwide/cargo-home" "-e" "RUSTUP_HOME=/opt/rustwide/rustup-home" "-e" "CARGO_TARGET_DIR=/opt/rustwide/target" "-e" "CARGO_INCREMENTAL=0" "-e" "RUST_BACKTRACE=full" "-e" "RUSTFLAGS=--cap-lints=warn" "-e" "RUSTDOCFLAGS=--cap-lints=warn" "-w" "/opt/rustwide/workdir" "--user" "0:0" "3075bddd65266f604d0be5492ad54b9e77ba6333e6e21ba6500808c534c4f74d" "/opt/rustwide/cargo-home/bin/cargo" "+1.99.0-beta.8" "test" "--frozen" "--no-run" "--message-format=json" "--release", kill_on_drop: false }`
[INFO] [stderr]    Compiling cos-rust-sdk v0.1.2 (/opt/rustwide/workdir)
[INFO] [stdout] warning: use of deprecated function `base64::encode`: Use Engine::encode
[INFO] [stdout]    --> src/sts.rs:276:34
[INFO] [stdout]     |
[INFO] [stdout] 276 |          let signature = base64::encode(mac.finalize().into_bytes());
[INFO] [stdout]     |                                  ^^^^^^
[INFO] [stdout]     |
[INFO] [stdout]     = note: `#[warn(deprecated)]` on by default
[INFO] [stdout] 
[INFO] [stdout] 
[INFO] [stdout] warning: variable does not need to be mutable
[INFO] [stdout]   --> src/client.rs:82:13
[INFO] [stdout]    |
[INFO] [stdout] 82 |         let mut headers = self.build_headers(&method, path, &params)?;
[INFO] [stdout]    |             ----^^^^^^^
[INFO] [stdout]    |             |
[INFO] [stdout]    |             help: remove this `mut`
[INFO] [stdout]    |
[INFO] [stdout]    = note: `#[warn(unused_mut)]` (part of `#[warn(unused)]`) on by default
[INFO] [stdout] 
[INFO] [stdout] 
[INFO] [stdout] warning: field `expiration` is never read
[INFO] [stdout]   --> src/sts.rs:59:5
[INFO] [stdout]    |
[INFO] [stdout] 51 | struct StsResponseData {
[INFO] [stdout]    |        --------------- field in this struct
[INFO] [stdout] ...
[INFO] [stdout] 59 |     expiration: Option<String>,
[INFO] [stdout]    |     ^^^^^^^^^^
[INFO] [stdout]    |
[INFO] [stdout]    = note: `StsResponseData` has a derived impl for the trait `Debug`, but this is intentionally ignored during dead code analysis
[INFO] [stdout]    = note: `#[warn(dead_code)]` (part of `#[warn(unused)]`) on by default
[INFO] [stdout] 
[INFO] [stdout] 
[INFO] [stdout] warning: use of deprecated function `base64::encode`: Use Engine::encode
[INFO] [stdout]    --> src/sts.rs:276:34
[INFO] [stdout]     |
[INFO] [stdout] 276 |          let signature = base64::encode(mac.finalize().into_bytes());
[INFO] [stdout]     |                                  ^^^^^^
[INFO] [stdout]     |
[INFO] [stdout]     = note: `#[warn(deprecated)]` on by default
[INFO] [stdout] 
[INFO] [stdout] 
[INFO] [stdout] warning: variable does not need to be mutable
[INFO] [stdout]   --> src/client.rs:82:13
[INFO] [stdout]    |
[INFO] [stdout] 82 |         let mut headers = self.build_headers(&method, path, &params)?;
[INFO] [stdout]    |             ----^^^^^^^
[INFO] [stdout]    |             |
[INFO] [stdout]    |             help: remove this `mut`
[INFO] [stdout]    |
[INFO] [stdout]    = note: `#[warn(unused_mut)]` (part of `#[warn(unused)]`) on by default
[INFO] [stdout] 
[INFO] [stdout] 
[INFO] [stdout] warning: unused variable: `exists`
[INFO] [stdout]    --> src/bucket.rs:372:13
[INFO] [stdout]     |
[INFO] [stdout] 372 |         let exists = bucket_client.bucket_exists().await;
[INFO] [stdout]     |             ^^^^^^ help: if this is intentional, prefix it with an underscore: `_exists`
[INFO] [stdout]     |
[INFO] [stdout]     = note: `#[warn(unused_variables)]` (part of `#[warn(unused)]`) on by default
[INFO] [stdout] 
[INFO] [stdout] 
[INFO] [stdout] warning: unused variable: `exists`
[INFO] [stdout]    --> src/object.rs:419:13
[INFO] [stdout]     |
[INFO] [stdout] 419 |         let exists = object_client.object_exists("test-key").await;
[INFO] [stdout]     |             ^^^^^^ help: if this is intentional, prefix it with an underscore: `_exists`
[INFO] [stdout] 
[INFO] [stdout] 
[INFO] [stdout] warning: field `expiration` is never read
[INFO] [stdout]   --> src/sts.rs:59:5
[INFO] [stdout]    |
[INFO] [stdout] 51 | struct StsResponseData {
[INFO] [stdout]    |        --------------- field in this struct
[INFO] [stdout] ...
[INFO] [stdout] 59 |     expiration: Option<String>,
[INFO] [stdout]    |     ^^^^^^^^^^
[INFO] [stdout]    |
[INFO] [stdout]    = note: `StsResponseData` has a derived impl for the trait `Debug`, but this is intentionally ignored during dead code analysis
[INFO] [stdout]    = note: `#[warn(dead_code)]` (part of `#[warn(unused)]`) on by default
[INFO] [stdout] 
[INFO] [stdout] 
[INFO] [stderr]     Finished `release` profile [optimized] target(s) in 16.25s
[INFO] running `Command { std: "docker" "inspect" "3075bddd65266f604d0be5492ad54b9e77ba6333e6e21ba6500808c534c4f74d", kill_on_drop: false }`
[INFO] running `Command { std: "docker" "exec" "-e" "SOURCE_DIR=/opt/rustwide/workdir" "-e" "CARGO_HOME=/opt/rustwide/cargo-home" "-e" "RUSTUP_HOME=/opt/rustwide/rustup-home" "-e" "CARGO_TARGET_DIR=/opt/rustwide/target" "-e" "CARGO_INCREMENTAL=0" "-e" "RUST_BACKTRACE=full" "-e" "RUSTFLAGS=--cap-lints=warn" "-e" "RUSTDOCFLAGS=--cap-lints=warn" "-w" "/opt/rustwide/workdir" "--user" "0:0" "3075bddd65266f604d0be5492ad54b9e77ba6333e6e21ba6500808c534c4f74d" "/opt/rustwide/cargo-home/bin/cargo" "+1.99.0-beta.8" "test" "--frozen" "--release", kill_on_drop: false }`
[INFO] [stderr] warning: use of deprecated function `base64::encode`: Use Engine::encode
[INFO] [stderr]    --> src/sts.rs:276:34
[INFO] [stderr]     |
[INFO] [stderr] 276 |          let signature = base64::encode(mac.finalize().into_bytes());
[INFO] [stderr]     |                                  ^^^^^^
[INFO] [stderr]     |
[INFO] [stderr]     = note: `#[warn(deprecated)]` on by default
[INFO] [stderr] 
[INFO] [stderr] warning: variable does not need to be mutable
[INFO] [stderr]   --> src/client.rs:82:13
[INFO] [stderr]    |
[INFO] [stderr] 82 |         let mut headers = self.build_headers(&method, path, &params)?;
[INFO] [stderr]    |             ----^^^^^^^
[INFO] [stderr]    |             |
[INFO] [stderr]    |             help: remove this `mut`
[INFO] [stderr]    |
[INFO] [stderr]    = note: `#[warn(unused_mut)]` (part of `#[warn(unused)]`) on by default
[INFO] [stderr] 
[INFO] [stderr] warning: field `expiration` is never read
[INFO] [stderr]   --> src/sts.rs:59:5
[INFO] [stderr]    |
[INFO] [stderr] 51 | struct StsResponseData {
[INFO] [stderr]    |        --------------- field in this struct
[INFO] [stderr] ...
[INFO] [stderr] 59 |     expiration: Option<String>,
[INFO] [stderr]    |     ^^^^^^^^^^
[INFO] [stderr]    |
[INFO] [stderr]    = note: `StsResponseData` has a derived impl for the trait `Debug`, but this is intentionally ignored during dead code analysis
[INFO] [stderr]    = note: `#[warn(dead_code)]` (part of `#[warn(unused)]`) on by default
[INFO] [stderr] 
[INFO] [stderr] warning: unused variable: `exists`
[INFO] [stderr]    --> src/bucket.rs:372:13
[INFO] [stderr]     |
[INFO] [stderr] 372 |         let exists = bucket_client.bucket_exists().await;
[INFO] [stderr]     |             ^^^^^^ help: if this is intentional, prefix it with an underscore: `_exists`
[INFO] [stderr]     |
[INFO] [stderr]     = note: `#[warn(unused_variables)]` (part of `#[warn(unused)]`) on by default
[INFO] [stderr] 
[INFO] [stderr] warning: unused variable: `exists`
[INFO] [stderr]    --> src/object.rs:419:13
[INFO] [stderr]     |
[INFO] [stderr] 419 |         let exists = object_client.object_exists("test-key").await;
[INFO] [stderr]     |             ^^^^^^ help: if this is intentional, prefix it with an underscore: `_exists`
[INFO] [stderr] 
[INFO] [stderr] warning: `cos-rust-sdk` (lib) generated 3 warnings (run `cargo fix --lib -p cos-rust-sdk` to apply 1 suggestion)
[INFO] [stderr] warning: `cos-rust-sdk` (lib test) generated 5 warnings (3 duplicates) (run `cargo fix --lib -p cos-rust-sdk --tests` to apply 2 suggestions)
[INFO] [stderr]     Finished `release` profile [optimized] target(s) in 0.17s
[INFO] [stderr]      Running unittests src/lib.rs (/opt/rustwide/target/release/deps/cos_rust_sdk-eb0ff28fce94e72f)
[INFO] [stdout] 
[INFO] [stdout] running 10 tests
[INFO] [stdout] test auth::tests::test_auth_sign ... ok
[INFO] [stdout] test auth::tests::test_build_params_string ... ok
[INFO] [stdout] test sts::tests::test_policy_serialization ... ok
[INFO] [stdout] test config::tests::test_extract_app_id ... ok
[INFO] [stdout] test config::tests::test_config_validation ... ok
[INFO] [stdout] test sts::tests::test_policy_creation ... FAILED
[INFO] [stdout] test bucket::tests::test_bucket_operations ... ok
[INFO] [stdout] test client::tests::test_client_creation ... ok
[INFO] [stdout] test client::tests::test_build_url ... ok
[INFO] [stdout] test object::tests::test_object_operations ... ok
[INFO] [stdout] 
[INFO] [stdout] failures:
[INFO] [stdout] 
[INFO] [stdout] ---- sts::tests::test_policy_creation stdout ----
[INFO] [stdout] 
[INFO] [stdout] thread 'sts::tests::test_policy_creation' (1732) panicked at src/sts.rs:433:9:
[INFO] [stdout] assertion failed: policy.statement[0].action.contains(&"cos:PutObject".to_string())
[INFO] [stdout] stack backtrace:
[INFO] [stdout]    0:     0x5e9ddbf61531 - <<std[70759c8f55707aa4]::sys::backtrace::BacktraceLock>::print::DisplayBacktrace as core[df12db4294e9bfd3]::fmt::Display>::fmt
[INFO] [stdout]    1:     0x5e9ddbf77f4a - core[df12db4294e9bfd3]::fmt::write
[INFO] [stdout]    2:     0x5e9ddbf660ec - <alloc[2182bb758b4b3781]::vec::Vec<u8> as core[df12db4294e9bfd3]::io::write::Write>::write_fmt
[INFO] [stdout]    3:     0x5e9ddbf3c696 - std[70759c8f55707aa4]::panicking::default_hook::{closure#0}
[INFO] [stdout]    4:     0x5e9ddbf59439 - std[70759c8f55707aa4]::panicking::default_hook
[INFO] [stdout]    5:     0x5e9ddbda1c20 - test[9d35eded1c95d3be]::test_main_inner::<test[9d35eded1c95d3be]::test_main_static::{closure#0}>::{closure#0}
[INFO] [stdout]    6:     0x5e9ddbf59762 - std[70759c8f55707aa4]::panicking::panic_with_hook
[INFO] [stdout]    7:     0x5e9ddbf3c774 - std[70759c8f55707aa4]::panicking::panic_handler::{closure#0}
[INFO] [stdout]    8:     0x5e9ddbf353e9 - std[70759c8f55707aa4]::sys::backtrace::__rust_end_short_backtrace::<std[70759c8f55707aa4]::panicking::panic_handler::{closure#0}, !>
[INFO] [stdout]    9:     0x5e9ddbf3d52d - __rustc[8fa7c3cbc660c2b3]::rust_begin_unwind
[INFO] [stdout]   10:     0x5e9ddbf786ac - core[df12db4294e9bfd3]::panicking::panic_fmt
[INFO] [stdout]   11:     0x5e9ddbf78672 - core[df12db4294e9bfd3]::panicking::panic
[INFO] [stdout]   12:     0x5e9ddbd7cfc5 - cos_rust_sdk[cf828ea1382e7acc]::sts::tests::test_policy_creation
[INFO] [stdout]   13:     0x5e9ddbd8e919 - <cos_rust_sdk[cf828ea1382e7acc]::sts::tests::test_policy_creation::{closure#0} as core[df12db4294e9bfd3]::ops::function::FnOnce<()>>::call_once
[INFO] [stdout]   14:     0x5e9ddbd94f0b - test[9d35eded1c95d3be]::__rust_begin_short_backtrace::<core[df12db4294e9bfd3]::result::Result<(), alloc[2182bb758b4b3781]::string::String>, fn() -> core[df12db4294e9bfd3]::result::Result<(), alloc[2182bb758b4b3781]::string::String>>
[INFO] [stdout]   15:     0x5e9ddbda2575 - test[9d35eded1c95d3be]::run_test::{closure#0}
[INFO] [stdout]   16:     0x5e9ddbd9be34 - std[70759c8f55707aa4]::sys::backtrace::__rust_begin_short_backtrace::<test[9d35eded1c95d3be]::run_test::{closure#1}, ()>
[INFO] [stdout]   17:     0x5e9ddbda56d2 - <std[70759c8f55707aa4]::thread::lifecycle::spawn_unchecked<test[9d35eded1c95d3be]::run_test::{closure#1}, ()>::{closure#1} as core[df12db4294e9bfd3]::ops::function::FnOnce<()>>::call_once::{shim:vtable#0}
[INFO] [stdout]   18:     0x5e9ddbf60a59 - <std[70759c8f55707aa4]::sys::thread::unix::Thread>::new::thread_start
[INFO] [stdout]   19:     0x7963eaa0cdfa - <unknown>
[INFO] [stdout]   20:     0x7963eaaa03d4 - clone
[INFO] [stdout]   21:                0x0 - <unknown>
[INFO] [stdout] 
[INFO] [stdout] 
[INFO] [stdout] failures:
[INFO] [stdout]     sts::tests::test_policy_creation
[INFO] [stdout] 
[INFO] [stdout] test result: FAILED. 9 passed; 1 failed; 0 ignored; 0 measured; 0 filtered out; finished in 0.15s
[INFO] [stdout] 
[INFO] [stderr] error: test failed, to rerun pass `--lib`
[INFO] running `Command { std: "docker" "inspect" "3075bddd65266f604d0be5492ad54b9e77ba6333e6e21ba6500808c534c4f74d", kill_on_drop: false }`
[INFO] running `Command { std: "docker" "rm" "-f" "3075bddd65266f604d0be5492ad54b9e77ba6333e6e21ba6500808c534c4f74d", kill_on_drop: false }`
[INFO] [stdout] 3075bddd65266f604d0be5492ad54b9e77ba6333e6e21ba6500808c534c4f74d
