[INFO] fetching crate cory-core 0.1.2...
[INFO] testing cory-core-0.1.2 against 1.100.0-beta.1+cargoflags=--release for beta-release-1.100-2
[INFO] extracting crate cory-core 0.1.2 into /workspace/builds/worker-2-tc2/source
[INFO] started tweaking crates.io crate cory-core 0.1.2
[INFO] removed 0 missing tests
[INFO] finished tweaking crates.io crate cory-core 0.1.2
[INFO] tweaked toml for crates.io crate cory-core 0.1.2 written to /workspace/builds/worker-2-tc2/source/Cargo.toml
[INFO] validating manifest of crates.io crate cory-core 0.1.2 on toolchain 1.100.0-beta.1
[INFO] running `Command { std: CARGO_HOME="/workspace/cargo-home" RUSTUP_HOME="/workspace/rustup-home" "/workspace/cargo-home/bin/cargo" "+1.100.0-beta.1" "metadata" "--manifest-path" "Cargo.toml" "--no-deps", kill_on_drop: false }`
[INFO] crate crates.io crate cory-core 0.1.2 already has a lockfile, it will not be regenerated
[INFO] running `Command { std: CARGO_HOME="/workspace/cargo-home" RUSTUP_HOME="/workspace/rustup-home" "/workspace/cargo-home/bin/cargo" "+1.100.0-beta.1" "fetch" "--manifest-path" "Cargo.toml", kill_on_drop: false }`
[INFO] [stderr] warning: `package.homepage` is redundant with `package.repository`
[INFO] [stderr]   --> Cargo.toml:66:12
[INFO] [stderr]    |
[INFO] [stderr] 66 | homepage = "https://github.com/panon-btc/cory"
[INFO] [stderr]    |            ^^^^^^^^^^^^^^^^^^^^^^^^^^^^^^^^^^^
[INFO] [stderr] ...
[INFO] [stderr] 70 | repository = "https://github.com/panon-btc/cory"
[INFO] [stderr]    |              -----------------------------------
[INFO] [stderr]    |
[INFO] [stderr]    = note: `cargo::redundant_homepage` is set to `warn` by default
[INFO] [stderr] help: consider removing `package.homepage`
[INFO] [stderr] warning: `cory-core` (manifest) generated 1 warning
[INFO] running `Command { std: "docker" "create" "-v" "/var/lib/crater-agent-workspace/builds/worker-2-tc2/source:/opt/rustwide/workdir:ro,Z" "-v" "/var/lib/crater-agent-workspace/builds/worker-2-tc2/target:/opt/rustwide/target:rw,Z" "-v" "/var/lib/crater-agent-workspace/cargo-home:/opt/rustwide/cargo-home:ro,Z" "-v" "/var/lib/crater-agent-workspace/rustup-home:/opt/rustwide/rustup-home:ro,Z" "-m" "1610612736" "--network" "none" "ghcr.io/rust-lang/crates-build-env/linux@sha256:77db811e55d90add9212f6832c23229e3de5f1c1f9905e8cb07319ea15df73ac" "sleep" "infinity", kill_on_drop: false }`
[INFO] [stdout] e5c58195525ef14619ef7ac0c88f3b959090ac105a62e0e57a986af275779bf9
[INFO] running `Command { std: "docker" "start" "e5c58195525ef14619ef7ac0c88f3b959090ac105a62e0e57a986af275779bf9", kill_on_drop: false }`
[INFO] running `Command { std: "docker" "inspect" "e5c58195525ef14619ef7ac0c88f3b959090ac105a62e0e57a986af275779bf9", kill_on_drop: false }`
[INFO] running `Command { std: "docker" "exec" "-e" "SOURCE_DIR=/opt/rustwide/workdir" "-e" "CARGO_HOME=/opt/rustwide/cargo-home" "-e" "RUSTUP_HOME=/opt/rustwide/rustup-home" "-e" "CARGO_TARGET_DIR=/opt/rustwide/target" "-w" "/opt/rustwide/workdir" "--user" "0:0" "e5c58195525ef14619ef7ac0c88f3b959090ac105a62e0e57a986af275779bf9" "/opt/rustwide/cargo-home/bin/cargo" "+1.100.0-beta.1" "metadata" "--no-deps" "--format-version=1", kill_on_drop: false }`
[INFO] running `Command { std: "docker" "inspect" "e5c58195525ef14619ef7ac0c88f3b959090ac105a62e0e57a986af275779bf9", kill_on_drop: false }`
[INFO] running `Command { std: "docker" "exec" "-e" "SOURCE_DIR=/opt/rustwide/workdir" "-e" "CARGO_HOME=/opt/rustwide/cargo-home" "-e" "RUSTUP_HOME=/opt/rustwide/rustup-home" "-e" "CARGO_TARGET_DIR=/opt/rustwide/target" "-e" "CARGO_INCREMENTAL=0" "-e" "RUST_BACKTRACE=full" "-e" "RUSTFLAGS=--cap-lints=warn" "-e" "RUSTDOCFLAGS=--cap-lints=warn" "-w" "/opt/rustwide/workdir" "--user" "0:0" "e5c58195525ef14619ef7ac0c88f3b959090ac105a62e0e57a986af275779bf9" "/opt/rustwide/cargo-home/bin/cargo" "+1.100.0-beta.1" "build" "--frozen" "--message-format=json" "--release", kill_on_drop: false }`
[INFO] [stderr] warning: `package.homepage` is redundant with `package.repository`
[INFO] [stderr]   --> Cargo.toml:66:12
[INFO] [stderr]    |
[INFO] [stderr] 66 | homepage = "https://github.com/panon-btc/cory"
[INFO] [stderr]    |            ^^^^^^^^^^^^^^^^^^^^^^^^^^^^^^^^^^^
[INFO] [stderr] ...
[INFO] [stderr] 70 | repository = "https://github.com/panon-btc/cory"
[INFO] [stderr]    |              -----------------------------------
[INFO] [stderr]    |
[INFO] [stderr]    = note: `cargo::redundant_homepage` is set to `warn` by default
[INFO] [stderr] help: consider removing `package.homepage`
[INFO] [stderr] warning: `cory-core` (manifest) generated 1 warning
[INFO] [stderr]    Compiling quote v1.0.44
[INFO] [stderr]    Compiling libc v0.2.182
[INFO] [stderr]    Compiling cc v1.2.56
[INFO] [stderr]    Compiling litemap v0.8.1
[INFO] [stderr]    Compiling writeable v0.6.2
[INFO] [stderr]    Compiling icu_normalizer_data v2.1.1
[INFO] [stderr]    Compiling icu_properties_data v2.1.2
[INFO] [stderr]    Compiling serde v1.0.228
[INFO] [stderr]    Compiling hashbrown v0.16.1
[INFO] [stderr]    Compiling http v1.4.0
[INFO] [stderr]    Compiling zerocopy v0.8.39
[INFO] [stderr]    Compiling zeroize v1.8.2
[INFO] [stderr]    Compiling tracing-core v0.1.36
[INFO] [stderr]    Compiling bitcoin-io v0.1.4
[INFO] [stderr]    Compiling arrayvec v0.7.6
[INFO] [stderr]    Compiling rustls v0.23.36
[INFO] [stderr]    Compiling num-conv v0.2.0
[INFO] [stderr]    Compiling bitcoin-internals v0.3.0
[INFO] [stderr]    Compiling deranged v0.5.6
[INFO] [stderr]    Compiling hex-conservative v0.2.2
[INFO] [stderr]    Compiling time-macros v0.2.27
[INFO] [stderr]    Compiling rustls-pki-types v1.14.0
[INFO] [stderr]    Compiling cookie v0.18.1
[INFO] [stderr]    Compiling sync_wrapper v1.0.2
[INFO] [stderr]    Compiling psl-types v2.0.11
[INFO] [stderr]    Compiling serde_json v1.0.149
[INFO] [stderr]    Compiling raw-cpuid v11.6.0
[INFO] [stderr]    Compiling iri-string v0.7.10
[INFO] [stderr]    Compiling bitcoin v0.32.8
[INFO] [stderr]    Compiling syn v2.0.116
[INFO] [stderr]    Compiling hashbrown v0.14.5
[INFO] [stderr]    Compiling webpki-roots v1.0.6
[INFO] [stderr]    Compiling spinning_top v0.3.0
[INFO] [stderr]    Compiling bech32 v0.11.1
[INFO] [stderr]    Compiling futures-timer v3.0.3
[INFO] [stderr]    Compiling indexmap v2.13.0
[INFO] [stderr]    Compiling http-body v1.0.1
[INFO] [stderr]    Compiling http-body-util v0.1.3
[INFO] [stderr]    Compiling nonzero_ext v0.3.0
[INFO] [stderr]    Compiling lru v0.16.3
[INFO] [stderr]    Compiling time v0.3.47
[INFO] [stderr]    Compiling mio v1.1.1
[INFO] [stderr]    Compiling socket2 v0.6.2
[INFO] [stderr]    Compiling getrandom v0.2.17
[INFO] [stderr]    Compiling ring v0.17.14
[INFO] [stderr]    Compiling getrandom v0.3.4
[INFO] [stderr]    Compiling secp256k1-sys v0.10.1
[INFO] [stderr]    Compiling parking_lot_core v0.9.12
[INFO] [stderr]    Compiling rand_core v0.9.5
[INFO] [stderr]    Compiling parking_lot v0.12.5
[INFO] [stderr]    Compiling dashmap v6.1.0
[INFO] [stderr]    Compiling tokio v1.49.0
[INFO] [stderr]    Compiling quanta v0.12.6
[INFO] [stderr]    Compiling ppv-lite86 v0.2.21
[INFO] [stderr]    Compiling ahash v0.8.12
[INFO] [stderr]    Compiling synstructure v0.13.2
[INFO] [stderr]    Compiling rand_chacha v0.9.0
[INFO] [stderr]    Compiling quick_cache v0.6.18
[INFO] [stderr]    Compiling rand v0.9.2
[INFO] [stderr]    Compiling zerofrom-derive v0.1.6
[INFO] [stderr]    Compiling yoke-derive v0.8.1
[INFO] [stderr]    Compiling zerovec-derive v0.11.2
[INFO] [stderr]    Compiling displaydoc v0.2.5
[INFO] [stderr]    Compiling serde_derive v1.0.228
[INFO] [stderr]    Compiling futures-macro v0.3.32
[INFO] [stderr]    Compiling tracing-attributes v0.1.31
[INFO] [stderr]    Compiling thiserror-impl v2.0.18
[INFO] [stderr]    Compiling async-trait v0.1.89
[INFO] [stderr]    Compiling futures-util v0.3.32
[INFO] [stderr]    Compiling zerofrom v0.1.6
[INFO] [stderr]    Compiling yoke v0.8.1
[INFO] [stderr]    Compiling thiserror v2.0.18
[INFO] [stderr]    Compiling tracing v0.1.44
[INFO] [stderr]    Compiling zerotrie v0.2.3
[INFO] [stderr]    Compiling zerovec v0.11.5
[INFO] [stderr]    Compiling tinystr v0.8.2
[INFO] [stderr]    Compiling potential_utf v0.1.4
[INFO] [stderr]    Compiling icu_collections v2.1.1
[INFO] [stderr]    Compiling icu_locale_core v2.1.1
[INFO] [stderr]    Compiling tokio-util v0.7.18
[INFO] [stderr]    Compiling h2 v0.4.13
[INFO] [stderr]    Compiling icu_provider v2.1.1
[INFO] [stderr]    Compiling icu_properties v2.1.2
[INFO] [stderr]    Compiling icu_normalizer v2.1.1
[INFO] [stderr]    Compiling bitcoin_hashes v0.14.1
[INFO] [stderr]    Compiling serde_urlencoded v0.7.1
[INFO] [stderr]    Compiling bitcoin-units v0.1.2
[INFO] [stderr]    Compiling tower v0.5.3
[INFO] [stderr]    Compiling futures-executor v0.3.32
[INFO] [stderr]    Compiling governor v0.10.4
[INFO] [stderr]    Compiling futures v0.3.32
[INFO] [stderr]    Compiling idna_adapter v1.2.1
[INFO] [stderr]    Compiling idna v1.1.0
[INFO] [stderr]    Compiling base58ck v0.1.0
[INFO] [stderr]    Compiling secp256k1 v0.29.1
[INFO] [stderr]    Compiling tower-http v0.6.8
[INFO] [stderr]    Compiling publicsuffix v2.3.0
[INFO] [stderr]    Compiling url v2.5.8
[INFO] [stderr]    Compiling cookie_store v0.22.0
[INFO] [stderr]    Compiling hyper v1.8.1
[INFO] [stderr]    Compiling hyper-util v0.1.20
[INFO] [stderr]    Compiling rustls-webpki v0.103.9
[INFO] [stderr]    Compiling tokio-rustls v0.26.4
[INFO] [stderr]    Compiling hyper-rustls v0.27.7
[INFO] [stderr]    Compiling reqwest v0.12.28
[INFO] [stderr]    Compiling cory-core v0.1.2 (/opt/rustwide/workdir)
[INFO] [stderr]     Finished `release` profile [optimized] target(s) in 1m 47s
[INFO] running `Command { std: "docker" "inspect" "e5c58195525ef14619ef7ac0c88f3b959090ac105a62e0e57a986af275779bf9", kill_on_drop: false }`
[INFO] running `Command { std: "docker" "exec" "-e" "SOURCE_DIR=/opt/rustwide/workdir" "-e" "CARGO_HOME=/opt/rustwide/cargo-home" "-e" "RUSTUP_HOME=/opt/rustwide/rustup-home" "-e" "CARGO_TARGET_DIR=/opt/rustwide/target" "-e" "CARGO_INCREMENTAL=0" "-e" "RUST_BACKTRACE=full" "-e" "RUSTFLAGS=--cap-lints=warn" "-e" "RUSTDOCFLAGS=--cap-lints=warn" "-w" "/opt/rustwide/workdir" "--user" "0:0" "e5c58195525ef14619ef7ac0c88f3b959090ac105a62e0e57a986af275779bf9" "/opt/rustwide/cargo-home/bin/cargo" "+1.100.0-beta.1" "test" "--frozen" "--no-run" "--message-format=json" "--release", kill_on_drop: false }`
[INFO] [stderr] warning: `package.homepage` is redundant with `package.repository`
[INFO] [stderr]   --> Cargo.toml:66:12
[INFO] [stderr]    |
[INFO] [stderr] 66 | homepage = "https://github.com/panon-btc/cory"
[INFO] [stderr]    |            ^^^^^^^^^^^^^^^^^^^^^^^^^^^^^^^^^^^
[INFO] [stderr] ...
[INFO] [stderr] 70 | repository = "https://github.com/panon-btc/cory"
[INFO] [stderr]    |              -----------------------------------
[INFO] [stderr]    |
[INFO] [stderr]    = note: `cargo::redundant_homepage` is set to `warn` by default
[INFO] [stderr] help: consider removing `package.homepage`
[INFO] [stderr] warning: `cory-core` (manifest) generated 1 warning
[INFO] [stderr]    Compiling tokio-macros v2.6.0
[INFO] [stderr]    Compiling tracing v0.1.44
[INFO] [stderr]    Compiling regex-syntax v0.8.9
[INFO] [stderr]    Compiling cookie_store v0.22.0
[INFO] [stderr]    Compiling tokio v1.49.0
[INFO] [stderr]    Compiling regex-automata v0.4.14
[INFO] [stderr]    Compiling matchers v0.2.0
[INFO] [stderr]    Compiling tracing-subscriber v0.3.22
[INFO] [stderr]    Compiling tokio-util v0.7.18
[INFO] [stderr]    Compiling tower v0.5.3
[INFO] [stderr]    Compiling tokio-rustls v0.26.4
[INFO] [stderr]    Compiling tower-http v0.6.8
[INFO] [stderr]    Compiling h2 v0.4.13
[INFO] [stderr]    Compiling hyper v1.8.1
[INFO] [stderr]    Compiling hyper-util v0.1.20
[INFO] [stderr]    Compiling hyper-rustls v0.27.7
[INFO] [stderr]    Compiling reqwest v0.12.28
[INFO] [stderr]    Compiling cory-core v0.1.2 (/opt/rustwide/workdir)
[INFO] [stderr]     Finished `release` profile [optimized] target(s) in 1m 06s
[INFO] running `Command { std: "docker" "inspect" "e5c58195525ef14619ef7ac0c88f3b959090ac105a62e0e57a986af275779bf9", kill_on_drop: false }`
[INFO] running `Command { std: "docker" "exec" "-e" "SOURCE_DIR=/opt/rustwide/workdir" "-e" "CARGO_HOME=/opt/rustwide/cargo-home" "-e" "RUSTUP_HOME=/opt/rustwide/rustup-home" "-e" "CARGO_TARGET_DIR=/opt/rustwide/target" "-e" "CARGO_INCREMENTAL=0" "-e" "RUST_BACKTRACE=full" "-e" "RUSTFLAGS=--cap-lints=warn" "-e" "RUSTDOCFLAGS=--cap-lints=warn" "-w" "/opt/rustwide/workdir" "--user" "0:0" "e5c58195525ef14619ef7ac0c88f3b959090ac105a62e0e57a986af275779bf9" "/opt/rustwide/cargo-home/bin/cargo" "+1.100.0-beta.1" "test" "--frozen" "--release", kill_on_drop: false }`
[INFO] [stderr] warning: `package.homepage` is redundant with `package.repository`
[INFO] [stderr]   --> Cargo.toml:66:12
[INFO] [stderr]    |
[INFO] [stderr] 66 | homepage = "https://github.com/panon-btc/cory"
[INFO] [stderr]    |            ^^^^^^^^^^^^^^^^^^^^^^^^^^^^^^^^^^^
[INFO] [stderr] ...
[INFO] [stderr] 70 | repository = "https://github.com/panon-btc/cory"
[INFO] [stderr]    |              -----------------------------------
[INFO] [stderr]    |
[INFO] [stderr]    = note: `cargo::redundant_homepage` is set to `warn` by default
[INFO] [stderr] help: consider removing `package.homepage`
[INFO] [stderr] warning: `cory-core` (manifest) generated 1 warning
[INFO] [stderr]     Finished `release` profile [optimized] target(s) in 0.23s
[INFO] [stderr]      Running unittests src/lib.rs (/opt/rustwide/target/release/build/cory-core/9256630b472e85d2/out/cory_core-9256630b472e85d2)
[INFO] [stdout] 
[INFO] [stdout] running 69 tests
[INFO] [stdout] test enrich::tests::classify_anchor_script ... ok
[INFO] [stdout] test enrich::tests::classify_p2wpkh_script ... ok
[INFO] [stdout] test enrich::tests::derive_display_id_anchor ... ok
[INFO] [stdout] test enrich::tests::classify_p2pk_script ... ok
[INFO] [stdout] test enrich::tests::classify_p2tr_script ... ok
[INFO] [stdout] test enrich::tests::classify_unknown_script ... ok
[INFO] [stdout] test enrich::tests::derive_display_id_bare_multisig ... ok
[INFO] [stdout] test enrich::tests::compute_feerate_zero_vsize ... ok
[INFO] [stdout] test enrich::tests::compute_fee_basic ... ok
[INFO] [stdout] test cache::tests::cache_returns_inserted_tx ... ok
[INFO] [stdout] test enrich::tests::locktime_block_height ... ok
[INFO] [stdout] test cache::tests::cache_returns_none_for_unknown_txid ... ok
[INFO] [stdout] test cache::tests::prevout_cache_hit_and_miss ... ok
[INFO] [stdout] test enrich::tests::compute_fee_returns_none_for_coinbase ... ok
[INFO] [stdout] test enrich::tests::compute_fee_returns_none_when_input_value_missing ... ok
[INFO] [stdout] test graph::tests::dedup_shared_parent ... ok
[INFO] [stdout] test enrich::tests::derive_display_id_bare_multisig_2_of_3 ... ok
[INFO] [stdout] test enrich::tests::classify_op_return_script ... ok
[INFO] [stdout] test enrich::tests::derive_display_id_p2pk ... ok
[INFO] [stdout] test enrich::tests::locktime_zero_is_disabled ... ok
[INFO] [stdout] test graph::tests::edge_limit_truncates_without_partial_node_edges ... ok
[INFO] [stdout] test enrich::tests::locktime_inactive_when_all_sequences_final ... ok
[INFO] [stdout] test enrich::tests::no_rbf_signaling_when_sequence_is_final ... ok
[INFO] [stdout] test cache::tests::cache_evicts_lru_entry ... ok
[INFO] [stdout] test enrich::tests::locktime_timestamp ... ok
[INFO] [stdout] test enrich::tests::rbf_signaling_with_non_final_sequence ... ok
[INFO] [stdout] test graph::tests::three_node_chain ... ok
[INFO] [stdout] test graph::tests::node_limit_truncates ... ok
[INFO] [stdout] test graph::tests::depth_limit_truncates ... ok
[INFO] [stdout] test enrich::tests::compute_feerate_basic ... ok
[INFO] [stdout] test labels::store::tests::browser_file_lifecycle_and_export ... ok
[INFO] [stdout] test enrich::tests::no_rbf_signaling_when_sequence_is_opt_out ... ok
[INFO] [stdout] test enrich::tests::compute_fee_multiple_inputs_outputs ... ok
[INFO] [stdout] test labels::pack::tests::nested_label_file_id_preserves_folder_segments ... FAILED
[INFO] [stdout] test labels::pack::tests::persistent_rw_sets_source_path ... FAILED
[INFO] [stdout] test labels::store::tests::create_duplicate_file_fails ... ok
[INFO] [stdout] test labels::store::tests::set_label_with_empty_label_fails ... ok
[INFO] [stdout] test labels::store::tests::typed_lookup_ignores_other_label_types ... ok
[INFO] [stdout] test labels::store::tests::normalize_file_id_minimal ... ok
[INFO] [stdout] test labels::store::tests::set_label_with_empty_ref_fails ... ok
[INFO] [stdout] test labels::store::tests::remove_nonexistent_file_fails ... ok
[INFO] [stdout] test rpc::http_adapter::client::tests::normalize_getrawtransaction_other_server_error_preserved ... ok
[INFO] [stdout] test rpc::http_adapter::connection::tests::parse_connection_http_url ... ok
[INFO] [stdout] test labels::store::tests::create_file_with_empty_name_fails ... ok
[INFO] [stdout] test labels::store::tests::three_way_resolution_order ... ok
[INFO] [stdout] test rpc::http_adapter::connection::tests::resolve_auth_reads_cookie_file ... ok
[INFO] [stdout] test labels::store::tests::set_label_on_persistent_ro_returns_error ... ok
[INFO] [stdout] test labels::store::tests::export_nonexistent_file_fails ... ok
[INFO] [stdout] test rpc::http_adapter::client::tests::normalize_getrawtransaction_non_rpc_error_preserved ... ok
[INFO] [stdout] test rpc::http_adapter::connection::tests::parse_connection_invalid_scheme ... ok
[INFO] [stdout] test labels::store::tests::remove_persistent_rw_file_returns_not_browser_file ... ok
[INFO] [stdout] test rpc::http_adapter::client::tests::normalize_getrawtransaction_not_found_maps_to_typed_error ... ok
[INFO] [stdout] test rpc::http_adapter::connection::tests::resolve_auth_accepts_user_and_pass ... ok
[INFO] [stdout] test enrich::tests::derive_display_id_op_return_ascii ... ok
[INFO] [stdout] test rpc::http_adapter::connection::tests::resolve_auth_rejects_partial_credentials ... ok
[INFO] [stdout] test rpc::http_adapter::parsing::tests::parse_btc_amount_invalid ... ok
[INFO] [stdout] test rpc::http_adapter::parsing::tests::parse_btc_amount_scientific_string ... ok
[INFO] [stdout] test rpc::http_adapter::parsing::tests::parse_btc_amount_zero ... ok
[INFO] [stdout] test rpc::http_adapter::parsing::tests::parse_btc_amount_fractional ... ok
[INFO] [stdout] test rpc::http_adapter::protocol::tests::parse_batch_id_u64 ... ok
[INFO] [stdout] test rpc::http_adapter::parsing::tests::parse_btc_amount_integer ... ok
[INFO] [stdout] test rpc::http_adapter::parsing::tests::parse_btc_amount_string ... ok
[INFO] [stdout] test rpc::mock::tests::get_tx_outs_returns_batch_results ... ok
[INFO] [stdout] test rpc::http_adapter::parsing::tests::parse_btc_amount_scientific_number ... ok
[INFO] [stdout] test rpc::http_adapter::parsing::tests::parse_gettxout_result_null ... ok
[INFO] [stdout] test rpc::mock::tests::with_chain_info_overrides_defaults ... ok
[INFO] [stdout] test rpc::mock::tests::get_transactions_default_preserves_order ... ok
[INFO] [stdout] test rpc::http_adapter::protocol::tests::parse_batch_id_string ... ok
[INFO] [stdout] test rpc::http_adapter::protocol::tests::parse_batch_id_invalid ... ok
[INFO] [stdout] 
[INFO] [stdout] failures:
[INFO] [stdout] 
[INFO] [stdout] ---- labels::pack::tests::nested_label_file_id_preserves_folder_segments stdout ----
[INFO] [stdout] 
[INFO] [stdout] thread 'labels::pack::tests::nested_label_file_id_preserves_folder_segments' (2840) panicked at src/labels/pack.rs:110:42:
[INFO] [stdout] create nested test dir: Os { code: 30, kind: ReadOnlyFilesystem, message: "Read-only file system" }
[INFO] [stdout] stack backtrace:
[INFO] [stdout]    0:     0x63a9de56f4c1 - <<std[617be2ca0a6fd877]::sys::backtrace::BacktraceLock>::print::DisplayBacktrace as core[a373ad73a504971]::fmt::Display>::fmt
[INFO] [stdout]    1:     0x63a9de58470a - core[a373ad73a504971]::fmt::write
[INFO] [stdout]    2:     0x63a9de573a3c - <alloc[2e1b2a31b91974c5]::vec::Vec<u8> as core[a373ad73a504971]::io::write::Write>::write_fmt
[INFO] [stdout]    3:     0x63a9de549206 - std[617be2ca0a6fd877]::panicking::default_hook::{closure#0}
[INFO] [stdout]    4:     0x63a9de566ab9 - std[617be2ca0a6fd877]::panicking::default_hook
[INFO] [stdout]    5:     0x63a9de4b3620 - test[aada8e7e76ba119b]::test_main_inner::{closure#0}
[INFO] [stdout]    6:     0x63a9de566c72 - std[617be2ca0a6fd877]::panicking::panic_with_hook
[INFO] [stdout]    7:     0x63a9de5492b2 - std[617be2ca0a6fd877]::panicking::panic_handler::{closure#0}
[INFO] [stdout]    8:     0x63a9de541c79 - std[617be2ca0a6fd877]::sys::backtrace::__rust_end_short_backtrace::<std[617be2ca0a6fd877]::panicking::panic_handler::{closure#0}, !>
[INFO] [stdout]    9:     0x63a9de549ebd - __rustc[ea4f61d10b84890b]::rust_begin_unwind
[INFO] [stdout]   10:     0x63a9de584e6c - core[a373ad73a504971]::panicking::panic_fmt
[INFO] [stdout]   11:     0x63a9de584c42 - core[a373ad73a504971]::result::unwrap_failed
[INFO] [stdout]   12:     0x63a9de4775a1 - <cory_core[d1cd89088b71d6a0]::labels::pack::tests::nested_label_file_id_preserves_folder_segments::{closure#0} as core[a373ad73a504971]::ops::function::FnOnce<()>>::call_once
[INFO] [stdout]   13:     0x63a9de4a6a6b - test[aada8e7e76ba119b]::__rust_begin_short_backtrace::<core[a373ad73a504971]::result::Result<(), alloc[2e1b2a31b91974c5]::string::String>, fn() -> core[a373ad73a504971]::result::Result<(), alloc[2e1b2a31b91974c5]::string::String>>
[INFO] [stdout]   14:     0x63a9de4b3c45 - test[aada8e7e76ba119b]::run_test::{closure#0}
[INFO] [stdout]   15:     0x63a9de4ad534 - std[617be2ca0a6fd877]::sys::backtrace::__rust_begin_short_backtrace::<test[aada8e7e76ba119b]::run_test::{closure#1}, ()>
[INFO] [stdout]   16:     0x63a9de4b6cd2 - <std[617be2ca0a6fd877]::thread::lifecycle::spawn_unchecked<test[aada8e7e76ba119b]::run_test::{closure#1}, ()>::{closure#1} as core[a373ad73a504971]::ops::function::FnOnce<()>>::call_once::{shim:vtable#0}
[INFO] [stdout]   17:     0x63a9de56e7af - <std[617be2ca0a6fd877]::sys::thread::unix::Thread>::new::thread_start
[INFO] [stdout]   18:     0x7d9042227dfa - <unknown>
[INFO] [stdout]   19:     0x7d90422bb3d4 - clone
[INFO] [stdout]   20:                0x0 - <unknown>
[INFO] [stdout] 
[INFO] [stdout] ---- labels::pack::tests::persistent_rw_sets_source_path stdout ----
[INFO] [stdout] 
[INFO] [stdout] thread 'labels::pack::tests::persistent_rw_sets_source_path' (2841) panicked at src/labels/pack.rs:146:40:
[INFO] [stdout] create test dir: Os { code: 30, kind: ReadOnlyFilesystem, message: "Read-only file system" }
[INFO] [stdout] stack backtrace:
[INFO] [stdout]    0:     0x63a9de56f4c1 - <<std[617be2ca0a6fd877]::sys::backtrace::BacktraceLock>::print::DisplayBacktrace as core[a373ad73a504971]::fmt::Display>::fmt
[INFO] [stdout]    1:     0x63a9de58470a - core[a373ad73a504971]::fmt::write
[INFO] [stdout]    2:     0x63a9de573a3c - <alloc[2e1b2a31b91974c5]::vec::Vec<u8> as core[a373ad73a504971]::io::write::Write>::write_fmt
[INFO] [stdout]    3:     0x63a9de549206 - std[617be2ca0a6fd877]::panicking::default_hook::{closure#0}
[INFO] [stdout]    4:     0x63a9de566ab9 - std[617be2ca0a6fd877]::panicking::default_hook
[INFO] [stdout]    5:     0x63a9de4b3620 - test[aada8e7e76ba119b]::test_main_inner::{closure#0}
[INFO] [stdout]    6:     0x63a9de566c72 - std[617be2ca0a6fd877]::panicking::panic_with_hook
[INFO] [stdout]    7:     0x63a9de5492b2 - std[617be2ca0a6fd877]::panicking::panic_handler::{closure#0}
[INFO] [stdout]    8:     0x63a9de541c79 - std[617be2ca0a6fd877]::sys::backtrace::__rust_end_short_backtrace::<std[617be2ca0a6fd877]::panicking::panic_handler::{closure#0}, !>
[INFO] [stdout]    9:     0x63a9de549ebd - __rustc[ea4f61d10b84890b]::rust_begin_unwind
[INFO] [stdout]   10:     0x63a9de584e6c - core[a373ad73a504971]::panicking::panic_fmt
[INFO] [stdout]   11:     0x63a9de584c42 - core[a373ad73a504971]::result::unwrap_failed
[INFO] [stdout]   12:     0x63a9de476e13 - <cory_core[d1cd89088b71d6a0]::labels::pack::tests::persistent_rw_sets_source_path::{closure#0} as core[a373ad73a504971]::ops::function::FnOnce<()>>::call_once
[INFO] [stdout]   13:     0x63a9de4a6a6b - test[aada8e7e76ba119b]::__rust_begin_short_backtrace::<core[a373ad73a504971]::result::Result<(), alloc[2e1b2a31b91974c5]::string::String>, fn() -> core[a373ad73a504971]::result::Result<(), alloc[2e1b2a31b91974c5]::string::String>>
[INFO] [stdout]   14:     0x63a9de4b3c45 - test[aada8e7e76ba119b]::run_test::{closure#0}
[INFO] [stdout]   15:     0x63a9de4ad534 - std[617be2ca0a6fd877]::sys::backtrace::__rust_begin_short_backtrace::<test[aada8e7e76ba119b]::run_test::{closure#1}, ()>
[INFO] [stdout]   16:     0x63a9de4b6cd2 - <std[617be2ca0a6fd877]::thread::lifecycle::spawn_unchecked<test[aada8e7e76ba119b]::run_test::{closure#1}, ()>::{closure#1} as core[a373ad73a504971]::ops::function::FnOnce<()>>::call_once::{shim:vtable#0}
[INFO] [stdout]   17:     0x63a9de56e7af - <std[617be2ca0a6fd877]::sys::thread::unix::Thread>::new::thread_start
[INFO] [stdout]   18:     0x7d9042227dfa - <unknown>
[INFO] [stdout]   19:     0x7d90422bb3d4 - clone
[INFO] [stdout]   20:                0x0 - <unknown>
[INFO] [stdout] 
[INFO] [stdout] 
[INFO] [stdout] failures:
[INFO] [stdout]     labels::pack::tests::nested_label_file_id_preserves_folder_segments
[INFO] [stdout]     labels::pack::tests::persistent_rw_sets_source_path
[INFO] [stdout] 
[INFO] [stdout] test result: FAILED. 67 passed; 2 failed; 0 ignored; 0 measured; 0 filtered out; finished in 0.02s
[INFO] [stdout] 
[INFO] [stderr] error: test failed, to rerun pass `--lib`
[INFO] running `Command { std: "docker" "inspect" "e5c58195525ef14619ef7ac0c88f3b959090ac105a62e0e57a986af275779bf9", kill_on_drop: false }`
[INFO] running `Command { std: "docker" "rm" "-f" "e5c58195525ef14619ef7ac0c88f3b959090ac105a62e0e57a986af275779bf9", kill_on_drop: false }`
[INFO] [stdout] e5c58195525ef14619ef7ac0c88f3b959090ac105a62e0e57a986af275779bf9
