[INFO] fetching crate corvo-client 0.3.0...
[INFO] testing corvo-client-0.3.0 against 1.99.0-beta.8+cargoflags=--release for beta-release-1.100-2
[INFO] extracting crate corvo-client 0.3.0 into /workspace/builds/worker-3-tc1/source
[INFO] started tweaking crates.io crate corvo-client 0.3.0
[INFO] removed 0 missing tests
[INFO] finished tweaking crates.io crate corvo-client 0.3.0
[INFO] tweaked toml for crates.io crate corvo-client 0.3.0 written to /workspace/builds/worker-3-tc1/source/Cargo.toml
[INFO] validating manifest of crates.io crate corvo-client 0.3.0 on toolchain 1.99.0-beta.8
[INFO] running `Command { std: CARGO_HOME="/workspace/cargo-home" RUSTUP_HOME="/workspace/rustup-home" "/workspace/cargo-home/bin/cargo" "+1.99.0-beta.8" "metadata" "--manifest-path" "Cargo.toml" "--no-deps", kill_on_drop: false }`
[INFO] crate crates.io crate corvo-client 0.3.0 already has a lockfile, it will not be regenerated
[INFO] running `Command { std: CARGO_HOME="/workspace/cargo-home" RUSTUP_HOME="/workspace/rustup-home" "/workspace/cargo-home/bin/cargo" "+1.99.0-beta.8" "fetch" "--manifest-path" "Cargo.toml", kill_on_drop: false }`
[INFO] [stderr]  Downloading crates ...
[INFO] [stderr]   Downloaded wasm-bindgen-shared v0.2.110
[INFO] [stderr]   Downloaded wasm-bindgen-macro-support v0.2.110
[INFO] [stderr]   Downloaded wasm-bindgen v0.2.110
[INFO] [stderr]   Downloaded wasm-bindgen-macro v0.2.110
[INFO] [stderr]   Downloaded wasm-bindgen-futures v0.4.60
[INFO] [stderr]   Downloaded js-sys v0.3.87
[INFO] [stderr]   Downloaded web-sys v0.3.87
[INFO] running `Command { std: "docker" "create" "-v" "/var/lib/crater-agent-workspace/builds/worker-3-tc1/source:/opt/rustwide/workdir:ro,Z" "-v" "/var/lib/crater-agent-workspace/builds/worker-3-tc1/target:/opt/rustwide/target:rw,Z" "-v" "/var/lib/crater-agent-workspace/cargo-home:/opt/rustwide/cargo-home:ro,Z" "-v" "/var/lib/crater-agent-workspace/rustup-home:/opt/rustwide/rustup-home:ro,Z" "-m" "1610612736" "--network" "none" "ghcr.io/rust-lang/crates-build-env/linux@sha256:77db811e55d90add9212f6832c23229e3de5f1c1f9905e8cb07319ea15df73ac" "sleep" "infinity", kill_on_drop: false }`
[INFO] [stdout] 8073ae04b115f5540bf6503e1a9e85324c523ade3de5009a2f5085b777d753f6
[INFO] running `Command { std: "docker" "start" "8073ae04b115f5540bf6503e1a9e85324c523ade3de5009a2f5085b777d753f6", kill_on_drop: false }`
[INFO] running `Command { std: "docker" "inspect" "8073ae04b115f5540bf6503e1a9e85324c523ade3de5009a2f5085b777d753f6", kill_on_drop: false }`
[INFO] running `Command { std: "docker" "exec" "-e" "SOURCE_DIR=/opt/rustwide/workdir" "-e" "CARGO_HOME=/opt/rustwide/cargo-home" "-e" "RUSTUP_HOME=/opt/rustwide/rustup-home" "-e" "CARGO_TARGET_DIR=/opt/rustwide/target" "-w" "/opt/rustwide/workdir" "--user" "0:0" "8073ae04b115f5540bf6503e1a9e85324c523ade3de5009a2f5085b777d753f6" "/opt/rustwide/cargo-home/bin/cargo" "+1.99.0-beta.8" "metadata" "--no-deps" "--format-version=1", kill_on_drop: false }`
[INFO] running `Command { std: "docker" "inspect" "8073ae04b115f5540bf6503e1a9e85324c523ade3de5009a2f5085b777d753f6", kill_on_drop: false }`
[INFO] running `Command { std: "docker" "exec" "-e" "SOURCE_DIR=/opt/rustwide/workdir" "-e" "CARGO_HOME=/opt/rustwide/cargo-home" "-e" "RUSTUP_HOME=/opt/rustwide/rustup-home" "-e" "CARGO_TARGET_DIR=/opt/rustwide/target" "-e" "CARGO_INCREMENTAL=0" "-e" "RUST_BACKTRACE=full" "-e" "RUSTFLAGS=--cap-lints=warn" "-e" "RUSTDOCFLAGS=--cap-lints=warn" "-w" "/opt/rustwide/workdir" "--user" "0:0" "8073ae04b115f5540bf6503e1a9e85324c523ade3de5009a2f5085b777d753f6" "/opt/rustwide/cargo-home/bin/cargo" "+1.99.0-beta.8" "build" "--frozen" "--message-format=json" "--release", kill_on_drop: false }`
[INFO] [stderr]    Compiling either v1.15.0
[INFO] [stderr]    Compiling tracing-core v0.1.36
[INFO] [stderr]    Compiling anyhow v1.0.102
[INFO] [stderr]    Compiling openssl-sys v0.9.111
[INFO] [stderr]    Compiling getrandom v0.2.17
[INFO] [stderr]    Compiling tokio v1.49.0
[INFO] [stderr]    Compiling futures-util v0.3.32
[INFO] [stderr]    Compiling regex-syntax v0.8.9
[INFO] [stderr]    Compiling prettyplease v0.2.37
[INFO] [stderr]    Compiling bytes v1.11.1
[INFO] [stderr]    Compiling openssl v0.10.75
[INFO] [stderr]    Compiling openssl-macros v0.1.1
[INFO] [stderr]    Compiling http-body-util v0.1.3
[INFO] [stderr]    Compiling rustls v0.23.36
[INFO] [stderr]    Compiling fixedbitset v0.5.7
[INFO] [stderr]    Compiling indexmap v1.9.3
[INFO] [stderr]    Compiling serde v1.0.228
[INFO] [stderr]    Compiling multimap v0.10.1
[INFO] [stderr]    Compiling ring v0.17.14
[INFO] [stderr]    Compiling rand_core v0.6.4
[INFO] [stderr]    Compiling pin-project-internal v1.1.10
[INFO] [stderr]    Compiling petgraph v0.7.1
[INFO] [stderr]    Compiling itertools v0.14.0
[INFO] [stderr]    Compiling async-stream-impl v0.3.6
[INFO] [stderr]    Compiling matchit v0.7.3
[INFO] [stderr]    Compiling native-tls v0.2.18
[INFO] [stderr]    Compiling rand_chacha v0.3.1
[INFO] [stderr]    Compiling serde_json v1.0.149
[INFO] [stderr]    Compiling tracing v0.1.44
[INFO] [stderr]    Compiling async-stream v0.3.6
[INFO] [stderr]    Compiling rand v0.8.5
[INFO] [stderr]    Compiling serde_urlencoded v0.7.1
[INFO] [stderr]    Compiling socket2 v0.5.10
[INFO] [stderr]    Compiling pin-project v1.1.10
[INFO] [stderr]    Compiling regex-automata v0.4.14
[INFO] [stderr]    Compiling prost-derive v0.13.5
[INFO] [stderr]    Compiling prost v0.13.5
[INFO] [stderr]    Compiling rustls-webpki v0.103.9
[INFO] [stderr]    Compiling prost-types v0.13.5
[INFO] [stderr]    Compiling regex v1.12.3
[INFO] [stderr]    Compiling axum-core v0.4.5
[INFO] [stderr]    Compiling futures-executor v0.3.32
[INFO] [stderr]    Compiling futures v0.3.32
[INFO] [stderr]    Compiling prost-build v0.13.5
[INFO] [stderr]    Compiling tonic-build v0.12.3
[INFO] [stderr]    Compiling tokio-util v0.7.18
[INFO] [stderr]    Compiling tower v0.5.3
[INFO] [stderr]    Compiling tokio-native-tls v0.3.1
[INFO] [stderr]    Compiling tokio-stream v0.1.18
[INFO] [stderr]    Compiling corvo-client v0.3.0 (/opt/rustwide/workdir)
[INFO] [stderr]    Compiling axum v0.7.9
[INFO] [stderr]    Compiling tower-http v0.6.8
[INFO] [stderr]    Compiling h2 v0.4.13
[INFO] [stderr]    Compiling tower v0.4.13
[INFO] [stderr]    Compiling tokio-rustls v0.26.4
[INFO] [stderr]    Compiling hyper v1.8.1
[INFO] [stderr]    Compiling hyper-util v0.1.20
[INFO] [stderr]    Compiling hyper-rustls v0.27.7
[INFO] [stderr]    Compiling hyper-tls v0.6.0
[INFO] [stderr]    Compiling hyper-timeout v0.5.2
[INFO] [stderr]    Compiling tonic v0.12.3
[INFO] [stderr]    Compiling reqwest v0.12.28
[INFO] [stderr]     Finished `release` profile [optimized] target(s) in 1m 37s
[INFO] running `Command { std: "docker" "inspect" "8073ae04b115f5540bf6503e1a9e85324c523ade3de5009a2f5085b777d753f6", kill_on_drop: false }`
[INFO] running `Command { std: "docker" "exec" "-e" "SOURCE_DIR=/opt/rustwide/workdir" "-e" "CARGO_HOME=/opt/rustwide/cargo-home" "-e" "RUSTUP_HOME=/opt/rustwide/rustup-home" "-e" "CARGO_TARGET_DIR=/opt/rustwide/target" "-e" "CARGO_INCREMENTAL=0" "-e" "RUST_BACKTRACE=full" "-e" "RUSTFLAGS=--cap-lints=warn" "-e" "RUSTDOCFLAGS=--cap-lints=warn" "-w" "/opt/rustwide/workdir" "--user" "0:0" "8073ae04b115f5540bf6503e1a9e85324c523ade3de5009a2f5085b777d753f6" "/opt/rustwide/cargo-home/bin/cargo" "+1.99.0-beta.8" "test" "--frozen" "--no-run" "--message-format=json" "--release", kill_on_drop: false }`
[INFO] [stderr]    Compiling corvo-client v0.3.0 (/opt/rustwide/workdir)
[INFO] [stderr]     Finished `release` profile [optimized] target(s) in 8.17s
[INFO] running `Command { std: "docker" "inspect" "8073ae04b115f5540bf6503e1a9e85324c523ade3de5009a2f5085b777d753f6", kill_on_drop: false }`
[INFO] running `Command { std: "docker" "exec" "-e" "SOURCE_DIR=/opt/rustwide/workdir" "-e" "CARGO_HOME=/opt/rustwide/cargo-home" "-e" "RUSTUP_HOME=/opt/rustwide/rustup-home" "-e" "CARGO_TARGET_DIR=/opt/rustwide/target" "-e" "CARGO_INCREMENTAL=0" "-e" "RUST_BACKTRACE=full" "-e" "RUSTFLAGS=--cap-lints=warn" "-e" "RUSTDOCFLAGS=--cap-lints=warn" "-w" "/opt/rustwide/workdir" "--user" "0:0" "8073ae04b115f5540bf6503e1a9e85324c523ade3de5009a2f5085b777d753f6" "/opt/rustwide/cargo-home/bin/cargo" "+1.99.0-beta.8" "test" "--frozen" "--release", kill_on_drop: false }`
[INFO] [stderr]    Compiling corvo-client v0.3.0 (/opt/rustwide/workdir)
[INFO] [stderr]     Finished `release` profile [optimized] target(s) in 6.71s
[INFO] [stderr]      Running unittests src/lib.rs (/opt/rustwide/target/release/deps/corvo_client-e973481cfc2f9665)
[INFO] [stderr]      Running tests/integration.rs (/opt/rustwide/target/release/deps/integration-d2def7129e52f7b4)
[INFO] [stdout] 
[INFO] [stdout] running 0 tests
[INFO] [stdout] 
[INFO] [stdout] test result: ok. 0 passed; 0 failed; 0 ignored; 0 measured; 0 filtered out; finished in 0.00s
[INFO] [stdout] 
[INFO] [stdout] 
[INFO] [stdout] running 5 tests
[INFO] [stdout] test test_enqueue_options ... FAILED
[INFO] [stdout] test test_job_lifecycle ... FAILED
[INFO] [stdout] test test_fail_and_retry ... FAILED
[INFO] [stdout] test test_batch_enqueue ... FAILED
[INFO] [stdout] test test_search ... FAILED
[INFO] [stdout] 
[INFO] [stdout] failures:
[INFO] [stdout] 
[INFO] [stdout] ---- test_enqueue_options stdout ----
[INFO] [stdout] 
[INFO] [stdout] thread 'test_enqueue_options' (1501) panicked at tests/integration.rs:54:10:
[INFO] [stdout] enqueue failed: Http(reqwest::Error { kind: Request, url: "http://localhost:8080/api/v1/enqueue", source: hyper_util::client::legacy::Error(Connect, ConnectError("tcp connect error", 127.0.0.1:8080, Os { code: 111, kind: ConnectionRefused, message: "Connection refused" })) })
[INFO] [stdout] stack backtrace:
[INFO] [stdout]    0:     0x5bdb51cdeb71 - <<std[70759c8f55707aa4]::sys::backtrace::BacktraceLock>::print::DisplayBacktrace as core[df12db4294e9bfd3]::fmt::Display>::fmt
[INFO] [stdout]    1:     0x5bdb51cf4f2a - core[df12db4294e9bfd3]::fmt::write
[INFO] [stdout]    2:     0x5bdb51ce372c - <alloc[2182bb758b4b3781]::vec::Vec<u8> as core[df12db4294e9bfd3]::io::write::Write>::write_fmt
[INFO] [stdout]    3:     0x5bdb51cb9da6 - std[70759c8f55707aa4]::panicking::default_hook::{closure#0}
[INFO] [stdout]    4:     0x5bdb51cd6a79 - std[70759c8f55707aa4]::panicking::default_hook
[INFO] [stdout]    5:     0x5bdb51a19a20 - test[9d35eded1c95d3be]::test_main_inner::<test[9d35eded1c95d3be]::test_main_static::{closure#0}>::{closure#0}
[INFO] [stdout]    6:     0x5bdb51cd6da2 - std[70759c8f55707aa4]::panicking::panic_with_hook
[INFO] [stdout]    7:     0x5bdb51cb9e52 - std[70759c8f55707aa4]::panicking::panic_handler::{closure#0}
[INFO] [stdout]    8:     0x5bdb51cb2af9 - std[70759c8f55707aa4]::sys::backtrace::__rust_end_short_backtrace::<std[70759c8f55707aa4]::panicking::panic_handler::{closure#0}, !>
[INFO] [stdout]    9:     0x5bdb51cbac3d - __rustc[8fa7c3cbc660c2b3]::rust_begin_unwind
[INFO] [stdout]   10:     0x5bdb51cf568c - core[df12db4294e9bfd3]::panicking::panic_fmt
[INFO] [stdout]   11:     0x5bdb51cf5462 - core[df12db4294e9bfd3]::result::unwrap_failed
[INFO] [stdout]   12:     0x5bdb519ec2fa - integration[2ca1b94642c36dcd]::test_enqueue_options::{closure#0}
[INFO] [stdout]   13:     0x5bdb51a0bea3 - <tokio[7931b4eabcf21f8d]::runtime::scheduler::current_thread::Context>::enter::<core[df12db4294e9bfd3]::task::poll::Poll<()>, <tokio[7931b4eabcf21f8d]::runtime::scheduler::current_thread::CoreGuard>::block_on<core[df12db4294e9bfd3]::pin::Pin<&mut core[df12db4294e9bfd3]::pin::Pin<&mut dyn core[df12db4294e9bfd3]::future::future::Future<Output = ()>>>>::{closure#0}::{closure#0}>
[INFO] [stdout]   14:     0x5bdb51a043bc - <tokio[7931b4eabcf21f8d]::runtime::context::scoped::Scoped<tokio[7931b4eabcf21f8d]::runtime::scheduler::Context>>::set::<<tokio[7931b4eabcf21f8d]::runtime::scheduler::current_thread::CoreGuard>::enter<<tokio[7931b4eabcf21f8d]::runtime::scheduler::current_thread::CoreGuard>::block_on<core[df12db4294e9bfd3]::pin::Pin<&mut core[df12db4294e9bfd3]::pin::Pin<&mut dyn core[df12db4294e9bfd3]::future::future::Future<Output = ()>>>>::{closure#0}, core[df12db4294e9bfd3]::option::Option<()>>::{closure#0}, (alloc[2182bb758b4b3781]::boxed::Box<tokio[7931b4eabcf21f8d]::runtime::scheduler::current_thread::Core>, core[df12db4294e9bfd3]::option::Option<()>)>
[INFO] [stdout]   15:     0x5bdb51a0bb8f - <tokio[7931b4eabcf21f8d]::runtime::scheduler::current_thread::CurrentThread>::block_on::<core[df12db4294e9bfd3]::pin::Pin<&mut dyn core[df12db4294e9bfd3]::future::future::Future<Output = ()>>>
[INFO] [stdout]   16:     0x5bdb519fe482 - <tokio[7931b4eabcf21f8d]::runtime::runtime::Runtime>::block_on::<core[df12db4294e9bfd3]::pin::Pin<&mut dyn core[df12db4294e9bfd3]::future::future::Future<Output = ()>>>
[INFO] [stdout]   17:     0x5bdb519f429e - <integration[2ca1b94642c36dcd]::test_enqueue_options::{closure#0} as core[df12db4294e9bfd3]::ops::function::FnOnce<()>>::call_once
[INFO] [stdout]   18:     0x5bdb51a0cd0b - test[9d35eded1c95d3be]::__rust_begin_short_backtrace::<core[df12db4294e9bfd3]::result::Result<(), alloc[2182bb758b4b3781]::string::String>, fn() -> core[df12db4294e9bfd3]::result::Result<(), alloc[2182bb758b4b3781]::string::String>>
[INFO] [stdout]   19:     0x5bdb51a1a375 - test[9d35eded1c95d3be]::run_test::{closure#0}
[INFO] [stdout]   20:     0x5bdb51a13c34 - std[70759c8f55707aa4]::sys::backtrace::__rust_begin_short_backtrace::<test[9d35eded1c95d3be]::run_test::{closure#1}, ()>
[INFO] [stdout]   21:     0x5bdb51a1d4d2 - <std[70759c8f55707aa4]::thread::lifecycle::spawn_unchecked<test[9d35eded1c95d3be]::run_test::{closure#1}, ()>::{closure#1} as core[df12db4294e9bfd3]::ops::function::FnOnce<()>>::call_once::{shim:vtable#0}
[INFO] [stdout]   22:     0x5bdb51cde099 - <std[70759c8f55707aa4]::sys::thread::unix::Thread>::new::thread_start
[INFO] [stdout]   23:     0x7764577e8dfa - <unknown>
[INFO] [stdout]   24:     0x77645787c3d4 - clone
[INFO] [stdout]   25:                0x0 - <unknown>
[INFO] [stdout] 
[INFO] [stdout] ---- test_job_lifecycle stdout ----
[INFO] [stdout] 
[INFO] [stdout] thread 'test_job_lifecycle' (1503) panicked at tests/integration.rs:21:10:
[INFO] [stdout] enqueue failed: Http(reqwest::Error { kind: Request, url: "http://localhost:8080/api/v1/enqueue", source: hyper_util::client::legacy::Error(Connect, ConnectError("tcp connect error", 127.0.0.1:8080, Os { code: 111, kind: ConnectionRefused, message: "Connection refused" })) })
[INFO] [stdout] stack backtrace:
[INFO] [stdout]    0:     0x5bdb51cdeb71 - <<std[70759c8f55707aa4]::sys::backtrace::BacktraceLock>::print::DisplayBacktrace as core[df12db4294e9bfd3]::fmt::Display>::fmt
[INFO] [stdout]    1:     0x5bdb51cf4f2a - core[df12db4294e9bfd3]::fmt::write
[INFO] [stdout]    2:     0x5bdb51ce372c - <alloc[2182bb758b4b3781]::vec::Vec<u8> as core[df12db4294e9bfd3]::io::write::Write>::write_fmt
[INFO] [stdout]    3:     0x5bdb51cb9da6 - std[70759c8f55707aa4]::panicking::default_hook::{closure#0}
[INFO] [stdout]    4:     0x5bdb51cd6a79 - std[70759c8f55707aa4]::panicking::default_hook
[INFO] [stdout]    5:     0x5bdb51a19a20 - test[9d35eded1c95d3be]::test_main_inner::<test[9d35eded1c95d3be]::test_main_static::{closure#0}>::{closure#0}
[INFO] [stdout]    6:     0x5bdb51cd6da2 - std[70759c8f55707aa4]::panicking::panic_with_hook
[INFO] [stdout]    7:     0x5bdb51cb9e52 - std[70759c8f55707aa4]::panicking::panic_handler::{closure#0}
[INFO] [stdout]    8:     0x5bdb51cb2af9 - std[70759c8f55707aa4]::sys::backtrace::__rust_end_short_backtrace::<std[70759c8f55707aa4]::panicking::panic_handler::{closure#0}, !>
[INFO] [stdout]    9:     0x5bdb51cbac3d - __rustc[8fa7c3cbc660c2b3]::rust_begin_unwind
[INFO] [stdout]   10:     0x5bdb51cf568c - core[df12db4294e9bfd3]::panicking::panic_fmt
[INFO] [stdout]   11:     0x5bdb51cf5462 - core[df12db4294e9bfd3]::result::unwrap_failed
[INFO] [stdout]   12:     0x5bdb519e85a3 - integration[2ca1b94642c36dcd]::test_job_lifecycle::{closure#0}
[INFO] [stdout]   13:     0x5bdb51a0bea3 - <tokio[7931b4eabcf21f8d]::runtime::scheduler::current_thread::Context>::enter::<core[df12db4294e9bfd3]::task::poll::Poll<()>, <tokio[7931b4eabcf21f8d]::runtime::scheduler::current_thread::CoreGuard>::block_on<core[df12db4294e9bfd3]::pin::Pin<&mut core[df12db4294e9bfd3]::pin::Pin<&mut dyn core[df12db4294e9bfd3]::future::future::Future<Output = ()>>>>::{closure#0}::{closure#0}>
[INFO] [stdout]   14:     0x5bdb51a043bc - <tokio[7931b4eabcf21f8d]::runtime::context::scoped::Scoped<tokio[7931b4eabcf21f8d]::runtime::scheduler::Context>>::set::<<tokio[7931b4eabcf21f8d]::runtime::scheduler::current_thread::CoreGuard>::enter<<tokio[7931b4eabcf21f8d]::runtime::scheduler::current_thread::CoreGuard>::block_on<core[df12db4294e9bfd3]::pin::Pin<&mut core[df12db4294e9bfd3]::pin::Pin<&mut dyn core[df12db4294e9bfd3]::future::future::Future<Output = ()>>>>::{closure#0}, core[df12db4294e9bfd3]::option::Option<()>>::{closure#0}, (alloc[2182bb758b4b3781]::boxed::Box<tokio[7931b4eabcf21f8d]::runtime::scheduler::current_thread::Core>, core[df12db4294e9bfd3]::option::Option<()>)>
[INFO] [stdout]   15:     0x5bdb51a0bb8f - <tokio[7931b4eabcf21f8d]::runtime::scheduler::current_thread::CurrentThread>::block_on::<core[df12db4294e9bfd3]::pin::Pin<&mut dyn core[df12db4294e9bfd3]::future::future::Future<Output = ()>>>
[INFO] [stdout]   16:     0x5bdb519fe482 - <tokio[7931b4eabcf21f8d]::runtime::runtime::Runtime>::block_on::<core[df12db4294e9bfd3]::pin::Pin<&mut dyn core[df12db4294e9bfd3]::future::future::Future<Output = ()>>>
[INFO] [stdout]   17:     0x5bdb519f3fde - <integration[2ca1b94642c36dcd]::test_job_lifecycle::{closure#0} as core[df12db4294e9bfd3]::ops::function::FnOnce<()>>::call_once
[INFO] [stdout]   18:     0x5bdb51a0cd0b - test[9d35eded1c95d3be]::__rust_begin_short_backtrace::<core[df12db4294e9bfd3]::result::Result<(), alloc[2182bb758b4b3781]::string::String>, fn() -> core[df12db4294e9bfd3]::result::Result<(), alloc[2182bb758b4b3781]::string::String>>
[INFO] [stdout]   19:     0x5bdb51a1a375 - test[9d35eded1c95d3be]::run_test::{closure#0}
[INFO] [stdout]   20:     0x5bdb51a13c34 - std[70759c8f55707aa4]::sys::backtrace::__rust_begin_short_backtrace::<test[9d35eded1c95d3be]::run_test::{closure#1}, ()>
[INFO] [stdout]   21:     0x5bdb51a1d4d2 - <std[70759c8f55707aa4]::thread::lifecycle::spawn_unchecked<test[9d35eded1c95d3be]::run_test::{closure#1}, ()>::{closure#1} as core[df12db4294e9bfd3]::ops::function::FnOnce<()>>::call_once::{shim:vtable#0}
[INFO] [stdout]   22:     0x5bdb51cde099 - <std[70759c8f55707aa4]::sys::thread::unix::Thread>::new::thread_start
[INFO] [stdout]   23:     0x7764577e8dfa - <unknown>
[INFO] [stdout]   24:     0x77645787c3d4 - clone
[INFO] [stdout]   25:                0x0 - <unknown>
[INFO] [stdout] 
[INFO] [stdout] ---- test_fail_and_retry stdout ----
[INFO] [stdout] 
[INFO] [stdout] thread 'test_fail_and_retry' (1502) panicked at tests/integration.rs:109:10:
[INFO] [stdout] enqueue failed: Http(reqwest::Error { kind: Request, url: "http://localhost:8080/api/v1/enqueue", source: hyper_util::client::legacy::Error(Connect, ConnectError("tcp connect error", 127.0.0.1:8080, Os { code: 111, kind: ConnectionRefused, message: "Connection refused" })) })
[INFO] [stdout] stack backtrace:
[INFO] [stdout]    0:     0x5bdb51cdeb71 - <<std[70759c8f55707aa4]::sys::backtrace::BacktraceLock>::print::DisplayBacktrace as core[df12db4294e9bfd3]::fmt::Display>::fmt
[INFO] [stdout]    1:     0x5bdb51cf4f2a - core[df12db4294e9bfd3]::fmt::write
[INFO] [stdout]    2:     0x5bdb51ce372c - <alloc[2182bb758b4b3781]::vec::Vec<u8> as core[df12db4294e9bfd3]::io::write::Write>::write_fmt
[INFO] [stdout]    3:     0x5bdb51cb9da6 - std[70759c8f55707aa4]::panicking::default_hook::{closure#0}
[INFO] [stdout]    4:     0x5bdb51cd6a79 - std[70759c8f55707aa4]::panicking::default_hook
[INFO] [stdout]    5:     0x5bdb51a19a20 - test[9d35eded1c95d3be]::test_main_inner::<test[9d35eded1c95d3be]::test_main_static::{closure#0}>::{closure#0}
[INFO] [stdout]    6:     0x5bdb51cd6da2 - std[70759c8f55707aa4]::panicking::panic_with_hook
[INFO] [stdout]    7:     0x5bdb51cb9e52 - std[70759c8f55707aa4]::panicking::panic_handler::{closure#0}
[INFO] [stdout]    8:     0x5bdb51cb2af9 - std[70759c8f55707aa4]::sys::backtrace::__rust_end_short_backtrace::<std[70759c8f55707aa4]::panicking::panic_handler::{closure#0}, !>
[INFO] [stdout]    9:     0x5bdb51cbac3d - __rustc[8fa7c3cbc660c2b3]::rust_begin_unwind
[INFO] [stdout]   10:     0x5bdb51cf568c - core[df12db4294e9bfd3]::panicking::panic_fmt
[INFO] [stdout]   11:     0x5bdb51cf5462 - core[df12db4294e9bfd3]::result::unwrap_failed
[INFO] [stdout]   12:     0x5bdb519eac4f - integration[2ca1b94642c36dcd]::test_fail_and_retry::{closure#0}
[INFO] [stdout]   13:     0x5bdb51a0bea3 - <tokio[7931b4eabcf21f8d]::runtime::scheduler::current_thread::Context>::enter::<core[df12db4294e9bfd3]::task::poll::Poll<()>, <tokio[7931b4eabcf21f8d]::runtime::scheduler::current_thread::CoreGuard>::block_on<core[df12db4294e9bfd3]::pin::Pin<&mut core[df12db4294e9bfd3]::pin::Pin<&mut dyn core[df12db4294e9bfd3]::future::future::Future<Output = ()>>>>::{closure#0}::{closure#0}>
[INFO] [stdout]   14:     0x5bdb51a043bc - <tokio[7931b4eabcf21f8d]::runtime::context::scoped::Scoped<tokio[7931b4eabcf21f8d]::runtime::scheduler::Context>>::set::<<tokio[7931b4eabcf21f8d]::runtime::scheduler::current_thread::CoreGuard>::enter<<tokio[7931b4eabcf21f8d]::runtime::scheduler::current_thread::CoreGuard>::block_on<core[df12db4294e9bfd3]::pin::Pin<&mut core[df12db4294e9bfd3]::pin::Pin<&mut dyn core[df12db4294e9bfd3]::future::future::Future<Output = ()>>>>::{closure#0}, core[df12db4294e9bfd3]::option::Option<()>>::{closure#0}, (alloc[2182bb758b4b3781]::boxed::Box<tokio[7931b4eabcf21f8d]::runtime::scheduler::current_thread::Core>, core[df12db4294e9bfd3]::option::Option<()>)>
[INFO] [stdout]   15:     0x5bdb51a0bb8f - <tokio[7931b4eabcf21f8d]::runtime::scheduler::current_thread::CurrentThread>::block_on::<core[df12db4294e9bfd3]::pin::Pin<&mut dyn core[df12db4294e9bfd3]::future::future::Future<Output = ()>>>
[INFO] [stdout]   16:     0x5bdb519fe482 - <tokio[7931b4eabcf21f8d]::runtime::runtime::Runtime>::block_on::<core[df12db4294e9bfd3]::pin::Pin<&mut dyn core[df12db4294e9bfd3]::future::future::Future<Output = ()>>>
[INFO] [stdout]   17:     0x5bdb519f413e - <integration[2ca1b94642c36dcd]::test_fail_and_retry::{closure#0} as core[df12db4294e9bfd3]::ops::function::FnOnce<()>>::call_once
[INFO] [stdout]   18:     0x5bdb51a0cd0b - test[9d35eded1c95d3be]::__rust_begin_short_backtrace::<core[df12db4294e9bfd3]::result::Result<(), alloc[2182bb758b4b3781]::string::String>, fn() -> core[df12db4294e9bfd3]::result::Result<(), alloc[2182bb758b4b3781]::string::String>>
[INFO] [stdout]   19:     0x5bdb51a1a375 - test[9d35eded1c95d3be]::run_test::{closure#0}
[INFO] [stdout]   20:     0x5bdb51a13c34 - std[70759c8f55707aa4]::sys::backtrace::__rust_begin_short_backtrace::<test[9d35eded1c95d3be]::run_test::{closure#1}, ()>
[INFO] [stdout]   21:     0x5bdb51a1d4d2 - <std[70759c8f55707aa4]::thread::lifecycle::spawn_unchecked<test[9d35eded1c95d3be]::run_test::{closure#1}, ()>::{closure#1} as core[df12db4294e9bfd3]::ops::function::FnOnce<()>>::call_once::{shim:vtable#0}
[INFO] [stdout]   22:     0x5bdb51cde099 - <std[70759c8f55707aa4]::sys::thread::unix::Thread>::new::thread_start
[INFO] [stdout]   23:     0x7764577e8dfa - <unknown>
[INFO] [stdout]   24:     0x77645787c3d4 - clone
[INFO] [stdout]   25:                0x0 - <unknown>
[INFO] [stdout] 
[INFO] [stdout] ---- test_batch_enqueue stdout ----
[INFO] [stdout] 
[INFO] [stdout] thread 'test_batch_enqueue' (1500) panicked at tests/integration.rs:149:10:
[INFO] [stdout] batch enqueue failed: Http(reqwest::Error { kind: Request, url: "http://localhost:8080/api/v1/enqueue/batch", source: hyper_util::client::legacy::Error(Connect, ConnectError("tcp connect error", 127.0.0.1:8080, Os { code: 111, kind: ConnectionRefused, message: "Connection refused" })) })
[INFO] [stdout] stack backtrace:
[INFO] [stdout]    0:     0x5bdb51cdeb71 - <<std[70759c8f55707aa4]::sys::backtrace::BacktraceLock>::print::DisplayBacktrace as core[df12db4294e9bfd3]::fmt::Display>::fmt
[INFO] [stdout]    1:     0x5bdb51cf4f2a - core[df12db4294e9bfd3]::fmt::write
[INFO] [stdout]    2:     0x5bdb51ce372c - <alloc[2182bb758b4b3781]::vec::Vec<u8> as core[df12db4294e9bfd3]::io::write::Write>::write_fmt
[INFO] [stdout]    3:     0x5bdb51cb9da6 - std[70759c8f55707aa4]::panicking::default_hook::{closure#0}
[INFO] [stdout]    4:     0x5bdb51cd6a79 - std[70759c8f55707aa4]::panicking::default_hook
[INFO] [stdout]    5:     0x5bdb51a19a20 - test[9d35eded1c95d3be]::test_main_inner::<test[9d35eded1c95d3be]::test_main_static::{closure#0}>::{closure#0}
[INFO] [stdout]    6:     0x5bdb51cd6da2 - std[70759c8f55707aa4]::panicking::panic_with_hook
[INFO] [stdout]    7:     0x5bdb51cb9e52 - std[70759c8f55707aa4]::panicking::panic_handler::{closure#0}
[INFO] [stdout]    8:     0x5bdb51cb2af9 - std[70759c8f55707aa4]::sys::backtrace::__rust_end_short_backtrace::<std[70759c8f55707aa4]::panicking::panic_handler::{closure#0}, !>
[INFO] [stdout]    9:     0x5bdb51cbac3d - __rustc[8fa7c3cbc660c2b3]::rust_begin_unwind
[INFO] [stdout]   10:     0x5bdb51cf568c - core[df12db4294e9bfd3]::panicking::panic_fmt
[INFO] [stdout]   11:     0x5bdb51cf5462 - core[df12db4294e9bfd3]::result::unwrap_failed
[INFO] [stdout]   12:     0x5bdb519e7069 - integration[2ca1b94642c36dcd]::test_batch_enqueue::{closure#0}
[INFO] [stdout]   13:     0x5bdb51a0bea3 - <tokio[7931b4eabcf21f8d]::runtime::scheduler::current_thread::Context>::enter::<core[df12db4294e9bfd3]::task::poll::Poll<()>, <tokio[7931b4eabcf21f8d]::runtime::scheduler::current_thread::CoreGuard>::block_on<core[df12db4294e9bfd3]::pin::Pin<&mut core[df12db4294e9bfd3]::pin::Pin<&mut dyn core[df12db4294e9bfd3]::future::future::Future<Output = ()>>>>::{closure#0}::{closure#0}>
[INFO] [stdout]   14:     0x5bdb51a043bc - <tokio[7931b4eabcf21f8d]::runtime::context::scoped::Scoped<tokio[7931b4eabcf21f8d]::runtime::scheduler::Context>>::set::<<tokio[7931b4eabcf21f8d]::runtime::scheduler::current_thread::CoreGuard>::enter<<tokio[7931b4eabcf21f8d]::runtime::scheduler::current_thread::CoreGuard>::block_on<core[df12db4294e9bfd3]::pin::Pin<&mut core[df12db4294e9bfd3]::pin::Pin<&mut dyn core[df12db4294e9bfd3]::future::future::Future<Output = ()>>>>::{closure#0}, core[df12db4294e9bfd3]::option::Option<()>>::{closure#0}, (alloc[2182bb758b4b3781]::boxed::Box<tokio[7931b4eabcf21f8d]::runtime::scheduler::current_thread::Core>, core[df12db4294e9bfd3]::option::Option<()>)>
[INFO] [stdout]   15:     0x5bdb51a0bb8f - <tokio[7931b4eabcf21f8d]::runtime::scheduler::current_thread::CurrentThread>::block_on::<core[df12db4294e9bfd3]::pin::Pin<&mut dyn core[df12db4294e9bfd3]::future::future::Future<Output = ()>>>
[INFO] [stdout]   16:     0x5bdb519fe482 - <tokio[7931b4eabcf21f8d]::runtime::runtime::Runtime>::block_on::<core[df12db4294e9bfd3]::pin::Pin<&mut dyn core[df12db4294e9bfd3]::future::future::Future<Output = ()>>>
[INFO] [stdout]   17:     0x5bdb519f3e7e - <integration[2ca1b94642c36dcd]::test_batch_enqueue::{closure#0} as core[df12db4294e9bfd3]::ops::function::FnOnce<()>>::call_once
[INFO] [stdout]   18:     0x5bdb51a0cd0b - test[9d35eded1c95d3be]::__rust_begin_short_backtrace::<core[df12db4294e9bfd3]::result::Result<(), alloc[2182bb758b4b3781]::string::String>, fn() -> core[df12db4294e9bfd3]::result::Result<(), alloc[2182bb758b4b3781]::string::String>>
[INFO] [stdout]   19:     0x5bdb51a1a375 - test[9d35eded1c95d3be]::run_test::{closure#0}
[INFO] [stdout]   20:     0x5bdb51a13c34 - std[70759c8f55707aa4]::sys::backtrace::__rust_begin_short_backtrace::<test[9d35eded1c95d3be]::run_test::{closure#1}, ()>
[INFO] [stdout]   21:     0x5bdb51a1d4d2 - <std[70759c8f55707aa4]::thread::lifecycle::spawn_unchecked<test[9d35eded1c95d3be]::run_test::{closure#1}, ()>::{closure#1} as core[df12db4294e9bfd3]::ops::function::FnOnce<()>>::call_once::{shim:vtable#0}
[INFO] [stdout]   22:     0x5bdb51cde099 - <std[70759c8f55707aa4]::sys::thread::unix::Thread>::new::thread_start
[INFO] [stdout]   23:     0x7764577e8dfa - <unknown>
[INFO] [stdout]   24:     0x77645787c3d4 - clone
[INFO] [stdout]   25:                0x0 - <unknown>
[INFO] [stdout] 
[INFO] [stdout] ---- test_search stdout ----
[INFO] [stdout] 
[INFO] [stdout] thread 'test_search' (1504) panicked at tests/integration.rs:73:63:
[INFO] [stdout] called `Result::unwrap()` on an `Err` value: Http(reqwest::Error { kind: Request, url: "http://localhost:8080/api/v1/enqueue", source: hyper_util::client::legacy::Error(Connect, ConnectError("tcp connect error", 127.0.0.1:8080, Os { code: 111, kind: ConnectionRefused, message: "Connection refused" })) })
[INFO] [stdout] stack backtrace:
[INFO] [stdout]    0:     0x5bdb51cdeb71 - <<std[70759c8f55707aa4]::sys::backtrace::BacktraceLock>::print::DisplayBacktrace as core[df12db4294e9bfd3]::fmt::Display>::fmt
[INFO] [stdout]    1:     0x5bdb51cf4f2a - core[df12db4294e9bfd3]::fmt::write
[INFO] [stdout]    2:     0x5bdb51ce372c - <alloc[2182bb758b4b3781]::vec::Vec<u8> as core[df12db4294e9bfd3]::io::write::Write>::write_fmt
[INFO] [stdout]    3:     0x5bdb51cb9da6 - std[70759c8f55707aa4]::panicking::default_hook::{closure#0}
[INFO] [stdout]    4:     0x5bdb51cd6a79 - std[70759c8f55707aa4]::panicking::default_hook
[INFO] [stdout]    5:     0x5bdb51a19a20 - test[9d35eded1c95d3be]::test_main_inner::<test[9d35eded1c95d3be]::test_main_static::{closure#0}>::{closure#0}
[INFO] [stdout]    6:     0x5bdb51cd6da2 - std[70759c8f55707aa4]::panicking::panic_with_hook
[INFO] [stdout]    7:     0x5bdb51cb9e52 - std[70759c8f55707aa4]::panicking::panic_handler::{closure#0}
[INFO] [stdout]    8:     0x5bdb51cb2af9 - std[70759c8f55707aa4]::sys::backtrace::__rust_end_short_backtrace::<std[70759c8f55707aa4]::panicking::panic_handler::{closure#0}, !>
[INFO] [stdout]    9:     0x5bdb51cbac3d - __rustc[8fa7c3cbc660c2b3]::rust_begin_unwind
[INFO] [stdout]   10:     0x5bdb51cf568c - core[df12db4294e9bfd3]::panicking::panic_fmt
[INFO] [stdout]   11:     0x5bdb51cf5462 - core[df12db4294e9bfd3]::result::unwrap_failed
[INFO] [stdout]   12:     0x5bdb519e47d4 - integration[2ca1b94642c36dcd]::test_search::{closure#0}
[INFO] [stdout]   13:     0x5bdb51a0bea3 - <tokio[7931b4eabcf21f8d]::runtime::scheduler::current_thread::Context>::enter::<core[df12db4294e9bfd3]::task::poll::Poll<()>, <tokio[7931b4eabcf21f8d]::runtime::scheduler::current_thread::CoreGuard>::block_on<core[df12db4294e9bfd3]::pin::Pin<&mut core[df12db4294e9bfd3]::pin::Pin<&mut dyn core[df12db4294e9bfd3]::future::future::Future<Output = ()>>>>::{closure#0}::{closure#0}>
[INFO] [stdout]   14:     0x5bdb51a043bc - <tokio[7931b4eabcf21f8d]::runtime::context::scoped::Scoped<tokio[7931b4eabcf21f8d]::runtime::scheduler::Context>>::set::<<tokio[7931b4eabcf21f8d]::runtime::scheduler::current_thread::CoreGuard>::enter<<tokio[7931b4eabcf21f8d]::runtime::scheduler::current_thread::CoreGuard>::block_on<core[df12db4294e9bfd3]::pin::Pin<&mut core[df12db4294e9bfd3]::pin::Pin<&mut dyn core[df12db4294e9bfd3]::future::future::Future<Output = ()>>>>::{closure#0}, core[df12db4294e9bfd3]::option::Option<()>>::{closure#0}, (alloc[2182bb758b4b3781]::boxed::Box<tokio[7931b4eabcf21f8d]::runtime::scheduler::current_thread::Core>, core[df12db4294e9bfd3]::option::Option<()>)>
[INFO] [stdout]   15:     0x5bdb51a0bb8f - <tokio[7931b4eabcf21f8d]::runtime::scheduler::current_thread::CurrentThread>::block_on::<core[df12db4294e9bfd3]::pin::Pin<&mut dyn core[df12db4294e9bfd3]::future::future::Future<Output = ()>>>
[INFO] [stdout]   16:     0x5bdb519fe482 - <tokio[7931b4eabcf21f8d]::runtime::runtime::Runtime>::block_on::<core[df12db4294e9bfd3]::pin::Pin<&mut dyn core[df12db4294e9bfd3]::future::future::Future<Output = ()>>>
[INFO] [stdout]   17:     0x5bdb519f3d1e - <integration[2ca1b94642c36dcd]::test_search::{closure#0} as core[df12db4294e9bfd3]::ops::function::FnOnce<()>>::call_once
[INFO] [stdout]   18:     0x5bdb51a0cd0b - test[9d35eded1c95d3be]::__rust_begin_short_backtrace::<core[df12db4294e9bfd3]::result::Result<(), alloc[2182bb758b4b3781]::string::String>, fn() -> core[df12db4294e9bfd3]::result::Result<(), alloc[2182bb758b4b3781]::string::String>>
[INFO] [stdout]   19:     0x5bdb51a1a375 - test[9d35eded1c95d3be]::run_test::{closure#0}
[INFO] [stdout]   20:     0x5bdb51a13c34 - std[70759c8f55707aa4]::sys::backtrace::__rust_begin_short_backtrace::<test[9d35eded1c95d3be]::run_test::{closure#1}, ()>
[INFO] [stdout]   21:     0x5bdb51a1d4d2 - <std[70759c8f55707aa4]::thread::lifecycle::spawn_unchecked<test[9d35eded1c95d3be]::run_test::{closure#1}, ()>::{closure#1} as core[df12db4294e9bfd3]::ops::function::FnOnce<()>>::call_once::{shim:vtable#0}
[INFO] [stdout]   22:     0x5bdb51cde099 - <std[70759c8f55707aa4]::sys::thread::unix::Thread>::new::thread_start
[INFO] [stdout]   23:     0x7764577e8dfa - <unknown>
[INFO] [stdout]   24:     0x77645787c3d4 - clone
[INFO] [stdout]   25:                0x0 - <unknown>
[INFO] [stdout] 
[INFO] [stdout] 
[INFO] [stdout] failures:
[INFO] [stdout]     test_batch_enqueue
[INFO] [stdout]     test_enqueue_options
[INFO] [stdout]     test_fail_and_retry
[INFO] [stdout]     test_job_lifecycle
[INFO] [stdout]     test_search
[INFO] [stdout] 
[INFO] [stdout] test result: FAILED. 0 passed; 5 failed; 0 ignored; 0 measured; 0 filtered out; finished in 0.09s
[INFO] [stdout] 
[INFO] [stderr] error: test failed, to rerun pass `--test integration`
[INFO] running `Command { std: "docker" "inspect" "8073ae04b115f5540bf6503e1a9e85324c523ade3de5009a2f5085b777d753f6", kill_on_drop: false }`
[INFO] running `Command { std: "docker" "rm" "-f" "8073ae04b115f5540bf6503e1a9e85324c523ade3de5009a2f5085b777d753f6", kill_on_drop: false }`
[INFO] [stdout] 8073ae04b115f5540bf6503e1a9e85324c523ade3de5009a2f5085b777d753f6
