[INFO] fetching crate corvid_xr 0.1.2...
[INFO] testing corvid_xr-0.1.2 against 1.99.0-beta.8+cargoflags=--release for beta-release-1.100-2
[INFO] extracting crate corvid_xr 0.1.2 into /workspace/builds/worker-6-tc1/source
[INFO] started tweaking crates.io crate corvid_xr 0.1.2
[INFO] removed 0 missing examples
[INFO] removed 0 missing tests
[INFO] finished tweaking crates.io crate corvid_xr 0.1.2
[INFO] tweaked toml for crates.io crate corvid_xr 0.1.2 written to /workspace/builds/worker-6-tc1/source/Cargo.toml
[INFO] validating manifest of crates.io crate corvid_xr 0.1.2 on toolchain 1.99.0-beta.8
[INFO] running `Command { std: CARGO_HOME="/workspace/cargo-home" RUSTUP_HOME="/workspace/rustup-home" "/workspace/cargo-home/bin/cargo" "+1.99.0-beta.8" "metadata" "--manifest-path" "Cargo.toml" "--no-deps", kill_on_drop: false }`
[INFO] crate crates.io crate corvid_xr 0.1.2 already has a lockfile, it will not be regenerated
[INFO] running `Command { std: CARGO_HOME="/workspace/cargo-home" RUSTUP_HOME="/workspace/rustup-home" "/workspace/cargo-home/bin/cargo" "+1.99.0-beta.8" "fetch" "--manifest-path" "Cargo.toml", kill_on_drop: false }`
[INFO] [stderr]     Updating crates.io index
[INFO] [stderr]  Downloading crates ...
[INFO] [stderr]   Downloaded windows-future v0.3.2
[INFO] [stderr]   Downloaded windows-numerics v0.3.1
[INFO] [stderr]   Downloaded windows-threading v0.2.1
[INFO] [stderr]   Downloaded raw-window-metal v1.1.0
[INFO] [stderr]   Downloaded wgpu-core-deps-windows-linux-android v30.0.0
[INFO] [stderr]   Downloaded wgpu-naga-bridge v30.0.0
[INFO] [stderr]   Downloaded naga-types v30.0.0
[INFO] [stderr]   Downloaded windows-collections v0.3.2
[INFO] [stderr]   Downloaded wgpu-core-deps-apple v30.0.0
[INFO] [stderr]   Downloaded bit-set v0.10.0
[INFO] [stderr]   Downloaded bit-vec v0.9.1
[INFO] [stderr]   Downloaded ordered-float v5.3.0
[INFO] [stderr]   Downloaded objc2-quartz-core v0.3.2
[INFO] [stderr]   Downloaded gpu-allocator v0.28.0
[INFO] [stderr]   Downloaded libloading v0.9.0
[INFO] [stderr]   Downloaded codespan-reporting v0.13.1
[INFO] [stderr]   Downloaded spirv v0.4.0+sdk-1.4.341.0
[INFO] [stderr]   Downloaded openxr v0.21.1
[INFO] [stderr]   Downloaded wgpu-types v30.0.0
[INFO] [stderr]   Downloaded objc2-metal v0.3.2
[INFO] [stderr]   Downloaded wgpu v30.0.0
[INFO] [stderr]   Downloaded wgpu-hal v30.0.0
[INFO] [stderr]   Downloaded wgpu-core v30.0.0
[INFO] [stderr]   Downloaded openxr-sys v0.13.1
[INFO] [stderr]   Downloaded naga v30.0.0
[INFO] [stderr]   Downloaded windows v0.62.2
[INFO] running `Command { std: "docker" "create" "-v" "/var/lib/crater-agent-workspace/builds/worker-6-tc1/source:/opt/rustwide/workdir:ro,Z" "-v" "/var/lib/crater-agent-workspace/builds/worker-6-tc1/target:/opt/rustwide/target:rw,Z" "-v" "/var/lib/crater-agent-workspace/cargo-home:/opt/rustwide/cargo-home:ro,Z" "-v" "/var/lib/crater-agent-workspace/rustup-home:/opt/rustwide/rustup-home:ro,Z" "-m" "1610612736" "--network" "none" "ghcr.io/rust-lang/crates-build-env/linux@sha256:77db811e55d90add9212f6832c23229e3de5f1c1f9905e8cb07319ea15df73ac" "sleep" "infinity", kill_on_drop: false }`
[INFO] [stdout] ec6f1786bbdbd5603b7030d976b4e8a825acf02212cd0fa9dae0026986357fa4
[INFO] running `Command { std: "docker" "start" "ec6f1786bbdbd5603b7030d976b4e8a825acf02212cd0fa9dae0026986357fa4", kill_on_drop: false }`
[INFO] running `Command { std: "docker" "inspect" "ec6f1786bbdbd5603b7030d976b4e8a825acf02212cd0fa9dae0026986357fa4", kill_on_drop: false }`
[INFO] running `Command { std: "docker" "exec" "-e" "SOURCE_DIR=/opt/rustwide/workdir" "-e" "CARGO_HOME=/opt/rustwide/cargo-home" "-e" "RUSTUP_HOME=/opt/rustwide/rustup-home" "-e" "CARGO_TARGET_DIR=/opt/rustwide/target" "-w" "/opt/rustwide/workdir" "--user" "0:0" "ec6f1786bbdbd5603b7030d976b4e8a825acf02212cd0fa9dae0026986357fa4" "/opt/rustwide/cargo-home/bin/cargo" "+1.99.0-beta.8" "metadata" "--no-deps" "--format-version=1", kill_on_drop: false }`
[INFO] running `Command { std: "docker" "inspect" "ec6f1786bbdbd5603b7030d976b4e8a825acf02212cd0fa9dae0026986357fa4", kill_on_drop: false }`
[INFO] running `Command { std: "docker" "exec" "-e" "SOURCE_DIR=/opt/rustwide/workdir" "-e" "CARGO_HOME=/opt/rustwide/cargo-home" "-e" "RUSTUP_HOME=/opt/rustwide/rustup-home" "-e" "CARGO_TARGET_DIR=/opt/rustwide/target" "-e" "CARGO_INCREMENTAL=0" "-e" "RUST_BACKTRACE=full" "-e" "RUSTFLAGS=--cap-lints=warn" "-e" "RUSTDOCFLAGS=--cap-lints=warn" "-w" "/opt/rustwide/workdir" "--user" "0:0" "ec6f1786bbdbd5603b7030d976b4e8a825acf02212cd0fa9dae0026986357fa4" "/opt/rustwide/cargo-home/bin/cargo" "+1.99.0-beta.8" "build" "--frozen" "--message-format=json" "--release", kill_on_drop: false }`
[INFO] [stderr]    Compiling proc-macro2 v1.0.107
[INFO] [stderr]    Compiling quote v1.0.47
[INFO] [stderr]    Compiling libm v0.2.16
[INFO] [stderr]    Compiling serde_core v1.0.229
[INFO] [stderr]    Compiling serde v1.0.229
[INFO] [stderr]    Compiling num-traits v0.2.19
[INFO] [stderr]    Compiling typenum v1.20.1
[INFO] [stderr]    Compiling thiserror v2.0.20
[INFO] [stderr]    Compiling unty v0.0.4
[INFO] [stderr]    Compiling const_soft_float v0.1.4
[INFO] [stderr]    Compiling corvid_hash v0.1.2
[INFO] [stderr]    Compiling corvid_float v0.1.2
[INFO] [stderr]    Compiling syn v3.0.3
[INFO] [stderr]    Compiling syn v2.0.119
[INFO] [stderr]    Compiling num-integer v0.1.46
[INFO] [stderr]    Compiling approx v0.5.1
[INFO] [stderr]    Compiling num-rational v0.4.2
[INFO] [stderr]    Compiling serde_derive v1.0.229
[INFO] [stderr]    Compiling thiserror-impl v2.0.20
[INFO] [stderr]    Compiling bytemuck_derive v1.11.0
[INFO] [stderr]    Compiling bytemuck v1.25.2
[INFO] [stderr]    Compiling num-complex v0.4.6
[INFO] [stderr]    Compiling simba v0.9.1
[INFO] [stderr]    Compiling corvid_fixed v0.1.2
[INFO] [stderr]    Compiling bincode v2.0.1
[INFO] [stderr]    Compiling corvid_vector v0.1.2
[INFO] [stderr]    Compiling corvid_wire v0.1.2
[INFO] [stderr]    Compiling corvid_rotation v0.1.2
[INFO] [stderr]    Compiling corvid_shape v0.1.2
[INFO] [stderr]    Compiling corvid_transform v0.1.2
[INFO] [stderr]    Compiling nalgebra v0.34.2
[INFO] [stderr]    Compiling corvid_glm v0.1.2
[INFO] [stderr]    Compiling corvid_camera v0.1.2
[INFO] [stderr]    Compiling corvid_xr v0.1.2 (/opt/rustwide/workdir)
[INFO] [stderr]     Finished `release` profile [optimized] target(s) in 44.62s
[INFO] running `Command { std: "docker" "inspect" "ec6f1786bbdbd5603b7030d976b4e8a825acf02212cd0fa9dae0026986357fa4", kill_on_drop: false }`
[INFO] running `Command { std: "docker" "exec" "-e" "SOURCE_DIR=/opt/rustwide/workdir" "-e" "CARGO_HOME=/opt/rustwide/cargo-home" "-e" "RUSTUP_HOME=/opt/rustwide/rustup-home" "-e" "CARGO_TARGET_DIR=/opt/rustwide/target" "-e" "CARGO_INCREMENTAL=0" "-e" "RUST_BACKTRACE=full" "-e" "RUSTFLAGS=--cap-lints=warn" "-e" "RUSTDOCFLAGS=--cap-lints=warn" "-w" "/opt/rustwide/workdir" "--user" "0:0" "ec6f1786bbdbd5603b7030d976b4e8a825acf02212cd0fa9dae0026986357fa4" "/opt/rustwide/cargo-home/bin/cargo" "+1.99.0-beta.8" "test" "--frozen" "--no-run" "--message-format=json" "--release", kill_on_drop: false }`
[INFO] [stderr]    Compiling corvid_xr v0.1.2 (/opt/rustwide/workdir)
[INFO] [stderr]     Finished `release` profile [optimized] target(s) in 3.88s
[INFO] running `Command { std: "docker" "inspect" "ec6f1786bbdbd5603b7030d976b4e8a825acf02212cd0fa9dae0026986357fa4", kill_on_drop: false }`
[INFO] running `Command { std: "docker" "exec" "-e" "SOURCE_DIR=/opt/rustwide/workdir" "-e" "CARGO_HOME=/opt/rustwide/cargo-home" "-e" "RUSTUP_HOME=/opt/rustwide/rustup-home" "-e" "CARGO_TARGET_DIR=/opt/rustwide/target" "-e" "CARGO_INCREMENTAL=0" "-e" "RUST_BACKTRACE=full" "-e" "RUSTFLAGS=--cap-lints=warn" "-e" "RUSTDOCFLAGS=--cap-lints=warn" "-w" "/opt/rustwide/workdir" "--user" "0:0" "ec6f1786bbdbd5603b7030d976b4e8a825acf02212cd0fa9dae0026986357fa4" "/opt/rustwide/cargo-home/bin/cargo" "+1.99.0-beta.8" "test" "--frozen" "--release", kill_on_drop: false }`
[INFO] [stderr]     Finished `release` profile [optimized] target(s) in 0.10s
[INFO] [stderr]      Running unittests src/lib.rs (/opt/rustwide/target/release/deps/corvid_xr-cfe4c2286cad65a8)
[INFO] [stderr]      Running tests/pose.rs (/opt/rustwide/target/release/deps/pose-e3a647d9c16721a3)
[INFO] [stdout] 
[INFO] [stdout] running 0 tests
[INFO] [stdout] 
[INFO] [stdout] test result: ok. 0 passed; 0 failed; 0 ignored; 0 measured; 0 filtered out; finished in 0.00s
[INFO] [stdout] 
[INFO] [stdout] 
[INFO] [stdout] running 11 tests
[INFO] [stdout] test holding_a_planet_as_a_metre_wide_model_scales_by_five_thousand_seven_hundred_and_twelve ... ok
[INFO] [stdout] test map_carries_the_confidence_and_the_time_through_a_conversion ... ok
[INFO] [stdout] test a_zero_scale_converts_nothing_rather_than_dividing_by_zero ... ok
[INFO] [stdout] test lerp_is_exact_at_both_ends ... ok
[INFO] [stdout] test believed_is_none_only_on_lost ... ok
[INFO] [stdout] test standing_at_the_origin_unturned_is_the_identity ... ok
[INFO] [stdout] test fifteen_micrometres_at_ten_thousand_kilometres_is_a_different_pose ... ok
[INFO] [stdout] test to_world_then_to_stage_is_the_identity_at_both_scales ... ok
[INFO] [stdout] test a_reading_is_worth_no_more_than_the_weaker_of_two ... ok
[INFO] [stdout] test a_dive_out_and_back_returns_to_the_anchor_it_left ... ok
[INFO] [stdout] test everything_here_hashes_so_a_pose_can_be_frozen ... ok
[INFO] [stdout] 
[INFO] [stdout] test result: ok. 11 passed; 0 failed; 0 ignored; 0 measured; 0 filtered out; finished in 0.01s
[INFO] [stdout] 
[INFO] [stderr]      Running tests/script.rs (/opt/rustwide/target/release/deps/script-7ee41c24f8a5c308)
[INFO] [stdout] 
[INFO] [stdout] running 10 tests
[INFO] [stdout] test ninety_still_frames_are_ninety_identical_head_poses_and_then_the_end ... ok
[INFO] [stdout] test an_empty_track_is_over_before_it_starts ... ok
[INFO] [stdout] test a_tracks_duration_is_its_frames_at_its_own_rate ... ok
[INFO] [stdout] test a_looping_track_never_ends ... ok
[INFO] [stdout] test a_track_round_trips_through_the_wire_byte_identically ... ok
[INFO] [stdout] test a_lossy_track_reports_lost_and_keeps_the_last_known_value ... ok
[INFO] [stdout] test two_runs_of_one_track_produce_the_same_views ... ok
[INFO] [stdout] test the_table_track_grips_and_the_surface_track_pinches ... ok
[INFO] [stdout] test the_three_recorded_tracks_load_and_play_and_their_digests_are_frozen ... ok
[INFO] [stdout] test a_recorded_track_is_the_session_the_recorder_built ... ok
[INFO] [stdout] 
[INFO] [stdout] test result: ok. 10 passed; 0 failed; 0 ignored; 0 measured; 0 filtered out; finished in 0.02s
[INFO] [stdout] 
[INFO] [stderr]      Running tests/session.rs (/opt/rustwide/target/release/deps/session-a47fe3acdea47046)
[INFO] [stdout] 
[INFO] [stdout] running 12 tests
[INFO] [stdout] test a_metre_from_the_eye_survives_ten_thousand_kilometres_to_within_a_millimetre ... ok
[INFO] [stdout] test a_rumble_is_recorded_so_a_haptic_is_testable ... ok
[INFO] [stdout] test asking_a_headset_without_passthrough_for_it_answers_unavailable ... ok
[INFO] [stdout] test both_eyes_sit_half_the_separation_either_side_of_the_head ... ok
[INFO] [stdout] test a_hand_is_four_values_and_the_two_predicates_read_them ... ok
[INFO] [stdout] test a_whole_scripted_session_never_takes_an_illegal_step ... ok
[INFO] [stdout] test an_asymmetric_frustum_puts_the_frustum_centre_off_the_image_centre ... ok
[INFO] [stdout] test every_legal_transition_is_allowed_and_every_other_is_refused ... ok
[INFO] [stdout] test exiting_leads_nowhere ... ok
[INFO] [stdout] test asking_a_headset_that_has_it_turns_it_on_and_off ... ok
[INFO] [stdout] test the_head_is_the_stage_pose_and_the_view_space_pose_is_the_identity ... ok
[INFO] [stdout] test the_near_and_far_planes_land_at_zero_and_one ... ok
[INFO] [stdout] 
[INFO] [stdout] test result: ok. 12 passed; 0 failed; 0 ignored; 0 measured; 0 filtered out; finished in 0.00s
[INFO] [stdout] 
[INFO] [stderr]      Running tests/unsafe.rs (/opt/rustwide/target/release/deps/unsafe-3d3e793bd3047bb6)
[INFO] [stdout] 
[INFO] [stdout] running 5 tests
[INFO] [stdout] test every_block_in_the_seam_carries_a_safety_comment ... ok
[INFO] [stdout] test the_word_appears_in_one_file_of_this_crate_and_nowhere_else ... ok
[INFO] [stdout] test the_workspace_itself_still_forbids_it ... FAILED
[INFO] [stdout] test this_crates_manifest_relaxes_the_lint_to_deny_and_nothing_further ... ok
[INFO] [stdout] test no_other_crate_in_the_workspace_relaxes_the_lint ... FAILED
[INFO] [stdout] 
[INFO] [stdout] failures:
[INFO] [stdout] 
[INFO] [stdout] ---- the_workspace_itself_still_forbids_it stdout ----
[INFO] [stdout] 
[INFO] [stdout] thread 'the_workspace_itself_still_forbids_it' (870) panicked at tests/unsafe.rs:189:58:
[INFO] [stdout] /opt/Cargo.toml: No such file or directory (os error 2)
[INFO] [stdout] stack backtrace:
[INFO] [stdout]    0:     0x5fcc602c1a41 - <<std[70759c8f55707aa4]::sys::backtrace::BacktraceLock>::print::DisplayBacktrace as core[df12db4294e9bfd3]::fmt::Display>::fmt
[INFO] [stdout]    1:     0x5fcc602d5f7a - core[df12db4294e9bfd3]::fmt::write
[INFO] [stdout]    2:     0x5fcc602c61cc - <alloc[2182bb758b4b3781]::vec::Vec<u8> as core[df12db4294e9bfd3]::io::write::Write>::write_fmt
[INFO] [stdout]    3:     0x5fcc6029d1c6 - std[70759c8f55707aa4]::panicking::default_hook::{closure#0}
[INFO] [stdout]    4:     0x5fcc602b9c29 - std[70759c8f55707aa4]::panicking::default_hook
[INFO] [stdout]    5:     0x5fcc60255170 - test[9d35eded1c95d3be]::test_main_inner::<test[9d35eded1c95d3be]::test_main_static::{closure#0}>::{closure#0}
[INFO] [stdout]    6:     0x5fcc602b9de2 - std[70759c8f55707aa4]::panicking::panic_with_hook
[INFO] [stdout]    7:     0x5fcc6029d272 - std[70759c8f55707aa4]::panicking::panic_handler::{closure#0}
[INFO] [stdout]    8:     0x5fcc60295dc9 - std[70759c8f55707aa4]::sys::backtrace::__rust_end_short_backtrace::<std[70759c8f55707aa4]::panicking::panic_handler::{closure#0}, !>
[INFO] [stdout]    9:     0x5fcc6029de6d - __rustc[8fa7c3cbc660c2b3]::rust_begin_unwind
[INFO] [stdout]   10:     0x5fcc602d66ac - core[df12db4294e9bfd3]::panicking::panic_fmt
[INFO] [stdout]   11:     0x5fcc60242339 - unsafe[eb96a35f152c206a]::the_workspace_itself_still_forbids_it::{closure#0}
[INFO] [stdout]   12:     0x5fcc602433f6 - <unsafe[eb96a35f152c206a]::the_workspace_itself_still_forbids_it::{closure#0} as core[df12db4294e9bfd3]::ops::function::FnOnce<()>>::call_once
[INFO] [stdout]   13:     0x5fcc6024845b - test[9d35eded1c95d3be]::__rust_begin_short_backtrace::<core[df12db4294e9bfd3]::result::Result<(), alloc[2182bb758b4b3781]::string::String>, fn() -> core[df12db4294e9bfd3]::result::Result<(), alloc[2182bb758b4b3781]::string::String>>
[INFO] [stdout]   14:     0x5fcc60255ac5 - test[9d35eded1c95d3be]::run_test::{closure#0}
[INFO] [stdout]   15:     0x5fcc6024f384 - std[70759c8f55707aa4]::sys::backtrace::__rust_begin_short_backtrace::<test[9d35eded1c95d3be]::run_test::{closure#1}, ()>
[INFO] [stdout]   16:     0x5fcc60258c22 - <std[70759c8f55707aa4]::thread::lifecycle::spawn_unchecked<test[9d35eded1c95d3be]::run_test::{closure#1}, ()>::{closure#1} as core[df12db4294e9bfd3]::ops::function::FnOnce<()>>::call_once::{shim:vtable#0}
[INFO] [stdout]   17:     0x5fcc602c0fa9 - <std[70759c8f55707aa4]::sys::thread::unix::Thread>::new::thread_start
[INFO] [stdout]   18:     0x7675ee399dfa - <unknown>
[INFO] [stdout]   19:     0x7675ee42d3d4 - clone
[INFO] [stdout]   20:                0x0 - <unknown>
[INFO] [stdout] 
[INFO] [stdout] ---- no_other_crate_in_the_workspace_relaxes_the_lint stdout ----
[INFO] [stdout] 
[INFO] [stdout] thread 'no_other_crate_in_the_workspace_relaxes_the_lint' (868) panicked at tests/unsafe.rs:162:5:
[INFO] [stdout] only 0 manifests were read, which is not a workspace
[INFO] [stdout] stack backtrace:
[INFO] [stdout]    0:     0x5fcc602c1a41 - <<std[70759c8f55707aa4]::sys::backtrace::BacktraceLock>::print::DisplayBacktrace as core[df12db4294e9bfd3]::fmt::Display>::fmt
[INFO] [stdout]    1:     0x5fcc602d5f7a - core[df12db4294e9bfd3]::fmt::write
[INFO] [stdout]    2:     0x5fcc602c61cc - <alloc[2182bb758b4b3781]::vec::Vec<u8> as core[df12db4294e9bfd3]::io::write::Write>::write_fmt
[INFO] [stdout]    3:     0x5fcc6029d1c6 - std[70759c8f55707aa4]::panicking::default_hook::{closure#0}
[INFO] [stdout]    4:     0x5fcc602b9c29 - std[70759c8f55707aa4]::panicking::default_hook
[INFO] [stdout]    5:     0x5fcc60255170 - test[9d35eded1c95d3be]::test_main_inner::<test[9d35eded1c95d3be]::test_main_static::{closure#0}>::{closure#0}
[INFO] [stdout]    6:     0x5fcc602b9de2 - std[70759c8f55707aa4]::panicking::panic_with_hook
[INFO] [stdout]    7:     0x5fcc6029d272 - std[70759c8f55707aa4]::panicking::panic_handler::{closure#0}
[INFO] [stdout]    8:     0x5fcc60295dc9 - std[70759c8f55707aa4]::sys::backtrace::__rust_end_short_backtrace::<std[70759c8f55707aa4]::panicking::panic_handler::{closure#0}, !>
[INFO] [stdout]    9:     0x5fcc6029de6d - __rustc[8fa7c3cbc660c2b3]::rust_begin_unwind
[INFO] [stdout]   10:     0x5fcc602d66ac - core[df12db4294e9bfd3]::panicking::panic_fmt
[INFO] [stdout]   11:     0x5fcc602445d9 - <unsafe[eb96a35f152c206a]::no_other_crate_in_the_workspace_relaxes_the_lint::{closure#0} as core[df12db4294e9bfd3]::ops::function::FnOnce<()>>::call_once
[INFO] [stdout]   12:     0x5fcc6024845b - test[9d35eded1c95d3be]::__rust_begin_short_backtrace::<core[df12db4294e9bfd3]::result::Result<(), alloc[2182bb758b4b3781]::string::String>, fn() -> core[df12db4294e9bfd3]::result::Result<(), alloc[2182bb758b4b3781]::string::String>>
[INFO] [stdout]   13:     0x5fcc60255ac5 - test[9d35eded1c95d3be]::run_test::{closure#0}
[INFO] [stdout]   14:     0x5fcc6024f384 - std[70759c8f55707aa4]::sys::backtrace::__rust_begin_short_backtrace::<test[9d35eded1c95d3be]::run_test::{closure#1}, ()>
[INFO] [stdout]   15:     0x5fcc60258c22 - <std[70759c8f55707aa4]::thread::lifecycle::spawn_unchecked<test[9d35eded1c95d3be]::run_test::{closure#1}, ()>::{closure#1} as core[df12db4294e9bfd3]::ops::function::FnOnce<()>>::call_once::{shim:vtable#0}
[INFO] [stdout]   16:     0x5fcc602c0fa9 - <std[70759c8f55707aa4]::sys::thread::unix::Thread>::new::thread_start
[INFO] [stdout]   17:     0x7675ee399dfa - <unknown>
[INFO] [stdout]   18:     0x7675ee42d3d4 - clone
[INFO] [stdout]   19:                0x0 - <unknown>
[INFO] [stdout] 
[INFO] [stdout] 
[INFO] [stdout] failures:
[INFO] [stdout]     no_other_crate_in_the_workspace_relaxes_the_lint
[INFO] [stdout]     the_workspace_itself_still_forbids_it
[INFO] [stdout] 
[INFO] [stdout] test result: FAILED. 3 passed; 2 failed; 0 ignored; 0 measured; 0 filtered out; finished in 0.00s
[INFO] [stdout] 
[INFO] [stderr] error: test failed, to rerun pass `--test unsafe`
[INFO] running `Command { std: "docker" "inspect" "ec6f1786bbdbd5603b7030d976b4e8a825acf02212cd0fa9dae0026986357fa4", kill_on_drop: false }`
[INFO] running `Command { std: "docker" "rm" "-f" "ec6f1786bbdbd5603b7030d976b4e8a825acf02212cd0fa9dae0026986357fa4", kill_on_drop: false }`
[INFO] [stdout] ec6f1786bbdbd5603b7030d976b4e8a825acf02212cd0fa9dae0026986357fa4
