[INFO] fetching crate corvid_ui_render 0.1.2...
[INFO] testing corvid_ui_render-0.1.2 against 1.99.0-beta.8+cargoflags=--release for beta-release-1.100-2
[INFO] extracting crate corvid_ui_render 0.1.2 into /workspace/builds/worker-2-tc1/source
[INFO] started tweaking crates.io crate corvid_ui_render 0.1.2
[INFO] removed 0 missing tests
[INFO] finished tweaking crates.io crate corvid_ui_render 0.1.2
[INFO] tweaked toml for crates.io crate corvid_ui_render 0.1.2 written to /workspace/builds/worker-2-tc1/source/Cargo.toml
[INFO] validating manifest of crates.io crate corvid_ui_render 0.1.2 on toolchain 1.99.0-beta.8
[INFO] running `Command { std: CARGO_HOME="/workspace/cargo-home" RUSTUP_HOME="/workspace/rustup-home" "/workspace/cargo-home/bin/cargo" "+1.99.0-beta.8" "metadata" "--manifest-path" "Cargo.toml" "--no-deps", kill_on_drop: false }`
[INFO] crate crates.io crate corvid_ui_render 0.1.2 already has a lockfile, it will not be regenerated
[INFO] running `Command { std: CARGO_HOME="/workspace/cargo-home" RUSTUP_HOME="/workspace/rustup-home" "/workspace/cargo-home/bin/cargo" "+1.99.0-beta.8" "fetch" "--manifest-path" "Cargo.toml", kill_on_drop: false }`
[INFO] [stderr]     Updating crates.io index
[INFO] [stderr]  Downloading crates ...
[INFO] [stderr]   Downloaded wgpu-naga-bridge v30.0.0
[INFO] [stderr]   Downloaded naga-types v30.0.0
[INFO] [stderr]   Downloaded wgpu-core-deps-windows-linux-android v30.0.0
[INFO] [stderr]   Downloaded wgpu-core-deps-apple v30.0.0
[INFO] [stderr]   Downloaded bit-set v0.10.0
[INFO] [stderr]   Downloaded corvid_transform v0.1.2
[INFO] [stderr]   Downloaded corvid_ui v0.1.2
[INFO] [stderr]   Downloaded corvid_vector v0.1.2
[INFO] [stderr]   Downloaded corvid_bits v0.1.2
[INFO] [stderr]   Downloaded corvid_control v0.1.2
[INFO] [stderr]   Downloaded corvid_glm v0.1.2
[INFO] [stderr]   Downloaded corvid_name v0.1.2
[INFO] [stderr]   Downloaded corvid_macros v0.1.2
[INFO] [stderr]   Downloaded corvid_shape v0.1.2
[INFO] [stderr]   Downloaded corvid_color v0.1.2
[INFO] [stderr]   Downloaded corvid_render v0.1.2
[INFO] [stderr]   Downloaded corvid_float v0.1.2
[INFO] [stderr]   Downloaded corvid_time v0.1.2
[INFO] [stderr]   Downloaded corvid_camera v0.1.2
[INFO] [stderr]   Downloaded corvid_behavior v0.1.2
[INFO] [stderr]   Downloaded corvid_rotation v0.1.2
[INFO] [stderr]   Downloaded wgpu v30.0.0
[INFO] [stderr]   Downloaded corvid_input v0.1.2
[INFO] [stderr]   Downloaded wgpu-types v30.0.0
[INFO] [stderr]   Downloaded wgpu-core v30.0.0
[INFO] [stderr]   Downloaded nalgebra v0.34.2
[INFO] [stderr]   Downloaded wgpu-hal v30.0.0
[INFO] [stderr]   Downloaded glam v0.30.10
[INFO] [stderr]   Downloaded glam v0.31.1
[INFO] [stderr]   Downloaded naga v30.0.0
[INFO] running `Command { std: "docker" "create" "-v" "/var/lib/crater-agent-workspace/builds/worker-2-tc1/source:/opt/rustwide/workdir:ro,Z" "-v" "/var/lib/crater-agent-workspace/builds/worker-2-tc1/target:/opt/rustwide/target:rw,Z" "-v" "/var/lib/crater-agent-workspace/cargo-home:/opt/rustwide/cargo-home:ro,Z" "-v" "/var/lib/crater-agent-workspace/rustup-home:/opt/rustwide/rustup-home:ro,Z" "-m" "1610612736" "--network" "none" "ghcr.io/rust-lang/crates-build-env/linux@sha256:77db811e55d90add9212f6832c23229e3de5f1c1f9905e8cb07319ea15df73ac" "sleep" "infinity", kill_on_drop: false }`
[INFO] [stdout] b16e3828f13a0dc16192e9d15336189d82ae232d1afef99cef1ab1d262d894a6
[INFO] running `Command { std: "docker" "start" "b16e3828f13a0dc16192e9d15336189d82ae232d1afef99cef1ab1d262d894a6", kill_on_drop: false }`
[INFO] running `Command { std: "docker" "inspect" "b16e3828f13a0dc16192e9d15336189d82ae232d1afef99cef1ab1d262d894a6", kill_on_drop: false }`
[INFO] running `Command { std: "docker" "exec" "-e" "SOURCE_DIR=/opt/rustwide/workdir" "-e" "CARGO_HOME=/opt/rustwide/cargo-home" "-e" "RUSTUP_HOME=/opt/rustwide/rustup-home" "-e" "CARGO_TARGET_DIR=/opt/rustwide/target" "-w" "/opt/rustwide/workdir" "--user" "0:0" "b16e3828f13a0dc16192e9d15336189d82ae232d1afef99cef1ab1d262d894a6" "/opt/rustwide/cargo-home/bin/cargo" "+1.99.0-beta.8" "metadata" "--no-deps" "--format-version=1", kill_on_drop: false }`
[INFO] running `Command { std: "docker" "inspect" "b16e3828f13a0dc16192e9d15336189d82ae232d1afef99cef1ab1d262d894a6", kill_on_drop: false }`
[INFO] running `Command { std: "docker" "exec" "-e" "SOURCE_DIR=/opt/rustwide/workdir" "-e" "CARGO_HOME=/opt/rustwide/cargo-home" "-e" "RUSTUP_HOME=/opt/rustwide/rustup-home" "-e" "CARGO_TARGET_DIR=/opt/rustwide/target" "-e" "CARGO_INCREMENTAL=0" "-e" "RUST_BACKTRACE=full" "-e" "RUSTFLAGS=--cap-lints=warn" "-e" "RUSTDOCFLAGS=--cap-lints=warn" "-w" "/opt/rustwide/workdir" "--user" "0:0" "b16e3828f13a0dc16192e9d15336189d82ae232d1afef99cef1ab1d262d894a6" "/opt/rustwide/cargo-home/bin/cargo" "+1.99.0-beta.8" "build" "--frozen" "--message-format=json" "--release", kill_on_drop: false }`
[INFO] [stderr]    Compiling cfg_aliases v0.2.2
[INFO] [stderr]    Compiling num-traits v0.2.19
[INFO] [stderr]    Compiling thiserror v2.0.20
[INFO] [stderr]    Compiling hashbrown v0.17.1
[INFO] [stderr]    Compiling rustc-hash v1.1.0
[INFO] [stderr]    Compiling bit-vec v0.9.1
[INFO] [stderr]    Compiling syn v2.0.119
[INFO] [stderr]    Compiling syn v3.0.3
[INFO] [stderr]    Compiling ash v0.38.0+1.3.281
[INFO] [stderr]    Compiling codespan-reporting v0.13.1
[INFO] [stderr]    Compiling spirv v0.4.0+sdk-1.4.341.0
[INFO] [stderr]    Compiling libloading v0.8.9
[INFO] [stderr]    Compiling matrixmultiply v0.3.11
[INFO] [stderr]    Compiling raw-window-handle v0.6.2
[INFO] [stderr]    Compiling smallvec v1.15.2
[INFO] [stderr]    Compiling rawpointer v0.2.1
[INFO] [stderr]    Compiling presser v0.3.1
[INFO] [stderr]    Compiling naga v30.0.0
[INFO] [stderr]    Compiling wgpu-hal v30.0.0
[INFO] [stderr]    Compiling parking_lot_core v0.9.12
[INFO] [stderr]    Compiling profiling v1.0.18
[INFO] [stderr]    Compiling renderdoc-sys v1.1.0
[INFO] [stderr]    Compiling wgpu-core v30.0.0
[INFO] [stderr]    Compiling const_soft_float v0.1.4
[INFO] [stderr]    Compiling wgpu v30.0.0
[INFO] [stderr]    Compiling corvid_name v0.1.2
[INFO] [stderr]    Compiling bit-set v0.10.0
[INFO] [stderr]    Compiling parking_lot v0.12.5
[INFO] [stderr]    Compiling corvid_macros v0.1.2
[INFO] [stderr]    Compiling png v0.18.1
[INFO] [stderr]    Compiling corvid_bits v0.1.2
[INFO] [stderr]    Compiling pollster v0.4.0
[INFO] [stderr]    Compiling corvid_float v0.1.2
[INFO] [stderr]    Compiling corvid_hash v0.1.2
[INFO] [stderr]    Compiling num-integer v0.1.46
[INFO] [stderr]    Compiling approx v0.5.1
[INFO] [stderr]    Compiling ordered-float v5.3.0
[INFO] [stderr]    Compiling num-rational v0.4.2
[INFO] [stderr]    Compiling indexmap v2.14.0
[INFO] [stderr]    Compiling bytemuck_derive v1.11.0
[INFO] [stderr]    Compiling zerocopy-derive v0.8.56
[INFO] [stderr]    Compiling thiserror-impl v2.0.20
[INFO] [stderr]    Compiling bytemuck v1.25.2
[INFO] [stderr]    Compiling naga-types v30.0.0
[INFO] [stderr]    Compiling zerocopy v0.8.56
[INFO] [stderr]    Compiling corvid_fixed v0.1.2
[INFO] [stderr]    Compiling safe_arch v0.7.4
[INFO] [stderr]    Compiling num-complex v0.4.6
[INFO] [stderr]    Compiling wgpu-types v30.0.0
[INFO] [stderr]    Compiling wide v0.7.33
[INFO] [stderr]    Compiling corvid_vector v0.1.2
[INFO] [stderr]    Compiling corvid_color v0.1.2
[INFO] [stderr]    Compiling corvid_time v0.1.2
[INFO] [stderr]    Compiling corvid_behavior v0.1.2
[INFO] [stderr]    Compiling corvid_rotation v0.1.2
[INFO] [stderr]    Compiling corvid_shape v0.1.2
[INFO] [stderr]    Compiling corvid_transform v0.1.2
[INFO] [stderr]    Compiling corvid_input v0.1.2
[INFO] [stderr]    Compiling corvid_ui v0.1.2
[INFO] [stderr]    Compiling simba v0.9.1
[INFO] [stderr]    Compiling half v2.7.1
[INFO] [stderr]    Compiling nalgebra v0.34.2
[INFO] [stderr]    Compiling gpu-allocator v0.28.0
[INFO] [stderr]    Compiling wgpu-naga-bridge v30.0.0
[INFO] [stderr]    Compiling corvid_glm v0.1.2
[INFO] [stderr]    Compiling corvid_camera v0.1.2
[INFO] [stderr]    Compiling corvid_control v0.1.2
[INFO] [stderr]    Compiling wgpu-core-deps-windows-linux-android v30.0.0
[INFO] [stderr]    Compiling corvid_render v0.1.2
[INFO] [stderr]    Compiling corvid_ui_render v0.1.2 (/opt/rustwide/workdir)
[INFO] [stderr]     Finished `release` profile [optimized] target(s) in 1m 46s
[INFO] running `Command { std: "docker" "inspect" "b16e3828f13a0dc16192e9d15336189d82ae232d1afef99cef1ab1d262d894a6", kill_on_drop: false }`
[INFO] running `Command { std: "docker" "exec" "-e" "SOURCE_DIR=/opt/rustwide/workdir" "-e" "CARGO_HOME=/opt/rustwide/cargo-home" "-e" "RUSTUP_HOME=/opt/rustwide/rustup-home" "-e" "CARGO_TARGET_DIR=/opt/rustwide/target" "-e" "CARGO_INCREMENTAL=0" "-e" "RUST_BACKTRACE=full" "-e" "RUSTFLAGS=--cap-lints=warn" "-e" "RUSTDOCFLAGS=--cap-lints=warn" "-w" "/opt/rustwide/workdir" "--user" "0:0" "b16e3828f13a0dc16192e9d15336189d82ae232d1afef99cef1ab1d262d894a6" "/opt/rustwide/cargo-home/bin/cargo" "+1.99.0-beta.8" "test" "--frozen" "--no-run" "--message-format=json" "--release", kill_on_drop: false }`
[INFO] [stderr]    Compiling corvid_ui_render v0.1.2 (/opt/rustwide/workdir)
[INFO] [stderr]     Finished `release` profile [optimized] target(s) in 1.78s
[INFO] running `Command { std: "docker" "inspect" "b16e3828f13a0dc16192e9d15336189d82ae232d1afef99cef1ab1d262d894a6", kill_on_drop: false }`
[INFO] running `Command { std: "docker" "exec" "-e" "SOURCE_DIR=/opt/rustwide/workdir" "-e" "CARGO_HOME=/opt/rustwide/cargo-home" "-e" "RUSTUP_HOME=/opt/rustwide/rustup-home" "-e" "CARGO_TARGET_DIR=/opt/rustwide/target" "-e" "CARGO_INCREMENTAL=0" "-e" "RUST_BACKTRACE=full" "-e" "RUSTFLAGS=--cap-lints=warn" "-e" "RUSTDOCFLAGS=--cap-lints=warn" "-w" "/opt/rustwide/workdir" "--user" "0:0" "b16e3828f13a0dc16192e9d15336189d82ae232d1afef99cef1ab1d262d894a6" "/opt/rustwide/cargo-home/bin/cargo" "+1.99.0-beta.8" "test" "--frozen" "--release", kill_on_drop: false }`
[INFO] [stderr]     Finished `release` profile [optimized] target(s) in 0.15s
[INFO] [stderr]      Running unittests src/lib.rs (/opt/rustwide/target/release/deps/corvid_ui_render-74b0326a65c93aeb)
[INFO] [stdout] 
[INFO] [stdout] running 0 tests
[INFO] [stderr]      Running tests/instances.rs (/opt/rustwide/target/release/deps/instances-8ffe43993fe48fd7)
[INFO] [stdout] 
[INFO] [stdout] test result: ok. 0 passed; 0 failed; 0 ignored; 0 measured; 0 filtered out; finished in 0.00s
[INFO] [stdout] 
[INFO] [stdout] 
[INFO] [stdout] running 7 tests
[INFO] [stdout] test a_glyph_sits_on_its_baseline ... ok
[INFO] [stdout] test an_instance_is_the_bytes_a_pipeline_reads ... ok
[INFO] [stdout] test a_clip_region_is_its_own_batch ... ok
[INFO] [stdout] test a_grid_refuses_a_glyph_it_does_not_hold ... ok
[INFO] [stdout] test a_rectangle_becomes_its_four_vectors ... ok
[INFO] [stdout] test a_scissor_is_whole_pixels_inside_the_target ... ok
[INFO] [stdout] test nothing_to_draw_is_no_draw_calls ... ok
[INFO] [stdout] 
[INFO] [stdout] test result: ok. 7 passed; 0 failed; 0 ignored; 0 measured; 0 filtered out; finished in 0.00s
[INFO] [stdout] 
[INFO] [stderr]      Running tests/manifest.rs (/opt/rustwide/target/release/deps/manifest-fabd8b0048cab550)
[INFO] [stdout] 
[INFO] [stdout] running 2 tests
[INFO] [stdout] test wgpu_is_taken_from_the_workspace_rather_than_pinned_here ... FAILED
[INFO] [stdout] test it_names_the_crate_that_owns_the_renderer ... FAILED
[INFO] [stdout] 
[INFO] [stdout] failures:
[INFO] [stdout] 
[INFO] [stdout] ---- wgpu_is_taken_from_the_workspace_rather_than_pinned_here stdout ----
[INFO] [stdout] 
[INFO] [stdout] thread 'wgpu_is_taken_from_the_workspace_rather_than_pinned_here' (1430) panicked at tests/manifest.rs:43:5:
[INFO] [stdout] this crate hands a device some bytes, so it names the device
[INFO] [stdout] stack backtrace:
[INFO] [stdout]    0:     0x63c25a85dbf1 - <<std[70759c8f55707aa4]::sys::backtrace::BacktraceLock>::print::DisplayBacktrace as core[df12db4294e9bfd3]::fmt::Display>::fmt
[INFO] [stdout]    1:     0x63c25a871dca - core[df12db4294e9bfd3]::fmt::write
[INFO] [stdout]    2:     0x63c25a86208c - <alloc[2182bb758b4b3781]::vec::Vec<u8> as core[df12db4294e9bfd3]::io::write::Write>::write_fmt
[INFO] [stdout]    3:     0x63c25a83a1e6 - std[70759c8f55707aa4]::panicking::default_hook::{closure#0}
[INFO] [stdout]    4:     0x63c25a856359 - std[70759c8f55707aa4]::panicking::default_hook
[INFO] [stdout]    5:     0x63c25a7f27e0 - test[9d35eded1c95d3be]::test_main_inner::<test[9d35eded1c95d3be]::test_main_static::{closure#0}>::{closure#0}
[INFO] [stdout]    6:     0x63c25a856512 - std[70759c8f55707aa4]::panicking::panic_with_hook
[INFO] [stdout]    7:     0x63c25a83a2c4 - std[70759c8f55707aa4]::panicking::panic_handler::{closure#0}
[INFO] [stdout]    8:     0x63c25a833019 - std[70759c8f55707aa4]::sys::backtrace::__rust_end_short_backtrace::<std[70759c8f55707aa4]::panicking::panic_handler::{closure#0}, !>
[INFO] [stdout]    9:     0x63c25a83ae8d - __rustc[8fa7c3cbc660c2b3]::rust_begin_unwind
[INFO] [stdout]   10:     0x63c25a8724fc - core[df12db4294e9bfd3]::panicking::panic_fmt
[INFO] [stdout]   11:     0x63c25a7e518f - <manifest[54af387629fa2203]::wgpu_is_taken_from_the_workspace_rather_than_pinned_here::{closure#0} as core[df12db4294e9bfd3]::ops::function::FnOnce<()>>::call_once
[INFO] [stdout]   12:     0x63c25a7e5acb - test[9d35eded1c95d3be]::__rust_begin_short_backtrace::<core[df12db4294e9bfd3]::result::Result<(), alloc[2182bb758b4b3781]::string::String>, fn() -> core[df12db4294e9bfd3]::result::Result<(), alloc[2182bb758b4b3781]::string::String>>
[INFO] [stdout]   13:     0x63c25a7f3135 - test[9d35eded1c95d3be]::run_test::{closure#0}
[INFO] [stdout]   14:     0x63c25a7ec9f4 - std[70759c8f55707aa4]::sys::backtrace::__rust_begin_short_backtrace::<test[9d35eded1c95d3be]::run_test::{closure#1}, ()>
[INFO] [stdout]   15:     0x63c25a7f6292 - <std[70759c8f55707aa4]::thread::lifecycle::spawn_unchecked<test[9d35eded1c95d3be]::run_test::{closure#1}, ()>::{closure#1} as core[df12db4294e9bfd3]::ops::function::FnOnce<()>>::call_once::{shim:vtable#0}
[INFO] [stdout]   16:     0x63c25a85d4c9 - <std[70759c8f55707aa4]::sys::thread::unix::Thread>::new::thread_start
[INFO] [stdout]   17:     0x780aa21b7dfa - <unknown>
[INFO] [stdout]   18:     0x780aa224b3d4 - clone
[INFO] [stdout]   19:                0x0 - <unknown>
[INFO] [stdout] 
[INFO] [stdout] ---- it_names_the_crate_that_owns_the_renderer stdout ----
[INFO] [stdout] 
[INFO] [stdout] thread 'it_names_the_crate_that_owns_the_renderer' (1429) panicked at tests/manifest.rs:61:5:
[INFO] [stdout] the device has to come from somewhere, and this is where
[INFO] [stdout] stack backtrace:
[INFO] [stdout]    0:     0x63c25a85dbf1 - <<std[70759c8f55707aa4]::sys::backtrace::BacktraceLock>::print::DisplayBacktrace as core[df12db4294e9bfd3]::fmt::Display>::fmt
[INFO] [stdout]    1:     0x63c25a871dca - core[df12db4294e9bfd3]::fmt::write
[INFO] [stdout]    2:     0x63c25a86208c - <alloc[2182bb758b4b3781]::vec::Vec<u8> as core[df12db4294e9bfd3]::io::write::Write>::write_fmt
[INFO] [stdout]    3:     0x63c25a83a1e6 - std[70759c8f55707aa4]::panicking::default_hook::{closure#0}
[INFO] [stdout]    4:     0x63c25a856359 - std[70759c8f55707aa4]::panicking::default_hook
[INFO] [stdout]    5:     0x63c25a7f27e0 - test[9d35eded1c95d3be]::test_main_inner::<test[9d35eded1c95d3be]::test_main_static::{closure#0}>::{closure#0}
[INFO] [stdout]    6:     0x63c25a856512 - std[70759c8f55707aa4]::panicking::panic_with_hook
[INFO] [stdout]    7:     0x63c25a83a2c4 - std[70759c8f55707aa4]::panicking::panic_handler::{closure#0}
[INFO] [stdout]    8:     0x63c25a833019 - std[70759c8f55707aa4]::sys::backtrace::__rust_end_short_backtrace::<std[70759c8f55707aa4]::panicking::panic_handler::{closure#0}, !>
[INFO] [stdout]    9:     0x63c25a83ae8d - __rustc[8fa7c3cbc660c2b3]::rust_begin_unwind
[INFO] [stdout]   10:     0x63c25a8724fc - core[df12db4294e9bfd3]::panicking::panic_fmt
[INFO] [stdout]   11:     0x63c25a7e5024 - <manifest[54af387629fa2203]::it_names_the_crate_that_owns_the_renderer::{closure#0} as core[df12db4294e9bfd3]::ops::function::FnOnce<()>>::call_once
[INFO] [stdout]   12:     0x63c25a7e5acb - test[9d35eded1c95d3be]::__rust_begin_short_backtrace::<core[df12db4294e9bfd3]::result::Result<(), alloc[2182bb758b4b3781]::string::String>, fn() -> core[df12db4294e9bfd3]::result::Result<(), alloc[2182bb758b4b3781]::string::String>>
[INFO] [stdout]   13:     0x63c25a7f3135 - test[9d35eded1c95d3be]::run_test::{closure#0}
[INFO] [stdout]   14:     0x63c25a7ec9f4 - std[70759c8f55707aa4]::sys::backtrace::__rust_begin_short_backtrace::<test[9d35eded1c95d3be]::run_test::{closure#1}, ()>
[INFO] [stdout]   15:     0x63c25a7f6292 - <std[70759c8f55707aa4]::thread::lifecycle::spawn_unchecked<test[9d35eded1c95d3be]::run_test::{closure#1}, ()>::{closure#1} as core[df12db4294e9bfd3]::ops::function::FnOnce<()>>::call_once::{shim:vtable#0}
[INFO] [stdout]   16:     0x63c25a85d4c9 - <std[70759c8f55707aa4]::sys::thread::unix::Thread>::new::thread_start
[INFO] [stdout]   17:     0x780aa21b7dfa - <unknown>
[INFO] [stdout]   18:     0x780aa224b3d4 - clone
[INFO] [stdout]   19:                0x0 - <unknown>
[INFO] [stdout] 
[INFO] [stdout] 
[INFO] [stdout] failures:
[INFO] [stdout]     it_names_the_crate_that_owns_the_renderer
[INFO] [stdout]     wgpu_is_taken_from_the_workspace_rather_than_pinned_here
[INFO] [stdout] 
[INFO] [stdout] test result: FAILED. 0 passed; 2 failed; 0 ignored; 0 measured; 0 filtered out; finished in 0.00s
[INFO] [stdout] 
[INFO] [stderr] error: test failed, to rerun pass `--test manifest`
[INFO] running `Command { std: "docker" "inspect" "b16e3828f13a0dc16192e9d15336189d82ae232d1afef99cef1ab1d262d894a6", kill_on_drop: false }`
[INFO] running `Command { std: "docker" "rm" "-f" "b16e3828f13a0dc16192e9d15336189d82ae232d1afef99cef1ab1d262d894a6", kill_on_drop: false }`
[INFO] [stdout] b16e3828f13a0dc16192e9d15336189d82ae232d1afef99cef1ab1d262d894a6
