[INFO] fetching crate corund 0.2.0...
[INFO] testing corund-0.2.0 against 1.99.0-beta.8+cargoflags=--release for beta-release-1.100-2
[INFO] extracting crate corund 0.2.0 into /workspace/builds/worker-2-tc1/source
[INFO] started tweaking crates.io crate corund 0.2.0
[INFO] removed 0 missing tests
[INFO] finished tweaking crates.io crate corund 0.2.0
[INFO] tweaked toml for crates.io crate corund 0.2.0 written to /workspace/builds/worker-2-tc1/source/Cargo.toml
[INFO] validating manifest of crates.io crate corund 0.2.0 on toolchain 1.99.0-beta.8
[INFO] running `Command { std: CARGO_HOME="/workspace/cargo-home" RUSTUP_HOME="/workspace/rustup-home" "/workspace/cargo-home/bin/cargo" "+1.99.0-beta.8" "metadata" "--manifest-path" "Cargo.toml" "--no-deps", kill_on_drop: false }`
[INFO] crate crates.io crate corund 0.2.0 already has a lockfile, it will not be regenerated
[INFO] running `Command { std: CARGO_HOME="/workspace/cargo-home" RUSTUP_HOME="/workspace/rustup-home" "/workspace/cargo-home/bin/cargo" "+1.99.0-beta.8" "fetch" "--manifest-path" "Cargo.toml", kill_on_drop: false }`
[INFO] [stderr]     Updating crates.io index
[INFO] [stderr]  Downloading crates ...
[INFO] [stderr]   Downloaded proc-macro2 v1.0.83
[INFO] [stderr]   Downloaded serde_with_macros v3.9.0
[INFO] [stderr]   Downloaded colog v1.3.0
[INFO] [stderr]   Downloaded serde_json v1.0.121
[INFO] [stderr]   Downloaded rust-multipart-rfc7578_2 v0.6.1
[INFO] [stderr]   Downloaded serde_with v3.9.0
[INFO] [stderr]   Downloaded axum-test v15.6.0
[INFO] [stderr]   Downloaded syn v2.0.65
[INFO] [stderr]   Downloaded reserve-port v2.0.1
[INFO] running `Command { std: "docker" "create" "-v" "/var/lib/crater-agent-workspace/builds/worker-2-tc1/source:/opt/rustwide/workdir:ro,Z" "-v" "/var/lib/crater-agent-workspace/builds/worker-2-tc1/target:/opt/rustwide/target:rw,Z" "-v" "/var/lib/crater-agent-workspace/cargo-home:/opt/rustwide/cargo-home:ro,Z" "-v" "/var/lib/crater-agent-workspace/rustup-home:/opt/rustwide/rustup-home:ro,Z" "-m" "1610612736" "--network" "none" "ghcr.io/rust-lang/crates-build-env/linux@sha256:77db811e55d90add9212f6832c23229e3de5f1c1f9905e8cb07319ea15df73ac" "sleep" "infinity", kill_on_drop: false }`
[INFO] [stdout] d118de40cb41a414af9d43d46f7bc0adf8754c1a18d927def6ed15f32ef44d3d
[INFO] running `Command { std: "docker" "start" "d118de40cb41a414af9d43d46f7bc0adf8754c1a18d927def6ed15f32ef44d3d", kill_on_drop: false }`
[INFO] running `Command { std: "docker" "inspect" "d118de40cb41a414af9d43d46f7bc0adf8754c1a18d927def6ed15f32ef44d3d", kill_on_drop: false }`
[INFO] running `Command { std: "docker" "exec" "-e" "SOURCE_DIR=/opt/rustwide/workdir" "-e" "CARGO_HOME=/opt/rustwide/cargo-home" "-e" "RUSTUP_HOME=/opt/rustwide/rustup-home" "-e" "CARGO_TARGET_DIR=/opt/rustwide/target" "-w" "/opt/rustwide/workdir" "--user" "0:0" "d118de40cb41a414af9d43d46f7bc0adf8754c1a18d927def6ed15f32ef44d3d" "/opt/rustwide/cargo-home/bin/cargo" "+1.99.0-beta.8" "metadata" "--no-deps" "--format-version=1", kill_on_drop: false }`
[INFO] running `Command { std: "docker" "inspect" "d118de40cb41a414af9d43d46f7bc0adf8754c1a18d927def6ed15f32ef44d3d", kill_on_drop: false }`
[INFO] running `Command { std: "docker" "exec" "-e" "SOURCE_DIR=/opt/rustwide/workdir" "-e" "CARGO_HOME=/opt/rustwide/cargo-home" "-e" "RUSTUP_HOME=/opt/rustwide/rustup-home" "-e" "CARGO_TARGET_DIR=/opt/rustwide/target" "-e" "CARGO_INCREMENTAL=0" "-e" "RUST_BACKTRACE=full" "-e" "RUSTFLAGS=--cap-lints=warn" "-e" "RUSTDOCFLAGS=--cap-lints=warn" "-w" "/opt/rustwide/workdir" "--user" "0:0" "d118de40cb41a414af9d43d46f7bc0adf8754c1a18d927def6ed15f32ef44d3d" "/opt/rustwide/cargo-home/bin/cargo" "+1.99.0-beta.8" "build" "--frozen" "--message-format=json" "--release", kill_on_drop: false }`
[INFO] [stderr]    Compiling proc-macro2 v1.0.83
[INFO] [stderr]    Compiling serde v1.0.204
[INFO] [stderr]    Compiling bytes v1.7.1
[INFO] [stderr]    Compiling serde_json v1.0.121
[INFO] [stderr]    Compiling futures-util v0.3.30
[INFO] [stderr]    Compiling regex-syntax v0.8.4
[INFO] [stderr]    Compiling httparse v1.9.4
[INFO] [stderr]    Compiling bitflags v2.5.0
[INFO] [stderr]    Compiling mio v1.0.2
[INFO] [stderr]    Compiling tracing v0.1.40
[INFO] [stderr]    Compiling getrandom v0.2.15
[INFO] [stderr]    Compiling axum-core v0.4.3
[INFO] [stderr]    Compiling digest v0.10.7
[INFO] [stderr]    Compiling pq-sys v0.6.1
[INFO] [stderr]    Compiling axum v0.7.5
[INFO] [stderr]    Compiling serde_yml v0.0.11
[INFO] [stderr]    Compiling fastrand v2.1.0
[INFO] [stderr]    Compiling colored v2.1.0
[INFO] [stderr]    Compiling indexmap v2.3.0
[INFO] [stderr]    Compiling libyml v0.0.4
[INFO] [stderr]    Compiling tower v0.5.0
[INFO] [stderr]    Compiling rustix v0.38.34
[INFO] [stderr]    Compiling rand_core v0.6.4
[INFO] [stderr]    Compiling blake2 v0.10.6
[INFO] [stderr]    Compiling password-hash v0.5.0
[INFO] [stderr]    Compiling sha2 v0.10.8
[INFO] [stderr]    Compiling hmac v0.12.1
[INFO] [stderr]    Compiling quote v1.0.36
[INFO] [stderr]    Compiling argon2 v0.5.3
[INFO] [stderr]    Compiling http v1.1.0
[INFO] [stderr]    Compiling syn v2.0.65
[INFO] [stderr]    Compiling regex-automata v0.4.7
[INFO] [stderr]    Compiling http-body v1.0.1
[INFO] [stderr]    Compiling http-body-util v0.1.2
[INFO] [stderr]    Compiling tempfile v3.10.1
[INFO] [stderr]    Compiling darling_core v0.20.10
[INFO] [stderr]    Compiling diesel_table_macro_syntax v0.2.0
[INFO] [stderr]    Compiling regex v1.10.5
[INFO] [stderr]    Compiling serde_derive v1.0.204
[INFO] [stderr]    Compiling tokio-macros v2.4.0
[INFO] [stderr]    Compiling pin-project-internal v1.1.5
[INFO] [stderr]    Compiling async-trait v0.1.81
[INFO] [stderr]    Compiling tokio v1.39.3
[INFO] [stderr]    Compiling env_filter v0.1.2
[INFO] [stderr]    Compiling env_logger v0.11.5
[INFO] [stderr]    Compiling colog v1.3.0
[INFO] [stderr]    Compiling pin-project v1.1.5
[INFO] [stderr]    Compiling darling_macro v0.20.10
[INFO] [stderr]    Compiling darling v0.20.10
[INFO] [stderr]    Compiling dsl_auto_type v0.1.2
[INFO] [stderr]    Compiling serde_with_macros v3.9.0
[INFO] [stderr]    Compiling diesel_derives v2.2.2
[INFO] [stderr]    Compiling hyper v1.4.1
[INFO] [stderr]    Compiling tower v0.4.13
[INFO] [stderr]    Compiling serde_path_to_error v0.1.16
[INFO] [stderr]    Compiling serde_urlencoded v0.7.1
[INFO] [stderr]    Compiling hyper-util v0.1.7
[INFO] [stderr]    Compiling serde_with v3.9.0
[INFO] [stderr]    Compiling jwt v0.16.0
[INFO] [stderr]    Compiling diesel v2.2.2
[INFO] [stderr]    Compiling corund v0.2.0 (/opt/rustwide/workdir)
[INFO] [stderr]     Finished `release` profile [optimized] target(s) in 1m 20s
[INFO] running `Command { std: "docker" "inspect" "d118de40cb41a414af9d43d46f7bc0adf8754c1a18d927def6ed15f32ef44d3d", kill_on_drop: false }`
[INFO] running `Command { std: "docker" "exec" "-e" "SOURCE_DIR=/opt/rustwide/workdir" "-e" "CARGO_HOME=/opt/rustwide/cargo-home" "-e" "RUSTUP_HOME=/opt/rustwide/rustup-home" "-e" "CARGO_TARGET_DIR=/opt/rustwide/target" "-e" "CARGO_INCREMENTAL=0" "-e" "RUST_BACKTRACE=full" "-e" "RUSTFLAGS=--cap-lints=warn" "-e" "RUSTDOCFLAGS=--cap-lints=warn" "-w" "/opt/rustwide/workdir" "--user" "0:0" "d118de40cb41a414af9d43d46f7bc0adf8754c1a18d927def6ed15f32ef44d3d" "/opt/rustwide/cargo-home/bin/cargo" "+1.99.0-beta.8" "test" "--frozen" "--no-run" "--message-format=json" "--release", kill_on_drop: false }`
[INFO] [stderr]    Compiling futures-io v0.3.30
[INFO] [stderr]    Compiling unicase v2.7.0
[INFO] [stderr]    Compiling zerocopy-derive v0.7.35
[INFO] [stderr]    Compiling thiserror v1.0.63
[INFO] [stderr]    Compiling tinyvec v1.8.0
[INFO] [stderr]    Compiling thiserror-impl v1.0.63
[INFO] [stderr]    Compiling time-core v0.1.2
[INFO] [stderr]    Compiling password-hash v0.5.0
[INFO] [stderr]    Compiling cookie v0.18.1
[INFO] [stderr]    Compiling http v0.2.12
[INFO] [stderr]    Compiling auto-future v1.0.0
[INFO] [stderr]    Compiling futures-util v0.3.30
[INFO] [stderr]    Compiling time-macros v0.2.18
[INFO] [stderr]    Compiling mime_guess v2.0.5
[INFO] [stderr]    Compiling argon2 v0.5.3
[INFO] [stderr]    Compiling zerocopy v0.7.35
[INFO] [stderr]    Compiling reserve-port v2.0.1
[INFO] [stderr]    Compiling time v0.3.36
[INFO] [stderr]    Compiling unicode-normalization v0.1.23
[INFO] [stderr]    Compiling idna v0.5.0
[INFO] [stderr]    Compiling ppv-lite86 v0.2.20
[INFO] [stderr]    Compiling url v2.5.2
[INFO] [stderr]    Compiling rand_chacha v0.3.1
[INFO] [stderr]    Compiling rand v0.8.5
[INFO] [stderr]    Compiling http-body-util v0.1.2
[INFO] [stderr]    Compiling tower v0.4.13
[INFO] [stderr]    Compiling hyper v1.4.1
[INFO] [stderr]    Compiling tower v0.5.0
[INFO] [stderr]    Compiling rust-multipart-rfc7578_2 v0.6.1
[INFO] [stderr]    Compiling axum-core v0.4.3
[INFO] [stderr]    Compiling hyper-util v0.1.7
[INFO] [stderr]    Compiling axum v0.7.5
[INFO] [stderr]    Compiling corund v0.2.0 (/opt/rustwide/workdir)
[INFO] [stderr]    Compiling axum-test v15.6.0
[INFO] [stderr]     Finished `release` profile [optimized] target(s) in 35.82s
[INFO] running `Command { std: "docker" "inspect" "d118de40cb41a414af9d43d46f7bc0adf8754c1a18d927def6ed15f32ef44d3d", kill_on_drop: false }`
[INFO] running `Command { std: "docker" "exec" "-e" "SOURCE_DIR=/opt/rustwide/workdir" "-e" "CARGO_HOME=/opt/rustwide/cargo-home" "-e" "RUSTUP_HOME=/opt/rustwide/rustup-home" "-e" "CARGO_TARGET_DIR=/opt/rustwide/target" "-e" "CARGO_INCREMENTAL=0" "-e" "RUST_BACKTRACE=full" "-e" "RUSTFLAGS=--cap-lints=warn" "-e" "RUSTDOCFLAGS=--cap-lints=warn" "-w" "/opt/rustwide/workdir" "--user" "0:0" "d118de40cb41a414af9d43d46f7bc0adf8754c1a18d927def6ed15f32ef44d3d" "/opt/rustwide/cargo-home/bin/cargo" "+1.99.0-beta.8" "test" "--frozen" "--release", kill_on_drop: false }`
[INFO] [stderr]     Finished `release` profile [optimized] target(s) in 0.15s
[INFO] [stderr]      Running unittests src/lib.rs (/opt/rustwide/target/release/deps/corund_lib-0fa50f39b8d930d1)
[INFO] [stdout] 
[INFO] [stderr]      Running unittests src/main.rs (/opt/rustwide/target/release/deps/corund_app-142b9c0383ae384a)
[INFO] [stdout] running 0 tests
[INFO] [stdout] 
[INFO] [stdout] test result: ok. 0 passed; 0 failed; 0 ignored; 0 measured; 0 filtered out; finished in 0.00s
[INFO] [stdout] 
[INFO] [stdout] 
[INFO] [stdout] running 0 tests
[INFO] [stdout] 
[INFO] [stdout] test result: ok. 0 passed; 0 failed; 0 ignored; 0 measured; 0 filtered out; finished in 0.00s
[INFO] [stdout] 
[INFO] [stderr]      Running tests/client.rs (/opt/rustwide/target/release/deps/client-ee26370a8b98435e)
[INFO] [stdout] 
[INFO] [stdout] running 4 tests
[INFO] [stdout] test access_std_ok ... FAILED
[INFO] [stdout] test current_std_ok ... FAILED
[INFO] [stdout] test login_std_ok ... FAILED
[INFO] [stdout] test logout_std_ok ... FAILED
[INFO] [stdout] 
[INFO] [stdout] failures:
[INFO] [stdout] 
[INFO] [stdout] ---- access_std_ok stdout ----
[INFO] [stdout] 
[INFO] [stdout] thread 'access_std_ok' (2296) panicked at src/db.rs:13:29:
[INFO] [stdout] cannot connect to db
[INFO] [stdout] stack backtrace:
[INFO] [stdout]    0:     0x6159b7cd1a11 - <<std[70759c8f55707aa4]::sys::backtrace::BacktraceLock>::print::DisplayBacktrace as core[df12db4294e9bfd3]::fmt::Display>::fmt
[INFO] [stdout]    1:     0x6159b7ce89da - core[df12db4294e9bfd3]::fmt::write
[INFO] [stdout]    2:     0x6159b7cd69cc - <alloc[2182bb758b4b3781]::vec::Vec<u8> as core[df12db4294e9bfd3]::io::write::Write>::write_fmt
[INFO] [stdout]    3:     0x6159b7cac496 - std[70759c8f55707aa4]::panicking::default_hook::{closure#0}
[INFO] [stdout]    4:     0x6159b7cc97e9 - std[70759c8f55707aa4]::panicking::default_hook
[INFO] [stdout]    5:     0x6159b7ada9d0 - test[9d35eded1c95d3be]::test_main_inner::<test[9d35eded1c95d3be]::test_main_static::{closure#0}>::{closure#0}
[INFO] [stdout]    6:     0x6159b7cc9b12 - std[70759c8f55707aa4]::panicking::panic_with_hook
[INFO] [stdout]    7:     0x6159b7cac574 - std[70759c8f55707aa4]::panicking::panic_handler::{closure#0}
[INFO] [stdout]    8:     0x6159b7ca4c59 - std[70759c8f55707aa4]::sys::backtrace::__rust_end_short_backtrace::<std[70759c8f55707aa4]::panicking::panic_handler::{closure#0}, !>
[INFO] [stdout]    9:     0x6159b7cad43d - __rustc[8fa7c3cbc660c2b3]::rust_begin_unwind
[INFO] [stdout]   10:     0x6159b7ce913c - core[df12db4294e9bfd3]::panicking::panic_fmt
[INFO] [stdout]   11:     0x6159b7b43030 - corund_lib[aa29293bc45dbeee]::db::con::{closure#0}
[INFO] [stdout]   12:     0x6159b7b433ca - corund_lib[aa29293bc45dbeee]::db::con
[INFO] [stdout]   13:     0x6159b7ac959a - client[68bf5e7cfda14483]::access_std_ok::{closure#0}
[INFO] [stdout]   14:     0x6159b7abe64b - <tokio[28ffd8d4d550b970]::runtime::runtime::Runtime>::block_on_inner::<core[df12db4294e9bfd3]::pin::Pin<&mut dyn core[df12db4294e9bfd3]::future::future::Future<Output = ()>>>
[INFO] [stdout]   15:     0x6159b7acc41e - <client[68bf5e7cfda14483]::access_std_ok::{closure#0} as core[df12db4294e9bfd3]::ops::function::FnOnce<()>>::call_once
[INFO] [stdout]   16:     0x6159b7acdcbb - test[9d35eded1c95d3be]::__rust_begin_short_backtrace::<core[df12db4294e9bfd3]::result::Result<(), alloc[2182bb758b4b3781]::string::String>, fn() -> core[df12db4294e9bfd3]::result::Result<(), alloc[2182bb758b4b3781]::string::String>>
[INFO] [stdout]   17:     0x6159b7adb325 - test[9d35eded1c95d3be]::run_test::{closure#0}
[INFO] [stdout]   18:     0x6159b7ad4be4 - std[70759c8f55707aa4]::sys::backtrace::__rust_begin_short_backtrace::<test[9d35eded1c95d3be]::run_test::{closure#1}, ()>
[INFO] [stdout]   19:     0x6159b7ade482 - <std[70759c8f55707aa4]::thread::lifecycle::spawn_unchecked<test[9d35eded1c95d3be]::run_test::{closure#1}, ()>::{closure#1} as core[df12db4294e9bfd3]::ops::function::FnOnce<()>>::call_once::{shim:vtable#0}
[INFO] [stdout]   20:     0x6159b7cd0ce9 - <std[70759c8f55707aa4]::sys::thread::unix::Thread>::new::thread_start
[INFO] [stdout]   21:     0x75418f78bdfa - <unknown>
[INFO] [stdout]   22:     0x75418f81f3d4 - clone
[INFO] [stdout]   23:                0x0 - <unknown>
[INFO] [stdout] 
[INFO] [stdout] ---- current_std_ok stdout ----
[INFO] [stdout] 
[INFO] [stdout] thread 'current_std_ok' (2297) panicked at src/db.rs:13:29:
[INFO] [stdout] cannot connect to db
[INFO] [stdout] stack backtrace:
[INFO] [stdout]    0:     0x6159b7cd1a11 - <<std[70759c8f55707aa4]::sys::backtrace::BacktraceLock>::print::DisplayBacktrace as core[df12db4294e9bfd3]::fmt::Display>::fmt
[INFO] [stdout]    1:     0x6159b7ce89da - core[df12db4294e9bfd3]::fmt::write
[INFO] [stdout]    2:     0x6159b7cd69cc - <alloc[2182bb758b4b3781]::vec::Vec<u8> as core[df12db4294e9bfd3]::io::write::Write>::write_fmt
[INFO] [stdout]    3:     0x6159b7cac496 - std[70759c8f55707aa4]::panicking::default_hook::{closure#0}
[INFO] [stdout]    4:     0x6159b7cc97e9 - std[70759c8f55707aa4]::panicking::default_hook
[INFO] [stdout]    5:     0x6159b7ada9d0 - test[9d35eded1c95d3be]::test_main_inner::<test[9d35eded1c95d3be]::test_main_static::{closure#0}>::{closure#0}
[INFO] [stdout]    6:     0x6159b7cc9b12 - std[70759c8f55707aa4]::panicking::panic_with_hook
[INFO] [stdout]    7:     0x6159b7cac574 - std[70759c8f55707aa4]::panicking::panic_handler::{closure#0}
[INFO] [stdout]    8:     0x6159b7ca4c59 - std[70759c8f55707aa4]::sys::backtrace::__rust_end_short_backtrace::<std[70759c8f55707aa4]::panicking::panic_handler::{closure#0}, !>
[INFO] [stdout]    9:     0x6159b7cad43d - __rustc[8fa7c3cbc660c2b3]::rust_begin_unwind
[INFO] [stdout]   10:     0x6159b7ce913c - core[df12db4294e9bfd3]::panicking::panic_fmt
[INFO] [stdout]   11:     0x6159b7b43030 - corund_lib[aa29293bc45dbeee]::db::con::{closure#0}
[INFO] [stdout]   12:     0x6159b7b433ca - corund_lib[aa29293bc45dbeee]::db::con
[INFO] [stdout]   13:     0x6159b7acb165 - client[68bf5e7cfda14483]::current_std_ok::{closure#0}
[INFO] [stdout]   14:     0x6159b7abe64b - <tokio[28ffd8d4d550b970]::runtime::runtime::Runtime>::block_on_inner::<core[df12db4294e9bfd3]::pin::Pin<&mut dyn core[df12db4294e9bfd3]::future::future::Future<Output = ()>>>
[INFO] [stdout]   15:     0x6159b7acc6de - <client[68bf5e7cfda14483]::current_std_ok::{closure#0} as core[df12db4294e9bfd3]::ops::function::FnOnce<()>>::call_once
[INFO] [stdout]   16:     0x6159b7acdcbb - test[9d35eded1c95d3be]::__rust_begin_short_backtrace::<core[df12db4294e9bfd3]::result::Result<(), alloc[2182bb758b4b3781]::string::String>, fn() -> core[df12db4294e9bfd3]::result::Result<(), alloc[2182bb758b4b3781]::string::String>>
[INFO] [stdout]   17:     0x6159b7adb325 - test[9d35eded1c95d3be]::run_test::{closure#0}
[INFO] [stdout]   18:     0x6159b7ad4be4 - std[70759c8f55707aa4]::sys::backtrace::__rust_begin_short_backtrace::<test[9d35eded1c95d3be]::run_test::{closure#1}, ()>
[INFO] [stdout]   19:     0x6159b7ade482 - <std[70759c8f55707aa4]::thread::lifecycle::spawn_unchecked<test[9d35eded1c95d3be]::run_test::{closure#1}, ()>::{closure#1} as core[df12db4294e9bfd3]::ops::function::FnOnce<()>>::call_once::{shim:vtable#0}
[INFO] [stdout]   20:     0x6159b7cd0ce9 - <std[70759c8f55707aa4]::sys::thread::unix::Thread>::new::thread_start
[INFO] [stdout]   21:     0x75418f78bdfa - <unknown>
[INFO] [stdout]   22:     0x75418f81f3d4 - clone
[INFO] [stdout]   23:                0x0 - <unknown>
[INFO] [stdout] 
[INFO] [stdout] ---- login_std_ok stdout ----
[INFO] [stdout] 
[INFO] [stdout] thread 'login_std_ok' (2298) panicked at src/db.rs:13:29:
[INFO] [stdout] cannot connect to db
[INFO] [stdout] stack backtrace:
[INFO] [stdout]    0:     0x6159b7cd1a11 - <<std[70759c8f55707aa4]::sys::backtrace::BacktraceLock>::print::DisplayBacktrace as core[df12db4294e9bfd3]::fmt::Display>::fmt
[INFO] [stdout]    1:     0x6159b7ce89da - core[df12db4294e9bfd3]::fmt::write
[INFO] [stdout]    2:     0x6159b7cd69cc - <alloc[2182bb758b4b3781]::vec::Vec<u8> as core[df12db4294e9bfd3]::io::write::Write>::write_fmt
[INFO] [stdout]    3:     0x6159b7cac496 - std[70759c8f55707aa4]::panicking::default_hook::{closure#0}
[INFO] [stdout]    4:     0x6159b7cc97e9 - std[70759c8f55707aa4]::panicking::default_hook
[INFO] [stdout]    5:     0x6159b7ada9d0 - test[9d35eded1c95d3be]::test_main_inner::<test[9d35eded1c95d3be]::test_main_static::{closure#0}>::{closure#0}
[INFO] [stdout]    6:     0x6159b7cc9b12 - std[70759c8f55707aa4]::panicking::panic_with_hook
[INFO] [stdout]    7:     0x6159b7cac574 - std[70759c8f55707aa4]::panicking::panic_handler::{closure#0}
[INFO] [stdout]    8:     0x6159b7ca4c59 - std[70759c8f55707aa4]::sys::backtrace::__rust_end_short_backtrace::<std[70759c8f55707aa4]::panicking::panic_handler::{closure#0}, !>
[INFO] [stdout]    9:     0x6159b7cad43d - __rustc[8fa7c3cbc660c2b3]::rust_begin_unwind
[INFO] [stdout]   10:     0x6159b7ce913c - core[df12db4294e9bfd3]::panicking::panic_fmt
[INFO] [stdout]   11:     0x6159b7b43030 - corund_lib[aa29293bc45dbeee]::db::con::{closure#0}
[INFO] [stdout]   12:     0x6159b7b433ca - corund_lib[aa29293bc45dbeee]::db::con
[INFO] [stdout]   13:     0x6159b7ac8b7f - client[68bf5e7cfda14483]::login_std_ok::{closure#0}
[INFO] [stdout]   14:     0x6159b7abe64b - <tokio[28ffd8d4d550b970]::runtime::runtime::Runtime>::block_on_inner::<core[df12db4294e9bfd3]::pin::Pin<&mut dyn core[df12db4294e9bfd3]::future::future::Future<Output = ()>>>
[INFO] [stdout]   15:     0x6159b7acc2be - <client[68bf5e7cfda14483]::login_std_ok::{closure#0} as core[df12db4294e9bfd3]::ops::function::FnOnce<()>>::call_once
[INFO] [stdout]   16:     0x6159b7acdcbb - test[9d35eded1c95d3be]::__rust_begin_short_backtrace::<core[df12db4294e9bfd3]::result::Result<(), alloc[2182bb758b4b3781]::string::String>, fn() -> core[df12db4294e9bfd3]::result::Result<(), alloc[2182bb758b4b3781]::string::String>>
[INFO] [stdout]   17:     0x6159b7adb325 - test[9d35eded1c95d3be]::run_test::{closure#0}
[INFO] [stdout]   18:     0x6159b7ad4be4 - std[70759c8f55707aa4]::sys::backtrace::__rust_begin_short_backtrace::<test[9d35eded1c95d3be]::run_test::{closure#1}, ()>
[INFO] [stdout]   19:     0x6159b7ade482 - <std[70759c8f55707aa4]::thread::lifecycle::spawn_unchecked<test[9d35eded1c95d3be]::run_test::{closure#1}, ()>::{closure#1} as core[df12db4294e9bfd3]::ops::function::FnOnce<()>>::call_once::{shim:vtable#0}
[INFO] [stdout]   20:     0x6159b7cd0ce9 - <std[70759c8f55707aa4]::sys::thread::unix::Thread>::new::thread_start
[INFO] [stdout]   21:     0x75418f78bdfa - <unknown>
[INFO] [stdout]   22:     0x75418f81f3d4 - clone
[INFO] [stdout]   23:                0x0 - <unknown>
[INFO] [stdout] 
[INFO] [stdout] ---- logout_std_ok stdout ----
[INFO] [stdout] 
[INFO] [stdout] thread 'logout_std_ok' (2299) panicked at src/db.rs:13:29:
[INFO] [stdout] cannot connect to db
[INFO] [stdout] stack backtrace:
[INFO] [stdout]    0:     0x6159b7cd1a11 - <<std[70759c8f55707aa4]::sys::backtrace::BacktraceLock>::print::DisplayBacktrace as core[df12db4294e9bfd3]::fmt::Display>::fmt
[INFO] [stdout]    1:     0x6159b7ce89da - core[df12db4294e9bfd3]::fmt::write
[INFO] [stdout]    2:     0x6159b7cd69cc - <alloc[2182bb758b4b3781]::vec::Vec<u8> as core[df12db4294e9bfd3]::io::write::Write>::write_fmt
[INFO] [stdout]    3:     0x6159b7cac496 - std[70759c8f55707aa4]::panicking::default_hook::{closure#0}
[INFO] [stdout]    4:     0x6159b7cc97e9 - std[70759c8f55707aa4]::panicking::default_hook
[INFO] [stdout]    5:     0x6159b7ada9d0 - test[9d35eded1c95d3be]::test_main_inner::<test[9d35eded1c95d3be]::test_main_static::{closure#0}>::{closure#0}
[INFO] [stdout]    6:     0x6159b7cc9b12 - std[70759c8f55707aa4]::panicking::panic_with_hook
[INFO] [stdout]    7:     0x6159b7cac574 - std[70759c8f55707aa4]::panicking::panic_handler::{closure#0}
[INFO] [stdout]    8:     0x6159b7ca4c59 - std[70759c8f55707aa4]::sys::backtrace::__rust_end_short_backtrace::<std[70759c8f55707aa4]::panicking::panic_handler::{closure#0}, !>
[INFO] [stdout]    9:     0x6159b7cad43d - __rustc[8fa7c3cbc660c2b3]::rust_begin_unwind
[INFO] [stdout]   10:     0x6159b7ce913c - core[df12db4294e9bfd3]::panicking::panic_fmt
[INFO] [stdout]   11:     0x6159b7b43030 - corund_lib[aa29293bc45dbeee]::db::con::{closure#0}
[INFO] [stdout]   12:     0x6159b7b433ca - corund_lib[aa29293bc45dbeee]::db::con
[INFO] [stdout]   13:     0x6159b7aca357 - client[68bf5e7cfda14483]::logout_std_ok::{closure#0}
[INFO] [stdout]   14:     0x6159b7abe64b - <tokio[28ffd8d4d550b970]::runtime::runtime::Runtime>::block_on_inner::<core[df12db4294e9bfd3]::pin::Pin<&mut dyn core[df12db4294e9bfd3]::future::future::Future<Output = ()>>>
[INFO] [stdout]   15:     0x6159b7acc57e - <client[68bf5e7cfda14483]::logout_std_ok::{closure#0} as core[df12db4294e9bfd3]::ops::function::FnOnce<()>>::call_once
[INFO] [stdout]   16:     0x6159b7acdcbb - test[9d35eded1c95d3be]::__rust_begin_short_backtrace::<core[df12db4294e9bfd3]::result::Result<(), alloc[2182bb758b4b3781]::string::String>, fn() -> core[df12db4294e9bfd3]::result::Result<(), alloc[2182bb758b4b3781]::string::String>>
[INFO] [stdout]   17:     0x6159b7adb325 - test[9d35eded1c95d3be]::run_test::{closure#0}
[INFO] [stdout]   18:     0x6159b7ad4be4 - std[70759c8f55707aa4]::sys::backtrace::__rust_begin_short_backtrace::<test[9d35eded1c95d3be]::run_test::{closure#1}, ()>
[INFO] [stdout]   19:     0x6159b7ade482 - <std[70759c8f55707aa4]::thread::lifecycle::spawn_unchecked<test[9d35eded1c95d3be]::run_test::{closure#1}, ()>::{closure#1} as core[df12db4294e9bfd3]::ops::function::FnOnce<()>>::call_once::{shim:vtable#0}
[INFO] [stdout]   20:     0x6159b7cd0ce9 - <std[70759c8f55707aa4]::sys::thread::unix::Thread>::new::thread_start
[INFO] [stdout]   21:     0x75418f78bdfa - <unknown>
[INFO] [stdout]   22:     0x75418f81f3d4 - clone
[INFO] [stdout]   23:                0x0 - <unknown>
[INFO] [stdout] 
[INFO] [stdout] 
[INFO] [stdout] failures:
[INFO] [stdout]     access_std_ok
[INFO] [stdout]     current_std_ok
[INFO] [stdout]     login_std_ok
[INFO] [stdout]     logout_std_ok
[INFO] [stdout] 
[INFO] [stdout] test result: FAILED. 0 passed; 4 failed; 0 ignored; 0 measured; 0 filtered out; finished in 0.00s
[INFO] [stdout] 
[INFO] [stderr] error: test failed, to rerun pass `--test client`
[INFO] running `Command { std: "docker" "inspect" "d118de40cb41a414af9d43d46f7bc0adf8754c1a18d927def6ed15f32ef44d3d", kill_on_drop: false }`
[INFO] running `Command { std: "docker" "rm" "-f" "d118de40cb41a414af9d43d46f7bc0adf8754c1a18d927def6ed15f32ef44d3d", kill_on_drop: false }`
[INFO] [stdout] d118de40cb41a414af9d43d46f7bc0adf8754c1a18d927def6ed15f32ef44d3d
