[INFO] fetching crate cortexkit-store 0.3.0...
[INFO] testing cortexkit-store-0.3.0 against 1.100.0-beta.1+cargoflags=--release for beta-release-1.100-2
[INFO] extracting crate cortexkit-store 0.3.0 into /workspace/builds/worker-1-tc2/source
[INFO] started tweaking crates.io crate cortexkit-store 0.3.0
[INFO] removed 0 missing tests
[INFO] finished tweaking crates.io crate cortexkit-store 0.3.0
[INFO] tweaked toml for crates.io crate cortexkit-store 0.3.0 written to /workspace/builds/worker-1-tc2/source/Cargo.toml
[INFO] validating manifest of crates.io crate cortexkit-store 0.3.0 on toolchain 1.100.0-beta.1
[INFO] running `Command { std: CARGO_HOME="/workspace/cargo-home" RUSTUP_HOME="/workspace/rustup-home" "/workspace/cargo-home/bin/cargo" "+1.100.0-beta.1" "metadata" "--manifest-path" "Cargo.toml" "--no-deps", kill_on_drop: false }`
[INFO] crate crates.io crate cortexkit-store 0.3.0 already has a lockfile, it will not be regenerated
[INFO] running `Command { std: CARGO_HOME="/workspace/cargo-home" RUSTUP_HOME="/workspace/rustup-home" "/workspace/cargo-home/bin/cargo" "+1.100.0-beta.1" "fetch" "--manifest-path" "Cargo.toml", kill_on_drop: false }`
[INFO] running `Command { std: "docker" "create" "-v" "/var/lib/crater-agent-workspace/builds/worker-1-tc2/source:/opt/rustwide/workdir:ro,Z" "-v" "/var/lib/crater-agent-workspace/builds/worker-1-tc2/target:/opt/rustwide/target:rw,Z" "-v" "/var/lib/crater-agent-workspace/cargo-home:/opt/rustwide/cargo-home:ro,Z" "-v" "/var/lib/crater-agent-workspace/rustup-home:/opt/rustwide/rustup-home:ro,Z" "-m" "1610612736" "--network" "none" "ghcr.io/rust-lang/crates-build-env/linux@sha256:77db811e55d90add9212f6832c23229e3de5f1c1f9905e8cb07319ea15df73ac" "sleep" "infinity", kill_on_drop: false }`
[INFO] [stdout] 88bd0069327366fed705cb31e35b07fca26eb98b7850274ed7f5f4dc72526619
[INFO] running `Command { std: "docker" "start" "88bd0069327366fed705cb31e35b07fca26eb98b7850274ed7f5f4dc72526619", kill_on_drop: false }`
[INFO] running `Command { std: "docker" "inspect" "88bd0069327366fed705cb31e35b07fca26eb98b7850274ed7f5f4dc72526619", kill_on_drop: false }`
[INFO] running `Command { std: "docker" "exec" "-e" "SOURCE_DIR=/opt/rustwide/workdir" "-e" "CARGO_HOME=/opt/rustwide/cargo-home" "-e" "RUSTUP_HOME=/opt/rustwide/rustup-home" "-e" "CARGO_TARGET_DIR=/opt/rustwide/target" "-w" "/opt/rustwide/workdir" "--user" "0:0" "88bd0069327366fed705cb31e35b07fca26eb98b7850274ed7f5f4dc72526619" "/opt/rustwide/cargo-home/bin/cargo" "+1.100.0-beta.1" "metadata" "--no-deps" "--format-version=1", kill_on_drop: false }`
[INFO] running `Command { std: "docker" "inspect" "88bd0069327366fed705cb31e35b07fca26eb98b7850274ed7f5f4dc72526619", kill_on_drop: false }`
[INFO] running `Command { std: "docker" "exec" "-e" "SOURCE_DIR=/opt/rustwide/workdir" "-e" "CARGO_HOME=/opt/rustwide/cargo-home" "-e" "RUSTUP_HOME=/opt/rustwide/rustup-home" "-e" "CARGO_TARGET_DIR=/opt/rustwide/target" "-e" "CARGO_INCREMENTAL=0" "-e" "RUST_BACKTRACE=full" "-e" "RUSTFLAGS=--cap-lints=warn" "-e" "RUSTDOCFLAGS=--cap-lints=warn" "-w" "/opt/rustwide/workdir" "--user" "0:0" "88bd0069327366fed705cb31e35b07fca26eb98b7850274ed7f5f4dc72526619" "/opt/rustwide/cargo-home/bin/cargo" "+1.100.0-beta.1" "build" "--frozen" "--message-format=json" "--release", kill_on_drop: false }`
[INFO] [stderr]    Compiling proc-macro2 v1.0.107
[INFO] [stderr]    Compiling quote v1.0.47
[INFO] [stderr]    Compiling zerocopy v0.8.59
[INFO] [stderr]    Compiling unicode-ident v1.0.26
[INFO] [stderr]    Compiling find-msvc-tools v0.1.14
[INFO] [stderr]    Compiling ahash v0.8.12
[INFO] [stderr]    Compiling libc v0.2.190
[INFO] [stderr]    Compiling cfg-if v1.0.5
[INFO] [stderr]    Compiling once_cell v1.21.4
[INFO] [stderr]    Compiling bitflags v2.13.2
[INFO] [stderr]    Compiling cc v1.6.0
[INFO] [stderr]    Compiling smallvec v1.16.2
[INFO] [stderr]    Compiling syn v3.0.6
[INFO] [stderr]    Compiling libsqlite3-sys v0.30.1
[INFO] [stderr]    Compiling fs2 v0.4.3
[INFO] [stderr]    Compiling cortexkit-lease v0.1.2
[INFO] [stderr]    Compiling serde_derive v1.0.229
[INFO] [stderr]    Compiling serde v1.0.229
[INFO] [stderr]    Compiling hashbrown v0.14.5
[INFO] [stderr]    Compiling cortexkit-store-types v0.2.2
[INFO] [stderr]    Compiling hashlink v0.9.1
[INFO] [stderr]    Compiling rusqlite v0.32.1
[INFO] [stderr]    Compiling cortexkit-store v0.3.0 (/opt/rustwide/workdir)
[INFO] [stderr]     Finished `release` profile [optimized] target(s) in 1m 43s
[INFO] running `Command { std: "docker" "inspect" "88bd0069327366fed705cb31e35b07fca26eb98b7850274ed7f5f4dc72526619", kill_on_drop: false }`
[INFO] running `Command { std: "docker" "exec" "-e" "SOURCE_DIR=/opt/rustwide/workdir" "-e" "CARGO_HOME=/opt/rustwide/cargo-home" "-e" "RUSTUP_HOME=/opt/rustwide/rustup-home" "-e" "CARGO_TARGET_DIR=/opt/rustwide/target" "-e" "CARGO_INCREMENTAL=0" "-e" "RUST_BACKTRACE=full" "-e" "RUSTFLAGS=--cap-lints=warn" "-e" "RUSTDOCFLAGS=--cap-lints=warn" "-w" "/opt/rustwide/workdir" "--user" "0:0" "88bd0069327366fed705cb31e35b07fca26eb98b7850274ed7f5f4dc72526619" "/opt/rustwide/cargo-home/bin/cargo" "+1.100.0-beta.1" "test" "--frozen" "--no-run" "--message-format=json" "--release", kill_on_drop: false }`
[INFO] [stderr]    Compiling cortexkit-store v0.3.0 (/opt/rustwide/workdir)
[INFO] [stderr]     Finished `release` profile [optimized] target(s) in 8.95s
[INFO] running `Command { std: "docker" "inspect" "88bd0069327366fed705cb31e35b07fca26eb98b7850274ed7f5f4dc72526619", kill_on_drop: false }`
[INFO] running `Command { std: "docker" "exec" "-e" "SOURCE_DIR=/opt/rustwide/workdir" "-e" "CARGO_HOME=/opt/rustwide/cargo-home" "-e" "RUSTUP_HOME=/opt/rustwide/rustup-home" "-e" "CARGO_TARGET_DIR=/opt/rustwide/target" "-e" "CARGO_INCREMENTAL=0" "-e" "RUST_BACKTRACE=full" "-e" "RUSTFLAGS=--cap-lints=warn" "-e" "RUSTDOCFLAGS=--cap-lints=warn" "-w" "/opt/rustwide/workdir" "--user" "0:0" "88bd0069327366fed705cb31e35b07fca26eb98b7850274ed7f5f4dc72526619" "/opt/rustwide/cargo-home/bin/cargo" "+1.100.0-beta.1" "test" "--frozen" "--release", kill_on_drop: false }`
[INFO] [stderr]     Finished `release` profile [optimized] target(s) in 0.07s
[INFO] [stderr]      Running unittests src/lib.rs (/opt/rustwide/target/release/build/cortexkit-store/c2f719b31bb1ba35/out/cortexkit_store-c2f719b31bb1ba35)
[INFO] [stdout] 
[INFO] [stdout] running 18 tests
[INFO] [stdout] test tests::an_in_memory_store_opens ... FAILED
[INFO] [stdout] test tests::a_symlinked_store_directory_is_left_alone ... ok
[INFO] [stdout] test tests::a_fresh_store_creates_its_directories_owner_only ... ok
[INFO] [stdout] test tests::only_a_real_store_directory_is_narrowed ... ok
[INFO] [stdout] test tests::distinct_databases_do_not_falsely_contend ... ok
[INFO] [stdout] test tests::independent_namespace_chains_in_one_database ... ok
[INFO] [stdout] test tests::fenced_write_rolls_back_on_error ... ok
[INFO] [stdout] test tests::equal_epoch_writer_is_not_fenced ... ok
[INFO] [stdout] test tests::fenced_write_commits_and_persists ... ok
[INFO] [stdout] test sqlite_backend::ownership_read_tests::readonly_handles_with_another_identity_never_claim_or_refuse_ownership ... ok
[INFO] [stdout] test tests::open_runs_migrations_and_seeds_once ... ok
[INFO] [stdout] test tests::later_migration_applies_on_top_of_earlier ... ok
[INFO] [stdout] test tests::reopening_tightens_the_store_directory_but_not_its_parent ... ok
[INFO] [stdout] test tests::second_live_writer_is_rejected ... ok
[INFO] [stdout] test tests::unsupported_backend_is_rejected ... ok
[INFO] [stdout] test tests::reopening_a_permissive_store_protects_the_database_and_its_wal ... ok
[INFO] [stdout] test tests::store_ahead_of_chain_is_reported_not_hidden ... ok
[INFO] [stdout] test tests::superseded_writer_is_fenced_out_after_handover ... ok
[INFO] [stdout] 
[INFO] [stdout] failures:
[INFO] [stdout] 
[INFO] [stdout] ---- tests::an_in_memory_store_opens stdout ----
[INFO] [stdout] 
[INFO] [stdout] thread 'tests::an_in_memory_store_opens' (644) panicked at src/lib.rs:1148:14:
[INFO] [stdout] in-memory open: Lease(Io(Os { code: 30, kind: ReadOnlyFilesystem, message: "Read-only file system" }))
[INFO] [stdout] stack backtrace:
[INFO] [stdout]    0:     0x56ffdf3379e1 - <<std[617be2ca0a6fd877]::sys::backtrace::BacktraceLock>::print::DisplayBacktrace as core[a373ad73a504971]::fmt::Display>::fmt
[INFO] [stdout]    1:     0x56ffdf34d02a - core[a373ad73a504971]::fmt::write
[INFO] [stdout]    2:     0x56ffdf33c04c - <alloc[2e1b2a31b91974c5]::vec::Vec<u8> as core[a373ad73a504971]::io::write::Write>::write_fmt
[INFO] [stdout]    3:     0x56ffdf311366 - std[617be2ca0a6fd877]::panicking::default_hook::{closure#0}
[INFO] [stdout]    4:     0x56ffdf32ea69 - std[617be2ca0a6fd877]::panicking::default_hook
[INFO] [stdout]    5:     0x56ffdf12e700 - test[aada8e7e76ba119b]::test_main_inner::{closure#0}
[INFO] [stdout]    6:     0x56ffdf32ec22 - std[617be2ca0a6fd877]::panicking::panic_with_hook
[INFO] [stdout]    7:     0x56ffdf311412 - std[617be2ca0a6fd877]::panicking::panic_handler::{closure#0}
[INFO] [stdout]    8:     0x56ffdf309f09 - std[617be2ca0a6fd877]::sys::backtrace::__rust_end_short_backtrace::<std[617be2ca0a6fd877]::panicking::panic_handler::{closure#0}, !>
[INFO] [stdout]    9:     0x56ffdf3121cd - __rustc[ea4f61d10b84890b]::rust_begin_unwind
[INFO] [stdout]   10:     0x56ffdf34d78c - core[a373ad73a504971]::panicking::panic_fmt
[INFO] [stdout]   11:     0x56ffdf34d562 - core[a373ad73a504971]::result::unwrap_failed
[INFO] [stdout]   12:     0x56ffdf10cc9f - <cortexkit_store[fc794afadb95338e]::tests::an_in_memory_store_opens::{closure#0} as core[a373ad73a504971]::ops::function::FnOnce<()>>::call_once
[INFO] [stdout]   13:     0x56ffdf121b4b - test[aada8e7e76ba119b]::__rust_begin_short_backtrace::<core[a373ad73a504971]::result::Result<(), alloc[2e1b2a31b91974c5]::string::String>, fn() -> core[a373ad73a504971]::result::Result<(), alloc[2e1b2a31b91974c5]::string::String>>
[INFO] [stdout]   14:     0x56ffdf12ed25 - test[aada8e7e76ba119b]::run_test::{closure#0}
[INFO] [stdout]   15:     0x56ffdf128614 - std[617be2ca0a6fd877]::sys::backtrace::__rust_begin_short_backtrace::<test[aada8e7e76ba119b]::run_test::{closure#1}, ()>
[INFO] [stdout]   16:     0x56ffdf131db2 - <std[617be2ca0a6fd877]::thread::lifecycle::spawn_unchecked<test[aada8e7e76ba119b]::run_test::{closure#1}, ()>::{closure#1} as core[a373ad73a504971]::ops::function::FnOnce<()>>::call_once::{shim:vtable#0}
[INFO] [stdout]   17:     0x56ffdf33705f - <std[617be2ca0a6fd877]::sys::thread::unix::Thread>::new::thread_start
[INFO] [stdout]   18:     0x7e7f89d46dfa - <unknown>
[INFO] [stdout]   19:     0x7e7f89dda3d4 - clone
[INFO] [stdout]   20:                0x0 - <unknown>
[INFO] [stdout] 
[INFO] [stdout] 
[INFO] [stdout] failures:
[INFO] [stdout]     tests::an_in_memory_store_opens
[INFO] [stdout] 
[INFO] [stdout] test result: FAILED. 17 passed; 1 failed; 0 ignored; 0 measured; 0 filtered out; finished in 0.17s
[INFO] [stdout] 
[INFO] [stderr] error: test failed, to rerun pass `--lib`
[INFO] running `Command { std: "docker" "inspect" "88bd0069327366fed705cb31e35b07fca26eb98b7850274ed7f5f4dc72526619", kill_on_drop: false }`
[INFO] running `Command { std: "docker" "rm" "-f" "88bd0069327366fed705cb31e35b07fca26eb98b7850274ed7f5f4dc72526619", kill_on_drop: false }`
[INFO] [stdout] 88bd0069327366fed705cb31e35b07fca26eb98b7850274ed7f5f4dc72526619
