[INFO] fetching crate cortexkit-role-tool-provider-conformance 0.8.0...
[INFO] testing cortexkit-role-tool-provider-conformance-0.8.0 against 1.99.0-beta.8+cargoflags=--release for beta-release-1.100-2
[INFO] extracting crate cortexkit-role-tool-provider-conformance 0.8.0 into /workspace/builds/worker-2-tc1/source
[INFO] started tweaking crates.io crate cortexkit-role-tool-provider-conformance 0.8.0
[INFO] removed 0 missing tests
[INFO] finished tweaking crates.io crate cortexkit-role-tool-provider-conformance 0.8.0
[INFO] tweaked toml for crates.io crate cortexkit-role-tool-provider-conformance 0.8.0 written to /workspace/builds/worker-2-tc1/source/Cargo.toml
[INFO] validating manifest of crates.io crate cortexkit-role-tool-provider-conformance 0.8.0 on toolchain 1.99.0-beta.8
[INFO] running `Command { std: CARGO_HOME="/workspace/cargo-home" RUSTUP_HOME="/workspace/rustup-home" "/workspace/cargo-home/bin/cargo" "+1.99.0-beta.8" "metadata" "--manifest-path" "Cargo.toml" "--no-deps", kill_on_drop: false }`
[INFO] crate crates.io crate cortexkit-role-tool-provider-conformance 0.8.0 already has a lockfile, it will not be regenerated
[INFO] running `Command { std: CARGO_HOME="/workspace/cargo-home" RUSTUP_HOME="/workspace/rustup-home" "/workspace/cargo-home/bin/cargo" "+1.99.0-beta.8" "fetch" "--manifest-path" "Cargo.toml", kill_on_drop: false }`
[INFO] [stderr]     Updating crates.io index
[INFO] [stderr]  Downloading crates ...
[INFO] [stderr]   Downloaded serde_jcs v0.2.0
[INFO] [stderr]   Downloaded cortexkit-role-harness v0.1.0
[INFO] [stderr]   Downloaded subc-protocol v0.32.0
[INFO] [stderr]   Downloaded ryu-js v0.2.2
[INFO] [stderr]   Downloaded cortexkit-role-tool-provider v0.8.0
[INFO] running `Command { std: "docker" "create" "-v" "/var/lib/crater-agent-workspace/builds/worker-2-tc1/source:/opt/rustwide/workdir:ro,Z" "-v" "/var/lib/crater-agent-workspace/builds/worker-2-tc1/target:/opt/rustwide/target:rw,Z" "-v" "/var/lib/crater-agent-workspace/cargo-home:/opt/rustwide/cargo-home:ro,Z" "-v" "/var/lib/crater-agent-workspace/rustup-home:/opt/rustwide/rustup-home:ro,Z" "-m" "1610612736" "--network" "none" "ghcr.io/rust-lang/crates-build-env/linux@sha256:77db811e55d90add9212f6832c23229e3de5f1c1f9905e8cb07319ea15df73ac" "sleep" "infinity", kill_on_drop: false }`
[INFO] [stdout] aa69d597b3c0afd693cff71972cae3bc1e87bff69eeeb1b39ac3cfdb20d96a9e
[INFO] running `Command { std: "docker" "start" "aa69d597b3c0afd693cff71972cae3bc1e87bff69eeeb1b39ac3cfdb20d96a9e", kill_on_drop: false }`
[INFO] running `Command { std: "docker" "inspect" "aa69d597b3c0afd693cff71972cae3bc1e87bff69eeeb1b39ac3cfdb20d96a9e", kill_on_drop: false }`
[INFO] running `Command { std: "docker" "exec" "-e" "SOURCE_DIR=/opt/rustwide/workdir" "-e" "CARGO_HOME=/opt/rustwide/cargo-home" "-e" "RUSTUP_HOME=/opt/rustwide/rustup-home" "-e" "CARGO_TARGET_DIR=/opt/rustwide/target" "-w" "/opt/rustwide/workdir" "--user" "0:0" "aa69d597b3c0afd693cff71972cae3bc1e87bff69eeeb1b39ac3cfdb20d96a9e" "/opt/rustwide/cargo-home/bin/cargo" "+1.99.0-beta.8" "metadata" "--no-deps" "--format-version=1", kill_on_drop: false }`
[INFO] running `Command { std: "docker" "inspect" "aa69d597b3c0afd693cff71972cae3bc1e87bff69eeeb1b39ac3cfdb20d96a9e", kill_on_drop: false }`
[INFO] running `Command { std: "docker" "exec" "-e" "SOURCE_DIR=/opt/rustwide/workdir" "-e" "CARGO_HOME=/opt/rustwide/cargo-home" "-e" "RUSTUP_HOME=/opt/rustwide/rustup-home" "-e" "CARGO_TARGET_DIR=/opt/rustwide/target" "-e" "CARGO_INCREMENTAL=0" "-e" "RUST_BACKTRACE=full" "-e" "RUSTFLAGS=--cap-lints=warn" "-e" "RUSTDOCFLAGS=--cap-lints=warn" "-w" "/opt/rustwide/workdir" "--user" "0:0" "aa69d597b3c0afd693cff71972cae3bc1e87bff69eeeb1b39ac3cfdb20d96a9e" "/opt/rustwide/cargo-home/bin/cargo" "+1.99.0-beta.8" "build" "--frozen" "--message-format=json" "--release", kill_on_drop: false }`
[INFO] [stderr]    Compiling serde_json v1.0.151
[INFO] [stderr]    Compiling memchr v2.8.3
[INFO] [stderr]    Compiling ryu-js v0.2.2
[INFO] [stderr]    Compiling futures-task v0.3.34
[INFO] [stderr]    Compiling futures-core v0.3.34
[INFO] [stderr]    Compiling serde_core v1.0.229
[INFO] [stderr]    Compiling syn v3.0.6
[INFO] [stderr]    Compiling sha2 v0.10.9
[INFO] [stderr]    Compiling futures-util v0.3.34
[INFO] [stderr]    Compiling serde_derive v1.0.229
[INFO] [stderr]    Compiling async-trait v0.1.92
[INFO] [stderr]    Compiling cortexkit-role-harness v0.1.0
[INFO] [stderr]    Compiling serde v1.0.229
[INFO] [stderr]    Compiling subc-protocol v0.32.0
[INFO] [stderr]    Compiling serde_jcs v0.2.0
[INFO] [stderr]    Compiling cortexkit-role-tool-provider v0.8.0
[INFO] [stderr]    Compiling cortexkit-role-tool-provider-conformance v0.8.0 (/opt/rustwide/workdir)
[INFO] [stderr]     Finished `release` profile [optimized] target(s) in 20.67s
[INFO] running `Command { std: "docker" "inspect" "aa69d597b3c0afd693cff71972cae3bc1e87bff69eeeb1b39ac3cfdb20d96a9e", kill_on_drop: false }`
[INFO] running `Command { std: "docker" "exec" "-e" "SOURCE_DIR=/opt/rustwide/workdir" "-e" "CARGO_HOME=/opt/rustwide/cargo-home" "-e" "RUSTUP_HOME=/opt/rustwide/rustup-home" "-e" "CARGO_TARGET_DIR=/opt/rustwide/target" "-e" "CARGO_INCREMENTAL=0" "-e" "RUST_BACKTRACE=full" "-e" "RUSTFLAGS=--cap-lints=warn" "-e" "RUSTDOCFLAGS=--cap-lints=warn" "-w" "/opt/rustwide/workdir" "--user" "0:0" "aa69d597b3c0afd693cff71972cae3bc1e87bff69eeeb1b39ac3cfdb20d96a9e" "/opt/rustwide/cargo-home/bin/cargo" "+1.99.0-beta.8" "test" "--frozen" "--no-run" "--message-format=json" "--release", kill_on_drop: false }`
[INFO] [stderr]    Compiling libc v0.2.190
[INFO] [stderr]    Compiling syn v3.0.6
[INFO] [stderr]    Compiling getrandom v0.4.3
[INFO] [stderr]    Compiling tempfile v3.27.0
[INFO] [stderr]    Compiling serde_derive v1.0.229
[INFO] [stderr]    Compiling async-trait v0.1.92
[INFO] [stderr]    Compiling tokio-macros v2.7.2
[INFO] [stderr]    Compiling cortexkit-role-harness v0.1.0
[INFO] [stderr]    Compiling tokio v1.53.1
[INFO] [stderr]    Compiling serde v1.0.229
[INFO] [stderr]    Compiling subc-protocol v0.32.0
[INFO] [stderr]    Compiling serde_jcs v0.2.0
[INFO] [stderr]    Compiling cortexkit-role-tool-provider v0.8.0
[INFO] [stderr]    Compiling cortexkit-role-tool-provider-conformance v0.8.0 (/opt/rustwide/workdir)
[INFO] [stderr]     Finished `release` profile [optimized] target(s) in 31.21s
[INFO] running `Command { std: "docker" "inspect" "aa69d597b3c0afd693cff71972cae3bc1e87bff69eeeb1b39ac3cfdb20d96a9e", kill_on_drop: false }`
[INFO] running `Command { std: "docker" "exec" "-e" "SOURCE_DIR=/opt/rustwide/workdir" "-e" "CARGO_HOME=/opt/rustwide/cargo-home" "-e" "RUSTUP_HOME=/opt/rustwide/rustup-home" "-e" "CARGO_TARGET_DIR=/opt/rustwide/target" "-e" "CARGO_INCREMENTAL=0" "-e" "RUST_BACKTRACE=full" "-e" "RUSTFLAGS=--cap-lints=warn" "-e" "RUSTDOCFLAGS=--cap-lints=warn" "-w" "/opt/rustwide/workdir" "--user" "0:0" "aa69d597b3c0afd693cff71972cae3bc1e87bff69eeeb1b39ac3cfdb20d96a9e" "/opt/rustwide/cargo-home/bin/cargo" "+1.99.0-beta.8" "test" "--frozen" "--release", kill_on_drop: false }`
[INFO] [stderr]     Finished `release` profile [optimized] target(s) in 0.09s
[INFO] [stdout] 
[INFO] [stderr]      Running unittests src/lib.rs (/opt/rustwide/target/release/deps/cortexkit_role_tool_provider_conformance-35c6e5a1338a2c80)
[INFO] [stdout] running 1 test
[INFO] [stderr]      Running tests/runner.rs (/opt/rustwide/target/release/deps/runner-994c7c79ed6de9f7)
[INFO] [stdout] test route::tests::a_request_that_never_ends_or_keeps_talking_is_flagged ... ok
[INFO] [stdout] 
[INFO] [stdout] test result: ok. 1 passed; 0 failed; 0 ignored; 0 measured; 0 filtered out; finished in 0.00s
[INFO] [stdout] 
[INFO] [stdout] 
[INFO] [stdout] running 25 tests
[INFO] [stdout] test a_used_work_dir_is_refused ... ok
[INFO] [stdout] test a_case_whose_capability_is_undeclared_is_skipped_never_passed ... ok
[INFO] [stdout] test a_faithful_provider_passes_every_case_but_its_simulated_kills_fail_the_run ... ok
[INFO] [stdout] test forgetting_acks_fails_the_ack_case ... ok
[INFO] [stdout] test a_second_terminal_frame_on_cancel_fails_the_terminal_frame_case ... ok
[INFO] [stdout] test invalid_modes_fail_the_catalog_case_by_tool_and_member ... ok
[INFO] [stdout] test content_v1_is_sent_only_to_a_route_that_declares_support ... ok
[INFO] [stdout] test digesting_a_json_wrapper_fails_system_text_digests_match_text_by_name ... ok
[INFO] [stdout] test guessing_a_variant_for_an_undefined_preset_fails_the_unknown_preset_case ... ok
[INFO] [stdout] test catalog_content_v1_declaration_cannot_be_opted_out_of ... ok
[INFO] [stdout] test ignoring_bind_mode_fails_the_mode_case ... ok
[INFO] [stdout] test an_undefined_unprefixed_capability_tag_fails_the_catalog_case ... ok
[INFO] [stdout] test a_root_level_union_fails_the_flatness_case ... ok
[INFO] [stdout] test an_invalid_reply_fails_the_catalog_reply_case_by_tool_and_member ... ok
[INFO] [stdout] test malformed_content_v1_reply_fails_by_case_tool_and_member ... ok
[INFO] [stdout] test refusing_a_listed_mode_fails_the_mode_case ... ok
[INFO] [stdout] test no_restricted_mode_fixture_is_skipped_by_name_never_passed ... ok
[INFO] [stdout] test changing_either_digest_fails_system_text_preflight_digest_stable_by_name ... ok
[INFO] [stdout] test a_provider_defined_preflight_digest_need_not_equal_the_text_digest ... ok
[INFO] [stdout] test opaque_tools_skip_content_v1_by_name_never_pass ... ok
[INFO] [stdout] test refusing_a_key_never_held_fails_the_unknown_call_case ... ok
[INFO] [stdout] test running_a_held_call_after_restart_fails_both_crash_cases ... ok
[INFO] [stdout] test declaring_system_text_without_request_arguments_fails_the_case ... ok
[INFO] [stdout] test item_digest_hashes_text_and_both_digests_use_lowercase_hex ... ok
[INFO] [stdout] test system_text_requires_text_and_sorted_deduplicated_tool_names ... ok
[INFO] [stdout] 
[INFO] [stdout] test result: ok. 25 passed; 0 failed; 0 ignored; 0 measured; 0 filtered out; finished in 1.04s
[INFO] [stdout] 
[INFO] [stderr]      Running tests/vendored_vectors.rs (/opt/rustwide/target/release/deps/vendored_vectors-d52b44a43f8befaa)
[INFO] [stdout] 
[INFO] [stdout] running 1 test
[INFO] [stdout] test vendored_vectors_match_the_repository_vectors ... FAILED
[INFO] [stdout] 
[INFO] [stdout] failures:
[INFO] [stdout] 
[INFO] [stdout] ---- vendored_vectors_match_the_repository_vectors stdout ----
[INFO] [stdout] 
[INFO] [stdout] thread 'vendored_vectors_match_the_repository_vectors' (900) panicked at tests/vendored_vectors.rs:21:33:
[INFO] [stdout] reading the repository's call-key.json: No such file or directory (os error 2)
[INFO] [stdout] stack backtrace:
[INFO] [stdout]    0:     0x59799db10e71 - <<std[70759c8f55707aa4]::sys::backtrace::BacktraceLock>::print::DisplayBacktrace as core[df12db4294e9bfd3]::fmt::Display>::fmt
[INFO] [stdout]    1:     0x59799db2504a - core[df12db4294e9bfd3]::fmt::write
[INFO] [stdout]    2:     0x59799db1530c - <alloc[2182bb758b4b3781]::vec::Vec<u8> as core[df12db4294e9bfd3]::io::write::Write>::write_fmt
[INFO] [stdout]    3:     0x59799daecfb6 - std[70759c8f55707aa4]::panicking::default_hook::{closure#0}
[INFO] [stdout]    4:     0x59799db092b9 - std[70759c8f55707aa4]::panicking::default_hook
[INFO] [stderr] error: test failed, to rerun pass `--test vendored_vectors`
[INFO] [stdout]    5:     0x59799daa5060 - test[9d35eded1c95d3be]::test_main_inner::<test[9d35eded1c95d3be]::test_main_static::{closure#0}>::{closure#0}
[INFO] [stdout]    6:     0x59799db09472 - std[70759c8f55707aa4]::panicking::panic_with_hook
[INFO] [stdout]    7:     0x59799daed062 - std[70759c8f55707aa4]::panicking::panic_handler::{closure#0}
[INFO] [stdout]    8:     0x59799dae5c59 - std[70759c8f55707aa4]::sys::backtrace::__rust_end_short_backtrace::<std[70759c8f55707aa4]::panicking::panic_handler::{closure#0}, !>
[INFO] [stdout]    9:     0x59799daedc5d - __rustc[8fa7c3cbc660c2b3]::rust_begin_unwind
[INFO] [stdout]   10:     0x59799db2577c - core[df12db4294e9bfd3]::panicking::panic_fmt
[INFO] [stdout]   11:     0x59799da97d2a - vendored_vectors[c9377f6a016901a0]::vendored_vectors_match_the_repository_vectors::{closure#0}
[INFO] [stdout]   12:     0x59799da9820a - <vendored_vectors[c9377f6a016901a0]::vendored_vectors_match_the_repository_vectors::{closure#0} as core[df12db4294e9bfd3]::ops::function::FnOnce<()>>::call_once
[INFO] [stdout]   13:     0x59799da9834b - test[9d35eded1c95d3be]::__rust_begin_short_backtrace::<core[df12db4294e9bfd3]::result::Result<(), alloc[2182bb758b4b3781]::string::String>, fn() -> core[df12db4294e9bfd3]::result::Result<(), alloc[2182bb758b4b3781]::string::String>>
[INFO] [stdout]   14:     0x59799daa59b5 - test[9d35eded1c95d3be]::run_test::{closure#0}
[INFO] [stdout]   15:     0x59799da9f274 - std[70759c8f55707aa4]::sys::backtrace::__rust_begin_short_backtrace::<test[9d35eded1c95d3be]::run_test::{closure#1}, ()>
[INFO] [stdout]   16:     0x59799daa8b12 - <std[70759c8f55707aa4]::thread::lifecycle::spawn_unchecked<test[9d35eded1c95d3be]::run_test::{closure#1}, ()>::{closure#1} as core[df12db4294e9bfd3]::ops::function::FnOnce<()>>::call_once::{shim:vtable#0}
[INFO] [stdout]   17:     0x59799db10429 - <std[70759c8f55707aa4]::sys::thread::unix::Thread>::new::thread_start
[INFO] [stdout]   18:     0x71456e990dfa - <unknown>
[INFO] [stdout]   19:     0x71456ea243d4 - clone
[INFO] [stdout]   20:                0x0 - <unknown>
[INFO] [stdout] 
[INFO] [stdout] 
[INFO] [stdout] failures:
[INFO] [stdout]     vendored_vectors_match_the_repository_vectors
[INFO] [stdout] 
[INFO] [stdout] test result: FAILED. 0 passed; 1 failed; 0 ignored; 0 measured; 0 filtered out; finished in 0.00s
[INFO] [stdout] 
[INFO] running `Command { std: "docker" "inspect" "aa69d597b3c0afd693cff71972cae3bc1e87bff69eeeb1b39ac3cfdb20d96a9e", kill_on_drop: false }`
[INFO] running `Command { std: "docker" "rm" "-f" "aa69d597b3c0afd693cff71972cae3bc1e87bff69eeeb1b39ac3cfdb20d96a9e", kill_on_drop: false }`
[INFO] [stdout] aa69d597b3c0afd693cff71972cae3bc1e87bff69eeeb1b39ac3cfdb20d96a9e
