[INFO] fetching crate corsa_bind_rs 0.1.0...
[INFO] testing corsa_bind_rs-0.1.0 against 1.99.0-beta.8+cargoflags=--release for beta-release-1.100-2
[INFO] extracting crate corsa_bind_rs 0.1.0 into /workspace/builds/worker-3-tc1/source
[INFO] started tweaking crates.io crate corsa_bind_rs 0.1.0
[INFO] removed 0 missing tests
[INFO] finished tweaking crates.io crate corsa_bind_rs 0.1.0
[INFO] tweaked toml for crates.io crate corsa_bind_rs 0.1.0 written to /workspace/builds/worker-3-tc1/source/Cargo.toml
[INFO] validating manifest of crates.io crate corsa_bind_rs 0.1.0 on toolchain 1.99.0-beta.8
[INFO] running `Command { std: CARGO_HOME="/workspace/cargo-home" RUSTUP_HOME="/workspace/rustup-home" "/workspace/cargo-home/bin/cargo" "+1.99.0-beta.8" "metadata" "--manifest-path" "Cargo.toml" "--no-deps", kill_on_drop: false }`
[INFO] crate crates.io crate corsa_bind_rs 0.1.0 already has a lockfile, it will not be regenerated
[INFO] running `Command { std: CARGO_HOME="/workspace/cargo-home" RUSTUP_HOME="/workspace/rustup-home" "/workspace/cargo-home/bin/cargo" "+1.99.0-beta.8" "fetch" "--manifest-path" "Cargo.toml", kill_on_drop: false }`
[INFO] [stderr]     Updating crates.io index
[INFO] [stderr]  Downloading crates ...
[INFO] [stderr]   Downloaded corsa_bind_lsp v0.1.0
[INFO] [stderr]   Downloaded corsa_bind_runtime v0.1.0
[INFO] [stderr]   Downloaded lsp-types v0.97.0
[INFO] [stderr]   Downloaded corsa_bind_orchestrator v0.1.0
[INFO] [stderr]   Downloaded corsa_bind_jsonrpc v0.1.0
[INFO] [stderr]   Downloaded corsa_bind_core v0.1.0
[INFO] [stderr]   Downloaded corsa_bind_client v0.1.0
[INFO] [stderr]   Downloaded fluent-uri v0.1.4
[INFO] running `Command { std: "docker" "create" "-v" "/var/lib/crater-agent-workspace/builds/worker-3-tc1/source:/opt/rustwide/workdir:ro,Z" "-v" "/var/lib/crater-agent-workspace/builds/worker-3-tc1/target:/opt/rustwide/target:rw,Z" "-v" "/var/lib/crater-agent-workspace/cargo-home:/opt/rustwide/cargo-home:ro,Z" "-v" "/var/lib/crater-agent-workspace/rustup-home:/opt/rustwide/rustup-home:ro,Z" "-m" "1610612736" "--network" "none" "ghcr.io/rust-lang/crates-build-env/linux@sha256:77db811e55d90add9212f6832c23229e3de5f1c1f9905e8cb07319ea15df73ac" "sleep" "infinity", kill_on_drop: false }`
[INFO] [stdout] 25e937d55207ac02cec842ed5f293f04d3b0f819f459477f0c413d94c260c6b6
[INFO] running `Command { std: "docker" "start" "25e937d55207ac02cec842ed5f293f04d3b0f819f459477f0c413d94c260c6b6", kill_on_drop: false }`
[INFO] running `Command { std: "docker" "inspect" "25e937d55207ac02cec842ed5f293f04d3b0f819f459477f0c413d94c260c6b6", kill_on_drop: false }`
[INFO] running `Command { std: "docker" "exec" "-e" "SOURCE_DIR=/opt/rustwide/workdir" "-e" "CARGO_HOME=/opt/rustwide/cargo-home" "-e" "RUSTUP_HOME=/opt/rustwide/rustup-home" "-e" "CARGO_TARGET_DIR=/opt/rustwide/target" "-w" "/opt/rustwide/workdir" "--user" "0:0" "25e937d55207ac02cec842ed5f293f04d3b0f819f459477f0c413d94c260c6b6" "/opt/rustwide/cargo-home/bin/cargo" "+1.99.0-beta.8" "metadata" "--no-deps" "--format-version=1", kill_on_drop: false }`
[INFO] running `Command { std: "docker" "inspect" "25e937d55207ac02cec842ed5f293f04d3b0f819f459477f0c413d94c260c6b6", kill_on_drop: false }`
[INFO] running `Command { std: "docker" "exec" "-e" "SOURCE_DIR=/opt/rustwide/workdir" "-e" "CARGO_HOME=/opt/rustwide/cargo-home" "-e" "RUSTUP_HOME=/opt/rustwide/rustup-home" "-e" "CARGO_TARGET_DIR=/opt/rustwide/target" "-e" "CARGO_INCREMENTAL=0" "-e" "RUST_BACKTRACE=full" "-e" "RUSTFLAGS=--cap-lints=warn" "-e" "RUSTDOCFLAGS=--cap-lints=warn" "-w" "/opt/rustwide/workdir" "--user" "0:0" "25e937d55207ac02cec842ed5f293f04d3b0f819f459477f0c413d94c260c6b6" "/opt/rustwide/cargo-home/bin/cargo" "+1.99.0-beta.8" "build" "--frozen" "--message-format=json" "--release", kill_on_drop: false }`
[INFO] [stderr]    Compiling syn v2.0.117
[INFO] [stderr]    Compiling serde v1.0.228
[INFO] [stderr]    Compiling serde_json v1.0.149
[INFO] [stderr]    Compiling libc v0.2.183
[INFO] [stderr]    Compiling rand_core v0.6.4
[INFO] [stderr]    Compiling bumpalo v3.20.2
[INFO] [stderr]    Compiling rustc-hash v2.1.2
[INFO] [stderr]    Compiling phf_shared v0.11.3
[INFO] [stderr]    Compiling fluent-uri v0.1.4
[INFO] [stderr]    Compiling castaway v0.2.4
[INFO] [stderr]    Compiling rand v0.8.5
[INFO] [stderr]    Compiling phf_generator v0.11.3
[INFO] [stderr]    Compiling serde_derive v1.0.228
[INFO] [stderr]    Compiling thiserror-impl v2.0.18
[INFO] [stderr]    Compiling phf_macros v0.11.3
[INFO] [stderr]    Compiling serde_repr v0.1.20
[INFO] [stderr]    Compiling phf v0.11.3
[INFO] [stderr]    Compiling thiserror v2.0.18
[INFO] [stderr]    Compiling smallvec v1.15.1
[INFO] [stderr]    Compiling compact_str v0.8.1
[INFO] [stderr]    Compiling lsp-types v0.97.0
[INFO] [stderr]    Compiling parking_lot_core v0.9.12
[INFO] [stderr]    Compiling corsa_bind_runtime v0.1.0
[INFO] [stderr]    Compiling corsa_bind_core v0.1.0
[INFO] [stderr]    Compiling parking_lot v0.12.5
[INFO] [stderr]    Compiling corsa_bind_jsonrpc v0.1.0
[INFO] [stderr]    Compiling corsa_bind_client v0.1.0
[INFO] [stderr]    Compiling corsa_bind_lsp v0.1.0
[INFO] [stderr]    Compiling corsa_bind_orchestrator v0.1.0
[INFO] [stderr]    Compiling corsa_bind_rs v0.1.0 (/opt/rustwide/workdir)
[INFO] [stderr]     Finished `release` profile [optimized] target(s) in 33.91s
[INFO] running `Command { std: "docker" "inspect" "25e937d55207ac02cec842ed5f293f04d3b0f819f459477f0c413d94c260c6b6", kill_on_drop: false }`
[INFO] running `Command { std: "docker" "exec" "-e" "SOURCE_DIR=/opt/rustwide/workdir" "-e" "CARGO_HOME=/opt/rustwide/cargo-home" "-e" "RUSTUP_HOME=/opt/rustwide/rustup-home" "-e" "CARGO_TARGET_DIR=/opt/rustwide/target" "-e" "CARGO_INCREMENTAL=0" "-e" "RUST_BACKTRACE=full" "-e" "RUSTFLAGS=--cap-lints=warn" "-e" "RUSTDOCFLAGS=--cap-lints=warn" "-w" "/opt/rustwide/workdir" "--user" "0:0" "25e937d55207ac02cec842ed5f293f04d3b0f819f459477f0c413d94c260c6b6" "/opt/rustwide/cargo-home/bin/cargo" "+1.99.0-beta.8" "test" "--frozen" "--no-run" "--message-format=json" "--release", kill_on_drop: false }`
[INFO] [stderr]    Compiling getrandom v0.4.2
[INFO] [stderr]    Compiling linux-raw-sys v0.12.1
[INFO] [stderr]    Compiling bitflags v2.11.0
[INFO] [stderr]    Compiling once_cell v1.21.4
[INFO] [stderr]    Compiling fastrand v2.3.0
[INFO] [stderr]    Compiling rustix v1.1.4
[INFO] [stderr]    Compiling tempfile v3.27.0
[INFO] [stderr]    Compiling corsa_bind_rs v0.1.0 (/opt/rustwide/workdir)
[INFO] [stderr]     Finished `release` profile [optimized] target(s) in 23.86s
[INFO] running `Command { std: "docker" "inspect" "25e937d55207ac02cec842ed5f293f04d3b0f819f459477f0c413d94c260c6b6", kill_on_drop: false }`
[INFO] running `Command { std: "docker" "exec" "-e" "SOURCE_DIR=/opt/rustwide/workdir" "-e" "CARGO_HOME=/opt/rustwide/cargo-home" "-e" "RUSTUP_HOME=/opt/rustwide/rustup-home" "-e" "CARGO_TARGET_DIR=/opt/rustwide/target" "-e" "CARGO_INCREMENTAL=0" "-e" "RUST_BACKTRACE=full" "-e" "RUSTFLAGS=--cap-lints=warn" "-e" "RUSTDOCFLAGS=--cap-lints=warn" "-w" "/opt/rustwide/workdir" "--user" "0:0" "25e937d55207ac02cec842ed5f293f04d3b0f819f459477f0c413d94c260c6b6" "/opt/rustwide/cargo-home/bin/cargo" "+1.99.0-beta.8" "test" "--frozen" "--release", kill_on_drop: false }`
[INFO] [stderr]     Finished `release` profile [optimized] target(s) in 0.07s
[INFO] [stderr]      Running unittests src/lib.rs (/opt/rustwide/target/release/deps/corsa_bind_rs-8a221bfce43f4173)
[INFO] [stderr]      Running unittests src/bin/bench_real_corsa/main.rs (/opt/rustwide/target/release/deps/bench_real_corsa-c62359a3262ab2ce)
[INFO] [stdout] 
[INFO] [stdout] running 0 tests
[INFO] [stdout] 
[INFO] [stdout] test result: ok. 0 passed; 0 failed; 0 ignored; 0 measured; 0 filtered out; finished in 0.00s
[INFO] [stdout] 
[INFO] [stdout] 
[INFO] [stdout] running 5 tests
[INFO] [stdout] test dataset::tests::resolve_file_name_preserves_absolute_paths ... ok
[INFO] [stdout] test args::tests::parse_usize_rejects_invalid_numbers ... ok
[INFO] [stdout] test args::tests::parse_mode_supports_both_variants ... ok
[INFO] [stdout] test dataset::tests::dataset_label_uses_parent_directory_name ... ok
[INFO] [stdout] test stats::tests::stats_use_sorted_median_and_p95 ... ok
[INFO] [stdout] 
[INFO] [stdout] test result: ok. 5 passed; 0 failed; 0 ignored; 0 measured; 0 filtered out; finished in 0.00s
[INFO] [stdout] 
[INFO] [stderr]      Running unittests src/bin/bench_tooling_compare/main.rs (/opt/rustwide/target/release/deps/bench_tooling_compare-98f0ccd270ef279f)
[INFO] [stdout] 
[INFO] [stdout] running 5 tests
[INFO] [stdout] test stats::tests::stats_compute_expected_percentiles ... ok
[INFO] [stdout] test dataset::tests::dataset_label_uses_parent_directory_name ... ok
[INFO] [stdout] test args::tests::numeric_parsers_reject_invalid_values ... ok
[INFO] [stdout] test dataset::tests::resolve_file_name_preserves_absolute_paths ... ok
[INFO] [stdout] test args::tests::parse_suite_supports_all_variants ... ok
[INFO] [stdout] 
[INFO] [stdout] test result: ok. 5 passed; 0 failed; 0 ignored; 0 measured; 0 filtered out; finished in 0.00s
[INFO] [stdout] 
[INFO] [stderr]      Running unittests src/bin/mock_corsa/main.rs (/opt/rustwide/target/release/deps/mock_corsa-6bc24d37baf16e2c)
[INFO] [stdout] 
[INFO] [stdout] running 0 tests
[INFO] [stdout] 
[INFO] [stdout] test result: ok. 0 passed; 0 failed; 0 ignored; 0 measured; 0 filtered out; finished in 0.00s
[INFO] [stdout] 
[INFO] [stderr]      Running tests/api_async.rs (/opt/rustwide/target/release/deps/api_async-14aebe3247ebc1ef)
[INFO] [stdout] 
[INFO] [stdout] running 4 tests
[INFO] [stdout] test async_api_callbacks_work ... ok
[INFO] [stdout] test async_api_full_surface_methods ... ok
[INFO] [stdout] test async_api_rejects_unstable_print_node_by_default ... ok
[INFO] [stdout] test async_api_roundtrip_core ... ok
[INFO] [stdout] 
[INFO] [stdout] test result: ok. 4 passed; 0 failed; 0 ignored; 0 measured; 0 filtered out; finished in 0.03s
[INFO] [stdout] 
[INFO] [stderr]      Running tests/api_msgpack.rs (/opt/rustwide/target/release/deps/api_msgpack-6fcc01229ec1fc60)
[INFO] [stdout] 
[INFO] [stdout] running 2 tests
[INFO] [stdout] test msgpack_api_callbacks_work ... ok
[INFO] [stdout] test msgpack_api_roundtrip_core ... ok
[INFO] [stdout] 
[INFO] [stdout] test result: ok. 2 passed; 0 failed; 0 ignored; 0 measured; 0 filtered out; finished in 0.00s
[INFO] [stdout] 
[INFO] [stderr]      Running tests/lsp_stdio.rs (/opt/rustwide/target/release/deps/lsp_stdio-4b4978a6cabd9107)
[INFO] [stdout] 
[INFO] [stdout] running 5 tests
[INFO] [stdout] test lsp_overlay_rejects_duplicate_open_and_unknown_change ... ok
[INFO] [stdout] test lsp_overlay_close_of_missing_document_is_a_noop ... ok
[INFO] [stdout] test lsp_server_requests_are_exposed ... ok
[INFO] [stdout] test lsp_initialize_and_custom_api_session ... ok
[INFO] [stdout] test lsp_overlay_tracks_virtual_documents ... ok
[INFO] [stdout] 
[INFO] [stdout] test result: ok. 5 passed; 0 failed; 0 ignored; 0 measured; 0 filtered out; finished in 0.02s
[INFO] [stdout] 
[INFO] [stderr]      Running tests/orchestrator.rs (/opt/rustwide/target/release/deps/orchestrator-d4064d0d4e6adae4)
[INFO] [stdout] 
[INFO] [stdout] running 7 tests
[INFO] [stdout] test orchestrator_skips_worker_start_for_empty_batches ... ok
[INFO] [stdout] test orchestrator_rejects_worker_requests_above_limit ... ok
[INFO] [stdout] test orchestrator_enforces_cache_limits ... ok
[INFO] [stdout] test orchestrator_caches_snapshots_and_results ... ok
[INFO] [stdout] test orchestrator_emits_eviction_events ... ok
[INFO] [stdout] test orchestrator_recomputes_expired_cached_values ... ok
[INFO] [stdout] test orchestrator_executes_parallel_batches ... ok
[INFO] [stdout] 
[INFO] [stdout] test result: ok. 7 passed; 0 failed; 0 ignored; 0 measured; 0 filtered out; finished in 0.06s
[INFO] [stdout] 
[INFO] [stderr]      Running tests/policy.rs (/opt/rustwide/target/release/deps/policy-09a4c3464c41616b)
[INFO] [stdout] 
[INFO] [stdout] running 1 test
[INFO] [stdout] test fast_modules_avoid_std_alloc_shorthands ... FAILED
[INFO] [stdout] 
[INFO] [stdout] failures:
[INFO] [stdout] 
[INFO] [stdout] ---- fast_modules_avoid_std_alloc_shorthands stdout ----
[INFO] [stdout] 
[INFO] [stdout] thread 'fast_modules_avoid_std_alloc_shorthands' (1646) panicked at tests/policy.rs:30:49:
[INFO] [stdout] called `Result::unwrap()` on an `Err` value: Os { code: 2, kind: NotFound, message: "No such file or directory" }
[INFO] [stdout] stack backtrace:
[INFO] [stdout]    0:     0x61107885ea11 - <<std[70759c8f55707aa4]::sys::backtrace::BacktraceLock>::print::DisplayBacktrace as core[df12db4294e9bfd3]::fmt::Display>::fmt
[INFO] [stdout]    1:     0x611078872c5a - core[df12db4294e9bfd3]::fmt::write
[INFO] [stdout]    2:     0x611078862eac - <alloc[2182bb758b4b3781]::vec::Vec<u8> as core[df12db4294e9bfd3]::io::write::Write>::write_fmt
[INFO] [stdout]    3:     0x61107883a976 - std[70759c8f55707aa4]::panicking::default_hook::{closure#0}
[INFO] [stdout]    4:     0x611078856e09 - std[70759c8f55707aa4]::panicking::default_hook
[INFO] [stdout]    5:     0x6110787f2a20 - test[9d35eded1c95d3be]::test_main_inner::<test[9d35eded1c95d3be]::test_main_static::{closure#0}>::{closure#0}
[INFO] [stdout]    6:     0x611078856fc2 - std[70759c8f55707aa4]::panicking::panic_with_hook
[INFO] [stdout]    7:     0x61107883aa22 - std[70759c8f55707aa4]::panicking::panic_handler::{closure#0}
[INFO] [stdout]    8:     0x611078833619 - std[70759c8f55707aa4]::sys::backtrace::__rust_end_short_backtrace::<std[70759c8f55707aa4]::panicking::panic_handler::{closure#0}, !>
[INFO] [stdout]    9:     0x61107883b61d - __rustc[8fa7c3cbc660c2b3]::rust_begin_unwind
[INFO] [stdout]   10:     0x61107887338c - core[df12db4294e9bfd3]::panicking::panic_fmt
[INFO] [stdout]   11:     0x611078873162 - core[df12db4294e9bfd3]::result::unwrap_failed
[INFO] [stdout]   12:     0x6110787e5aad - <policy[fc78749ad4fb89a9]::fast_modules_avoid_std_alloc_shorthands::{closure#0} as core[df12db4294e9bfd3]::ops::function::FnOnce<()>>::call_once
[INFO] [stdout]   13:     0x6110787e5d0b - test[9d35eded1c95d3be]::__rust_begin_short_backtrace::<core[df12db4294e9bfd3]::result::Result<(), alloc[2182bb758b4b3781]::string::String>, fn() -> core[df12db4294e9bfd3]::result::Result<(), alloc[2182bb758b4b3781]::string::String>>
[INFO] [stdout]   14:     0x6110787f3375 - test[9d35eded1c95d3be]::run_test::{closure#0}
[INFO] [stdout]   15:     0x6110787ecc34 - std[70759c8f55707aa4]::sys::backtrace::__rust_begin_short_backtrace::<test[9d35eded1c95d3be]::run_test::{closure#1}, ()>
[INFO] [stdout]   16:     0x6110787f64d2 - <std[70759c8f55707aa4]::thread::lifecycle::spawn_unchecked<test[9d35eded1c95d3be]::run_test::{closure#1}, ()>::{closure#1} as core[df12db4294e9bfd3]::ops::function::FnOnce<()>>::call_once::{shim:vtable#0}
[INFO] [stdout]   17:     0x61107885df79 - <std[70759c8f55707aa4]::sys::thread::unix::Thread>::new::thread_start
[INFO] [stdout]   18:     0x7dad8aad7dfa - <unknown>
[INFO] [stdout]   19:     0x7dad8ab6b3d4 - clone
[INFO] [stdout]   20:                0x0 - <unknown>
[INFO] [stdout] 
[INFO] [stdout] 
[INFO] [stdout] failures:
[INFO] [stdout]     fast_modules_avoid_std_alloc_shorthands
[INFO] [stdout] 
[INFO] [stdout] test result: FAILED. 0 passed; 1 failed; 0 ignored; 0 measured; 0 filtered out; finished in 0.00s
[INFO] [stdout] 
[INFO] [stderr] error: test failed, to rerun pass `--test policy`
[INFO] running `Command { std: "docker" "inspect" "25e937d55207ac02cec842ed5f293f04d3b0f819f459477f0c413d94c260c6b6", kill_on_drop: false }`
[INFO] running `Command { std: "docker" "rm" "-f" "25e937d55207ac02cec842ed5f293f04d3b0f819f459477f0c413d94c260c6b6", kill_on_drop: false }`
[INFO] [stdout] 25e937d55207ac02cec842ed5f293f04d3b0f819f459477f0c413d94c260c6b6
