[INFO] fetching crate corsa 1.14.2...
[INFO] testing corsa-1.14.2 against 1.99.0-beta.8+cargoflags=--release for beta-release-1.100-2
[INFO] extracting crate corsa 1.14.2 into /workspace/builds/worker-5-tc1/source
[INFO] started tweaking crates.io crate corsa 1.14.2
[INFO] removed 0 missing tests
[INFO] finished tweaking crates.io crate corsa 1.14.2
[INFO] tweaked toml for crates.io crate corsa 1.14.2 written to /workspace/builds/worker-5-tc1/source/Cargo.toml
[INFO] validating manifest of crates.io crate corsa 1.14.2 on toolchain 1.99.0-beta.8
[INFO] running `Command { std: CARGO_HOME="/workspace/cargo-home" RUSTUP_HOME="/workspace/rustup-home" "/workspace/cargo-home/bin/cargo" "+1.99.0-beta.8" "metadata" "--manifest-path" "Cargo.toml" "--no-deps", kill_on_drop: false }`
[INFO] crate crates.io crate corsa 1.14.2 already has a lockfile, it will not be regenerated
[INFO] running `Command { std: CARGO_HOME="/workspace/cargo-home" RUSTUP_HOME="/workspace/rustup-home" "/workspace/cargo-home/bin/cargo" "+1.99.0-beta.8" "fetch" "--manifest-path" "Cargo.toml", kill_on_drop: false }`
[INFO] [stderr]     Updating crates.io index
[INFO] [stderr]  Downloading crates ...
[INFO] [stderr]   Downloaded corsa_jsonrpc v1.14.2
[INFO] [stderr]   Downloaded corsa_runtime v1.14.2
[INFO] [stderr]   Downloaded corsa_orchestrator v1.14.2
[INFO] [stderr]   Downloaded corsa_lsp v1.14.2
[INFO] [stderr]   Downloaded corsa_core v1.14.2
[INFO] [stderr]   Downloaded corsa_client v1.14.2
[INFO] running `Command { std: "docker" "create" "-v" "/var/lib/crater-agent-workspace/builds/worker-5-tc1/source:/opt/rustwide/workdir:ro,Z" "-v" "/var/lib/crater-agent-workspace/builds/worker-5-tc1/target:/opt/rustwide/target:rw,Z" "-v" "/var/lib/crater-agent-workspace/cargo-home:/opt/rustwide/cargo-home:ro,Z" "-v" "/var/lib/crater-agent-workspace/rustup-home:/opt/rustwide/rustup-home:ro,Z" "-m" "1610612736" "--network" "none" "ghcr.io/rust-lang/crates-build-env/linux@sha256:77db811e55d90add9212f6832c23229e3de5f1c1f9905e8cb07319ea15df73ac" "sleep" "infinity", kill_on_drop: false }`
[INFO] [stdout] b0efd085b292910d2629c36c7eb6bedc5f89ece8ce36c697d33d3eed4e7202b5
[INFO] running `Command { std: "docker" "start" "b0efd085b292910d2629c36c7eb6bedc5f89ece8ce36c697d33d3eed4e7202b5", kill_on_drop: false }`
[INFO] running `Command { std: "docker" "inspect" "b0efd085b292910d2629c36c7eb6bedc5f89ece8ce36c697d33d3eed4e7202b5", kill_on_drop: false }`
[INFO] running `Command { std: "docker" "exec" "-e" "SOURCE_DIR=/opt/rustwide/workdir" "-e" "CARGO_HOME=/opt/rustwide/cargo-home" "-e" "RUSTUP_HOME=/opt/rustwide/rustup-home" "-e" "CARGO_TARGET_DIR=/opt/rustwide/target" "-w" "/opt/rustwide/workdir" "--user" "0:0" "b0efd085b292910d2629c36c7eb6bedc5f89ece8ce36c697d33d3eed4e7202b5" "/opt/rustwide/cargo-home/bin/cargo" "+1.99.0-beta.8" "metadata" "--no-deps" "--format-version=1", kill_on_drop: false }`
[INFO] running `Command { std: "docker" "inspect" "b0efd085b292910d2629c36c7eb6bedc5f89ece8ce36c697d33d3eed4e7202b5", kill_on_drop: false }`
[INFO] running `Command { std: "docker" "exec" "-e" "SOURCE_DIR=/opt/rustwide/workdir" "-e" "CARGO_HOME=/opt/rustwide/cargo-home" "-e" "RUSTUP_HOME=/opt/rustwide/rustup-home" "-e" "CARGO_TARGET_DIR=/opt/rustwide/target" "-e" "CARGO_INCREMENTAL=0" "-e" "RUST_BACKTRACE=full" "-e" "RUSTFLAGS=--cap-lints=warn" "-e" "RUSTDOCFLAGS=--cap-lints=warn" "-w" "/opt/rustwide/workdir" "--user" "0:0" "b0efd085b292910d2629c36c7eb6bedc5f89ece8ce36c697d33d3eed4e7202b5" "/opt/rustwide/cargo-home/bin/cargo" "+1.99.0-beta.8" "build" "--frozen" "--message-format=json" "--release", kill_on_drop: false }`
[INFO] [stderr]    Compiling fastrand v2.4.1
[INFO] [stderr]    Compiling rustc-hash v2.1.3
[INFO] [stderr]    Compiling phf_shared v0.14.0
[INFO] [stderr]    Compiling syn v3.0.2
[INFO] [stderr]    Compiling syn v2.0.117
[INFO] [stderr]    Compiling castaway v0.2.4
[INFO] [stderr]    Compiling serde_json v1.0.151
[INFO] [stderr]    Compiling fluent-uri v0.1.4
[INFO] [stderr]    Compiling phf_generator v0.14.0
[INFO] [stderr]    Compiling serde_derive v1.0.229
[INFO] [stderr]    Compiling thiserror-impl v2.0.20
[INFO] [stderr]    Compiling thiserror v2.0.20
[INFO] [stderr]    Compiling serde_repr v0.1.20
[INFO] [stderr]    Compiling phf_macros v0.14.0
[INFO] [stderr]    Compiling phf v0.14.0
[INFO] [stderr]    Compiling serde v1.0.229
[INFO] [stderr]    Compiling smallvec v1.16.0
[INFO] [stderr]    Compiling compact_str v0.10.0
[INFO] [stderr]    Compiling lsp-types v0.97.0
[INFO] [stderr]    Compiling parking_lot_core v0.9.12
[INFO] [stderr]    Compiling corsa_runtime v1.14.2
[INFO] [stderr]    Compiling parking_lot v0.12.5
[INFO] [stderr]    Compiling corsa_core v1.14.2
[INFO] [stderr]    Compiling corsa_jsonrpc v1.14.2
[INFO] [stderr]    Compiling corsa_client v1.14.2
[INFO] [stderr]    Compiling corsa_lsp v1.14.2
[INFO] [stderr]    Compiling corsa_orchestrator v1.14.2
[INFO] [stderr]    Compiling corsa v1.14.2 (/opt/rustwide/workdir)
[INFO] [stderr]     Finished `release` profile [optimized] target(s) in 1m 23s
[INFO] running `Command { std: "docker" "inspect" "b0efd085b292910d2629c36c7eb6bedc5f89ece8ce36c697d33d3eed4e7202b5", kill_on_drop: false }`
[INFO] running `Command { std: "docker" "exec" "-e" "SOURCE_DIR=/opt/rustwide/workdir" "-e" "CARGO_HOME=/opt/rustwide/cargo-home" "-e" "RUSTUP_HOME=/opt/rustwide/rustup-home" "-e" "CARGO_TARGET_DIR=/opt/rustwide/target" "-e" "CARGO_INCREMENTAL=0" "-e" "RUST_BACKTRACE=full" "-e" "RUSTFLAGS=--cap-lints=warn" "-e" "RUSTDOCFLAGS=--cap-lints=warn" "-w" "/opt/rustwide/workdir" "--user" "0:0" "b0efd085b292910d2629c36c7eb6bedc5f89ece8ce36c697d33d3eed4e7202b5" "/opt/rustwide/cargo-home/bin/cargo" "+1.99.0-beta.8" "test" "--frozen" "--no-run" "--message-format=json" "--release", kill_on_drop: false }`
[INFO] [stderr]    Compiling once_cell v1.21.4
[INFO] [stderr]    Compiling tempfile v3.27.0
[INFO] [stderr]    Compiling corsa v1.14.2 (/opt/rustwide/workdir)
[INFO] [stderr]     Finished `release` profile [optimized] target(s) in 2m 18s
[INFO] running `Command { std: "docker" "inspect" "b0efd085b292910d2629c36c7eb6bedc5f89ece8ce36c697d33d3eed4e7202b5", kill_on_drop: false }`
[INFO] running `Command { std: "docker" "exec" "-e" "SOURCE_DIR=/opt/rustwide/workdir" "-e" "CARGO_HOME=/opt/rustwide/cargo-home" "-e" "RUSTUP_HOME=/opt/rustwide/rustup-home" "-e" "CARGO_TARGET_DIR=/opt/rustwide/target" "-e" "CARGO_INCREMENTAL=0" "-e" "RUST_BACKTRACE=full" "-e" "RUSTFLAGS=--cap-lints=warn" "-e" "RUSTDOCFLAGS=--cap-lints=warn" "-w" "/opt/rustwide/workdir" "--user" "0:0" "b0efd085b292910d2629c36c7eb6bedc5f89ece8ce36c697d33d3eed4e7202b5" "/opt/rustwide/cargo-home/bin/cargo" "+1.99.0-beta.8" "test" "--frozen" "--release", kill_on_drop: false }`
[INFO] [stderr]     Finished `release` profile [optimized] target(s) in 0.10s
[INFO] [stderr]      Running unittests src/lib.rs (/opt/rustwide/target/release/deps/corsa-9b348c6013482576)
[INFO] [stdout] 
[INFO] [stdout] running 0 tests
[INFO] [stdout] 
[INFO] [stdout] test result: ok. 0 passed; 0 failed; 0 ignored; 0 measured; 0 filtered out; finished in 0.00s
[INFO] [stdout] 
[INFO] [stderr]      Running unittests src/bin/bench_real_corsa/main.rs (/opt/rustwide/target/release/deps/bench_real_corsa-18b1361d8ae5f4e2)
[INFO] [stdout] 
[INFO] [stdout] running 7 tests
[INFO] [stdout] test stats::tests::stats_handle_empty_samples ... ok
[INFO] [stdout] test args::tests::parse_transport_supports_both_variants ... ok
[INFO] [stdout] test args::tests::parse_run_mode_supports_profiling ... ok
[INFO] [stdout] test stats::tests::stats_use_sorted_median_and_p95 ... ok
[INFO] [stdout] test dataset::tests::dataset_label_uses_parent_directory_name ... ok
[INFO] [stdout] test dataset::tests::resolve_file_name_preserves_absolute_paths ... ok
[INFO] [stdout] test args::tests::parse_usize_rejects_invalid_numbers ... ok
[INFO] [stdout] 
[INFO] [stdout] test result: ok. 7 passed; 0 failed; 0 ignored; 0 measured; 0 filtered out; finished in 0.00s
[INFO] [stdout] 
[INFO] [stderr]      Running unittests src/bin/bench_tooling_compare/main.rs (/opt/rustwide/target/release/deps/bench_tooling_compare-4f74571aff079e67)
[INFO] [stdout] 
[INFO] [stdout] running 6 tests
[INFO] [stdout] test dataset::tests::dataset_label_uses_parent_directory_name ... ok
[INFO] [stdout] test args::tests::numeric_parsers_reject_invalid_values ... ok
[INFO] [stdout] test args::tests::parse_suite_supports_all_variants ... ok
[INFO] [stdout] test dataset::tests::resolve_file_name_preserves_absolute_paths ... ok
[INFO] [stdout] test stats::tests::stats_compute_expected_percentiles ... ok
[INFO] [stdout] test stats::tests::stats_handle_empty_samples ... ok
[INFO] [stdout] 
[INFO] [stdout] test result: ok. 6 passed; 0 failed; 0 ignored; 0 measured; 0 filtered out; finished in 0.01s
[INFO] [stdout] 
[INFO] [stderr]      Running unittests src/bin/mock_corsa/main.rs (/opt/rustwide/target/release/deps/mock_corsa-57166d061541882e)
[INFO] [stdout] 
[INFO] [stdout] running 0 tests
[INFO] [stdout] 
[INFO] [stdout] test result: ok. 0 passed; 0 failed; 0 ignored; 0 measured; 0 filtered out; finished in 0.00s
[INFO] [stdout] 
[INFO] [stderr]      Running tests/api_async.rs (/opt/rustwide/target/release/deps/api_async-84b202f4b48c43b2)
[INFO] [stdout] 
[INFO] [stdout] running 11 tests
[INFO] [stdout] test async_api_roundtrip_core ... ok
[INFO] [stdout] test async_api_rejects_unstable_print_node_by_default ... ok
[INFO] [stdout] test async_api_supports_capabilities_overlay_diagnostics_and_editor_surface ... ok
[INFO] [stdout] test async_api_exposes_checker_endpoints_for_type_aware_tooling ... ok
[INFO] [stdout] test async_api_callbacks_work ... ok
[INFO] [stdout] test failed_explicit_snapshot_release_is_retried_on_drop ... ok
[INFO] [stdout] test async_api_full_surface_methods ... ok
[INFO] [stdout] test get_type_arguments_degrades_stale_handle_to_empty ... ok
[INFO] [stdout] test dropping_many_snapshots_uses_bounded_release_queue ... ok
[INFO] [stdout] test get_type_arguments_hydrates_symbol_backed_arguments ... ok
[INFO] [stdout] test concurrent_initialize_and_capability_calls_share_one_wire_request ... ok
[INFO] [stdout] 
[INFO] [stdout] test result: ok. 11 passed; 0 failed; 0 ignored; 0 measured; 0 filtered out; finished in 0.08s
[INFO] [stdout] 
[INFO] [stderr]      Running tests/api_msgpack.rs (/opt/rustwide/target/release/deps/api_msgpack-252dcc1c3e92fc3d)
[INFO] [stdout] 
[INFO] [stdout] running 3 tests
[INFO] [stdout] test msgpack_api_supports_capabilities_and_overlay_updates ... ok
[INFO] [stdout] test msgpack_api_roundtrip_core ... ok
[INFO] [stdout] test msgpack_api_callbacks_work ... ok
[INFO] [stderr]      Running tests/content_mappers.rs (/opt/rustwide/target/release/deps/content_mappers-da9db2d2cb7b017c)
[INFO] [stdout] 
[INFO] [stdout] test result: ok. 3 passed; 0 failed; 0 ignored; 0 measured; 0 filtered out; finished in 0.03s
[INFO] [stdout] 
[INFO] [stdout] 
[INFO] [stdout] running 7 tests
[INFO] [stdout] test encoded_source_files_reject_payloads_from_newer_protocols ... ok
[INFO] [stdout] test parse_config_file_reports_declared_content_mappers ... ok
[INFO] [stdout] test source_files_without_a_mapper_decode_without_mapping_state ... ok
[INFO] [stdout] test checker_positions_map_back_into_the_authored_file ... ok
[INFO] [stdout] test mapped_source_files_expose_their_mapper_and_span_map ... ok
[INFO] [stdout] test mapped_source_files_decode_over_the_async_transport_too ... ok
[INFO] [stdout] test external_code_stays_opt_in ... ok
[INFO] [stdout] 
[INFO] [stdout] test result: ok. 7 passed; 0 failed; 0 ignored; 0 measured; 0 filtered out; finished in 0.03s
[INFO] [stdout] 
[INFO] [stderr]      Running tests/lsp_stdio.rs (/opt/rustwide/target/release/deps/lsp_stdio-eb91f55c5956b602)
[INFO] [stdout] 
[INFO] [stdout] running 8 tests
[INFO] [stdout] test lsp_overlay_tracks_virtual_documents ... ok
[INFO] [stdout] test lsp_graceful_close_omits_params_and_is_idempotent_across_clones ... ok
[INFO] [stdout] test lsp_overlay_rejects_duplicate_open_and_unknown_change ... ok
[INFO] [stdout] test lsp_initialize_and_custom_api_session ... ok
[INFO] [stdout] test lsp_overlay_close_of_missing_document_is_a_noop ... ok
[INFO] [stdout] test lsp_strict_shutdown_rejects_explicit_null_params ... ok
[INFO] [stdout] test lsp_server_requests_are_exposed ... ok
[INFO] [stdout] test lsp_graceful_close_reaps_the_process_after_shutdown_timeout ... ok
[INFO] [stdout] 
[INFO] [stdout] test result: ok. 8 passed; 0 failed; 0 ignored; 0 measured; 0 filtered out; finished in 1.02s
[INFO] [stdout] 
[INFO] [stderr]      Running tests/orchestrator.rs (/opt/rustwide/target/release/deps/orchestrator-e391e3002c3d4d30)
[INFO] [stdout] 
[INFO] [stdout] running 13 tests
[INFO] [stdout] test orchestrator_rejects_worker_requests_above_limit ... ok
[INFO] [stdout] test orchestrator_caches_snapshots_and_results ... ok
[INFO] [stdout] test orchestrator_enforces_cache_limits ... ok
[INFO] [stdout] test orchestrator_recomputes_expired_cached_values ... ok
[INFO] [stdout] test orchestrator_skips_worker_start_for_empty_batches ... ok
[INFO] [stdout] test orchestrator_reports_batch_task_panics ... ok
[INFO] [stdout] test orchestrator_executes_batches_larger_than_work_queue_capacity ... ok
[INFO] [stdout] test orchestrator_tracks_and_releases_project_affinities ... ok
[INFO] [stdout] test orchestrator_emits_eviction_events ... ok
[INFO] [stdout] test orchestrator_executes_parallel_batches ... ok
[INFO] [stdout] test project_lease_exposes_the_stable_semantic_query_surface ... ok
[INFO] [stdout] test concurrent_first_leases_for_one_project_agree_on_one_worker ... ok
[INFO] [stdout] test orchestrator_pins_a_project_to_one_warm_worker ... ok
[INFO] [stdout] 
[INFO] [stdout] test result: ok. 13 passed; 0 failed; 0 ignored; 0 measured; 0 filtered out; finished in 0.09s
[INFO] [stdout] 
[INFO] [stderr]      Running tests/policy.rs (/opt/rustwide/target/release/deps/policy-d2c73dce5efe19aa)
[INFO] [stdout] 
[INFO] [stdout] running 1 test
[INFO] [stdout] test fast_modules_avoid_std_alloc_shorthands ... FAILED
[INFO] [stderr] error: test failed, to rerun pass `--test policy`
[INFO] [stdout] 
[INFO] [stdout] failures:
[INFO] [stdout] 
[INFO] [stdout] ---- fast_modules_avoid_std_alloc_shorthands stdout ----
[INFO] [stdout] 
[INFO] [stdout] thread 'fast_modules_avoid_std_alloc_shorthands' (1879) panicked at tests/policy.rs:49:9:
[INFO] [stdout] failed to locate workspace root from /opt/rustwide/workdir
[INFO] [stdout] stack backtrace:
[INFO] [stdout]    0:     0x5de5688a4661 - <<std[70759c8f55707aa4]::sys::backtrace::BacktraceLock>::print::DisplayBacktrace as core[df12db4294e9bfd3]::fmt::Display>::fmt
[INFO] [stdout]    1:     0x5de5688b88aa - core[df12db4294e9bfd3]::fmt::write
[INFO] [stdout]    2:     0x5de5688a8afc - <alloc[2182bb758b4b3781]::vec::Vec<u8> as core[df12db4294e9bfd3]::io::write::Write>::write_fmt
[INFO] [stdout]    3:     0x5de568880756 - std[70759c8f55707aa4]::panicking::default_hook::{closure#0}
[INFO] [stdout]    4:     0x5de56889ca59 - std[70759c8f55707aa4]::panicking::default_hook
[INFO] [stdout]    5:     0x5de568838800 - test[9d35eded1c95d3be]::test_main_inner::<test[9d35eded1c95d3be]::test_main_static::{closure#0}>::{closure#0}
[INFO] [stdout]    6:     0x5de56889cc12 - std[70759c8f55707aa4]::panicking::panic_with_hook
[INFO] [stdout]    7:     0x5de568880834 - std[70759c8f55707aa4]::panicking::panic_handler::{closure#0}
[INFO] [stdout]    8:     0x5de5688793f9 - std[70759c8f55707aa4]::sys::backtrace::__rust_end_short_backtrace::<std[70759c8f55707aa4]::panicking::panic_handler::{closure#0}, !>
[INFO] [stdout]    9:     0x5de5688813fd - __rustc[8fa7c3cbc660c2b3]::rust_begin_unwind
[INFO] [stdout]   10:     0x5de5688b8fdc - core[df12db4294e9bfd3]::panicking::panic_fmt
[INFO] [stdout]   11:     0x5de56882ac67 - <policy[3e039cdee608d379]::fast_modules_avoid_std_alloc_shorthands::{closure#0} as core[df12db4294e9bfd3]::ops::function::FnOnce<()>>::call_once
[INFO] [stdout]   12:     0x5de56882baeb - test[9d35eded1c95d3be]::__rust_begin_short_backtrace::<core[df12db4294e9bfd3]::result::Result<(), alloc[2182bb758b4b3781]::string::String>, fn() -> core[df12db4294e9bfd3]::result::Result<(), alloc[2182bb758b4b3781]::string::String>>
[INFO] [stdout]   13:     0x5de568839155 - test[9d35eded1c95d3be]::run_test::{closure#0}
[INFO] [stdout]   14:     0x5de568832a14 - std[70759c8f55707aa4]::sys::backtrace::__rust_begin_short_backtrace::<test[9d35eded1c95d3be]::run_test::{closure#1}, ()>
[INFO] [stdout]   15:     0x5de56883c2b2 - <std[70759c8f55707aa4]::thread::lifecycle::spawn_unchecked<test[9d35eded1c95d3be]::run_test::{closure#1}, ()>::{closure#1} as core[df12db4294e9bfd3]::ops::function::FnOnce<()>>::call_once::{shim:vtable#0}
[INFO] [stdout]   16:     0x5de5688a3bc9 - <std[70759c8f55707aa4]::sys::thread::unix::Thread>::new::thread_start
[INFO] [stdout]   17:     0x7643e2c2ddfa - <unknown>
[INFO] [stdout]   18:     0x7643e2cc13d4 - clone
[INFO] [stdout]   19:                0x0 - <unknown>
[INFO] [stdout] 
[INFO] [stdout] 
[INFO] [stdout] failures:
[INFO] [stdout]     fast_modules_avoid_std_alloc_shorthands
[INFO] [stdout] 
[INFO] [stdout] test result: FAILED. 0 passed; 1 failed; 0 ignored; 0 measured; 0 filtered out; finished in 0.01s
[INFO] [stdout] 
[INFO] running `Command { std: "docker" "inspect" "b0efd085b292910d2629c36c7eb6bedc5f89ece8ce36c697d33d3eed4e7202b5", kill_on_drop: false }`
[INFO] running `Command { std: "docker" "rm" "-f" "b0efd085b292910d2629c36c7eb6bedc5f89ece8ce36c697d33d3eed4e7202b5", kill_on_drop: false }`
[INFO] [stdout] b0efd085b292910d2629c36c7eb6bedc5f89ece8ce36c697d33d3eed4e7202b5
