[INFO] fetching crate corophage 0.6.1...
[INFO] testing corophage-0.6.1 against 1.99.0-beta.8+cargoflags=--release for beta-release-1.100-2
[INFO] extracting crate corophage 0.6.1 into /workspace/builds/worker-5-tc1/source
[INFO] started tweaking crates.io crate corophage 0.6.1
[INFO] removed 0 missing examples
[INFO] removed 0 missing tests
[INFO] finished tweaking crates.io crate corophage 0.6.1
[INFO] tweaked toml for crates.io crate corophage 0.6.1 written to /workspace/builds/worker-5-tc1/source/Cargo.toml
[INFO] validating manifest of crates.io crate corophage 0.6.1 on toolchain 1.99.0-beta.8
[INFO] running `Command { std: CARGO_HOME="/workspace/cargo-home" RUSTUP_HOME="/workspace/rustup-home" "/workspace/cargo-home/bin/cargo" "+1.99.0-beta.8" "metadata" "--manifest-path" "Cargo.toml" "--no-deps", kill_on_drop: false }`
[INFO] crate crates.io crate corophage 0.6.1 already has a lockfile, it will not be regenerated
[INFO] running `Command { std: CARGO_HOME="/workspace/cargo-home" RUSTUP_HOME="/workspace/rustup-home" "/workspace/cargo-home/bin/cargo" "+1.99.0-beta.8" "fetch" "--manifest-path" "Cargo.toml", kill_on_drop: false }`
[INFO] [stderr]     Updating crates.io index
[INFO] [stderr]  Downloading crates ...
[INFO] [stderr]   Downloaded toml_writer v1.0.6+spec-1.1.0
[INFO] [stderr]   Downloaded fauxgen v0.1.7
[INFO] [stderr]   Downloaded serde_spanned v1.0.4
[INFO] [stderr]   Downloaded toml v1.0.6+spec-1.1.0
[INFO] [stderr]   Downloaded condtype v1.3.0
[INFO] [stderr]   Downloaded terminal_size v0.4.3
[INFO] [stderr]   Downloaded trybuild v1.0.118
[INFO] [stderr]   Downloaded divan-macros v0.1.21
[INFO] [stderr]   Downloaded corophage-macros v0.6.1
[INFO] [stderr]   Downloaded regex-lite v0.1.9
[INFO] [stderr]   Downloaded divan v0.1.21
[INFO] running `Command { std: "docker" "create" "-v" "/var/lib/crater-agent-workspace/builds/worker-5-tc1/source:/opt/rustwide/workdir:ro,Z" "-v" "/var/lib/crater-agent-workspace/builds/worker-5-tc1/target:/opt/rustwide/target:rw,Z" "-v" "/var/lib/crater-agent-workspace/cargo-home:/opt/rustwide/cargo-home:ro,Z" "-v" "/var/lib/crater-agent-workspace/rustup-home:/opt/rustwide/rustup-home:ro,Z" "-m" "1610612736" "--network" "none" "ghcr.io/rust-lang/crates-build-env/linux@sha256:77db811e55d90add9212f6832c23229e3de5f1c1f9905e8cb07319ea15df73ac" "sleep" "infinity", kill_on_drop: false }`
[INFO] [stdout] 681e42d44348a7703d596a5bc06fb5572b32991ccec77877f639aaa3054bd315
[INFO] running `Command { std: "docker" "start" "681e42d44348a7703d596a5bc06fb5572b32991ccec77877f639aaa3054bd315", kill_on_drop: false }`
[INFO] running `Command { std: "docker" "inspect" "681e42d44348a7703d596a5bc06fb5572b32991ccec77877f639aaa3054bd315", kill_on_drop: false }`
[INFO] running `Command { std: "docker" "exec" "-e" "SOURCE_DIR=/opt/rustwide/workdir" "-e" "CARGO_HOME=/opt/rustwide/cargo-home" "-e" "RUSTUP_HOME=/opt/rustwide/rustup-home" "-e" "CARGO_TARGET_DIR=/opt/rustwide/target" "-w" "/opt/rustwide/workdir" "--user" "0:0" "681e42d44348a7703d596a5bc06fb5572b32991ccec77877f639aaa3054bd315" "/opt/rustwide/cargo-home/bin/cargo" "+1.99.0-beta.8" "metadata" "--no-deps" "--format-version=1", kill_on_drop: false }`
[INFO] running `Command { std: "docker" "inspect" "681e42d44348a7703d596a5bc06fb5572b32991ccec77877f639aaa3054bd315", kill_on_drop: false }`
[INFO] running `Command { std: "docker" "exec" "-e" "SOURCE_DIR=/opt/rustwide/workdir" "-e" "CARGO_HOME=/opt/rustwide/cargo-home" "-e" "RUSTUP_HOME=/opt/rustwide/rustup-home" "-e" "CARGO_TARGET_DIR=/opt/rustwide/target" "-e" "CARGO_INCREMENTAL=0" "-e" "RUST_BACKTRACE=full" "-e" "RUSTFLAGS=--cap-lints=warn" "-e" "RUSTDOCFLAGS=--cap-lints=warn" "-w" "/opt/rustwide/workdir" "--user" "0:0" "681e42d44348a7703d596a5bc06fb5572b32991ccec77877f639aaa3054bd315" "/opt/rustwide/cargo-home/bin/cargo" "+1.99.0-beta.8" "build" "--frozen" "--message-format=json" "--release", kill_on_drop: false }`
[INFO] [stderr]    Compiling hashbrown v0.16.1
[INFO] [stderr]    Compiling equivalent v1.0.2
[INFO] [stderr]    Compiling quote v1.0.46
[INFO] [stderr]    Compiling winnow v1.0.3
[INFO] [stderr]    Compiling toml_datetime v1.1.1+spec-1.1.0
[INFO] [stderr]    Compiling futures-core v0.3.32
[INFO] [stderr]    Compiling fauxgen v0.1.7
[INFO] [stderr]    Compiling frunk_core v0.5.0
[INFO] [stderr]    Compiling pin-project-lite v0.2.17
[INFO] [stderr]    Compiling syn v2.0.118
[INFO] [stderr]    Compiling indexmap v2.13.0
[INFO] [stderr]    Compiling toml_parser v1.1.2+spec-1.1.0
[INFO] [stderr]    Compiling toml_edit v0.25.11+spec-1.1.0
[INFO] [stderr]    Compiling proc-macro-crate v3.5.0
[INFO] [stderr]    Compiling corophage-macros v0.6.1
[INFO] [stderr]    Compiling corophage v0.6.1 (/opt/rustwide/workdir)
[INFO] [stderr]     Finished `release` profile [optimized] target(s) in 14.35s
[INFO] running `Command { std: "docker" "inspect" "681e42d44348a7703d596a5bc06fb5572b32991ccec77877f639aaa3054bd315", kill_on_drop: false }`
[INFO] running `Command { std: "docker" "exec" "-e" "SOURCE_DIR=/opt/rustwide/workdir" "-e" "CARGO_HOME=/opt/rustwide/cargo-home" "-e" "RUSTUP_HOME=/opt/rustwide/rustup-home" "-e" "CARGO_TARGET_DIR=/opt/rustwide/target" "-e" "CARGO_INCREMENTAL=0" "-e" "RUST_BACKTRACE=full" "-e" "RUSTFLAGS=--cap-lints=warn" "-e" "RUSTDOCFLAGS=--cap-lints=warn" "-w" "/opt/rustwide/workdir" "--user" "0:0" "681e42d44348a7703d596a5bc06fb5572b32991ccec77877f639aaa3054bd315" "/opt/rustwide/cargo-home/bin/cargo" "+1.99.0-beta.8" "test" "--frozen" "--no-run" "--message-format=json" "--release", kill_on_drop: false }`
[INFO] [stderr]    Compiling rustix v1.1.4
[INFO] [stderr]    Compiling target-triple v1.0.0
[INFO] [stderr]    Compiling clap_lex v1.0.0
[INFO] [stderr]    Compiling anstyle v1.0.13
[INFO] [stderr]    Compiling serde v1.0.228
[INFO] [stderr]    Compiling winnow v1.0.3
[INFO] [stderr]    Compiling toml_datetime v1.1.1+spec-1.1.0
[INFO] [stderr]    Compiling serde_spanned v1.0.4
[INFO] [stderr]    Compiling winnow v0.7.15
[INFO] [stderr]    Compiling toml_writer v1.0.6+spec-1.1.0
[INFO] [stderr]    Compiling serde_derive v1.0.228
[INFO] [stderr]    Compiling toml_parser v1.1.2+spec-1.1.0
[INFO] [stderr]    Compiling divan-macros v0.1.21
[INFO] [stderr]    Compiling tokio-macros v2.7.0
[INFO] [stderr]    Compiling condtype v1.3.0
[INFO] [stderr]    Compiling regex-lite v0.1.9
[INFO] [stderr]    Compiling glob v0.3.3
[INFO] [stderr]    Compiling terminal_size v0.4.3
[INFO] [stderr]    Compiling clap_builder v4.5.60
[INFO] [stderr]    Compiling tokio v1.52.3
[INFO] [stderr]    Compiling toml v1.0.6+spec-1.1.0
[INFO] [stderr]    Compiling trybuild v1.0.118
[INFO] [stderr]    Compiling clap v4.5.60
[INFO] [stderr]    Compiling divan v0.1.21
[INFO] [stderr]    Compiling corophage v0.6.1 (/opt/rustwide/workdir)
[INFO] [stderr]     Finished `release` profile [optimized] target(s) in 1m 50s
[INFO] running `Command { std: "docker" "inspect" "681e42d44348a7703d596a5bc06fb5572b32991ccec77877f639aaa3054bd315", kill_on_drop: false }`
[INFO] running `Command { std: "docker" "exec" "-e" "SOURCE_DIR=/opt/rustwide/workdir" "-e" "CARGO_HOME=/opt/rustwide/cargo-home" "-e" "RUSTUP_HOME=/opt/rustwide/rustup-home" "-e" "CARGO_TARGET_DIR=/opt/rustwide/target" "-e" "CARGO_INCREMENTAL=0" "-e" "RUST_BACKTRACE=full" "-e" "RUSTFLAGS=--cap-lints=warn" "-e" "RUSTDOCFLAGS=--cap-lints=warn" "-w" "/opt/rustwide/workdir" "--user" "0:0" "681e42d44348a7703d596a5bc06fb5572b32991ccec77877f639aaa3054bd315" "/opt/rustwide/cargo-home/bin/cargo" "+1.99.0-beta.8" "test" "--frozen" "--release", kill_on_drop: false }`
[INFO] [stderr]     Finished `release` profile [optimized] target(s) in 0.11s
[INFO] [stderr]      Running unittests src/lib.rs (/opt/rustwide/target/release/deps/corophage-a9f2c746e05935ab)
[INFO] [stdout] 
[INFO] [stdout] running 0 tests
[INFO] [stdout] 
[INFO] [stdout] test result: ok. 0 passed; 0 failed; 0 ignored; 0 measured; 0 filtered out; finished in 0.00s
[INFO] [stdout] 
[INFO] [stderr]      Running tests/benchmark_nesting.rs (/opt/rustwide/target/release/deps/benchmark_nesting-80842bf6662e607e)
[INFO] [stdout] 
[INFO] [stdout] running 2 tests
[INFO] [stdout] test leaf_only_fixtures_reach_their_labelled_depth ... ok
[INFO] [stdout] test yielding_fixtures_reach_their_labelled_depth_and_yield_once_per_level ... ok
[INFO] [stdout] 
[INFO] [stdout] test result: ok. 2 passed; 0 failed; 0 ignored; 0 measured; 0 filtered out; finished in 0.01s
[INFO] [stdout] 
[INFO] [stderr]      Running tests/execution.rs (/opt/rustwide/target/release/deps/execution-93b3e75c1b14f4b5)
[INFO] [stdout] 
[INFO] [stdout] running 24 tests
[INFO] [stdout] test empty_and_inline_long_loop ... ok
[INFO] [stdout] test cooperative_budget_and_exact_boundary_completion ... ok
[INFO] [stdout] test borrowed_gat_resumes_state_and_reordered_mixed_handlers ... ok
[INFO] [stdout] test inferred_stateful_execution_inside_spawn_and_explicit_erasure_boundary ... ok
[INFO] [stdout] test cancellation_and_handler_panic_drop_without_resuming ... ok
[INFO] [stdout] test dropping_pending_handler_destroys_its_future ... ok
[INFO] [stdout] test configured_program_drop_releases_state_before_execution ... ok
[INFO] [stdout] test explicit_erasure ... ok
[INFO] [stdout] test local_lending_closure_reuses_mutable_captures_and_borrowed_effects ... ok
[INFO] [stdout] test low_level_send_wrappers_keep_borrowed_handler_lists ... ok
[INFO] [stdout] test local_body_state_handlers_and_results ... ok
[INFO] [stdout] test macros::boxed_recursion_and_nested_cancellation_drop_every_body ... ok
[INFO] [stdout] test macros::twenty_actual_nested_invocations_have_bounded_future_storage ... ok
[INFO] [stdout] test local_resume_storage_and_result_need_not_be_send ... ok
[INFO] [stdout] test macros::opaque_macro_signatures_and_nested_lifetimes ... ok
[INFO] [stdout] test nested_async_runner_in_sync_body_panics_after_budget - should panic ... ok
[INFO] [stdout] test local_lending_stateful_closure_keeps_independent_input_lifetimes ... ok
[INFO] [stdout] test nested_sync_runner_in_sync_body_completes ... ok
[INFO] [stdout] test sequential_nested_invocations_keep_short_borrows_and_send ... ok
[INFO] [stdout] test sync_body_suspension_panics_without_spinning - should panic ... ok
[INFO] [stdout] test send_without_sync_handler_and_state_borrow_across_await ... ok
[INFO] [stdout] test send_runner_can_migrate_during_body_handler_and_budget_suspension ... ok
[INFO] [stdout] test generic_locality_erased_signatures_still_work ... ok
[INFO] [stdout] test drop_before_execution_and_during_each_suspension_releases_state ... ok
[INFO] [stdout] 
[INFO] [stdout] test result: ok. 24 passed; 0 failed; 0 ignored; 0 measured; 0 filtered out; finished in 0.30s
[INFO] [stdout] 
[INFO] [stderr]      Running tests/generic_effects.rs (/opt/rustwide/target/release/deps/generic_effects-fca4616729b755a3)
[INFO] [stdout] 
[INFO] [stdout] running 3 tests
[INFO] [stdout] test same_helpers_accept_borrowed_effects_and_gat_resumes ... ok
[INFO] [stdout] test forwarding_preserves_send_for_owned_components ... ok
[INFO] [stdout] test generic_helpers_infer_effect_sets_and_forward_resumes ... ok
[INFO] [stdout] 
[INFO] [stdout] test result: ok. 3 passed; 0 failed; 0 ignored; 0 measured; 0 filtered out; finished in 0.00s
[INFO] [stdout] 
[INFO] [stderr]      Running tests/it/main.rs (/opt/rustwide/target/release/deps/it-10b6e11fa2e9c083)
[INFO] [stdout] 
[INFO] [stdout] running 139 tests
[INFO] [stdout] test cancel::sync_early_cancel_no_side_effects ... ok
[INFO] [stdout] test cancel::sync_cancel_mid_pipeline ... ok
[INFO] [stdout] test cancel::sync_cancel_preserves_state_before_cancel ... ok
[INFO] [stdout] test cancel::async_non_cancel_handler_cancels ... ok
[INFO] [stdout] test asynk::run_mut ... ok
[INFO] [stdout] test asynk::run_stateful ... ok
[INFO] [stdout] test cancel::async_early_cancel ... ok
[INFO] [stdout] test cancel::sync_refcell_cancel_no_borrow_leak ... ok
[INFO] [stdout] test cancel::sync_non_cancel_handler_cancels ... ok
[INFO] [stdout] test error::cancelled_copy_and_eq ... ok
[INFO] [stdout] test error::async_handler_accumulates_via_refcell ... ok
[INFO] [stdout] test error::cancelled_error_source_is_none ... ok
[INFO] [stdout] test error::cancelled_is_error ... ok
[INFO] [stdout] test error::cancelled_question_mark_propagation ... ok
[INFO] [stdout] test error::sync_handler_accumulates_effects ... ok
[INFO] [stdout] test error::foreign_yielder_after_dropping_own_yielder_panics - should panic ... ok
[INFO] [stdout] test error::async_single_effect_with_real_sleep ... ok
[INFO] [stdout] test error::empty_resume_projection_panics ... ok
[INFO] [stdout] test error::mismatched_public_indices_panic - should panic ... ok
[INFO] [stdout] test error::sync_single_effect_multiple_yields ... ok
[INFO] [stdout] test fairness::cancellation_after_a_budget_yield_drops_the_computation ... ok
[INFO] [stdout] test fairness::dropping_a_budget_suspended_runner_drops_the_computation ... ok
[INFO] [stdout] test fairness::invoked_effects_share_the_outer_runner_budget ... ok
[INFO] [stdout] test error::sync_single_effect_cancel ... ok
[INFO] [stdout] test error::cancelled_display ... ok
[INFO] [stdout] test error::sync_single_effect_resume ... ok
[INFO] [stdout] test fairness::ready_stateful_handlers_yield ... ok
[INFO] [stdout] test fairness::ready_local_handlers_yield ... ok
[INFO] [stdout] test gat_resume::async_gat_resume_borrows_local_data ... ok
[INFO] [stdout] test fairness::small_async_programs_complete_without_a_budget_yield ... ok
[INFO] [stdout] test fairness::ready_sendable_handlers_yield ... ok
[INFO] [stdout] test fairness::ready_sendable_stateful_handlers_yield ... ok
[INFO] [stdout] test fairness::synchronous_runners_complete_long_effect_loops ... ok
[INFO] [stdout] test invoke::async_invoke_subprogram ... ok
[INFO] [stdout] test gat_resume::sync_gat_resume_borrows_from_effect_with_state ... ok
[INFO] [stdout] test gat_resume::sync_gat_resume_borrows_local_data ... ok
[INFO] [stdout] test invoke::async_invoke_subprogram_body_can_await ... ok
[INFO] [stdout] test invoke::sync_invoke_nested ... ok
[INFO] [stdout] test gat_resume::sync_gat_resume_with_stateful_handler ... ok
[INFO] [stdout] test gat_resume::sync_gat_resume_borrows_from_effect ... ok
[INFO] [stdout] test invoke::sync_invoke_subprogram_subset_effects ... ok
[INFO] [stdout] test non_static::async_non_static_log ... ok
[INFO] [stdout] test invoke::sync_invoke_no_effects_subprogram ... ok
[INFO] [stdout] test invoke::sync_invoke_subprogram ... ok
[INFO] [stdout] test invoke::sync_invoke_subprogram_returns_value ... ok
[INFO] [stdout] test non_static::sync_non_static_log ... ok
[INFO] [stdout] test non_static::sync_non_static_log_with_state ... ok
[INFO] [stdout] test proc_macros::test_effectful_control_flow ... ok
[INFO] [stdout] test proc_macros::test_async_effectful ... ok
[INFO] [stdout] test proc_macros::test_effectful_borrowed_effects ... ok
[INFO] [stdout] test proc_macros::test_effect_without_argument_resumes_with_unit ... ok
[INFO] [stdout] test proc_macros::test_effectful_associated_function_uses_enclosing_impl_lifetime ... ok
[INFO] [stdout] test proc_macros::test_effectful_captures_ordinary_arguments ... ok
[INFO] [stdout] test proc_macros::test_effectful_method_uses_enclosing_impl_lifetime ... ok
[INFO] [stdout] test proc_macros::test_effectful_default_method_uses_enclosing_trait_lifetime ... ok
[INFO] [stdout] test proc_macros::test_effectful_enclosing_lifetime_is_reserved_for_input_generation ... ok
[INFO] [stdout] test proc_macros::test_effectful_gat_resume ... ok
[INFO] [stdout] test proc_macros::test_effectful_nested_reference_lifetimes_allow_sequential_calls ... ok
[INFO] [stdout] test proc_macros::test_effectful_nested_mutable_references_with_send ... ok
[INFO] [stdout] test proc_macros::test_effectful_placeholder_lifetimes_avoid_name_collisions ... ok
[INFO] [stdout] test proc_macros::test_effectful_generic_effects ... ok
[INFO] [stdout] test proc_macros::test_effectful_placeholder_lifetimes_in_borrowed_wrappers ... ok
[INFO] [stdout] test proc_macros::test_effectful_placeholder_lifetimes_with_explicit_lifetime_and_send ... ok
[INFO] [stdout] test proc_macros::test_effectful_reference_return_lifetime_elision ... ok
[INFO] [stdout] test proc_macros::test_effectful_references_inside_invariant_wrappers ... ok
[INFO] [stdout] test proc_macros::test_effectful_single_line_body ... ok
[INFO] [stdout] test proc_macros::test_effectful_type_parameter_used_only_by_effects ... ok
[INFO] [stdout] test proc_macros::test_effects_macro_spread ... ok
[INFO] [stdout] test proc_macros::test_invoke_macro ... ok
[INFO] [stdout] test proc_macros::test_effectful_explicit_lifetime_forms ... ok
[INFO] [stdout] test proc_macros::test_effectful_sendable_method_uses_enclosing_impl_lifetime ... ok
[INFO] [stdout] test proc_macros::test_gat_resume ... ok
[INFO] [stdout] test proc_macros::test_generated_yielder_does_not_shadow_arguments ... ok
[INFO] [stdout] test proc_macros::test_invoke_send ... ok
[INFO] [stdout] test proc_macros::test_effectful_wrapper_lifetimes_remain_independent ... ok
[INFO] [stdout] test proc_macros::test_invoke_send_nested ... ok
[INFO] [stdout] test proc_macros::test_invoke_send_overlapping_resumes ... ok
[INFO] [stdout] test proc_macros::test_multi_effect ... ok
[INFO] [stdout] test proc_macros::test_spread_invoke ... ok
[INFO] [stdout] test proc_macros::test_simple_effectful ... ok
[INFO] [stdout] test proc_macros::test_resume_lifetime_does_not_conflict_with_effect_lifetime ... ok
[INFO] [stdout] test proc_macros::test_send_effectful ... ok
[INFO] [stdout] test proc_macros::test_spread_with_lifetime ... ok
[INFO] [stdout] test proc_macros::test_spread_with_send ... ok
[INFO] [stdout] test proc_macros::test_yield_in_let ... ok
[INFO] [stdout] test proc_macros::test_no_yields ... ok
[INFO] [stdout] test proc_macros::test_invoke_send_with_effects ... ok
[INFO] [stdout] test proc_macros::test_with_lifetime ... ok
[INFO] [stdout] test program::async_builder_style ... ok
[INFO] [stdout] test proc_macros::test_spread_with_extra_effects ... ok
[INFO] [stdout] test proc_macros::test_yield_in_match ... ok
[INFO] [stdout] test program::async_computation_body_can_await ... ok
[INFO] [stdout] test program::async_free_function_style ... ok
[INFO] [stdout] test program::from_co ... ok
[INFO] [stdout] test program::handle_multiple ... ok
[INFO] [stdout] test program::async_out_of_order_handlers ... ok
[INFO] [stdout] test program::async_handle_multiple ... ok
[INFO] [stdout] test program::async_run_stateful_state ... ok
[INFO] [stdout] test proc_macros::test_spread_only ... ok
[INFO] [stdout] test program::sync_free_function_style ... ok
[INFO] [stdout] test program::sync_no_yields ... ok
[INFO] [stdout] test program::sync_out_of_order_handlers ... ok
[INFO] [stdout] test program::local_async_handler_can_lend_captured_state ... ok
[INFO] [stdout] test program::sync_run_stateful_state ... ok
[INFO] [stdout] test program::sync_cancel ... ok
[INFO] [stdout] test program::sync_computation_body_rejects_pending_await - should panic ... ok
[INFO] [stdout] test program::local_stateful_handler_can_borrow_non_send_state ... ok
[INFO] [stdout] test program::sync_builder_style ... ok
[INFO] [stdout] test program::sync_single_effect ... ok
[INFO] [stdout] test repro_mut_borrow::test_direct_yields_work ... ok
[INFO] [stdout] test repro_mut_borrow::test_inline_sub_fn_works ... ok
[INFO] [stdout] test repro_mut_borrow::test_invoke_with_mut_ref ... ok
[INFO] [stdout] test resume::same_resume ... ok
[INFO] [stdout] test repro_mut_borrow::test_manual_invoke_with_mut_ref ... ok
[INFO] [stdout] test program::sync_turbofish_effects ... ok
[INFO] [stdout] test send::borrowed_sendable_program_run_is_send ... ok
[INFO] [stdout] test repro_mut_borrow::test_invoke_with_question_mark_and_mut_ref ... ok
[INFO] [stdout] test send::sendable_effectful_run_can_be_spawned ... ok
[INFO] [stdout] test send::sendable_program_run_is_send_and_completes ... ok
[INFO] [stdout] test send::sendable_program_run_can_be_spawned ... ok
[INFO] [stdout] test send::sendable_program_run_stateful_can_be_spawned ... ok
[INFO] [stdout] test send::sendable_stateful_program_can_borrow_data ... ok
[INFO] [stdout] test send::sendable_stateful_program_can_cancel ... ok
[INFO] [stdout] test send::sendable_stateful_program_without_effects_can_be_spawned ... ok
[INFO] [stdout] test success::async_run_stateful_ok ... ok
[INFO] [stdout] test success::sync_ok_multiple_yields ... ok
[INFO] [stdout] test success::sync_ok_no_yields ... ok
[INFO] [stdout] test send::sendable_computation_body_can_await ... ok
[INFO] [stdout] test success::sync_ok_unit_return ... ok
[INFO] [stdout] test success::sync_ok_struct_return ... ok
[INFO] [stdout] test send::co_send_can_be_spawned ... ok
[INFO] [stdout] test send::co_send_is_send ... ok
[INFO] [stdout] test sync::run_mut ... ok
[INFO] [stdout] test sync::run_stateful ... ok
[INFO] [stdout] test success::async_ok_value_return ... ok
[INFO] [stdout] test success::sync_run_stateful_ok ... ok
[INFO] [stdout] test success::sync_ok_value_return ... ok
[INFO] [stdout] test downstream::public_macros_support_a_renamed_dependency_without_direct_frunk_core ... ok
[INFO] [stdout] test proc_macros::compile_fail_tests ... FAILED
[INFO] [stdout] 
[INFO] [stdout] failures:
[INFO] [stdout] 
[INFO] [stdout] ---- proc_macros::compile_fail_tests stdout ----
[INFO] [stdout] 
[INFO] [stdout] thread 'proc_macros::compile_fail_tests' (1315) panicked at tests/it/proc_macros.rs:20:9:
[INFO] [stdout] trybuild child process failed
[INFO] [stdout] 
[INFO] [stdout] stdout:
[INFO] [stdout] 
[INFO] [stdout] running 1 test
[INFO] [stdout] test proc_macros::compile_fail_tests ... FAILED
[INFO] [stdout] 
[INFO] [stdout] failures:
[INFO] [stdout] 
[INFO] [stdout] failures:
[INFO] [stdout]     proc_macros::compile_fail_tests
[INFO] [stdout] 
[INFO] [stdout] test result: FAILED. 0 passed; 1 failed; 0 ignored; 0 measured; 138 filtered out; finished in 52.80s
[INFO] [stdout] 
[INFO] [stdout] 
[INFO] [stdout] stderr:
[INFO] [stdout]    Compiling proc-macro2 v1.0.106
[INFO] [stdout]    Compiling quote v1.0.46
[INFO] [stdout]    Compiling unicode-ident v1.0.24
[INFO] [stdout]    Compiling rustix v1.1.4
[INFO] [stdout]     Checking bitflags v2.11.0
[INFO] [stdout]     Checking linux-raw-sys v0.12.1
[INFO] [stdout]    Compiling hashbrown v0.16.1
[INFO] [stdout]    Compiling equivalent v1.0.2
[INFO] [stdout]    Compiling semver v1.0.27
[INFO] [stdout]    Compiling winnow v1.0.3
[INFO] [stdout]    Compiling toml_datetime v1.1.1+spec-1.1.0
[INFO] [stdout]    Compiling libc v0.2.183
[INFO] [stdout]     Checking clap_lex v1.0.0
[INFO] [stdout]    Compiling rustc_version v0.4.1
[INFO] [stdout]     Checking anstyle v1.0.13
[INFO] [stdout]     Checking pin-project-lite v0.2.17
[INFO] [stdout]     Checking futures-core v0.3.32
[INFO] [stdout]     Checking regex-lite v0.1.9
[INFO] [stdout]     Checking cfg-if v1.0.4
[INFO] [stdout]     Checking frunk_core v0.5.0
[INFO] [stdout]    Compiling indexmap v2.13.0
[INFO] [stdout]    Compiling fauxgen v0.1.7
[INFO] [stdout]     Checking terminal_size v0.4.3
[INFO] [stdout]    Compiling syn v2.0.118
[INFO] [stdout]     Checking clap_builder v4.5.60
[INFO] [stdout]     Checking condtype v1.3.0
[INFO] [stdout]    Compiling toml_parser v1.1.2+spec-1.1.0
[INFO] [stdout]    Compiling toml_edit v0.25.11+spec-1.1.0
[INFO] [stdout]    Compiling proc-macro-crate v3.5.0
[INFO] [stdout]     Checking clap v4.5.60
[INFO] [stdout]    Compiling divan-macros v0.1.21
[INFO] [stdout]    Compiling tokio-macros v2.7.0
[INFO] [stdout]    Compiling corophage-macros v0.6.1
[INFO] [stdout]     Checking tokio v1.52.3
[INFO] [stdout]     Checking divan v0.1.21
[INFO] [stdout]     Checking corophage v0.6.1 (/opt/rustwide/workdir)
[INFO] [stdout]     Checking corophage-tests v0.0.0 (/opt/rustwide/target/tests/trybuild/corophage)
[INFO] [stdout]     Finished `dev` profile [unoptimized + debuginfo] target(s) in 42.74s
[INFO] [stdout] 
[INFO] [stdout] 
[INFO] [stdout] test tests/compile_fail/effectful_async_fn.rs ... ok
[INFO] [stdout] test tests/compile_fail/effectful_overlapping_reference_borrows.rs ... ok
[INFO] [stdout] test tests/compile_fail/effectful_placeholder_borrow_escapes.rs ... ok
[INFO] [stdout] test tests/compile_fail/effectful_spread_not_last.rs ... ok
[INFO] [stdout] test tests/compile_fail/effectful_undeclared_named_lifetime.rs ... ok
[INFO] [stdout] test tests/compile_fail/execution_async_handler_in_sync_runner.rs ... ok
[INFO] [stdout] test tests/compile_fail/execution_duplicate_handler.rs ... ok
[INFO] [stdout] test tests/compile_fail/execution_local_adapter_send.rs ... mismatch
[INFO] [stdout] 
[INFO] [stdout] EXPECTED:
[INFO] [stdout] ┈┈┈┈┈┈┈┈┈┈┈┈┈┈┈┈┈┈┈┈┈┈┈┈┈┈┈┈┈┈┈┈┈┈┈┈┈┈┈┈┈┈┈┈┈┈┈┈┈┈┈┈┈┈┈┈┈┈┈┈
[INFO] [stdout] error[E0277]: `dyn Future<Output = corophage::Control<usize>>` cannot be sent between threads safely
[INFO] [stdout]   --> tests/compile_fail/execution_local_adapter_send.rs:18:17
[INFO] [stdout]    |
[INFO] [stdout] 18 |     assert_send(future);
[INFO] [stdout]    |     ----------- ^^^^^^ `dyn Future<Output = corophage::Control<usize>>` cannot be sent between threads safely
[INFO] [stdout]    |     |
[INFO] [stdout]    |     required by a bound introduced by this call
[INFO] [stdout]    |
[INFO] [stdout]    = help: the trait `Send` is not implemented for `dyn Future<Output = corophage::Control<usize>>`
[INFO] [stdout]    = note: required for `std::ptr::Unique<dyn Future<Output = corophage::Control<usize>>>` to implement `Send`
[INFO] [stdout] note: required because it appears within the type `Box<dyn Future<Output = corophage::Control<usize>>>`
[INFO] [stdout]   --> $RUST/alloc/src/boxed.rs
[INFO] [stdout]    |
[INFO] [stdout]    | pub struct Box<
[INFO] [stdout]    |            ^^^
[INFO] [stdout] note: required because it appears within the type `Pin<Box<dyn Future<Output = corophage::Control<usize>>>>`
[INFO] [stdout]   --> $RUST/core/src/pin.rs
[INFO] [stdout]    |
[INFO] [stdout]    | pub struct Pin<Ptr> {
[INFO] [stdout]    |            ^^^
[INFO] [stdout] note: required because it appears within the type `corophage::coproduct::dispatch::Inject<'static, Coproduct<Ask, CNil>, Ask, Here, Pin<Box<dyn Future<Output = corophage::Control<usize>>>>>`
[INFO] [stdout]   --> src/coproduct/dispatch.rs
[INFO] [stdout]    |
[INFO] [stdout]    |     pub struct Inject<'a, Effs, E, I, F> {
[INFO] [stdout]    |                ^^^^^^
[INFO] [stdout] note: required because it appears within the type `corophage::coproduct::dispatch::Branch<corophage::coproduct::dispatch::Inject<'static, Coproduct<Ask, CNil>, Ask, Here, Pin<Box<dyn Future<Output = corophage::Control<usize>>>>>, std::future::Ready<corophage::Control<Coproduct<usize, CNil>>>>`
[INFO] [stdout]   --> src/coproduct/dispatch.rs
[INFO] [stdout]    |
[INFO] [stdout]    |     pub enum Branch<L, R> {
[INFO] [stdout]    |              ^^^^^^
[INFO] [stdout] note: required because it's used within this `async` fn body
[INFO] [stdout]   --> src/execution.rs
[INFO] [stdout]    |
[INFO] [stdout]    | / {
[INFO] [stdout]    | |     let mut generator = std::pin::pin!(generator);
[INFO] [stdout]    | |     let mut step = generator.as_mut().resume(Coproduct::Inl(Start)).await;
[INFO] [stdout]    | |     let mut budget = crate::ASYNC_DISPATCH_BUDGET;
[INFO] [stdout] ...  |
[INFO] [stdout]    | | }
[INFO] [stdout]    | |_^
[INFO] [stdout] note: required because it appears within the type `impl Future<Output = Result<<impl Future<Output = usize> as Future>::Output, Cancelled>>`
[INFO] [stdout]   --> src/program.rs
[INFO] [stdout]    |
[INFO] [stdout]    |     pub fn run<I>(self) -> impl Future<Output = Result<F::Output, Cancelled>>
[INFO] [stdout]    |                            ^^^^^^^^^^^^^^^^^^^^^^^^^^^^^^^^^^^^^^^^^^^^^^^^^^
[INFO] [stdout] note: required by a bound in `assert_send`
[INFO] [stdout]   --> tests/compile_fail/execution_local_adapter_send.rs:10:24
[INFO] [stdout]    |
[INFO] [stdout] 10 | fn assert_send(_: impl Send) {}
[INFO] [stdout]    |                        ^^^^ required by this bound in `assert_send`
[INFO] [stdout] ┈┈┈┈┈┈┈┈┈┈┈┈┈┈┈┈┈┈┈┈┈┈┈┈┈┈┈┈┈┈┈┈┈┈┈┈┈┈┈┈┈┈┈┈┈┈┈┈┈┈┈┈┈┈┈┈┈┈┈┈
[INFO] [stdout] 
[INFO] [stdout] ACTUAL OUTPUT:
[INFO] [stdout] ┈┈┈┈┈┈┈┈┈┈┈┈┈┈┈┈┈┈┈┈┈┈┈┈┈┈┈┈┈┈┈┈┈┈┈┈┈┈┈┈┈┈┈┈┈┈┈┈┈┈┈┈┈┈┈┈┈┈┈┈
[INFO] [stdout] error[E0277]: `dyn Future<Output = corophage::Control<usize>>` cannot be sent between threads safely
[INFO] [stdout]   --> tests/compile_fail/execution_local_adapter_send.rs:18:17
[INFO] [stdout]    |
[INFO] [stdout] 18 |     assert_send(future);
[INFO] [stdout]    |     ----------- ^^^^^^ `dyn Future<Output = corophage::Control<usize>>` cannot be sent between threads safely
[INFO] [stdout]    |     |
[INFO] [stdout]    |     required by a bound introduced by this call
[INFO] [stdout]    |
[INFO] [stdout]    = help: the trait `Send` is not implemented for `dyn Future<Output = corophage::Control<usize>>`
[INFO] [stdout]    = note: required for `std::ptr::Unique<dyn Future<Output = corophage::Control<usize>>>` to implement `Send`
[INFO] [stdout] note: required because it appears within the type `Box<dyn Future<Output = corophage::Control<usize>>>`
[INFO] [stdout]   --> $RUST/alloc/src/boxed.rs
[INFO] [stdout] note: required because it appears within the type `Pin<Box<dyn Future<Output = corophage::Control<usize>>>>`
[INFO] [stdout]   --> $RUST/core/src/pin.rs
[INFO] [stdout] note: required because it appears within the type `corophage::coproduct::dispatch::Inject<'static, Coproduct<Ask, CNil>, Ask, Here, Pin<Box<dyn Future<Output = corophage::Control<usize>>>>>`
[INFO] [stdout]   --> src/coproduct/dispatch.rs
[INFO] [stdout]    |
[INFO] [stdout]    |     pub struct Inject<'a, Effs, E, I, F> {
[INFO] [stdout]    |                ^^^^^^
[INFO] [stdout] note: required because it appears within the type `corophage::coproduct::dispatch::Branch<corophage::coproduct::dispatch::Inject<'static, Coproduct<Ask, CNil>, Ask, Here, Pin<Box<dyn Future<Output = corophage::Control<usize>>>>>, std::future::Ready<corophage::Control<Coproduct<usize, CNil>>>>`
[INFO] [stdout]   --> src/coproduct/dispatch.rs
[INFO] [stdout]    |
[INFO] [stdout]    |     pub enum Branch<L, R> {
[INFO] [stdout]    |              ^^^^^^
[INFO] [stdout] note: required because it's used within this `async` fn body
[INFO] [stdout]   --> src/execution.rs
[INFO] [stdout]    |
[INFO] [stdout]    | / {
[INFO] [stdout]    | |     let mut generator = std::pin::pin!(generator);
[INFO] [stdout]    | |     let mut step = generator.as_mut().resume(Coproduct::Inl(Start)).await;
[INFO] [stdout]    | |     let mut budget = crate::ASYNC_DISPATCH_BUDGET;
[INFO] [stdout] ...  |
[INFO] [stdout]    | | }
[INFO] [stdout]    | |_^
[INFO] [stdout] note: required because it appears within the type `impl Future<Output = Result<<impl Future<Output = usize> as Future>::Output, Cancelled>>`
[INFO] [stdout]   --> src/program.rs
[INFO] [stdout]    |
[INFO] [stdout]    |     pub fn run<I>(self) -> impl Future<Output = Result<F::Output, Cancelled>>
[INFO] [stdout]    |                            ^^^^^^^^^^^^^^^^^^^^^^^^^^^^^^^^^^^^^^^^^^^^^^^^^^
[INFO] [stdout] note: required by a bound in `assert_send`
[INFO] [stdout]   --> tests/compile_fail/execution_local_adapter_send.rs:10:24
[INFO] [stdout]    |
[INFO] [stdout] 10 | fn assert_send(_: impl Send) {}
[INFO] [stdout]    |                        ^^^^ required by this bound in `assert_send`
[INFO] [stdout] ┈┈┈┈┈┈┈┈┈┈┈┈┈┈┈┈┈┈┈┈┈┈┈┈┈┈┈┈┈┈┈┈┈┈┈┈┈┈┈┈┈┈┈┈┈┈┈┈┈┈┈┈┈┈┈┈┈┈┈┈
[INFO] [stdout] note: If the actual output is the correct output you can bless it by rerunning
[INFO] [stdout]       your test with the environment variable TRYBUILD=overwrite
[INFO] [stdout] 
[INFO] [stdout] test tests/compile_fail/execution_map_missing_handler.rs ... ok
[INFO] [stdout] test tests/compile_fail/execution_map_non_send_capture.rs ... ok
[INFO] [stdout] test tests/compile_fail/execution_map_non_sync_resume.rs ... mismatch
[INFO] [stdout] 
[INFO] [stdout] EXPECTED:
[INFO] [stdout] ┈┈┈┈┈┈┈┈┈┈┈┈┈┈┈┈┈┈┈┈┈┈┈┈┈┈┈┈┈┈┈┈┈┈┈┈┈┈┈┈┈┈┈┈┈┈┈┈┈┈┈┈┈┈┈┈┈┈┈┈
[INFO] [stdout] error[E0277]: `Cell<usize>` cannot be shared between threads safely
[INFO] [stdout]   --> tests/compile_fail/execution_map_non_sync_resume.rs:13:17
[INFO] [stdout]    |
[INFO] [stdout] 13 |     assert_send(program);
[INFO] [stdout]    |     ----------- ^^^^^^^ `Cell<usize>` cannot be shared between threads safely
[INFO] [stdout]    |     |
[INFO] [stdout]    |     required by a bound introduced by this call
[INFO] [stdout]    |
[INFO] [stdout]    = help: within `Coproduct<corophage::effect::Start, Coproduct<Cell<usize>, CNil>>`, the trait `Sync` is not implemented for `Cell<usize>`
[INFO] [stdout]    = note: if you want to do aliasing and mutation between multiple threads, use `std::sync::RwLock` or `std::sync::atomic::AtomicUsize` instead
[INFO] [stdout] note: required because it appears within the type `Coproduct<Cell<usize>, CNil>`
[INFO] [stdout]   --> $CARGO/frunk_core-$VERSION/src/coproduct.rs
[INFO] [stdout]    |
[INFO] [stdout]    | pub enum Coproduct<H, T> {
[INFO] [stdout]    |          ^^^^^^^^^
[INFO] [stdout] note: required because it appears within the type `Coproduct<corophage::effect::Start, Coproduct<Cell<usize>, CNil>>`
[INFO] [stdout]   --> $CARGO/frunk_core-$VERSION/src/coproduct.rs
[INFO] [stdout]    |
[INFO] [stdout]    | pub enum Coproduct<H, T> {
[INFO] [stdout]    |          ^^^^^^^^^
[INFO] [stdout]    = note: required for `Arc<Coproduct<corophage::effect::Start, Coproduct<Cell<usize>, CNil>>>` to implement `Send`
[INFO] [stdout] note: required because it appears within the type `PhantomData<Arc<Coproduct<corophage::effect::Start, Coproduct<Cell<usize>, CNil>>>>`
[INFO] [stdout]   --> $RUST/core/src/marker.rs
[INFO] [stdout]    |
[INFO] [stdout]    | pub struct PhantomData<T: PointeeSized>;
[INFO] [stdout]    |            ^^^^^^^^^^^
[INFO] [stdout] note: required because it appears within the type `corophage::coroutine::Coroutine<'_, Coproduct<Ask, CNil>, impl Future<Output = {integer}>>`
[INFO] [stdout]   --> src/coroutine.rs
[INFO] [stdout]    |
[INFO] [stdout]    | pub struct Coroutine<'a, Effs: Effects<'a>, F> {
[INFO] [stdout]    |            ^^^^^^^^^
[INFO] [stdout] note: required because it appears within the type `corophage::Program<'_, Coproduct<Ask, CNil>, impl Future<Output = {integer}>>`
[INFO] [stdout]   --> src/program.rs
[INFO] [stdout]    |
[INFO] [stdout]    | pub struct Program<
[INFO] [stdout]    |            ^^^^^^^
[INFO] [stdout] note: required by a bound in `assert_send`
[INFO] [stdout]   --> tests/compile_fail/execution_map_non_sync_resume.rs:8:24
[INFO] [stdout]    |
[INFO] [stdout]  8 | fn assert_send(_: impl Send) {}
[INFO] [stdout]    |                        ^^^^ required by this bound in `assert_send`
[INFO] [stdout] ┈┈┈┈┈┈┈┈┈┈┈┈┈┈┈┈┈┈┈┈┈┈┈┈┈┈┈┈┈┈┈┈┈┈┈┈┈┈┈┈┈┈┈┈┈┈┈┈┈┈┈┈┈┈┈┈┈┈┈┈
[INFO] [stdout] 
[INFO] [stdout] ACTUAL OUTPUT:
[INFO] [stdout] ┈┈┈┈┈┈┈┈┈┈┈┈┈┈┈┈┈┈┈┈┈┈┈┈┈┈┈┈┈┈┈┈┈┈┈┈┈┈┈┈┈┈┈┈┈┈┈┈┈┈┈┈┈┈┈┈┈┈┈┈
[INFO] [stdout] error[E0277]: `Cell<usize>` cannot be shared between threads safely
[INFO] [stdout]   --> tests/compile_fail/execution_map_non_sync_resume.rs:13:17
[INFO] [stdout]    |
[INFO] [stdout] 13 |     assert_send(program);
[INFO] [stdout]    |     ----------- ^^^^^^^ `Cell<usize>` cannot be shared between threads safely
[INFO] [stdout]    |     |
[INFO] [stdout]    |     required by a bound introduced by this call
[INFO] [stdout]    |
[INFO] [stdout]    = help: within `Coproduct<corophage::effect::Start, Coproduct<Cell<usize>, CNil>>`, the trait `Sync` is not implemented for `Cell<usize>`
[INFO] [stdout]    = note: if you want to do aliasing and mutation between multiple threads, use `std::sync::RwLock` or `std::sync::atomic::AtomicUsize` instead
[INFO] [stdout] note: required because it appears within the type `Coproduct<Cell<usize>, CNil>`
[INFO] [stdout]   --> $CARGO/frunk_core-$VERSION/src/coproduct.rs
[INFO] [stdout]    |
[INFO] [stdout]    | pub enum Coproduct<H, T> {
[INFO] [stdout]    |          ^^^^^^^^^
[INFO] [stdout] note: required because it appears within the type `Coproduct<corophage::effect::Start, Coproduct<Cell<usize>, CNil>>`
[INFO] [stdout]   --> $CARGO/frunk_core-$VERSION/src/coproduct.rs
[INFO] [stdout]    |
[INFO] [stdout]    | pub enum Coproduct<H, T> {
[INFO] [stdout]    |          ^^^^^^^^^
[INFO] [stdout]    = note: required for `Arc<Coproduct<corophage::effect::Start, Coproduct<Cell<usize>, CNil>>>` to implement `Send`
[INFO] [stdout] note: required because it appears within the type `PhantomData<Arc<Coproduct<corophage::effect::Start, Coproduct<Cell<usize>, CNil>>>>`
[INFO] [stdout]   --> $RUST/core/src/marker.rs
[INFO] [stdout] note: required because it appears within the type `corophage::coroutine::Coroutine<'_, Coproduct<Ask, CNil>, impl Future<Output = {integer}>>`
[INFO] [stdout]   --> src/coroutine.rs
[INFO] [stdout]    |
[INFO] [stdout]    | pub struct Coroutine<'a, Effs: Effects<'a>, F> {
[INFO] [stdout]    |            ^^^^^^^^^
[INFO] [stdout] note: required because it appears within the type `corophage::Program<'_, Coproduct<Ask, CNil>, impl Future<Output = {integer}>>`
[INFO] [stdout]   --> src/program.rs
[INFO] [stdout]    |
[INFO] [stdout]    | pub struct Program<
[INFO] [stdout]    |            ^^^^^^^
[INFO] [stdout] note: required by a bound in `assert_send`
[INFO] [stdout]   --> tests/compile_fail/execution_map_non_sync_resume.rs:8:24
[INFO] [stdout]    |
[INFO] [stdout]  8 | fn assert_send(_: impl Send) {}
[INFO] [stdout]    |                        ^^^^ required by this bound in `assert_send`
[INFO] [stdout] ┈┈┈┈┈┈┈┈┈┈┈┈┈┈┈┈┈┈┈┈┈┈┈┈┈┈┈┈┈┈┈┈┈┈┈┈┈┈┈┈┈┈┈┈┈┈┈┈┈┈┈┈┈┈┈┈┈┈┈┈
[INFO] [stdout] note: If the actual output is the correct output you can bless it by rerunning
[INFO] [stdout]       your test with the environment variable TRYBUILD=overwrite
[INFO] [stdout] 
[INFO] [stdout] test tests/compile_fail/execution_missing_handler.rs ... ok
[INFO] [stdout] test tests/compile_fail/execution_non_send_body.rs ... ok
[INFO] [stdout] test tests/compile_fail/execution_non_send_future.rs ... ok
[INFO] [stdout] test tests/compile_fail/execution_non_send_handler.rs ... ok
[INFO] [stdout] test tests/compile_fail/execution_non_send_resume_transport.rs ... mismatch
[INFO] [stdout] 
[INFO] [stdout] EXPECTED:
[INFO] [stdout] ┈┈┈┈┈┈┈┈┈┈┈┈┈┈┈┈┈┈┈┈┈┈┈┈┈┈┈┈┈┈┈┈┈┈┈┈┈┈┈┈┈┈┈┈┈┈┈┈┈┈┈┈┈┈┈┈┈┈┈┈
[INFO] [stdout] error[E0277]: `Rc<usize>` cannot be sent between threads safely
[INFO] [stdout]   --> tests/compile_fail/execution_non_send_resume_transport.rs:16:17
[INFO] [stdout]    |
[INFO] [stdout] 16 |     assert_send(&future);
[INFO] [stdout]    |     ----------- ^^^^^^^ `Rc<usize>` cannot be sent between threads safely
[INFO] [stdout]    |     |
[INFO] [stdout]    |     required by a bound introduced by this call
[INFO] [stdout]    |
[INFO] [stdout]   ::: src/program.rs
[INFO] [stdout]    |
[INFO] [stdout]    |     pub fn run<I>(self) -> impl Future<Output = Result<F::Output, Cancelled>>
[INFO] [stdout]    |                            -------------------------------------------------- within this `impl Future<Output = Result<<impl Future<Output = ()> + '_ as Future>::Output, Cancelled>>`
[INFO] [stdout]    |
[INFO] [stdout]    = help: within `impl Future<Output = Result<<impl Future<Output = ()> + '_ as Future>::Output, Cancelled>>`, the trait `Send` is not implemented for `Rc<usize>`
[INFO] [stdout] note: required because it appears within the type `Coproduct<Rc<usize>, CNil>`
[INFO] [stdout]   --> $CARGO/frunk_core-$VERSION/src/coproduct.rs
[INFO] [stdout]    |
[INFO] [stdout]    | pub enum Coproduct<H, T> {
[INFO] [stdout]    |          ^^^^^^^^^
[INFO] [stdout] note: required because it appears within the type `corophage::Control<Coproduct<Rc<usize>, CNil>>`
[INFO] [stdout]   --> src/control.rs
[INFO] [stdout]    |
[INFO] [stdout]    | pub enum Control<R> {
[INFO] [stdout]    |          ^^^^^^^
[INFO] [stdout] note: required because it's used within this `async` fn body
[INFO] [stdout]   --> src/execution.rs
[INFO] [stdout]    |
[INFO] [stdout]    | / {
[INFO] [stdout]    | |     let mut generator = std::pin::pin!(generator);
[INFO] [stdout]    | |     let mut step = generator.as_mut().resume(Coproduct::Inl(Start)).await;
[INFO] [stdout]    | |     let mut budget = crate::ASYNC_DISPATCH_BUDGET;
[INFO] [stdout] ...  |
[INFO] [stdout]    | | }
[INFO] [stdout]    | |_^
[INFO] [stdout] note: required because it appears within the type `impl Future<Output = Result<<impl Future<Output = ()> + '_ as Future>::Output, Cancelled>>`
[INFO] [stdout]   --> src/program.rs
[INFO] [stdout]    |
[INFO] [stdout]    |     pub fn run<I>(self) -> impl Future<Output = Result<F::Output, Cancelled>>
[INFO] [stdout]    |                            ^^^^^^^^^^^^^^^^^^^^^^^^^^^^^^^^^^^^^^^^^^^^^^^^^^
[INFO] [stdout] note: required by a bound in `assert_send`
[INFO] [stdout]   --> tests/compile_fail/execution_non_send_resume_transport.rs:8:25
[INFO] [stdout]    |
[INFO] [stdout]  8 | fn assert_send(_: &impl Send) {}
[INFO] [stdout]    |                         ^^^^ required by this bound in `assert_send`
[INFO] [stdout] 
[INFO] [stdout] error[E0277]: `Rc<usize>` cannot be shared between threads safely
[INFO] [stdout]   --> tests/compile_fail/execution_non_send_resume_transport.rs:16:17
[INFO] [stdout]    |
[INFO] [stdout] 16 |     assert_send(&future);
[INFO] [stdout]    |     ----------- ^^^^^^^ `Rc<usize>` cannot be shared between threads safely
[INFO] [stdout]    |     |
[INFO] [stdout]    |     required by a bound introduced by this call
[INFO] [stdout]    |
[INFO] [stdout]    = help: within `Coproduct<corophage::effect::Start, Coproduct<Rc<usize>, CNil>>`, the trait `Sync` is not implemented for `Rc<usize>`
[INFO] [stdout] note: required because it appears within the type `Coproduct<Rc<usize>, CNil>`
[INFO] [stdout]   --> $CARGO/frunk_core-$VERSION/src/coproduct.rs
[INFO] [stdout]    |
[INFO] [stdout]    | pub enum Coproduct<H, T> {
[INFO] [stdout]    |          ^^^^^^^^^
[INFO] [stdout] note: required because it appears within the type `Coproduct<corophage::effect::Start, Coproduct<Rc<usize>, CNil>>`
[INFO] [stdout]   --> $CARGO/frunk_core-$VERSION/src/coproduct.rs
[INFO] [stdout]    |
[INFO] [stdout]    | pub enum Coproduct<H, T> {
[INFO] [stdout]    |          ^^^^^^^^^
[INFO] [stdout]    = note: required for `Arc<Coproduct<corophage::effect::Start, Coproduct<Rc<usize>, CNil>>>` to implement `Send`
[INFO] [stdout] note: required because it appears within the type `PhantomData<Arc<Coproduct<corophage::effect::Start, Coproduct<Rc<usize>, CNil>>>>`
[INFO] [stdout]   --> $RUST/core/src/marker.rs
[INFO] [stdout]    |
[INFO] [stdout]    | pub struct PhantomData<T: PointeeSized>;
[INFO] [stdout]    |            ^^^^^^^^^^^
[INFO] [stdout] note: required because it appears within the type `coroutine::Transport<fauxgen::export::asynk::AsyncGenerator<impl Future<Output = ()> + '_, Coproduct<corophage::effect::Start, Coproduct<Ask, CNil>>, Coproduct<corophage::effect::Start, Coproduct<Rc<usize>, CNil>>>, Coproduct<corophage::effect::Start, Coproduct<Rc<usize>, CNil>>>`
[INFO] [stdout]   --> src/coroutine.rs
[INFO] [stdout]    |
[INFO] [stdout]    |     pub(crate) struct Transport<G, A> {
[INFO] [stdout]    |                       ^^^^^^^^^
[INFO] [stdout] note: required because it's used within this `async` fn body
[INFO] [stdout]   --> src/execution.rs
[INFO] [stdout]    |
[INFO] [stdout]    | / {
[INFO] [stdout]    | |     let mut generator = std::pin::pin!(generator);
[INFO] [stdout]    | |     let mut step = generator.as_mut().resume(Coproduct::Inl(Start)).await;
[INFO] [stdout]    | |     let mut budget = crate::ASYNC_DISPATCH_BUDGET;
[INFO] [stdout] ...  |
[INFO] [stdout]    | | }
[INFO] [stdout]    | |_^
[INFO] [stdout] note: required because it appears within the type `impl Future<Output = Result<<impl Future<Output = ()> + '_ as Future>::Output, Cancelled>>`
[INFO] [stdout]   --> src/program.rs
[INFO] [stdout]    |
[INFO] [stdout]    |     pub fn run<I>(self) -> impl Future<Output = Result<F::Output, Cancelled>>
[INFO] [stdout]    |                            ^^^^^^^^^^^^^^^^^^^^^^^^^^^^^^^^^^^^^^^^^^^^^^^^^^
[INFO] [stdout] note: required by a bound in `assert_send`
[INFO] [stdout]   --> tests/compile_fail/execution_non_send_resume_transport.rs:8:25
[INFO] [stdout]    |
[INFO] [stdout]  8 | fn assert_send(_: &impl Send) {}
[INFO] [stdout]    |                         ^^^^ required by this bound in `assert_send`
[INFO] [stdout] ┈┈┈┈┈┈┈┈┈┈┈┈┈┈┈┈┈┈┈┈┈┈┈┈┈┈┈┈┈┈┈┈┈┈┈┈┈┈┈┈┈┈┈┈┈┈┈┈┈┈┈┈┈┈┈┈┈┈┈┈
[INFO] [stdout] 
[INFO] [stdout] ACTUAL OUTPUT:
[INFO] [stdout] ┈┈┈┈┈┈┈┈┈┈┈┈┈┈┈┈┈┈┈┈┈┈┈┈┈┈┈┈┈┈┈┈┈┈┈┈┈┈┈┈┈┈┈┈┈┈┈┈┈┈┈┈┈┈┈┈┈┈┈┈
[INFO] [stdout] error[E0277]: `Rc<usize>` cannot be sent between threads safely
[INFO] [stdout]   --> tests/compile_fail/execution_non_send_resume_transport.rs:16:17
[INFO] [stdout]    |
[INFO] [stdout] 16 |     assert_send(&future);
[INFO] [stdout]    |     ----------- ^^^^^^^ `Rc<usize>` cannot be sent between threads safely
[INFO] [stdout]    |     |
[INFO] [stdout]    |     required by a bound introduced by this call
[INFO] [stdout]    |
[INFO] [stdout]   ::: src/program.rs
[INFO] [stdout]    |
[INFO] [stdout]    |     pub fn run<I>(self) -> impl Future<Output = Result<F::Output, Cancelled>>
[INFO] [stdout]    |                            -------------------------------------------------- within this `impl Future<Output = Result<<impl Future<Output = ()> + '_ as Future>::Output, Cancelled>>`
[INFO] [stdout]    |
[INFO] [stdout]    = help: within `impl Future<Output = Result<<impl Future<Output = ()> + '_ as Future>::Output, Cancelled>>`, the trait `Send` is not implemented for `Rc<usize>`
[INFO] [stdout] note: required because it appears within the type `Coproduct<Rc<usize>, CNil>`
[INFO] [stdout]   --> $CARGO/frunk_core-$VERSION/src/coproduct.rs
[INFO] [stdout]    |
[INFO] [stdout]    | pub enum Coproduct<H, T> {
[INFO] [stdout]    |          ^^^^^^^^^
[INFO] [stdout] note: required because it appears within the type `corophage::Control<Coproduct<Rc<usize>, CNil>>`
[INFO] [stdout]   --> src/control.rs
[INFO] [stdout]    |
[INFO] [stdout]    | pub enum Control<R> {
[INFO] [stdout]    |          ^^^^^^^
[INFO] [stdout] note: required because it's used within this `async` fn body
[INFO] [stdout]   --> src/execution.rs
[INFO] [stdout]    |
[INFO] [stdout]    | / {
[INFO] [stdout]    | |     let mut generator = std::pin::pin!(generator);
[INFO] [stdout]    | |     let mut step = generator.as_mut().resume(Coproduct::Inl(Start)).await;
[INFO] [stdout]    | |     let mut budget = crate::ASYNC_DISPATCH_BUDGET;
[INFO] [stdout] ...  |
[INFO] [stdout]    | | }
[INFO] [stdout]    | |_^
[INFO] [stdout] note: required because it appears within the type `impl Future<Output = Result<<impl Future<Output = ()> + '_ as Future>::Output, Cancelled>>`
[INFO] [stdout]   --> src/program.rs
[INFO] [stdout]    |
[INFO] [stdout]    |     pub fn run<I>(self) -> impl Future<Output = Result<F::Output, Cancelled>>
[INFO] [stdout]    |                            ^^^^^^^^^^^^^^^^^^^^^^^^^^^^^^^^^^^^^^^^^^^^^^^^^^
[INFO] [stdout] note: required by a bound in `assert_send`
[INFO] [stdout]   --> tests/compile_fail/execution_non_send_resume_transport.rs:8:25
[INFO] [stdout]    |
[INFO] [stdout]  8 | fn assert_send(_: &impl Send) {}
[INFO] [stdout]    |                         ^^^^ required by this bound in `assert_send`
[INFO] [stdout] 
[INFO] [stdout] error[E0277]: `Rc<usize>` cannot be shared between threads safely
[INFO] [stdout]   --> tests/compile_fail/execution_non_send_resume_transport.rs:16:17
[INFO] [stdout]    |
[INFO] [stdout] 16 |     assert_send(&future);
[INFO] [stdout]    |     ----------- ^^^^^^^ `Rc<usize>` cannot be shared between threads safely
[INFO] [stdout]    |     |
[INFO] [stdout]    |     required by a bound introduced by this call
[INFO] [stdout]    |
[INFO] [stdout]    = help: within `Coproduct<corophage::effect::Start, Coproduct<Rc<usize>, CNil>>`, the trait `Sync` is not implemented for `Rc<usize>`
[INFO] [stdout] note: required because it appears within the type `Coproduct<Rc<usize>, CNil>`
[INFO] [stdout]   --> $CARGO/frunk_core-$VERSION/src/coproduct.rs
[INFO] [stdout]    |
[INFO] [stdout]    | pub enum Coproduct<H, T> {
[INFO] [stdout]    |          ^^^^^^^^^
[INFO] [stdout] note: required because it appears within the type `Coproduct<corophage::effect::Start, Coproduct<Rc<usize>, CNil>>`
[INFO] [stdout]   --> $CARGO/frunk_core-$VERSION/src/coproduct.rs
[INFO] [stdout]    |
[INFO] [stdout]    | pub enum Coproduct<H, T> {
[INFO] [stdout]    |          ^^^^^^^^^
[INFO] [stdout]    = note: required for `Arc<Coproduct<corophage::effect::Start, Coproduct<Rc<usize>, CNil>>>` to implement `Send`
[INFO] [stdout] note: required because it appears within the type `PhantomData<Arc<Coproduct<corophage::effect::Start, Coproduct<Rc<usize>, CNil>>>>`
[INFO] [stdout]   --> $RUST/core/src/marker.rs
[INFO] [stdout] note: required because it appears within the type `coroutine::Transport<fauxgen::export::asynk::AsyncGenerator<impl Future<Output = ()> + '_, Coproduct<corophage::effect::Start, Coproduct<Ask, CNil>>, Coproduct<corophage::effect::Start, Coproduct<Rc<usize>, CNil>>>, Coproduct<corophage::effect::Start, Coproduct<Rc<usize>, CNil>>>`
[INFO] [stdout]   --> src/coroutine.rs
[INFO] [stdout]    |
[INFO] [stdout]    |     pub(crate) struct Transport<G, A> {
[INFO] [stdout]    |                       ^^^^^^^^^
[INFO] [stdout] note: required because it's used within this `async` fn body
[INFO] [stdout]   --> src/execution.rs
[INFO] [stdout]    |
[INFO] [stdout]    | / {
[INFO] [stdout]    | |     let mut generator = std::pin::pin!(generator);
[INFO] [stdout]    | |     let mut step = generator.as_mut().resume(Coproduct::Inl(Start)).await;
[INFO] [stdout]    | |     let mut budget = crate::ASYNC_DISPATCH_BUDGET;
[INFO] [stdout] ...  |
[INFO] [stdout]    | | }
[INFO] [stdout]    | |_^
[INFO] [stdout] note: required because it appears within the type `impl Future<Output = Result<<impl Future<Output = ()> + '_ as Future>::Output, Cancelled>>`
[INFO] [stdout]   --> src/program.rs
[INFO] [stdout]    |
[INFO] [stdout]    |     pub fn run<I>(self) -> impl Future<Output = Result<F::Output, Cancelled>>
[INFO] [stdout]    |                            ^^^^^^^^^^^^^^^^^^^^^^^^^^^^^^^^^^^^^^^^^^^^^^^^^^
[INFO] [stdout] note: required by a bound in `assert_send`
[INFO] [stdout]   --> tests/compile_fail/execution_non_send_resume_transport.rs:8:25
[INFO] [stdout]    |
[INFO] [stdout]  8 | fn assert_send(_: &impl Send) {}
[INFO] [stdout]    |                         ^^^^ required by this bound in `assert_send`
[INFO] [stdout] ┈┈┈┈┈┈┈┈┈┈┈┈┈┈┈┈┈┈┈┈┈┈┈┈┈┈┈┈┈┈┈┈┈┈┈┈┈┈┈┈┈┈┈┈┈┈┈┈┈┈┈┈┈┈┈┈┈┈┈┈
[INFO] [stdout] note: If the actual output is the correct output you can bless it by rerunning
[INFO] [stdout]       your test with the environment variable TRYBUILD=overwrite
[INFO] [stdout] 
[INFO] [stdout] test tests/compile_fail/execution_non_send_state.rs ... ok
[INFO] [stdout] test tests/compile_fail/execution_non_sync_resume_transport.rs ... mismatch
[INFO] [stdout] 
[INFO] [stdout] EXPECTED:
[INFO] [stdout] ┈┈┈┈┈┈┈┈┈┈┈┈┈┈┈┈┈┈┈┈┈┈┈┈┈┈┈┈┈┈┈┈┈┈┈┈┈┈┈┈┈┈┈┈┈┈┈┈┈┈┈┈┈┈┈┈┈┈┈┈
[INFO] [stdout] error[E0277]: `Cell<usize>` cannot be shared between threads safely
[INFO] [stdout]   --> tests/compile_fail/execution_non_sync_resume_transport.rs:14:17
[INFO] [stdout]    |
[INFO] [stdout] 14 |     assert_send(&program);
[INFO] [stdout]    |     ----------- ^^^^^^^^ `Cell<usize>` cannot be shared between threads safely
[INFO] [stdout]    |     |
[INFO] [stdout]    |     required by a bound introduced by this call
[INFO] [stdout]    |
[INFO] [stdout]    = help: within `Coproduct<corophage::effect::Start, Coproduct<Cell<usize>, CNil>>`, the trait `Sync` is not implemented for `Cell<usize>`
[INFO] [stdout]    = note: if you want to do aliasing and mutation between multiple threads, use `std::sync::RwLock` or `std::sync::atomic::AtomicUsize` instead
[INFO] [stdout] note: required because it appears within the type `Coproduct<Cell<usize>, CNil>`
[INFO] [stdout]   --> $CARGO/frunk_core-$VERSION/src/coproduct.rs
[INFO] [stdout]    |
[INFO] [stdout]    | pub enum Coproduct<H, T> {
[INFO] [stdout]    |          ^^^^^^^^^
[INFO] [stdout] note: required because it appears within the type `Coproduct<corophage::effect::Start, Coproduct<Cell<usize>, CNil>>`
[INFO] [stdout]   --> $CARGO/frunk_core-$VERSION/src/coproduct.rs
[INFO] [stdout]    |
[INFO] [stdout]    | pub enum Coproduct<H, T> {
[INFO] [stdout]    |          ^^^^^^^^^
[INFO] [stdout]    = note: required for `Arc<Coproduct<corophage::effect::Start, Coproduct<Cell<usize>, CNil>>>` to implement `Send`
[INFO] [stdout] note: required because it appears within the type `PhantomData<Arc<Coproduct<corophage::effect::Start, Coproduct<Cell<usize>, CNil>>>>`
[INFO] [stdout]   --> $RUST/core/src/marker.rs
[INFO] [stdout]    |
[INFO] [stdout]    | pub struct PhantomData<T: PointeeSized>;
[INFO] [stdout]    |            ^^^^^^^^^^^
[INFO] [stdout] note: required because it appears within the type `corophage::coroutine::Coroutine<'_, Coproduct<Ask, CNil>, impl Future<Output = ()> + '_>`
[INFO] [stdout]   --> src/coroutine.rs
[INFO] [stdout]    |
[INFO] [stdout]    | pub struct Coroutine<'a, Effs: Effects<'a>, F> {
[INFO] [stdout]    |            ^^^^^^^^^
[INFO] [stdout] note: required because it appears within the type `corophage::Program<'_, Coproduct<Ask, CNil>, impl Future<Output = ()> + '_>`
[INFO] [stdout]   --> src/program.rs
[INFO] [stdout]    |
[INFO] [stdout]    | pub struct Program<
[INFO] [stdout]    |            ^^^^^^^
[INFO] [stdout] note: required by a bound in `assert_send`
[INFO] [stdout]   --> tests/compile_fail/execution_non_sync_resume_transport.rs:8:25
[INFO] [stdout]    |
[INFO] [stdout]  8 | fn assert_send(_: &impl Send) {}
[INFO] [stdout]    |                         ^^^^ required by this bound in `assert_send`
[INFO] [stdout] ┈┈┈┈┈┈┈┈┈┈┈┈┈┈┈┈┈┈┈┈┈┈┈┈┈┈┈┈┈┈┈┈┈┈┈┈┈┈┈┈┈┈┈┈┈┈┈┈┈┈┈┈┈┈┈┈┈┈┈┈
[INFO] [stdout] 
[INFO] [stdout] ACTUAL OUTPUT:
[INFO] [stdout] ┈┈┈┈┈┈┈┈┈┈┈┈┈┈┈┈┈┈┈┈┈┈┈┈┈┈┈┈┈┈┈┈┈┈┈┈┈┈┈┈┈┈┈┈┈┈┈┈┈┈┈┈┈┈┈┈┈┈┈┈
[INFO] [stdout] error[E0277]: `Cell<usize>` cannot be shared between threads safely
[INFO] [stdout]   --> tests/compile_fail/execution_non_sync_resume_transport.rs:14:17
[INFO] [stdout]    |
[INFO] [stdout] 14 |     assert_send(&program);
[INFO] [stdout]    |     ----------- ^^^^^^^^ `Cell<usize>` cannot be shared between threads safely
[INFO] [stdout]    |     |
[INFO] [stdout]    |     required by a bound introduced by this call
[INFO] [stdout]    |
[INFO] [stdout]    = help: within `Coproduct<corophage::effect::Start, Coproduct<Cell<usize>, CNil>>`, the trait `Sync` is not implemented for `Cell<usize>`
[INFO] [stdout]    = note: if you want to do aliasing and mutation between multiple threads, use `std::sync::RwLock` or `std::sync::atomic::AtomicUsize` instead
[INFO] [stdout] note: required because it appears within the type `Coproduct<Cell<usize>, CNil>`
[INFO] [stdout]   --> $CARGO/frunk_core-$VERSION/src/coproduct.rs
[INFO] [stdout]    |
[INFO] [stdout]    | pub enum Coproduct<H, T> {
[INFO] [stdout]    |          ^^^^^^^^^
[INFO] [stdout] note: required because it appears within the type `Coproduct<corophage::effect::Start, Coproduct<Cell<usize>, CNil>>`
[INFO] [stdout]   --> $CARGO/frunk_core-$VERSION/src/coproduct.rs
[INFO] [stdout]    |
[INFO] [stdout]    | pub enum Coproduct<H, T> {
[INFO] [stdout]    |          ^^^^^^^^^
[INFO] [stdout]    = note: required for `Arc<Coproduct<corophage::effect::Start, Coproduct<Cell<usize>, CNil>>>` to implement `Send`
[INFO] [stdout] note: required because it appears within the type `PhantomData<Arc<Coproduct<corophage::effect::Start, Coproduct<Cell<usize>, CNil>>>>`
[INFO] [stdout]   --> $RUST/core/src/marker.rs
[INFO] [stdout] note: required because it appears within the type `corophage::coroutine::Coroutine<'_, Coproduct<Ask, CNil>, impl Future<Output = ()> + '_>`
[INFO] [stdout]   --> src/coroutine.rs
[INFO] [stdout]    |
[INFO] [stdout]    | pub struct Coroutine<'a, Effs: Effects<'a>, F> {
[INFO] [stdout]    |            ^^^^^^^^^
[INFO] [stdout] note: required because it appears within the type `corophage::Program<'_, Coproduct<Ask, CNil>, impl Future<Output = ()> + '_>`
[INFO] [stdout]   --> src/program.rs
[INFO] [stdout]    |
[INFO] [stdout]    | pub struct Program<
[INFO] [stdout]    |            ^^^^^^^
[INFO] [stdout] note: required by a bound in `assert_send`
[INFO] [stdout]   --> tests/compile_fail/execution_non_sync_resume_transport.rs:8:25
[INFO] [stdout]    |
[INFO] [stdout]  8 | fn assert_send(_: &impl Send) {}
[INFO] [stdout]    |                         ^^^^ required by this bound in `assert_send`
[INFO] [stdout] ┈┈┈┈┈┈┈┈┈┈┈┈┈┈┈┈┈┈┈┈┈┈┈┈┈┈┈┈┈┈┈┈┈┈┈┈┈┈┈┈┈┈┈┈┈┈┈┈┈┈┈┈┈┈┈┈┈┈┈┈
[INFO] [stdout] note: If the actual output is the correct output you can bless it by rerunning
[INFO] [stdout]       your test with the environment variable TRYBUILD=overwrite
[INFO] [stdout] 
[INFO] [stdout] test tests/compile_fail/execution_resume_from_state_loan.rs ... ok
[INFO] [stdout] test tests/compile_fail/execution_state_borrow_while_configured.rs ... ok
[INFO] [stdout] test tests/compile_fail/overlapping_yielder_invocations.rs ... ok
[INFO] [stdout] test tests/compile_fail/overlapping_yielder_operations.rs ... ok
[INFO] [stdout] test tests/compile_fail/sendable_stateful_non_send_future.rs ... ok
[INFO] [stdout] test tests/compile_fail/sendable_stateful_non_send_state.rs ... ok
[INFO] [stdout] test tests/compile_fail/sendable_stateful_non_sync_handler.rs ... ok
[INFO] [stdout] 
[INFO] [stdout] 
[INFO] [stdout] 
[INFO] [stdout] thread 'proc_macros::compile_fail_tests' (1345) panicked at /opt/rustwide/cargo-home/registry/src/index.crates.io-1949cf8c6b5b557f/trybuild-1.0.118/src/run.rs:102:13:
[INFO] [stdout] 4 of 25 tests failed
[INFO] [stdout] stack backtrace:
[INFO] [stdout]    0:     0x5d5963aca901 - <<std[70759c8f55707aa4]::sys::backtrace::BacktraceLock>::print::DisplayBacktrace as core[df12db4294e9bfd3]::fmt::Display>::fmt
[INFO] [stdout]    1:     0x5d5963ae12fa - core[df12db4294e9bfd3]::fmt::write
[INFO] [stdout]    2:     0x5d5963ad035c - <std[70759c8f55707aa4]::sys::stdio::unix::Stderr as core[df12db4294e9bfd3]::io::write::Write>::write_fmt
[INFO] [stdout]    3:     0x5d5963aa30e6 - std[70759c8f55707aa4]::panicking::default_hook::{closure#0}
[INFO] [stdout]    4:     0x5d5963ac15f1 - std[70759c8f55707aa4]::panicking::default_hook
[INFO] [stdout]    5:     0x5d5963ac191b - std[70759c8f55707aa4]::panicking::panic_with_hook
[INFO] [stdout]    6:     0x5d5963aa3192 - std[70759c8f55707aa4]::panicking::panic_handler::{closure#0}
[INFO] [stdout]    7:     0x5d5963a9ba59 - std[70759c8f55707aa4]::sys::backtrace::__rust_end_short_backtrace::<std[70759c8f55707aa4]::panicking::panic_handler::{closure#0}, !>
[INFO] [stdout]    8:     0x5d5963aa3d8d - __rustc[8fa7c3cbc660c2b3]::rust_begin_unwind
[INFO] [stdout]    9:     0x5d5963ae1a9c - core[df12db4294e9bfd3]::panicking::panic_fmt
[INFO] [stdout]   10:     0x5d596399f103 - <trybuild[9dc232dceb3f9eb1]::Runner>::run
[INFO] [stdout]   11:     0x5d59639a2500 - <trybuild[9dc232dceb3f9eb1]::TestCases as core[df12db4294e9bfd3]::ops::drop::Drop>::drop
[INFO] [stdout]   12:     0x5d596395b392 - it[68cab8b53c5d07af]::proc_macros::compile_fail_tests
[INFO] [stdout]   13:     0x5d59639902e9 - <it[68cab8b53c5d07af]::proc_macros::compile_fail_tests::{closure#0} as core[df12db4294e9bfd3]::ops::function::FnOnce<()>>::call_once
[INFO] [stdout]   14:     0x5d5963a418fb - test[9d35eded1c95d3be]::__rust_begin_short_backtrace::<core[df12db4294e9bfd3]::result::Result<(), alloc[2182bb758b4b3781]::string::String>, fn() -> core[df12db4294e9bfd3]::result::Result<(), alloc[2182bb758b4b3781]::string::String>>
[INFO] [stdout]   15:     0x5d5963a4ef65 - test[9d35eded1c95d3be]::run_test::{closure#0}
[INFO] [stdout]   16:     0x5d5963a48824 - std[70759c8f55707aa4]::sys::backtrace::__rust_begin_short_backtrace::<test[9d35eded1c95d3be]::run_test::{closure#1}, ()>
[INFO] [stdout]   17:     0x5d5963a520c2 - <std[70759c8f55707aa4]::thread::lifecycle::spawn_unchecked<test[9d35eded1c95d3be]::run_test::{closure#1}, ()>::{closure#1} as core[df12db4294e9bfd3]::ops::function::FnOnce<()>>::call_once::{shim:vtable#0}
[INFO] [stdout]   18:     0x5d5963ac9ba9 - <std[70759c8f55707aa4]::sys::thread::unix::Thread>::new::thread_start
[INFO] [stdout]   19:     0x74a1680b1dfa - <unknown>
[INFO] [stdout]   20:     0x74a1681453d4 - clone
[INFO] [stdout]   21:                0x0 - <unknown>
[INFO] [stdout] 
[INFO] [stdout] stack backtrace:
[INFO] [stdout]    0:     0x647446a90901 - <<std[70759c8f55707aa4]::sys::backtrace::BacktraceLock>::print::DisplayBacktrace as core[df12db4294e9bfd3]::fmt::Display>::fmt
[INFO] [stdout]    1:     0x647446aa72fa - core[df12db4294e9bfd3]::fmt::write
[INFO] [stdout]    2:     0x647446a9541c - <alloc[2182bb758b4b3781]::vec::Vec<u8> as core[df12db4294e9bfd3]::io::write::Write>::write_fmt
[INFO] [stdout]    3:     0x647446a690e6 - std[70759c8f55707aa4]::panicking::default_hook::{closure#0}
[INFO] [stdout]    4:     0x647446a87629 - std[70759c8f55707aa4]::panicking::default_hook
[INFO] [stdout]    5:     0x647446a14610 - test[9d35eded1c95d3be]::test_main_inner::<test[9d35eded1c95d3be]::test_main_static::{closure#0}>::{closure#0}
[INFO] [stdout]    6:     0x647446a87952 - std[70759c8f55707aa4]::panicking::panic_with_hook
[INFO] [stdout]    7:     0x647446a69192 - std[70759c8f55707aa4]::panicking::panic_handler::{closure#0}
[INFO] [stdout]    8:     0x647446a61a59 - std[70759c8f55707aa4]::sys::backtrace::__rust_end_short_backtrace::<std[70759c8f55707aa4]::panicking::panic_handler::{closure#0}, !>
[INFO] [stdout]    9:     0x647446a69d8d - __rustc[8fa7c3cbc660c2b3]::rust_begin_unwind
[INFO] [stdout]   10:     0x647446aa7a9c - core[df12db4294e9bfd3]::panicking::panic_fmt
[INFO] [stdout]   11:     0x64744692165a - it[68cab8b53c5d07af]::proc_macros::compile_fail_tests
[INFO] [stdout]   12:     0x6474469562e9 - <it[68cab8b53c5d07af]::proc_macros::compile_fail_tests::{closure#0} as core[df12db4294e9bfd3]::ops::function::FnOnce<()>>::call_once
[INFO] [stdout]   13:     0x647446a078fb - test[9d35eded1c95d3be]::__rust_begin_short_backtrace::<core[df12db4294e9bfd3]::result::Result<(), alloc[2182bb758b4b3781]::string::String>, fn() -> core[df12db4294e9bfd3]::result::Result<(), alloc[2182bb758b4b3781]::string::String>>
[INFO] [stdout]   14:     0x647446a14f65 - test[9d35eded1c95d3be]::run_test::{closure#0}
[INFO] [stdout]   15:     0x647446a0e824 - std[70759c8f55707aa4]::sys::backtrace::__rust_begin_short_backtrace::<test[9d35eded1c95d3be]::run_test::{closure#1}, ()>
[INFO] [stdout]   16:     0x647446a180c2 - <std[70759c8f55707aa4]::thread::lifecycle::spawn_unchecked<test[9d35eded1c95d3be]::run_test::{closure#1}, ()>::{closure#1} as core[df12db4294e9bfd3]::ops::function::FnOnce<()>>::call_once::{shim:vtable#0}
[INFO] [stdout]   17:     0x647446a8fba9 - <std[70759c8f55707aa4]::sys::thread::unix::Thread>::new::thread_start
[INFO] [stdout]   18:     0x75eb55196dfa - <unknown>
[INFO] [stdout]   19:     0x75eb5522a3d4 - clone
[INFO] [stdout]   20:                0x0 - <unknown>
[INFO] [stdout] 
[INFO] [stdout] 
[INFO] [stdout] failures:
[INFO] [stdout]     proc_macros::compile_fail_tests
[INFO] [stdout] 
[INFO] [stdout] test result: FAILED. 138 passed; 1 failed; 0 ignored; 0 measured; 0 filtered out; finished in 52.87s
[INFO] [stdout] 
[INFO] [stderr] error: test failed, to rerun pass `--test it`
[INFO] running `Command { std: "docker" "inspect" "681e42d44348a7703d596a5bc06fb5572b32991ccec77877f639aaa3054bd315", kill_on_drop: false }`
[INFO] running `Command { std: "docker" "rm" "-f" "681e42d44348a7703d596a5bc06fb5572b32991ccec77877f639aaa3054bd315", kill_on_drop: false }`
[INFO] [stdout] 681e42d44348a7703d596a5bc06fb5572b32991ccec77877f639aaa3054bd315
