[INFO] fetching crate corelli 0.2.0...
[INFO] testing corelli-0.2.0 against 1.100.0-beta.1+cargoflags=--release for beta-release-1.100-2
[INFO] extracting crate corelli 0.2.0 into /workspace/builds/worker-3-tc2/source
[INFO] started tweaking crates.io crate corelli 0.2.0
[INFO] removed 0 missing examples
[INFO] finished tweaking crates.io crate corelli 0.2.0
[INFO] tweaked toml for crates.io crate corelli 0.2.0 written to /workspace/builds/worker-3-tc2/source/Cargo.toml
[INFO] validating manifest of crates.io crate corelli 0.2.0 on toolchain 1.100.0-beta.1
[INFO] running `Command { std: CARGO_HOME="/workspace/cargo-home" RUSTUP_HOME="/workspace/rustup-home" "/workspace/cargo-home/bin/cargo" "+1.100.0-beta.1" "metadata" "--manifest-path" "Cargo.toml" "--no-deps", kill_on_drop: false }`
[INFO] crate crates.io crate corelli 0.2.0 already has a lockfile, it will not be regenerated
[INFO] running `Command { std: CARGO_HOME="/workspace/cargo-home" RUSTUP_HOME="/workspace/rustup-home" "/workspace/cargo-home/bin/cargo" "+1.100.0-beta.1" "fetch" "--manifest-path" "Cargo.toml", kill_on_drop: false }`
[INFO] [stderr]     Blocking waiting for file lock on package cache
[INFO] running `Command { std: "docker" "create" "-v" "/var/lib/crater-agent-workspace/builds/worker-3-tc2/source:/opt/rustwide/workdir:ro,Z" "-v" "/var/lib/crater-agent-workspace/builds/worker-3-tc2/target:/opt/rustwide/target:rw,Z" "-v" "/var/lib/crater-agent-workspace/cargo-home:/opt/rustwide/cargo-home:ro,Z" "-v" "/var/lib/crater-agent-workspace/rustup-home:/opt/rustwide/rustup-home:ro,Z" "-m" "1610612736" "--network" "none" "ghcr.io/rust-lang/crates-build-env/linux@sha256:77db811e55d90add9212f6832c23229e3de5f1c1f9905e8cb07319ea15df73ac" "sleep" "infinity", kill_on_drop: false }`
[INFO] [stdout] 4d7af3263f6e0d01333c0a8990aa2b088e6eecf9d9f917b6d364a41da9f9a190
[INFO] running `Command { std: "docker" "start" "4d7af3263f6e0d01333c0a8990aa2b088e6eecf9d9f917b6d364a41da9f9a190", kill_on_drop: false }`
[INFO] running `Command { std: "docker" "inspect" "4d7af3263f6e0d01333c0a8990aa2b088e6eecf9d9f917b6d364a41da9f9a190", kill_on_drop: false }`
[INFO] running `Command { std: "docker" "exec" "-e" "SOURCE_DIR=/opt/rustwide/workdir" "-e" "CARGO_HOME=/opt/rustwide/cargo-home" "-e" "RUSTUP_HOME=/opt/rustwide/rustup-home" "-e" "CARGO_TARGET_DIR=/opt/rustwide/target" "-w" "/opt/rustwide/workdir" "--user" "0:0" "4d7af3263f6e0d01333c0a8990aa2b088e6eecf9d9f917b6d364a41da9f9a190" "/opt/rustwide/cargo-home/bin/cargo" "+1.100.0-beta.1" "metadata" "--no-deps" "--format-version=1", kill_on_drop: false }`
[INFO] running `Command { std: "docker" "inspect" "4d7af3263f6e0d01333c0a8990aa2b088e6eecf9d9f917b6d364a41da9f9a190", kill_on_drop: false }`
[INFO] running `Command { std: "docker" "exec" "-e" "SOURCE_DIR=/opt/rustwide/workdir" "-e" "CARGO_HOME=/opt/rustwide/cargo-home" "-e" "RUSTUP_HOME=/opt/rustwide/rustup-home" "-e" "CARGO_TARGET_DIR=/opt/rustwide/target" "-e" "CARGO_INCREMENTAL=0" "-e" "RUST_BACKTRACE=full" "-e" "RUSTFLAGS=--cap-lints=warn" "-e" "RUSTDOCFLAGS=--cap-lints=warn" "-w" "/opt/rustwide/workdir" "--user" "0:0" "4d7af3263f6e0d01333c0a8990aa2b088e6eecf9d9f917b6d364a41da9f9a190" "/opt/rustwide/cargo-home/bin/cargo" "+1.100.0-beta.1" "build" "--frozen" "--message-format=json" "--release", kill_on_drop: false }`
[INFO] [stderr]    Compiling proc-macro2 v1.0.107
[INFO] [stderr]    Compiling smallvec v1.15.2
[INFO] [stderr]    Compiling errno v0.3.14
[INFO] [stderr]    Compiling anyhow v1.0.104
[INFO] [stderr]    Compiling signal-hook-registry v1.4.8
[INFO] [stderr]    Compiling parking_lot_core v0.9.12
[INFO] [stderr]    Compiling parking_lot v0.12.5
[INFO] [stderr]    Compiling quote v1.0.47
[INFO] [stderr]    Compiling syn v2.0.119
[INFO] [stderr]    Compiling tokio-macros v2.7.1
[INFO] [stderr]    Compiling tokio v1.53.1
[INFO] [stderr]    Compiling corelli v0.2.0 (/opt/rustwide/workdir)
[INFO] [stderr]     Finished `release` profile [optimized] target(s) in 17.51s
[INFO] running `Command { std: "docker" "inspect" "4d7af3263f6e0d01333c0a8990aa2b088e6eecf9d9f917b6d364a41da9f9a190", kill_on_drop: false }`
[INFO] running `Command { std: "docker" "exec" "-e" "SOURCE_DIR=/opt/rustwide/workdir" "-e" "CARGO_HOME=/opt/rustwide/cargo-home" "-e" "RUSTUP_HOME=/opt/rustwide/rustup-home" "-e" "CARGO_TARGET_DIR=/opt/rustwide/target" "-e" "CARGO_INCREMENTAL=0" "-e" "RUST_BACKTRACE=full" "-e" "RUSTFLAGS=--cap-lints=warn" "-e" "RUSTDOCFLAGS=--cap-lints=warn" "-w" "/opt/rustwide/workdir" "--user" "0:0" "4d7af3263f6e0d01333c0a8990aa2b088e6eecf9d9f917b6d364a41da9f9a190" "/opt/rustwide/cargo-home/bin/cargo" "+1.100.0-beta.1" "test" "--frozen" "--no-run" "--message-format=json" "--release", kill_on_drop: false }`
[INFO] [stderr]    Compiling corelli v0.2.0 (/opt/rustwide/workdir)
[INFO] [stderr]     Finished `release` profile [optimized] target(s) in 1.24s
[INFO] running `Command { std: "docker" "inspect" "4d7af3263f6e0d01333c0a8990aa2b088e6eecf9d9f917b6d364a41da9f9a190", kill_on_drop: false }`
[INFO] running `Command { std: "docker" "exec" "-e" "SOURCE_DIR=/opt/rustwide/workdir" "-e" "CARGO_HOME=/opt/rustwide/cargo-home" "-e" "RUSTUP_HOME=/opt/rustwide/rustup-home" "-e" "CARGO_TARGET_DIR=/opt/rustwide/target" "-e" "CARGO_INCREMENTAL=0" "-e" "RUST_BACKTRACE=full" "-e" "RUSTFLAGS=--cap-lints=warn" "-e" "RUSTDOCFLAGS=--cap-lints=warn" "-w" "/opt/rustwide/workdir" "--user" "0:0" "4d7af3263f6e0d01333c0a8990aa2b088e6eecf9d9f917b6d364a41da9f9a190" "/opt/rustwide/cargo-home/bin/cargo" "+1.100.0-beta.1" "test" "--frozen" "--release", kill_on_drop: false }`
[INFO] [stderr]     Finished `release` profile [optimized] target(s) in 0.05s
[INFO] [stderr]      Running unittests src/lib.rs (/opt/rustwide/target/release/build/corelli/7486b34616b8a7d7/out/corelli-7486b34616b8a7d7)
[INFO] [stdout] 
[INFO] [stdout] running 2 tests
[INFO] [stdout] test state::test::it_updates_state ... ok
[INFO] [stderr]    Doc-tests corelli
[INFO] [stdout] test state::test::it_stores_state ... ok
[INFO] [stdout] 
[INFO] [stdout] test result: ok. 2 passed; 0 failed; 0 ignored; 0 measured; 0 filtered out; finished in 0.00s
[INFO] [stdout] 
[INFO] [stdout] 
[INFO] [stdout] running 5 tests
[INFO] [stdout] test src/macros.rs - macros::no_reply (line 25) - compile ... FAILED
[INFO] [stdout] test src/macros.rs - macros::stop (line 41) - compile ... FAILED
[INFO] [stdout] test src/app.rs - app::AppHandle<Call,Cast,Reply>::call (line 45) - compile ... FAILED
[INFO] [stdout] test src/macros.rs - macros::reply (line 5) - compile ... FAILED
[INFO] [stdout] test src/app.rs - app::AppHandle<Call,Cast,Reply>::cast (line 109) - compile ... FAILED
[INFO] [stdout] 
[INFO] [stdout] failures:
[INFO] [stdout] 
[INFO] [stdout] ---- src/macros.rs - macros::no_reply (line 25) stdout ----
[INFO] [stdout] error: cannot find macro `no_reply` in this scope
[INFO] [stdout]   --> src/macros.rs:27:1
[INFO] [stdout]    |
[INFO] [stdout] 27 | no_reply! {
[INFO] [stdout]    | ^^^^^^^^
[INFO] [stdout] 
[INFO] [stdout] error: aborting due to 1 previous error
[INFO] [stdout] 
[INFO] [stdout] Couldn't compile the test.
[INFO] [stdout] ---- src/macros.rs - macros::stop (line 41) stdout ----
[INFO] [stdout] error: cannot find macro `stop` in this scope
[INFO] [stdout]   --> src/macros.rs:43:1
[INFO] [stdout]    |
[INFO] [stdout] 43 | stop! {}
[INFO] [stdout]    | ^^^^
[INFO] [stdout] 
[INFO] [stdout] error: aborting due to 1 previous error
[INFO] [stdout] 
[INFO] [stdout] Couldn't compile the test.
[INFO] [stdout] ---- src/app.rs - app::AppHandle<Call,Cast,Reply>::call (line 45) stdout ----
[INFO] [stdout] error: no rules expected `,`
[INFO] [stdout]   --> src/app.rs:74:17
[INFO] [stdout]    |
[INFO] [stdout] 74 |            state,
[INFO] [stdout]    |                 ^ no rules expected this token in macro call
[INFO] [stdout]    |
[INFO] [stdout] note: while trying to match meta-variable `$state:expr`
[INFO] [stdout]   --> src/macros.rs:14:20
[INFO] [stdout]    |
[INFO] [stdout] 14 |     ($reply: expr, $state: expr) => {
[INFO] [stdout]    |                    ^^^^^^^^^^^^
[INFO] [stdout] 
[INFO] [stdout] error: no rules expected `,`
[INFO] [stdout]   --> src/app.rs:90:18
[INFO] [stdout]    |
[INFO] [stdout] 90 |            result,
[INFO] [stdout]    |                  ^ no rules expected this token in macro call
[INFO] [stdout]    |
[INFO] [stdout] note: while trying to match meta-variable `$state:expr`
[INFO] [stdout]   --> src/macros.rs:33:6
[INFO] [stdout]    |
[INFO] [stdout] 33 |     ($state: expr) => {
[INFO] [stdout]    |      ^^^^^^^^^^^^
[INFO] [stdout] 
[INFO] [stdout] error: aborting due to 2 previous errors
[INFO] [stdout] 
[INFO] [stdout] Couldn't compile the test.
[INFO] [stdout] ---- src/macros.rs - macros::reply (line 5) stdout ----
[INFO] [stdout] error: cannot find macro `reply` in this scope
[INFO] [stdout]  --> src/macros.rs:7:1
[INFO] [stdout]   |
[INFO] [stdout] 7 | reply! {
[INFO] [stdout]   | ^^^^^
[INFO] [stdout] 
[INFO] [stdout] error: aborting due to 1 previous error
[INFO] [stdout] 
[INFO] [stdout] Couldn't compile the test.
[INFO] [stdout] ---- src/app.rs - app::AppHandle<Call,Cast,Reply>::cast (line 109) stdout ----
[INFO] [stdout] error: no rules expected `,`
[INFO] [stdout]    --> src/app.rs:138:17
[INFO] [stdout]     |
[INFO] [stdout] 138 |            state,
[INFO] [stdout]     |                 ^ no rules expected this token in macro call
[INFO] [stdout]     |
[INFO] [stdout] note: while trying to match meta-variable `$state:expr`
[INFO] [stdout]    --> src/macros.rs:14:20
[INFO] [stdout]     |
[INFO] [stdout]  14 |     ($reply: expr, $state: expr) => {
[INFO] [stdout]     |                    ^^^^^^^^^^^^
[INFO] [stdout] 
[INFO] [stdout] error: no rules expected `,`
[INFO] [stdout]    --> src/app.rs:154:18
[INFO] [stdout]     |
[INFO] [stdout] 154 |            result,
[INFO] [stdout]     |                  ^ no rules expected this token in macro call
[INFO] [stdout]     |
[INFO] [stdout] note: while trying to match meta-variable `$state:expr`
[INFO] [stdout]    --> src/macros.rs:33:6
[INFO] [stdout]     |
[INFO] [stdout]  33 |     ($state: expr) => {
[INFO] [stdout]     |      ^^^^^^^^^^^^
[INFO] [stdout] 
[INFO] [stdout] error: aborting due to 2 previous errors
[INFO] [stdout] 
[INFO] [stdout] Couldn't compile the test.
[INFO] [stdout] 
[INFO] [stdout] failures:
[INFO] [stdout]     src/app.rs - app::AppHandle<Call,Cast,Reply>::call (line 45)
[INFO] [stdout]     src/app.rs - app::AppHandle<Call,Cast,Reply>::cast (line 109)
[INFO] [stdout]     src/macros.rs - macros::no_reply (line 25)
[INFO] [stdout]     src/macros.rs - macros::reply (line 5)
[INFO] [stdout]     src/macros.rs - macros::stop (line 41)
[INFO] [stdout] 
[INFO] [stdout] test result: FAILED. 0 passed; 5 failed; 0 ignored; 0 measured; 0 filtered out; finished in 0.21s
[INFO] [stdout] 
[INFO] [stdout] all doctests ran in 0.28s; merged doctests compilation took 0.06s
[INFO] [stderr] error: doctest failed, to rerun pass `--doc`
[INFO] running `Command { std: "docker" "inspect" "4d7af3263f6e0d01333c0a8990aa2b088e6eecf9d9f917b6d364a41da9f9a190", kill_on_drop: false }`
[INFO] running `Command { std: "docker" "rm" "-f" "4d7af3263f6e0d01333c0a8990aa2b088e6eecf9d9f917b6d364a41da9f9a190", kill_on_drop: false }`
[INFO] [stdout] 4d7af3263f6e0d01333c0a8990aa2b088e6eecf9d9f917b6d364a41da9f9a190
