[INFO] fetching crate cordis-timer 0.6.1...
[INFO] testing cordis-timer-0.6.1 against 1.100.0-beta.1+cargoflags=--release for beta-release-1.100-2
[INFO] extracting crate cordis-timer 0.6.1 into /workspace/builds/worker-0-tc2/source
[INFO] started tweaking crates.io crate cordis-timer 0.6.1
[INFO] removed 0 missing tests
[INFO] finished tweaking crates.io crate cordis-timer 0.6.1
[INFO] tweaked toml for crates.io crate cordis-timer 0.6.1 written to /workspace/builds/worker-0-tc2/source/Cargo.toml
[INFO] validating manifest of crates.io crate cordis-timer 0.6.1 on toolchain 1.100.0-beta.1
[INFO] running `Command { std: CARGO_HOME="/workspace/cargo-home" RUSTUP_HOME="/workspace/rustup-home" "/workspace/cargo-home/bin/cargo" "+1.100.0-beta.1" "metadata" "--manifest-path" "Cargo.toml" "--no-deps", kill_on_drop: false }`
[INFO] crate crates.io crate cordis-timer 0.6.1 already has a lockfile, it will not be regenerated
[INFO] running `Command { std: CARGO_HOME="/workspace/cargo-home" RUSTUP_HOME="/workspace/rustup-home" "/workspace/cargo-home/bin/cargo" "+1.100.0-beta.1" "fetch" "--manifest-path" "Cargo.toml", kill_on_drop: false }`
[INFO] running `Command { std: "docker" "create" "-v" "/var/lib/crater-agent-workspace/builds/worker-0-tc2/source:/opt/rustwide/workdir:ro,Z" "-v" "/var/lib/crater-agent-workspace/builds/worker-0-tc2/target:/opt/rustwide/target:rw,Z" "-v" "/var/lib/crater-agent-workspace/cargo-home:/opt/rustwide/cargo-home:ro,Z" "-v" "/var/lib/crater-agent-workspace/rustup-home:/opt/rustwide/rustup-home:ro,Z" "-m" "1610612736" "--network" "none" "ghcr.io/rust-lang/crates-build-env/linux@sha256:77db811e55d90add9212f6832c23229e3de5f1c1f9905e8cb07319ea15df73ac" "sleep" "infinity", kill_on_drop: false }`
[INFO] [stdout] 80123d6b6500dc6af64f54d80fd98274eaecd8f214f1b1ce4b63b52c928ad73b
[INFO] running `Command { std: "docker" "start" "80123d6b6500dc6af64f54d80fd98274eaecd8f214f1b1ce4b63b52c928ad73b", kill_on_drop: false }`
[INFO] running `Command { std: "docker" "inspect" "80123d6b6500dc6af64f54d80fd98274eaecd8f214f1b1ce4b63b52c928ad73b", kill_on_drop: false }`
[INFO] running `Command { std: "docker" "exec" "-e" "SOURCE_DIR=/opt/rustwide/workdir" "-e" "CARGO_HOME=/opt/rustwide/cargo-home" "-e" "RUSTUP_HOME=/opt/rustwide/rustup-home" "-e" "CARGO_TARGET_DIR=/opt/rustwide/target" "-w" "/opt/rustwide/workdir" "--user" "0:0" "80123d6b6500dc6af64f54d80fd98274eaecd8f214f1b1ce4b63b52c928ad73b" "/opt/rustwide/cargo-home/bin/cargo" "+1.100.0-beta.1" "metadata" "--no-deps" "--format-version=1", kill_on_drop: false }`
[INFO] running `Command { std: "docker" "inspect" "80123d6b6500dc6af64f54d80fd98274eaecd8f214f1b1ce4b63b52c928ad73b", kill_on_drop: false }`
[INFO] running `Command { std: "docker" "exec" "-e" "SOURCE_DIR=/opt/rustwide/workdir" "-e" "CARGO_HOME=/opt/rustwide/cargo-home" "-e" "RUSTUP_HOME=/opt/rustwide/rustup-home" "-e" "CARGO_TARGET_DIR=/opt/rustwide/target" "-e" "CARGO_INCREMENTAL=0" "-e" "RUST_BACKTRACE=full" "-e" "RUSTFLAGS=--cap-lints=warn" "-e" "RUSTDOCFLAGS=--cap-lints=warn" "-w" "/opt/rustwide/workdir" "--user" "0:0" "80123d6b6500dc6af64f54d80fd98274eaecd8f214f1b1ce4b63b52c928ad73b" "/opt/rustwide/cargo-home/bin/cargo" "+1.100.0-beta.1" "build" "--frozen" "--message-format=json" "--release", kill_on_drop: false }`
[INFO] [stderr]    Compiling proc-macro2 v1.0.107
[INFO] [stderr]    Compiling quote v1.0.47
[INFO] [stderr]    Compiling unicode-ident v1.0.24
[INFO] [stderr]    Compiling libc v0.2.189
[INFO] [stderr]    Compiling futures-core v0.3.34
[INFO] [stderr]    Compiling futures-sink v0.3.34
[INFO] [stderr]    Compiling pin-project-lite v0.2.17
[INFO] [stderr]    Compiling slab v0.4.12
[INFO] [stderr]    Compiling futures-io v0.3.34
[INFO] [stderr]    Compiling parking_lot_core v0.9.12
[INFO] [stderr]    Compiling memchr v2.8.3
[INFO] [stderr]    Compiling futures-task v0.3.34
[INFO] [stderr]    Compiling scopeguard v1.2.0
[INFO] [stderr]    Compiling futures-channel v0.3.34
[INFO] [stderr]    Compiling cfg-if v1.0.4
[INFO] [stderr]    Compiling thiserror v2.0.21
[INFO] [stderr]    Compiling smallvec v1.16.1
[INFO] [stderr]    Compiling lock_api v0.4.14
[INFO] [stderr]    Compiling syn v3.0.5
[INFO] [stderr]    Compiling parking_lot v0.12.5
[INFO] [stderr]    Compiling futures-macro v0.3.34
[INFO] [stderr]    Compiling thiserror-impl v2.0.21
[INFO] [stderr]    Compiling tokio-macros v2.7.2
[INFO] [stderr]    Compiling tokio v1.53.1
[INFO] [stderr]    Compiling futures-util v0.3.34
[INFO] [stderr]    Compiling futures-executor v0.3.34
[INFO] [stderr]    Compiling futures v0.3.34
[INFO] [stderr]    Compiling cordis-core v0.6.1
[INFO] [stderr]    Compiling cordis-timer v0.6.1 (/opt/rustwide/workdir)
[INFO] [stderr]     Finished `release` profile [optimized] target(s) in 41.95s
[INFO] running `Command { std: "docker" "inspect" "80123d6b6500dc6af64f54d80fd98274eaecd8f214f1b1ce4b63b52c928ad73b", kill_on_drop: false }`
[INFO] running `Command { std: "docker" "exec" "-e" "SOURCE_DIR=/opt/rustwide/workdir" "-e" "CARGO_HOME=/opt/rustwide/cargo-home" "-e" "RUSTUP_HOME=/opt/rustwide/rustup-home" "-e" "CARGO_TARGET_DIR=/opt/rustwide/target" "-e" "CARGO_INCREMENTAL=0" "-e" "RUST_BACKTRACE=full" "-e" "RUSTFLAGS=--cap-lints=warn" "-e" "RUSTDOCFLAGS=--cap-lints=warn" "-w" "/opt/rustwide/workdir" "--user" "0:0" "80123d6b6500dc6af64f54d80fd98274eaecd8f214f1b1ce4b63b52c928ad73b" "/opt/rustwide/cargo-home/bin/cargo" "+1.100.0-beta.1" "test" "--frozen" "--no-run" "--message-format=json" "--release", kill_on_drop: false }`
[INFO] [stderr]    Compiling serde_core v1.0.229
[INFO] [stderr]    Compiling zmij v1.0.23
[INFO] [stderr]    Compiling winnow v1.0.4
[INFO] [stderr]    Compiling target-tuple v1.0.2
[INFO] [stderr]    Compiling serde_json v1.0.151
[INFO] [stderr]    Compiling serde v1.0.229
[INFO] [stderr]    Compiling tokio v1.53.1
[INFO] [stderr]    Compiling toml_writer v1.1.2+spec-1.1.0
[INFO] [stderr]    Compiling itoa v1.0.18
[INFO] [stderr]    Compiling serde_derive v1.0.229
[INFO] [stderr]    Compiling glob v0.3.4
[INFO] [stderr]    Compiling termcolor v1.4.1
[INFO] [stderr]    Compiling toml_parser v1.1.3+spec-1.1.0
[INFO] [stderr]    Compiling cordis-core v0.6.1
[INFO] [stderr]    Compiling serde_spanned v1.1.1
[INFO] [stderr]    Compiling toml_datetime v1.1.1+spec-1.1.0
[INFO] [stderr]    Compiling toml v1.1.6+spec-1.1.0
[INFO] [stderr]    Compiling trybuild v1.0.121
[INFO] [stderr]    Compiling cordis-timer v0.6.1 (/opt/rustwide/workdir)
[INFO] [stderr]     Finished `release` profile [optimized] target(s) in 1m 28s
[INFO] running `Command { std: "docker" "inspect" "80123d6b6500dc6af64f54d80fd98274eaecd8f214f1b1ce4b63b52c928ad73b", kill_on_drop: false }`
[INFO] running `Command { std: "docker" "exec" "-e" "SOURCE_DIR=/opt/rustwide/workdir" "-e" "CARGO_HOME=/opt/rustwide/cargo-home" "-e" "RUSTUP_HOME=/opt/rustwide/rustup-home" "-e" "CARGO_TARGET_DIR=/opt/rustwide/target" "-e" "CARGO_INCREMENTAL=0" "-e" "RUST_BACKTRACE=full" "-e" "RUSTFLAGS=--cap-lints=warn" "-e" "RUSTDOCFLAGS=--cap-lints=warn" "-w" "/opt/rustwide/workdir" "--user" "0:0" "80123d6b6500dc6af64f54d80fd98274eaecd8f214f1b1ce4b63b52c928ad73b" "/opt/rustwide/cargo-home/bin/cargo" "+1.100.0-beta.1" "test" "--frozen" "--release", kill_on_drop: false }`
[INFO] [stderr]     Finished `release` profile [optimized] target(s) in 0.10s
[INFO] [stderr]      Running unittests src/lib.rs (/opt/rustwide/target/release/build/cordis-timer/dcd60c9a2fb8c4d3/out/cordis_timer-dcd60c9a2fb8c4d3)
[INFO] [stdout] 
[INFO] [stdout] running 1 test
[INFO] [stdout] test shapes::timeout_arbitration_tests::work_ready_is_rechecked_against_deadline_before_commit ... ok
[INFO] [stdout] 
[INFO] [stdout] test result: ok. 1 passed; 0 failed; 0 ignored; 0 measured; 0 filtered out; finished in 0.00s
[INFO] [stdout] 
[INFO] [stderr]      Running tests/auto_traits_ui.rs (/opt/rustwide/target/release/build/cordis-timer/26e5c5e9a651c49e/out/auto_traits_ui-26e5c5e9a651c49e)
[INFO] [stdout] 
[INFO] [stdout] running 1 test
[INFO] [stderr]    Compiling proc-macro2 v1.0.107
[INFO] [stderr]    Compiling unicode-ident v1.0.24
[INFO] [stderr]    Compiling quote v1.0.47
[INFO] [stderr]    Compiling futures-core v0.3.34
[INFO] [stderr]    Compiling futures-sink v0.3.34
[INFO] [stderr]    Compiling libc v0.2.189
[INFO] [stderr]    Compiling pin-project-lite v0.2.17
[INFO] [stderr]    Compiling memchr v2.8.3
[INFO] [stderr]    Compiling slab v0.4.12
[INFO] [stderr]    Compiling futures-task v0.3.34
[INFO] [stderr]    Compiling futures-channel v0.3.34
[INFO] [stderr]    Compiling parking_lot_core v0.9.12
[INFO] [stderr]    Compiling futures-io v0.3.34
[INFO] [stderr]    Compiling cfg-if v1.0.4
[INFO] [stderr]    Compiling thiserror v2.0.21
[INFO] [stderr]    Compiling smallvec v1.16.1
[INFO] [stderr]    Compiling scopeguard v1.2.0
[INFO] [stderr]    Compiling lock_api v0.4.14
[INFO] [stderr]    Compiling syn v3.0.5
[INFO] [stderr]    Compiling parking_lot v0.12.5
[INFO] [stderr]    Compiling futures-macro v0.3.34
[INFO] [stderr]    Compiling thiserror-impl v2.0.21
[INFO] [stderr]    Compiling tokio-macros v2.7.2
[INFO] [stderr]    Compiling tokio v1.53.1
[INFO] [stderr]    Compiling futures-util v0.3.34
[INFO] [stderr]    Compiling futures-executor v0.3.34
[INFO] [stderr]    Compiling futures v0.3.34
[INFO] [stderr]    Compiling cordis-core v0.6.1
[INFO] [stderr]    Compiling cordis-timer v0.6.1 (/opt/rustwide/workdir)
[INFO] [stderr]    Compiling cordis-timer-tests v0.0.0 (/opt/rustwide/target/tests/trybuild/cordis-timer)
[INFO] [stderr]     Finished `dev` profile [unoptimized + debuginfo] target(s) in 27.51s
[INFO] [stderr] 
[INFO] [stderr] 
[INFO] [stderr] test tests/ui-auto-traits/pass/promised_auto_traits.rs ... ok
[INFO] [stderr] 
[INFO] [stderr] 
[INFO] [stderr]      Running tests/error_family_ui.rs (/opt/rustwide/target/release/build/cordis-timer/7d82a5275516cd78/out/error_family_ui-7d82a5275516cd78)
[INFO] [stdout] test promised_auto_traits ... ok
[INFO] [stdout] 
[INFO] [stdout] test result: ok. 1 passed; 0 failed; 0 ignored; 0 measured; 0 filtered out; finished in 45.43s
[INFO] [stdout] 
[INFO] [stdout] 
[INFO] [stdout] running 1 test
[INFO] [stderr]    Compiling cordis-timer-tests v0.0.0 (/opt/rustwide/target/tests/trybuild/cordis-timer)
[INFO] [stderr]     Finished `dev` profile [unoptimized + debuginfo] target(s) in 0.24s
[INFO] [stderr] 
[INFO] [stderr] 
[INFO] [stderr] test tests/ui-error57/pass/operation_error_families.rs ... ok
[INFO] [stderr] 
[INFO] [stderr] 
[INFO] [stdout] test issue57_timer_errors ... ok
[INFO] [stdout] 
[INFO] [stdout] test result: ok. 1 passed; 0 failed; 0 ignored; 0 measured; 0 filtered out; finished in 0.99s
[INFO] [stdout] 
[INFO] [stderr]      Running tests/facade_ui.rs (/opt/rustwide/target/release/build/cordis-timer/3ff10b0b275fd6d8/out/facade_ui-3ff10b0b275fd6d8)
[INFO] [stdout] 
[INFO] [stdout] running 1 test
[INFO] [stderr]    Compiling cordis-timer-tests v0.0.0 (/opt/rustwide/target/tests/trybuild/cordis-timer)
[INFO] [stderr]     Finished `dev` profile [unoptimized + debuginfo] target(s) in 0.19s
[INFO] [stderr] 
[INFO] [stderr] 
[INFO] [stderr] test tests/ui-facade59/pass/flat_root.rs [should pass] ... ok
[INFO] [stderr] test tests/ui-facade59/fail/armed_sleep.rs [should fail to compile] ... ok
[INFO] [stderr] test tests/ui-facade59/fail/dependency_reexport.rs [should fail to compile] ... ok
[INFO] [stderr] test tests/ui-facade59/fail/prelude_escape.rs [should fail to compile] ... ok
[INFO] [stderr] test tests/ui-facade59/fail/shapes_second_path.rs [should fail to compile] ... ok
[INFO] [stderr] test tests/ui-facade59/fail/sleep_clone_bound.rs [should fail to compile] ... ok
[INFO] [stderr] test tests/ui-facade59/fail/timeout_debug_bound.rs [should fail to compile] ... ok
[INFO] [stderr] test tests/ui-facade59/fail/timer_alias.rs [should fail to compile] ... ok
[INFO] [stdout] test timer_flat_facade_is_closed ... ok
[INFO] [stderr] 
[INFO] [stdout] 
[INFO] [stderr] 
[INFO] [stdout] test result: ok. 1 passed; 0 failed; 0 ignored; 0 measured; 0 filtered out; finished in 2.59s
[INFO] [stderr]      Running tests/generation_ownership.rs (/opt/rustwide/target/release/build/cordis-timer/8be5c7c90c2df79e/out/generation_ownership-8be5c7c90c2df79e)
[INFO] [stdout] 
[INFO] [stdout] 
[INFO] [stdout] running 4 tests
[INFO] [stdout] test cross_fiber_timer_use_keeps_registering_owner_restart_replaces_and_spawn_is_not_parenthood ... ok
[INFO] [stdout] test timer_publish_versus_close_is_refusal_or_one_delivered_cancelled_operation ... ok
[INFO] [stdout] test pending_failed_closing_and_disposed_refuse_all_timer_constructors ... ok
[INFO] [stdout] test loading_active_and_permanent_root_admit_timer_operations ... ok
[INFO] [stdout] 
[INFO] [stdout] test result: ok. 4 passed; 0 failed; 0 ignored; 0 measured; 0 filtered out; finished in 0.02s
[INFO] [stdout] 
[INFO] [stdout] 
[INFO] [stdout] running 13 tests
[INFO] [stdout] test interval_on_dead_fiber_context_refuses_synchronously ... ok
[INFO] [stdout] test completed_sleep_is_not_reacted_to_by_later_generation_disposal ... ok
[INFO] [stdout] test interval_cancellation_yields_one_error_then_ends ... ok
[INFO] [stdout] test interval_first_tick_is_anchored_at_construction ... ok
[INFO] [stdout] test interval_late_poll_coalesces_without_burst_or_phase_shift ... ok
[INFO] [stdout] test completed_sleep_repoll_panics ... ok
[INFO] [stdout] test dropping_interval_emits_nothing ... ok
[INFO] [stdout] test interval_cancellation_wins_uncommitted_boundary_tick ... ok
[INFO] [stdout] test sleep_cancellation_wins_ready_but_uncommitted_expiry ... ok
[INFO] [stdout] test sleep_cancelled_by_fiber_dispose ... ok
[INFO] [stderr]      Running tests/sleep_interval.rs (/opt/rustwide/target/release/build/cordis-timer/4924ed97dd99fef2/out/sleep_interval-4924ed97dd99fef2)
[INFO] [stderr]      Running tests/sleep_registration.rs (/opt/rustwide/target/release/build/cordis-timer/30de8d2e8bd3362b/out/sleep_registration-30de8d2e8bd3362b)
[INFO] [stdout] test interval_on_time_ticks_are_ok ... ok
[INFO] [stdout] test sleep_on_dead_fiber_context_refuses_synchronously ... ok
[INFO] [stdout] test sleep_resolves ... ok
[INFO] [stdout] 
[INFO] [stdout] test result: ok. 13 passed; 0 failed; 0 ignored; 0 measured; 0 filtered out; finished in 0.00s
[INFO] [stdout] 
[INFO] [stdout] 
[INFO] [stdout] running 13 tests
[INFO] [stdout] test all_public_timer_constructors_refuse_off_runtime ... ok
[INFO] [stdout] test all_public_timer_constructors_refuse_without_time_driver ... ok
[INFO] [stdout] test generation_cleanup_cancels_a_constructed_sleep_once ... ok
[INFO] [stdout] test standing_generation_cancellation_is_observed_before_sleep_parks ... ok
[INFO] [stdout] test inactive_context_precedes_timer_environment_validation ... ok
[INFO] [stdout] test out_of_range_deadline_is_a_registration_error ... ok
[INFO] [stdout] test runtime_without_time_driver_refuses_instead_of_panicking ... ok
[INFO] [stdout] test unavailable_environment_precedes_deadline_range ... ok
[INFO] [stdout] test zero_interval_precedes_context_and_timer_validation ... ok
[INFO] [stdout] test zero_interval_precedes_inactive_context ... ok
[INFO] [stdout] test zero_sleep_is_valid_and_deadline_is_pinned_at_construction ... ok
[INFO] [stdout] test constructed_sleep_can_be_polled_from_another_task ... ok
[INFO] [stdout] test sleep_off_runtime_refuses_synchronously ... ok
[INFO] [stdout] 
[INFO] [stdout] test result: ok. 13 passed; 0 failed; 0 ignored; 0 measured; 0 filtered out; finished in 0.01s
[INFO] [stdout] 
[INFO] [stderr]      Running tests/timeout.rs (/opt/rustwide/target/release/build/cordis-timer/a9ceccb16c1becb3/out/timeout-a9ceccb16c1becb3)
[INFO] [stdout] 
[INFO] [stdout] running 14 tests
[INFO] [stdout] test cancellation_wins_ready_but_uncommitted_timeout_deadline ... ok
[INFO] [stdout] test generation_cleanup_never_owns_or_drops_timeout_work ... ok
[INFO] [stdout] test cancelled_timeout_work_is_dropped_by_the_caller_poll ... ok
[INFO] [stdout] test completed_timeout_repoll_panics ... ok
[INFO] [stdout] test generation_cancellation_is_distinct_from_elapsed ... ok
[INFO] [stdout] test caller_work_panic_unwinds_through_timeout_poll ... ok
[INFO] [stdout] test construction_owns_work_without_polling_it ... ok
[INFO] [stdout] test deadline_already_elapsed_drops_work_without_polling_it ... ok
[INFO] [stdout] test timeout_outcome_is_debug_when_output_is_debug ... ok
[INFO] [stdout] test work_ready_before_deadline_returns_completed_output ... ok
[INFO] [stdout] test timeout_refuses_off_runtime_synchronously_without_polling_work ... ok
[INFO] [stdout] test standing_generation_cancellation_wins_before_work_poll ... ok
[INFO] [stdout] test timeout_accepts_borrowing_non_send_work_and_non_send_output ... ok
[INFO] [stdout] test timeout_work_poll_can_reenter_generation_bookkeeping ... ok
[INFO] [stdout] 
[INFO] [stdout] test result: ok. 14 passed; 0 failed; 0 ignored; 0 measured; 0 filtered out; finished in 0.03s
[INFO] [stdout] 
[INFO] [stdout] 
[INFO] [stdout] running 1 test
[INFO] [stderr]      Running tests/timer_ui.rs (/opt/rustwide/target/release/build/cordis-timer/b090bd44f85eba84/out/timer_ui-b090bd44f85eba84)
[INFO] [stderr]    Compiling cordis-timer-tests v0.0.0 (/opt/rustwide/target/tests/trybuild/cordis-timer)
[INFO] [stderr]     Finished `dev` profile [unoptimized + debuginfo] target(s) in 0.31s
[INFO] [stderr] 
[INFO] [stderr] 
[INFO] [stderr] test tests/ui-timer/fail/removed_boxed_unit_interval.rs [should fail to compile] ... mismatch
[INFO] [stderr] 
[INFO] [stderr] EXPECTED:
[INFO] [stderr] ┈┈┈┈┈┈┈┈┈┈┈┈┈┈┈┈┈┈┈┈┈┈┈┈┈┈┈┈┈┈┈┈┈┈┈┈┈┈┈┈┈┈┈┈┈┈┈┈┈┈┈┈┈┈┈┈┈┈┈┈
[INFO] [stderr] error[E0308]: mismatched types
[INFO] [stderr]  --> tests/ui-timer/fail/removed_boxed_unit_interval.rs:9:48
[INFO] [stderr]   |
[INFO] [stderr] 9 |     let _: Result<BoxStream<'static, ()>, _> = ctx.interval(Duration::from_millis(1));
[INFO] [stderr]   |            ---------------------------------   ^^^^^^^^^^^^^^^^^^^^^^^^^^^^^^^^^^^^^^ expected `Result<Pin<Box<...>>, _>`, found `Result<Interval, TimerRegistrationError>`
[INFO] [stderr]   |            |
[INFO] [stderr]   |            expected due to this
[INFO] [stderr]   |
[INFO] [stderr]   = note: expected enum `Result<Pin<Box<(dyn Stream<Item = ()> + std::marker::Send + 'static)>>, _>`
[INFO] [stderr]              found enum `Result<Interval, TimerRegistrationError>`
[INFO] [stderr] ┈┈┈┈┈┈┈┈┈┈┈┈┈┈┈┈┈┈┈┈┈┈┈┈┈┈┈┈┈┈┈┈┈┈┈┈┈┈┈┈┈┈┈┈┈┈┈┈┈┈┈┈┈┈┈┈┈┈┈┈
[INFO] [stderr] 
[INFO] [stderr] ACTUAL OUTPUT:
[INFO] [stderr] ┈┈┈┈┈┈┈┈┈┈┈┈┈┈┈┈┈┈┈┈┈┈┈┈┈┈┈┈┈┈┈┈┈┈┈┈┈┈┈┈┈┈┈┈┈┈┈┈┈┈┈┈┈┈┈┈┈┈┈┈
[INFO] [stderr] error[E0308]: mismatched types
[INFO] [stderr]  --> tests/ui-timer/fail/removed_boxed_unit_interval.rs:9:48
[INFO] [stderr]   |
[INFO] [stderr] 9 |     let _: Result<BoxStream<'static, ()>, _> = ctx.interval(Duration::from_millis(1));
[INFO] [stderr]   |            ---------------------------------   ^^^^^^^^^^^^^^^^^^^^^^^^^^^^^^^^^^^^^^ expected `Result<Pin<Box<_>>, _>`, found `Result<Interval, TimerRegistrationError>`
[INFO] [stderr]   |            |
[INFO] [stderr]   |            expected due to this
[INFO] [stderr]   |
[INFO] [stderr]   = note: expected enum `Result<Pin<Box<(dyn Stream<Item = ()> + std::marker::Send + 'static)>>, _>`
[INFO] [stderr]              found enum `Result<Interval, TimerRegistrationError>`
[INFO] [stderr] ┈┈┈┈┈┈┈┈┈┈┈┈┈┈┈┈┈┈┈┈┈┈┈┈┈┈┈┈┈┈┈┈┈┈┈┈┈┈┈┈┈┈┈┈┈┈┈┈┈┈┈┈┈┈┈┈┈┈┈┈
[INFO] [stderr] note: If the actual output is the correct output you can bless it by rerunning
[INFO] [stderr]       your test with the environment variable TRYBUILD=overwrite
[INFO] [stderr] 
[INFO] [stderr] test tests/ui-timer/fail/removed_cancelled_and_infallible_sleep.rs [should fail to compile] ... ok
[INFO] [stderr] test tests/ui-timer/fail/removed_delay_only_timeout.rs [should fail to compile] ... ok
[INFO] [stderr] test tests/ui-timer/fail/removed_raw_timer_transport.rs [should fail to compile] ... ok
[INFO] [stderr] test tests/ui-timer/fail/timer_ext_is_sealed.rs [should fail to compile] ... ok
[INFO] [stderr] test tests/ui-timer/pass/named_interval_result_stream.rs [should pass] ... ok
[INFO] [stderr] test tests/ui-timer/pass/timeout_non_send_non_static.rs [should pass] ... ok
[INFO] [stderr] 
[INFO] [stderr] 
[INFO] [stderr] error: test failed, to rerun pass `--test timer_ui`
[INFO] [stdout] test timer_public_surface ... FAILED
[INFO] [stdout] 
[INFO] [stdout] failures:
[INFO] [stdout] 
[INFO] [stdout] ---- timer_public_surface stdout ----
[INFO] [stdout] 
[INFO] [stdout] thread 'timer_public_surface' (2333) panicked at /opt/rustwide/cargo-home/registry/src/index.crates.io-1949cf8c6b5b557f/trybuild-1.0.121/src/run.rs:103:13:
[INFO] [stdout] 1 of 7 tests failed
[INFO] [stdout] stack backtrace:
[INFO] [stdout]    0:     0x5db0a61e9d31 - <<std[617be2ca0a6fd877]::sys::backtrace::BacktraceLock>::print::DisplayBacktrace as core[a373ad73a504971]::fmt::Display>::fmt
[INFO] [stdout]    1:     0x5db0a620001a - core[a373ad73a504971]::fmt::write
[INFO] [stdout]    2:     0x5db0a61ee57c - <alloc[2e1b2a31b91974c5]::vec::Vec<u8> as core[a373ad73a504971]::io::write::Write>::write_fmt
[INFO] [stdout]    3:     0x5db0a61c3196 - std[617be2ca0a6fd877]::panicking::default_hook::{closure#0}
[INFO] [stdout]    4:     0x5db0a61e12d9 - std[617be2ca0a6fd877]::panicking::default_hook
[INFO] [stdout]    5:     0x5db0a617a8e0 - test[aada8e7e76ba119b]::test_main_inner::{closure#0}
[INFO] [stdout]    6:     0x5db0a61e1492 - std[617be2ca0a6fd877]::panicking::panic_with_hook
[INFO] [stdout]    7:     0x5db0a61c3242 - std[617be2ca0a6fd877]::panicking::panic_handler::{closure#0}
[INFO] [stdout]    8:     0x5db0a61bba99 - std[617be2ca0a6fd877]::sys::backtrace::__rust_end_short_backtrace::<std[617be2ca0a6fd877]::panicking::panic_handler::{closure#0}, !>
[INFO] [stdout]    9:     0x5db0a61c3e4d - __rustc[ea4f61d10b84890b]::rust_begin_unwind
[INFO] [stdout]   10:     0x5db0a620078c - core[a373ad73a504971]::panicking::panic_fmt
[INFO] [stdout]   11:     0x5db0a60ce5b8 - <trybuild[193ea6321a35cf62]::Runner>::run
[INFO] [stdout]   12:     0x5db0a60d1820 - <trybuild[193ea6321a35cf62]::TestCases as core[a373ad73a504971]::ops::drop::Drop>::drop
[INFO] [stdout]   13:     0x5db0a60c7e56 - timer_ui[b110f196fa72f9ac]::timer_public_surface
[INFO] [stdout]   14:     0x5db0a60c8089 - <timer_ui[b110f196fa72f9ac]::timer_public_surface::{closure#0} as core[a373ad73a504971]::ops::function::FnOnce<()>>::call_once
[INFO] [stdout]   15:     0x5db0a616dd2b - test[aada8e7e76ba119b]::__rust_begin_short_backtrace::<core[a373ad73a504971]::result::Result<(), alloc[2e1b2a31b91974c5]::string::String>, fn() -> core[a373ad73a504971]::result::Result<(), alloc[2e1b2a31b91974c5]::string::String>>
[INFO] [stdout]   16:     0x5db0a617af05 - test[aada8e7e76ba119b]::run_test::{closure#0}
[INFO] [stdout]   17:     0x5db0a61747f4 - std[617be2ca0a6fd877]::sys::backtrace::__rust_begin_short_backtrace::<test[aada8e7e76ba119b]::run_test::{closure#1}, ()>
[INFO] [stdout]   18:     0x5db0a617df92 - <std[617be2ca0a6fd877]::thread::lifecycle::spawn_unchecked<test[aada8e7e76ba119b]::run_test::{closure#1}, ()>::{closure#1} as core[a373ad73a504971]::ops::function::FnOnce<()>>::call_once::{shim:vtable#0}
[INFO] [stdout]   19:     0x5db0a61e8f8f - <std[617be2ca0a6fd877]::sys::thread::unix::Thread>::new::thread_start
[INFO] [stdout]   20:     0x7ffb510c4dfa - <unknown>
[INFO] [stdout]   21:     0x7ffb511583d4 - clone
[INFO] [stdout]   22:                0x0 - <unknown>
[INFO] [stdout] 
[INFO] [stdout] 
[INFO] [stdout] failures:
[INFO] [stdout]     timer_public_surface
[INFO] [stdout] 
[INFO] [stdout] test result: FAILED. 0 passed; 1 failed; 0 ignored; 0 measured; 0 filtered out; finished in 3.14s
[INFO] [stdout] 
[INFO] running `Command { std: "docker" "inspect" "80123d6b6500dc6af64f54d80fd98274eaecd8f214f1b1ce4b63b52c928ad73b", kill_on_drop: false }`
[INFO] running `Command { std: "docker" "rm" "-f" "80123d6b6500dc6af64f54d80fd98274eaecd8f214f1b1ce4b63b52c928ad73b", kill_on_drop: false }`
[INFO] [stdout] 80123d6b6500dc6af64f54d80fd98274eaecd8f214f1b1ce4b63b52c928ad73b
