[INFO] fetching crate cordis-loader 0.6.1...
[INFO] testing cordis-loader-0.6.1 against 1.100.0-beta.1+cargoflags=--release for beta-release-1.100-2
[INFO] extracting crate cordis-loader 0.6.1 into /workspace/builds/worker-7-tc2/source
[INFO] started tweaking crates.io crate cordis-loader 0.6.1
[INFO] removed 0 missing tests
[INFO] finished tweaking crates.io crate cordis-loader 0.6.1
[INFO] tweaked toml for crates.io crate cordis-loader 0.6.1 written to /workspace/builds/worker-7-tc2/source/Cargo.toml
[INFO] validating manifest of crates.io crate cordis-loader 0.6.1 on toolchain 1.100.0-beta.1
[INFO] running `Command { std: CARGO_HOME="/workspace/cargo-home" RUSTUP_HOME="/workspace/rustup-home" "/workspace/cargo-home/bin/cargo" "+1.100.0-beta.1" "metadata" "--manifest-path" "Cargo.toml" "--no-deps", kill_on_drop: false }`
[INFO] crate crates.io crate cordis-loader 0.6.1 already has a lockfile, it will not be regenerated
[INFO] running `Command { std: CARGO_HOME="/workspace/cargo-home" RUSTUP_HOME="/workspace/rustup-home" "/workspace/cargo-home/bin/cargo" "+1.100.0-beta.1" "fetch" "--manifest-path" "Cargo.toml", kill_on_drop: false }`
[INFO] running `Command { std: "docker" "create" "-v" "/var/lib/crater-agent-workspace/builds/worker-7-tc2/source:/opt/rustwide/workdir:ro,Z" "-v" "/var/lib/crater-agent-workspace/builds/worker-7-tc2/target:/opt/rustwide/target:rw,Z" "-v" "/var/lib/crater-agent-workspace/cargo-home:/opt/rustwide/cargo-home:ro,Z" "-v" "/var/lib/crater-agent-workspace/rustup-home:/opt/rustwide/rustup-home:ro,Z" "-m" "1610612736" "--network" "none" "ghcr.io/rust-lang/crates-build-env/linux@sha256:77db811e55d90add9212f6832c23229e3de5f1c1f9905e8cb07319ea15df73ac" "sleep" "infinity", kill_on_drop: false }`
[INFO] [stdout] 962a646a908acc00b4563214f6399e3f711e423d51f5354ecca3cf5b737d94ba
[INFO] running `Command { std: "docker" "start" "962a646a908acc00b4563214f6399e3f711e423d51f5354ecca3cf5b737d94ba", kill_on_drop: false }`
[INFO] running `Command { std: "docker" "inspect" "962a646a908acc00b4563214f6399e3f711e423d51f5354ecca3cf5b737d94ba", kill_on_drop: false }`
[INFO] running `Command { std: "docker" "exec" "-e" "SOURCE_DIR=/opt/rustwide/workdir" "-e" "CARGO_HOME=/opt/rustwide/cargo-home" "-e" "RUSTUP_HOME=/opt/rustwide/rustup-home" "-e" "CARGO_TARGET_DIR=/opt/rustwide/target" "-w" "/opt/rustwide/workdir" "--user" "0:0" "962a646a908acc00b4563214f6399e3f711e423d51f5354ecca3cf5b737d94ba" "/opt/rustwide/cargo-home/bin/cargo" "+1.100.0-beta.1" "metadata" "--no-deps" "--format-version=1", kill_on_drop: false }`
[INFO] running `Command { std: "docker" "inspect" "962a646a908acc00b4563214f6399e3f711e423d51f5354ecca3cf5b737d94ba", kill_on_drop: false }`
[INFO] running `Command { std: "docker" "exec" "-e" "SOURCE_DIR=/opt/rustwide/workdir" "-e" "CARGO_HOME=/opt/rustwide/cargo-home" "-e" "RUSTUP_HOME=/opt/rustwide/rustup-home" "-e" "CARGO_TARGET_DIR=/opt/rustwide/target" "-e" "CARGO_INCREMENTAL=0" "-e" "RUST_BACKTRACE=full" "-e" "RUSTFLAGS=--cap-lints=warn" "-e" "RUSTDOCFLAGS=--cap-lints=warn" "-w" "/opt/rustwide/workdir" "--user" "0:0" "962a646a908acc00b4563214f6399e3f711e423d51f5354ecca3cf5b737d94ba" "/opt/rustwide/cargo-home/bin/cargo" "+1.100.0-beta.1" "build" "--frozen" "--message-format=json" "--release", kill_on_drop: false }`
[INFO] [stderr]    Compiling futures-sink v0.3.34
[INFO] [stderr]    Compiling thiserror v2.0.21
[INFO] [stderr]    Compiling smallvec v1.16.1
[INFO] [stderr]    Compiling syn v3.0.5
[INFO] [stderr]    Compiling serde_json v1.0.151
[INFO] [stderr]    Compiling futures-channel v0.3.34
[INFO] [stderr]    Compiling parking_lot_core v0.9.12
[INFO] [stderr]    Compiling parking_lot v0.12.5
[INFO] [stderr]    Compiling futures-macro v0.3.34
[INFO] [stderr]    Compiling thiserror-impl v2.0.21
[INFO] [stderr]    Compiling tokio-macros v2.7.2
[INFO] [stderr]    Compiling serde_derive v1.0.229
[INFO] [stderr]    Compiling futures-util v0.3.34
[INFO] [stderr]    Compiling tokio v1.53.1
[INFO] [stderr]    Compiling serde v1.0.229
[INFO] [stderr]    Compiling futures-executor v0.3.34
[INFO] [stderr]    Compiling futures v0.3.34
[INFO] [stderr]    Compiling cordis-core v0.6.1
[INFO] [stderr]    Compiling cordis-loader v0.6.1 (/opt/rustwide/workdir)
[INFO] [stderr]     Finished `release` profile [optimized] target(s) in 22.90s
[INFO] running `Command { std: "docker" "inspect" "962a646a908acc00b4563214f6399e3f711e423d51f5354ecca3cf5b737d94ba", kill_on_drop: false }`
[INFO] running `Command { std: "docker" "exec" "-e" "SOURCE_DIR=/opt/rustwide/workdir" "-e" "CARGO_HOME=/opt/rustwide/cargo-home" "-e" "RUSTUP_HOME=/opt/rustwide/rustup-home" "-e" "CARGO_TARGET_DIR=/opt/rustwide/target" "-e" "CARGO_INCREMENTAL=0" "-e" "RUST_BACKTRACE=full" "-e" "RUSTFLAGS=--cap-lints=warn" "-e" "RUSTDOCFLAGS=--cap-lints=warn" "-w" "/opt/rustwide/workdir" "--user" "0:0" "962a646a908acc00b4563214f6399e3f711e423d51f5354ecca3cf5b737d94ba" "/opt/rustwide/cargo-home/bin/cargo" "+1.100.0-beta.1" "test" "--frozen" "--no-run" "--message-format=json" "--release", kill_on_drop: false }`
[INFO] [stderr]    Compiling target-tuple v1.0.2
[INFO] [stderr]    Compiling glob v0.3.4
[INFO] [stderr]    Compiling serde v1.0.229
[INFO] [stderr]    Compiling trybuild v1.0.121
[INFO] [stderr]    Compiling cordis-loader v0.6.1 (/opt/rustwide/workdir)
[INFO] [stderr]     Finished `release` profile [optimized] target(s) in 24.48s
[INFO] running `Command { std: "docker" "inspect" "962a646a908acc00b4563214f6399e3f711e423d51f5354ecca3cf5b737d94ba", kill_on_drop: false }`
[INFO] running `Command { std: "docker" "exec" "-e" "SOURCE_DIR=/opt/rustwide/workdir" "-e" "CARGO_HOME=/opt/rustwide/cargo-home" "-e" "RUSTUP_HOME=/opt/rustwide/rustup-home" "-e" "CARGO_TARGET_DIR=/opt/rustwide/target" "-e" "CARGO_INCREMENTAL=0" "-e" "RUST_BACKTRACE=full" "-e" "RUSTFLAGS=--cap-lints=warn" "-e" "RUSTDOCFLAGS=--cap-lints=warn" "-w" "/opt/rustwide/workdir" "--user" "0:0" "962a646a908acc00b4563214f6399e3f711e423d51f5354ecca3cf5b737d94ba" "/opt/rustwide/cargo-home/bin/cargo" "+1.100.0-beta.1" "test" "--frozen" "--release", kill_on_drop: false }`
[INFO] [stderr]     Finished `release` profile [optimized] target(s) in 0.09s
[INFO] [stderr]      Running unittests src/lib.rs (/opt/rustwide/target/release/build/cordis-loader/457e40f709af3ae1/out/cordis_loader-457e40f709af3ae1)
[INFO] [stdout] 
[INFO] [stdout] running 11 tests
[INFO] [stdout] test plan::tests::finish_retains_the_exact_admitted_identities ... ok
[INFO] [stdout] test vocabulary_inventory::entry_outcome_has_exactly_five_kinds ... ok
[INFO] [stdout] test resolver::tests::invalid_json_source_is_a_resolver_failure_with_zero_runtime_admission ... ok
[INFO] [stdout] test vocabulary_inventory::realm_policy_and_resolver_failure_kind_keep_their_inventories ... ok
[INFO] [stdout] test resolver::tests::request_uses_key_then_name_and_exposes_only_borrowed_resolution_source ... ok
[INFO] [stdout] test resolver::tests::unknown_key_remains_absence_for_the_execution_layer_to_classify ... ok
[INFO] [stdout] test resolver::tests::resolver_panic_normalizes_once_without_crossing_lifecycle ... ok
[INFO] [stdout] test resolver::tests::returned_error_normalizes_once_to_opaque_resolver_failure ... ok
[INFO] [stdout] test resolver::tests::helper_panic_inside_resolver_normalizes_at_the_resolver_boundary ... ok
[INFO] [stdout] test resolver::tests::configured_service_prepare_error_normalizes_before_any_admission ... ok
[INFO] [stdout] test resolver::tests::recognized_target_prepares_configured_inject_overlays_and_seals_before_any_admission ... ok
[INFO] [stdout] 
[INFO] [stdout] test result: ok. 11 passed; 0 failed; 0 ignored; 0 measured; 0 filtered out; finished in 0.06s
[INFO] [stdout] 
[INFO] [stderr]      Running tests/auto_traits_ui.rs (/opt/rustwide/target/release/build/cordis-loader/f1040c90d29fc600/out/auto_traits_ui-f1040c90d29fc600)
[INFO] [stdout] 
[INFO] [stdout] running 1 test
[INFO] [stderr]    Compiling proc-macro2 v1.0.107
[INFO] [stderr]    Compiling unicode-ident v1.0.24
[INFO] [stderr]    Compiling quote v1.0.47
[INFO] [stderr]    Compiling futures-core v0.3.34
[INFO] [stderr]    Compiling libc v0.2.189
[INFO] [stderr]    Compiling memchr v2.8.3
[INFO] [stderr]    Compiling futures-sink v0.3.34
[INFO] [stderr]    Compiling pin-project-lite v0.2.17
[INFO] [stderr]    Compiling serde_core v1.0.229
[INFO] [stderr]    Compiling futures-task v0.3.34
[INFO] [stderr]    Compiling slab v0.4.12
[INFO] [stderr]    Compiling parking_lot_core v0.9.12
[INFO] [stderr]    Compiling futures-io v0.3.34
[INFO] [stderr]    Compiling smallvec v1.16.1
[INFO] [stderr]    Compiling zmij v1.0.23
[INFO] [stderr]    Compiling scopeguard v1.2.0
[INFO] [stderr]    Compiling cfg-if v1.0.4
[INFO] [stderr]    Compiling thiserror v2.0.21
[INFO] [stderr]    Compiling lock_api v0.4.14
[INFO] [stderr]    Compiling serde_json v1.0.151
[INFO] [stderr]    Compiling futures-channel v0.3.34
[INFO] [stderr]    Compiling serde v1.0.229
[INFO] [stderr]    Compiling itoa v1.0.18
[INFO] [stderr]    Compiling syn v3.0.5
[INFO] [stderr]    Compiling parking_lot v0.12.5
[INFO] [stderr]    Compiling futures-macro v0.3.34
[INFO] [stderr]    Compiling tokio-macros v2.7.2
[INFO] [stderr]    Compiling thiserror-impl v2.0.21
[INFO] [stderr]    Compiling serde_derive v1.0.229
[INFO] [stderr]    Compiling tokio v1.53.1
[INFO] [stderr]    Compiling futures-util v0.3.34
[INFO] [stderr]    Compiling futures-executor v0.3.34
[INFO] [stderr]    Compiling futures v0.3.34
[INFO] [stderr]    Compiling cordis-core v0.6.1
[INFO] [stderr]    Compiling cordis-loader v0.6.1 (/opt/rustwide/workdir)
[INFO] [stderr]    Compiling cordis-loader-tests v0.0.0 (/opt/rustwide/target/tests/trybuild/cordis-loader)
[INFO] [stderr]     Finished `dev` profile [unoptimized + debuginfo] target(s) in 24.53s
[INFO] [stderr] 
[INFO] [stderr] 
[INFO] [stderr] test tests/ui-auto-traits/pass/load_future_is_send.rs ... ok
[INFO] [stdout] test promised_auto_traits ... ok
[INFO] [stderr] test tests/ui-auto-traits/pass/promised_auto_traits.rs ... ok
[INFO] [stdout] 
[INFO] [stderr] 
[INFO] [stdout] test result: ok. 1 passed; 0 failed; 0 ignored; 0 measured; 0 filtered out; finished in 40.31s
[INFO] [stderr] 
[INFO] [stdout] 
[INFO] [stderr]      Running tests/error_family_ui.rs (/opt/rustwide/target/release/build/cordis-loader/6826dfd0210538ad/out/error_family_ui-6826dfd0210538ad)
[INFO] [stdout] 
[INFO] [stdout] running 1 test
[INFO] [stderr]    Compiling cordis-loader-tests v0.0.0 (/opt/rustwide/target/tests/trybuild/cordis-loader)
[INFO] [stderr]     Finished `dev` profile [unoptimized + debuginfo] target(s) in 0.28s
[INFO] [stderr] 
[INFO] [stderr] 
[INFO] [stderr] test tests/ui-error57/pass/operation_error_families.rs [should pass] ... ok
[INFO] [stdout] test issue57_loader_errors ... ok
[INFO] [stderr] test tests/ui-error57/fail/resolver_failure_is_opaque.rs [should fail to compile] ... ok
[INFO] [stdout] 
[INFO] [stderr] 
[INFO] [stdout] test result: ok. 1 passed; 0 failed; 0 ignored; 0 measured; 0 filtered out; finished in 1.60s
[INFO] [stderr] 
[INFO] [stdout] 
[INFO] [stdout] 
[INFO] [stderr]      Running tests/facade_ui.rs (/opt/rustwide/target/release/build/cordis-loader/9a8416458bf0016f/out/facade_ui-9a8416458bf0016f)
[INFO] [stdout] running 1 test
[INFO] [stderr]    Compiling cordis-loader-tests v0.0.0 (/opt/rustwide/target/tests/trybuild/cordis-loader)
[INFO] [stderr]     Finished `dev` profile [unoptimized + debuginfo] target(s) in 0.30s
[INFO] [stderr] 
[INFO] [stderr] 
[INFO] [stderr] test tests/ui-facade59/pass/canonical_paths.rs [should pass] ... ok
[INFO] [stderr] test tests/ui-facade59/fail/dependency_reexport.rs [should fail to compile] ... ok
[INFO] [stderr] test tests/ui-facade59/fail/entry_id_copy_bound.rs [should fail to compile] ... ok
[INFO] [stderr] test tests/ui-facade59/fail/entry_id_representation.rs [should fail to compile] ... ok
[INFO] [stderr] test tests/ui-facade59/fail/old_last_wins_lookup.rs [should fail to compile] ... ok
[INFO] [stderr] test tests/ui-facade59/fail/old_tree_module.rs [should fail to compile] ... ok
[INFO] [stderr] test tests/ui-facade59/fail/prelude_escape.rs [should fail to compile] ... ok
[INFO] [stderr] test tests/ui-facade59/fail/root_specialist_second_path.rs [should fail to compile] ... ok
[INFO] [stdout] test loader_semantic_facade_is_closed ... ok
[INFO] [stderr] 
[INFO] [stdout] 
[INFO] [stderr] 
[INFO] [stdout] test result: ok. 1 passed; 0 failed; 0 ignored; 0 measured; 0 filtered out; finished in 2.46s
[INFO] [stderr]      Running tests/handoff.rs (/opt/rustwide/target/release/build/cordis-loader/e6f29b913f27c092/out/handoff-e6f29b913f27c092)
[INFO] [stdout] 
[INFO] [stdout] 
[INFO] [stdout] running 8 tests
[INFO] [stdout] test delivered_outcome_drop_is_inert_and_caller_retains_fiber_handle_ownership ... ok
[INFO] [stdout] test ordinary_entry_failure_keeps_prior_success_caller_owned_and_load_remains_partial ... ok
[INFO] [stdout] test abandonment_after_one_success_completes_rollback_without_repolling ... ok
[INFO] [stdout] test abandoned_handoff_survives_runtime_shutdown ... ok
[INFO] [stdout] test abandonment_rolls_back_reverse_success_order_attempt_all_across_cleanup_failure_and_panic ... ok
[INFO] [stdout] test abandonment_continues_after_last_input_drop_panics_between_members ... ok
[INFO] [stdout] test held_load_future_advances_its_in_progress_spawn_only_as_it_is_polled_on_current_thread ... ok
[INFO] [stdout] test held_load_future_advances_its_in_progress_spawn_only_as_it_is_polled ... ok
[INFO] [stdout] 
[INFO] [stdout] test result: ok. 8 passed; 0 failed; 0 ignored; 0 measured; 0 filtered out; finished in 0.11s
[INFO] [stdout] 
[INFO] [stderr]      Running tests/outcome.rs (/opt/rustwide/target/release/build/cordis-loader/637f351b82f02e29/out/outcome-637f351b82f02e29)
[INFO] [stdout] 
[INFO] [stdout] running 5 tests
[INFO] [stdout] test inactive_context_reports_each_reachable_plugin_and_leaves_no_runtime_residue ... ok
[INFO] [stdout] test resolver_can_reenter_runtime_observation_before_lifecycle_admission ... ok
[INFO] [stdout] test outcomes_are_complete_depth_first_and_pruning_names_the_disabling_plugin ... ok
[INFO] [stdout] test independent_failures_do_not_prune_descendants_or_stop_later_reachable_entries ... ok
[INFO] [stdout] test duplicate_resolve_keys_remain_distinct_occurrences_by_entry_order_and_fiber_handle ... ok
[INFO] [stdout] 
[INFO] [stdout] test result: ok. 5 passed; 0 failed; 0 ignored; 0 measured; 0 filtered out; finished in 0.01s
[INFO] [stdout] 
[INFO] [stderr]      Running tests/outcome_ui.rs (/opt/rustwide/target/release/build/cordis-loader/ec43e117377b718b/out/outcome_ui-ec43e117377b718b)
[INFO] [stdout] 
[INFO] [stdout] running 1 test
[INFO] [stderr]    Compiling cordis-loader-tests v0.0.0 (/opt/rustwide/target/tests/trybuild/cordis-loader)
[INFO] [stderr]     Finished `dev` profile [unoptimized + debuginfo] target(s) in 0.16s
[INFO] [stderr] 
[INFO] [stderr] 
[INFO] [stderr] test tests/ui-outcome/pass/canonical_surface.rs [should pass] ... ok
[INFO] [stderr] test tests/ui-outcome/fail/by_resolve_key.rs [should fail to compile] ... ok
[INFO] [stderr] test tests/ui-outcome/fail/old_split_vectors.rs [should fail to compile] ... ok
[INFO] [stderr] test tests/ui-outcome/fail/removed_fork_spelling.rs [should fail to compile] ... ok
[INFO] [stderr] test tests/ui-outcome/fail/root_specialists.rs [should fail to compile] ... ok
[INFO] [stdout] test loader_outcome_public_surface ... ok
[INFO] [stderr] test tests/ui-outcome/fail/spawned_entry.rs [should fail to compile] ... ok
[INFO] [stdout] 
[INFO] [stderr] 
[INFO] [stdout] test result: ok. 1 passed; 0 failed; 0 ignored; 0 measured; 0 filtered out; finished in 1.93s
[INFO] [stderr] 
[INFO] [stdout] 
[INFO] [stderr]      Running tests/plan.rs (/opt/rustwide/target/release/build/cordis-loader/7b0c9d5756fa024e/out/plan-7b0c9d5756fa024e)
[INFO] [stdout] 
[INFO] [stdout] running 5 tests
[INFO] [stderr]      Running tests/plan_ui.rs (/opt/rustwide/target/release/build/cordis-loader/91504a8bb9010ea4/out/plan_ui-91504a8bb9010ea4)
[INFO] [stdout] test source_schema_has_explicit_stable_wire_forms_and_required_plugin_config ... ok
[INFO] [stdout] test entry_id_supports_only_correlation_semantics_at_runtime ... ok
[INFO] [stdout] test failed_add_is_atomic_and_its_id_is_not_an_admitted_parent ... ok
[INFO] [stdout] test builder_accepts_only_already_admitted_same_lineage_parents_and_freezes_ids ... ok
[INFO] [stdout] test validation_rejects_missing_identity_and_duplicate_axes_but_keeps_axes_orthogonal ... ok
[INFO] [stdout] 
[INFO] [stdout] test result: ok. 5 passed; 0 failed; 0 ignored; 0 measured; 0 filtered out; finished in 0.01s
[INFO] [stdout] 
[INFO] [stdout] 
[INFO] [stdout] running 1 test
[INFO] [stderr]    Compiling cordis-loader-tests v0.0.0 (/opt/rustwide/target/tests/trybuild/cordis-loader)
[INFO] [stderr]     Finished `dev` profile [unoptimized + debuginfo] target(s) in 0.23s
[INFO] [stderr] 
[INFO] [stderr] 
[INFO] [stderr] test tests/ui-plan/pass/canonical_surface.rs [should pass] ... ok
[INFO] [stderr] test tests/ui-plan/fail/entry_id_constructor.rs [should fail to compile] ... mismatch
[INFO] [stderr] 
[INFO] [stderr] EXPECTED:
[INFO] [stderr] ┈┈┈┈┈┈┈┈┈┈┈┈┈┈┈┈┈┈┈┈┈┈┈┈┈┈┈┈┈┈┈┈┈┈┈┈┈┈┈┈┈┈┈┈┈┈┈┈┈┈┈┈┈┈┈┈┈┈┈┈
[INFO] [stderr] error[E0423]: expected function, tuple struct or tuple variant, found struct `EntryId`
[INFO] [stderr]  --> tests/ui-plan/fail/entry_id_constructor.rs:2:21
[INFO] [stderr]   |
[INFO] [stderr] 2 | fn main() { let _ = EntryId(0); }
[INFO] [stderr]   |                     ^^^^^^^^^^
[INFO] [stderr]   |
[INFO] [stderr]  ::: src/plan.rs
[INFO] [stderr]   |
[INFO] [stderr]   | pub struct EntryId {
[INFO] [stderr]   | ------------------ `EntryId` defined here
[INFO] [stderr]   |
[INFO] [stderr] help: you might have meant to use the `new` associated function
[INFO] [stderr]   |
[INFO] [stderr] 2 | fn main() { let _ = EntryId::new(0); }
[INFO] [stderr]   |                            +++++
[INFO] [stderr] ┈┈┈┈┈┈┈┈┈┈┈┈┈┈┈┈┈┈┈┈┈┈┈┈┈┈┈┈┈┈┈┈┈┈┈┈┈┈┈┈┈┈┈┈┈┈┈┈┈┈┈┈┈┈┈┈┈┈┈┈
[INFO] [stderr] 
[INFO] [stderr] ACTUAL OUTPUT:
[INFO] [stderr] ┈┈┈┈┈┈┈┈┈┈┈┈┈┈┈┈┈┈┈┈┈┈┈┈┈┈┈┈┈┈┈┈┈┈┈┈┈┈┈┈┈┈┈┈┈┈┈┈┈┈┈┈┈┈┈┈┈┈┈┈
[INFO] [stderr] error[E0423]: cannot find function, tuple struct or tuple variant `EntryId` in this scope
[INFO] [stderr]  --> tests/ui-plan/fail/entry_id_constructor.rs:2:21
[INFO] [stderr]   |
[INFO] [stderr] 2 | fn main() { let _ = EntryId(0); }
[INFO] [stderr]   |                     ^^^^^^^^^^
[INFO] [stderr]   |
[INFO] [stderr]  ::: src/plan.rs
[INFO] [stderr]   |
[INFO] [stderr]   | pub struct EntryId {
[INFO] [stderr]   | ------------------ `EntryId` defined here
[INFO] [stderr]   |
[INFO] [stderr]   = note: a struct named `EntryId` exists in another namespace
[INFO] [stderr] help: you might have meant to use the `new` associated function
[INFO] [stderr]   |
[INFO] [stderr] 2 | fn main() { let _ = EntryId::new(0); }
[INFO] [stderr]   |                            +++++
[INFO] [stderr] ┈┈┈┈┈┈┈┈┈┈┈┈┈┈┈┈┈┈┈┈┈┈┈┈┈┈┈┈┈┈┈┈┈┈┈┈┈┈┈┈┈┈┈┈┈┈┈┈┈┈┈┈┈┈┈┈┈┈┈┈
[INFO] [stderr] note: If the actual output is the correct output you can bless it by rerunning
[INFO] [stderr]       your test with the environment variable TRYBUILD=overwrite
[INFO] [stderr] 
[INFO] [stderr] test tests/ui-plan/fail/entry_id_copy.rs [should fail to compile] ... ok
[INFO] [stderr] test tests/ui-plan/fail/entry_id_default.rs [should fail to compile] ... ok
[INFO] [stderr] test tests/ui-plan/fail/entry_id_display.rs [should fail to compile] ... mismatch
[INFO] [stderr] 
[INFO] [stderr] EXPECTED:
[INFO] [stderr] ┈┈┈┈┈┈┈┈┈┈┈┈┈┈┈┈┈┈┈┈┈┈┈┈┈┈┈┈┈┈┈┈┈┈┈┈┈┈┈┈┈┈┈┈┈┈┈┈┈┈┈┈┈┈┈┈┈┈┈┈
[INFO] [stderr] error[E0277]: `EntryId` doesn't implement `std::fmt::Display`
[INFO] [stderr]  --> tests/ui-plan/fail/entry_id_display.rs:5:22
[INFO] [stderr]   |
[INFO] [stderr] 5 |     let _ = format!("{id}");
[INFO] [stderr]   |                      ^^^^ `EntryId` cannot be formatted with the default formatter
[INFO] [stderr]   |
[INFO] [stderr]   = help: the trait `std::fmt::Display` is not implemented for `EntryId`
[INFO] [stderr]   = note: in format strings you may be able to use `{:?}` (or {:#?} for pretty-print) instead
[INFO] [stderr] ┈┈┈┈┈┈┈┈┈┈┈┈┈┈┈┈┈┈┈┈┈┈┈┈┈┈┈┈┈┈┈┈┈┈┈┈┈┈┈┈┈┈┈┈┈┈┈┈┈┈┈┈┈┈┈┈┈┈┈┈
[INFO] [stderr] 
[INFO] [stderr] ACTUAL OUTPUT:
[INFO] [stderr] ┈┈┈┈┈┈┈┈┈┈┈┈┈┈┈┈┈┈┈┈┈┈┈┈┈┈┈┈┈┈┈┈┈┈┈┈┈┈┈┈┈┈┈┈┈┈┈┈┈┈┈┈┈┈┈┈┈┈┈┈
[INFO] [stderr] error[E0277]: `EntryId` doesn't implement `std::fmt::Display`
[INFO] [stderr]  --> tests/ui-plan/fail/entry_id_display.rs:5:22
[INFO] [stderr]   |
[INFO] [stderr] 5 |     let _ = format!("{id}");
[INFO] [stderr]   |                      ^^^^ `EntryId` cannot be formatted with the default formatter
[INFO] [stderr]   |
[INFO] [stderr]   = help: the trait `std::fmt::Display` is not implemented for `EntryId`
[INFO] [stderr]   = note: in format strings you may be able to use `{:?}` (or `{:#?}` for pretty-print) instead
[INFO] [stderr] ┈┈┈┈┈┈┈┈┈┈┈┈┈┈┈┈┈┈┈┈┈┈┈┈┈┈┈┈┈┈┈┈┈┈┈┈┈┈┈┈┈┈┈┈┈┈┈┈┈┈┈┈┈┈┈┈┈┈┈┈
[INFO] [stderr] note: If the actual output is the correct output you can bless it by rerunning
[INFO] [stderr]       your test with the environment variable TRYBUILD=overwrite
[INFO] [stderr] 
[INFO] [stderr] test tests/ui-plan/fail/entry_id_order.rs [should fail to compile] ... ok
[INFO] [stderr] test tests/ui-plan/fail/entry_id_partial_order.rs [should fail to compile] ... ok
[INFO] [stderr] test tests/ui-plan/fail/entry_id_serde.rs [should fail to compile] ... mismatch
[INFO] [stderr] 
[INFO] [stderr] EXPECTED:
[INFO] [stderr] ┈┈┈┈┈┈┈┈┈┈┈┈┈┈┈┈┈┈┈┈┈┈┈┈┈┈┈┈┈┈┈┈┈┈┈┈┈┈┈┈┈┈┈┈┈┈┈┈┈┈┈┈┈┈┈┈┈┈┈┈
[INFO] [stderr] error[E0277]: the trait bound `EntryId: serde::Serialize` is not satisfied
[INFO] [stderr]  --> tests/ui-plan/fail/entry_id_serde.rs:5:35
[INFO] [stderr]   |
[INFO] [stderr] 5 |     let _ = serde_json::to_string(&id).unwrap();
[INFO] [stderr]   |             --------------------- ^^^ the trait `serde_core::ser::Serialize` is not implemented for `EntryId`
[INFO] [stderr]   |             |
[INFO] [stderr]   |             required by a bound introduced by this call
[INFO] [stderr]   |
[INFO] [stderr]   = note: for local types consider adding `#[derive(serde::Serialize)]` to your `EntryId` type
[INFO] [stderr]   = note: for types from other crates check whether the crate offers a `serde` feature flag
[INFO] [stderr]   = help: the following other types implement trait `serde_core::ser::Serialize`:
[INFO] [stderr]             &'a T
[INFO] [stderr]             &'a mut T
[INFO] [stderr]             ()
[INFO] [stderr]             (T,)
[INFO] [stderr]             (T0, T1)
[INFO] [stderr]             (T0, T1, T2)
[INFO] [stderr]             (T0, T1, T2, T3)
[INFO] [stderr]             (T0, T1, T2, T3, T4)
[INFO] [stderr]           and $N others
[INFO] [stderr] note: required by a bound in `serde_json::to_string`
[INFO] [stderr]  --> $CARGO/serde_json-$VERSION/src/ser.rs
[INFO] [stderr]   |
[INFO] [stderr]   | pub fn to_string<T>(value: &T) -> Result<String>
[INFO] [stderr]   |        --------- required by a bound in this function
[INFO] [stderr]   | where
[INFO] [stderr]   |     T: ?Sized + Serialize,
[INFO] [stderr]   |                 ^^^^^^^^^ required by this bound in `to_string`
[INFO] [stderr] ┈┈┈┈┈┈┈┈┈┈┈┈┈┈┈┈┈┈┈┈┈┈┈┈┈┈┈┈┈┈┈┈┈┈┈┈┈┈┈┈┈┈┈┈┈┈┈┈┈┈┈┈┈┈┈┈┈┈┈┈
[INFO] [stderr] 
[INFO] [stderr] ACTUAL OUTPUT:
[INFO] [stderr] ┈┈┈┈┈┈┈┈┈┈┈┈┈┈┈┈┈┈┈┈┈┈┈┈┈┈┈┈┈┈┈┈┈┈┈┈┈┈┈┈┈┈┈┈┈┈┈┈┈┈┈┈┈┈┈┈┈┈┈┈
[INFO] [stderr] error[E0277]: the trait bound `EntryId: serde::Serialize` is not satisfied
[INFO] [stderr]  --> tests/ui-plan/fail/entry_id_serde.rs:5:35
[INFO] [stderr]   |
[INFO] [stderr] 5 |     let _ = serde_json::to_string(&id).unwrap();
[INFO] [stderr]   |             --------------------- ^^^ the trait `serde_core::ser::Serialize` is not implemented for `EntryId`
[INFO] [stderr]   |             |
[INFO] [stderr]   |             required by a bound introduced by this call
[INFO] [stderr]   |
[INFO] [stderr]   = note: for local types consider adding `#[derive(serde::Serialize)]` to your `EntryId` type
[INFO] [stderr]   = note: for types from other crates check whether the crate offers a `serde` feature flag
[INFO] [stderr]   = help: the following other types implement trait `serde_core::ser::Serialize`:
[INFO] [stderr]             &'a T
[INFO] [stderr]             &'a mut T
[INFO] [stderr]             ()
[INFO] [stderr]             (T,)
[INFO] [stderr]             (T0, T1)
[INFO] [stderr]             (T0, T1, T2)
[INFO] [stderr]             (T0, T1, T2, T3)
[INFO] [stderr]             (T0, T1, T2, T3, T4)
[INFO] [stderr]           and $N others
[INFO] [stderr] note: required by a bound in `serde_json::to_string`
[INFO] [stderr]  --> $CARGO/serde_json-$VERSION/src/ser.rs
[INFO] [stderr]   |
[INFO] [stderr]   | pub fn to_string<T>(value: &T) -> Result<String>
[INFO] [stderr]   | where
[INFO] [stderr]   |     T: ?Sized + Serialize,
[INFO] [stderr]   |                 ^^^^^^^^^ required by this bound in `to_string`
[INFO] [stderr] ┈┈┈┈┈┈┈┈┈┈┈┈┈┈┈┈┈┈┈┈┈┈┈┈┈┈┈┈┈┈┈┈┈┈┈┈┈┈┈┈┈┈┈┈┈┈┈┈┈┈┈┈┈┈┈┈┈┈┈┈
[INFO] [stderr] note: If the actual output is the correct output you can bless it by rerunning
[INFO] [stderr]       your test with the environment variable TRYBUILD=overwrite
[INFO] [stderr] 
[INFO] [stderr] test tests/ui-plan/fail/group_boolean.rs [should fail to compile] ... ok
[INFO] [stderr] test tests/ui-plan/fail/id_exhaustion_representation.rs [should fail to compile] ... ok
[INFO] [stderr] test tests/ui-plan/fail/load_plan_mutation.rs [should fail to compile] ... ok
[INFO] [stderr] test tests/ui-plan/fail/load_plan_navigation.rs [should fail to compile] ... ok
[INFO] [stderr] test tests/ui-plan/fail/old_plan_surface.rs [should fail to compile] ... ok
[INFO] [stderr] test tests/ui-plan/fail/root_plan_specialists.rs [should fail to compile] ... ok
[INFO] [stdout] test loader_plan_public_surface ... FAILED
[INFO] [stderr] test tests/ui-plan/fail/root_specialist_alias.rs [should fail to compile] ... ok
[INFO] [stdout] 
[INFO] [stderr] 
[INFO] [stdout] failures:
[INFO] [stderr] 
[INFO] [stdout] 
[INFO] [stdout] ---- loader_plan_public_surface stdout ----
[INFO] [stdout] 
[INFO] [stdout] thread 'loader_plan_public_surface' (2758) panicked at /opt/rustwide/cargo-home/registry/src/index.crates.io-1949cf8c6b5b557f/trybuild-1.0.121/src/run.rs:103:13:
[INFO] [stdout] 3 of 15 tests failed
[INFO] [stdout] stack backtrace:
[INFO] [stdout]    0:     0x5785df77ad31 - <<std[617be2ca0a6fd877]::sys::backtrace::BacktraceLock>::print::DisplayBacktrace as core[a373ad73a504971]::fmt::Display>::fmt
[INFO] [stdout]    1:     0x5785df79101a - core[a373ad73a504971]::fmt::write
[INFO] [stdout]    2:     0x5785df77f57c - <alloc[2e1b2a31b91974c5]::vec::Vec<u8> as core[a373ad73a504971]::io::write::Write>::write_fmt
[INFO] [stdout]    3:     0x5785df754196 - std[617be2ca0a6fd877]::panicking::default_hook::{closure#0}
[INFO] [stdout]    4:     0x5785df7722d9 - std[617be2ca0a6fd877]::panicking::default_hook
[INFO] [stdout]    5:     0x5785df70b8e0 - test[aada8e7e76ba119b]::test_main_inner::{closure#0}
[INFO] [stdout]    6:     0x5785df772492 - std[617be2ca0a6fd877]::panicking::panic_with_hook
[INFO] [stdout]    7:     0x5785df754242 - std[617be2ca0a6fd877]::panicking::panic_handler::{closure#0}
[INFO] [stdout]    8:     0x5785df74ca99 - std[617be2ca0a6fd877]::sys::backtrace::__rust_end_short_backtrace::<std[617be2ca0a6fd877]::panicking::panic_handler::{closure#0}, !>
[INFO] [stdout]    9:     0x5785df754e4d - __rustc[ea4f61d10b84890b]::rust_begin_unwind
[INFO] [stdout]   10:     0x5785df79178c - core[a373ad73a504971]::panicking::panic_fmt
[INFO] [stdout]   11:     0x5785df65f5b8 - <trybuild[cbd5e6bce227d0f8]::Runner>::run
[INFO] [stdout]   12:     0x5785df662820 - <trybuild[cbd5e6bce227d0f8]::TestCases as core[a373ad73a504971]::ops::drop::Drop>::drop
[INFO] [stdout]   13:     0x5785df658e56 - plan_ui[3a6db2e3b71038df]::loader_plan_public_surface
[INFO] [stdout]   14:     0x5785df659089 - <plan_ui[3a6db2e3b71038df]::loader_plan_public_surface::{closure#0} as core[a373ad73a504971]::ops::function::FnOnce<()>>::call_once
[INFO] [stdout]   15:     0x5785df6fed2b - test[aada8e7e76ba119b]::__rust_begin_short_backtrace::<core[a373ad73a504971]::result::Result<(), alloc[2e1b2a31b91974c5]::string::String>, fn() -> core[a373ad73a504971]::result::Result<(), alloc[2e1b2a31b91974c5]::string::String>>
[INFO] [stdout]   16:     0x5785df70bf05 - test[aada8e7e76ba119b]::run_test::{closure#0}
[INFO] [stdout]   17:     0x5785df7057f4 - std[617be2ca0a6fd877]::sys::backtrace::__rust_begin_short_backtrace::<test[aada8e7e76ba119b]::run_test::{closure#1}, ()>
[INFO] [stdout]   18:     0x5785df70ef92 - <std[617be2ca0a6fd877]::thread::lifecycle::spawn_unchecked<test[aada8e7e76ba119b]::run_test::{closure#1}, ()>::{closure#1} as core[a373ad73a504971]::ops::function::FnOnce<()>>::call_once::{shim:vtable#0}
[INFO] [stdout]   19:     0x5785df779f8f - <std[617be2ca0a6fd877]::sys::thread::unix::Thread>::new::thread_start
[INFO] [stdout]   20:     0x7d21ab224dfa - <unknown>
[INFO] [stdout]   21:     0x7d21ab2b83d4 - clone
[INFO] [stdout]   22:                0x0 - <unknown>
[INFO] [stdout] 
[INFO] [stdout] 
[INFO] [stdout] failures:
[INFO] [stdout]     loader_plan_public_surface
[INFO] [stdout] 
[INFO] [stdout] test result: FAILED. 0 passed; 1 failed; 0 ignored; 0 measured; 0 filtered out; finished in 4.25s
[INFO] [stdout] 
[INFO] [stderr] error: test failed, to rerun pass `--test plan_ui`
[INFO] running `Command { std: "docker" "inspect" "962a646a908acc00b4563214f6399e3f711e423d51f5354ecca3cf5b737d94ba", kill_on_drop: false }`
[INFO] running `Command { std: "docker" "rm" "-f" "962a646a908acc00b4563214f6399e3f711e423d51f5354ecca3cf5b737d94ba", kill_on_drop: false }`
[INFO] [stdout] 962a646a908acc00b4563214f6399e3f711e423d51f5354ecca3cf5b737d94ba
