[INFO] fetching crate cordis-cli 0.0.22...
[INFO] testing cordis-cli-0.0.22 against 1.100.0-beta.1+cargoflags=--release for beta-release-1.100-2
[INFO] extracting crate cordis-cli 0.0.22 into /workspace/builds/worker-7-tc2/source
[INFO] started tweaking crates.io crate cordis-cli 0.0.22
[INFO] removed 0 missing tests
[INFO] finished tweaking crates.io crate cordis-cli 0.0.22
[INFO] tweaked toml for crates.io crate cordis-cli 0.0.22 written to /workspace/builds/worker-7-tc2/source/Cargo.toml
[INFO] validating manifest of crates.io crate cordis-cli 0.0.22 on toolchain 1.100.0-beta.1
[INFO] running `Command { std: CARGO_HOME="/workspace/cargo-home" RUSTUP_HOME="/workspace/rustup-home" "/workspace/cargo-home/bin/cargo" "+1.100.0-beta.1" "metadata" "--manifest-path" "Cargo.toml" "--no-deps", kill_on_drop: false }`
[INFO] crate crates.io crate cordis-cli 0.0.22 already has a lockfile, it will not be regenerated
[INFO] running `Command { std: CARGO_HOME="/workspace/cargo-home" RUSTUP_HOME="/workspace/rustup-home" "/workspace/cargo-home/bin/cargo" "+1.100.0-beta.1" "fetch" "--manifest-path" "Cargo.toml", kill_on_drop: false }`
[INFO] running `Command { std: "docker" "create" "-v" "/var/lib/crater-agent-workspace/builds/worker-7-tc2/source:/opt/rustwide/workdir:ro,Z" "-v" "/var/lib/crater-agent-workspace/builds/worker-7-tc2/target:/opt/rustwide/target:rw,Z" "-v" "/var/lib/crater-agent-workspace/cargo-home:/opt/rustwide/cargo-home:ro,Z" "-v" "/var/lib/crater-agent-workspace/rustup-home:/opt/rustwide/rustup-home:ro,Z" "-m" "1610612736" "--network" "none" "ghcr.io/rust-lang/crates-build-env/linux@sha256:77db811e55d90add9212f6832c23229e3de5f1c1f9905e8cb07319ea15df73ac" "sleep" "infinity", kill_on_drop: false }`
[INFO] [stdout] 720f2d4ac37062edb5fafd9ed1c0027601259bad73ccc154bd9cdccc9428085c
[INFO] running `Command { std: "docker" "start" "720f2d4ac37062edb5fafd9ed1c0027601259bad73ccc154bd9cdccc9428085c", kill_on_drop: false }`
[INFO] running `Command { std: "docker" "inspect" "720f2d4ac37062edb5fafd9ed1c0027601259bad73ccc154bd9cdccc9428085c", kill_on_drop: false }`
[INFO] running `Command { std: "docker" "exec" "-e" "SOURCE_DIR=/opt/rustwide/workdir" "-e" "CARGO_HOME=/opt/rustwide/cargo-home" "-e" "RUSTUP_HOME=/opt/rustwide/rustup-home" "-e" "CARGO_TARGET_DIR=/opt/rustwide/target" "-w" "/opt/rustwide/workdir" "--user" "0:0" "720f2d4ac37062edb5fafd9ed1c0027601259bad73ccc154bd9cdccc9428085c" "/opt/rustwide/cargo-home/bin/cargo" "+1.100.0-beta.1" "metadata" "--no-deps" "--format-version=1", kill_on_drop: false }`
[INFO] running `Command { std: "docker" "inspect" "720f2d4ac37062edb5fafd9ed1c0027601259bad73ccc154bd9cdccc9428085c", kill_on_drop: false }`
[INFO] running `Command { std: "docker" "exec" "-e" "SOURCE_DIR=/opt/rustwide/workdir" "-e" "CARGO_HOME=/opt/rustwide/cargo-home" "-e" "RUSTUP_HOME=/opt/rustwide/rustup-home" "-e" "CARGO_TARGET_DIR=/opt/rustwide/target" "-e" "CARGO_INCREMENTAL=0" "-e" "RUST_BACKTRACE=full" "-e" "RUSTFLAGS=--cap-lints=warn" "-e" "RUSTDOCFLAGS=--cap-lints=warn" "-w" "/opt/rustwide/workdir" "--user" "0:0" "720f2d4ac37062edb5fafd9ed1c0027601259bad73ccc154bd9cdccc9428085c" "/opt/rustwide/cargo-home/bin/cargo" "+1.100.0-beta.1" "build" "--frozen" "--message-format=json" "--release", kill_on_drop: false }`
[INFO] [stderr]    Compiling proc-macro2 v1.0.107
[INFO] [stderr]    Compiling quote v1.0.47
[INFO] [stderr]    Compiling serde_core v1.0.229
[INFO] [stderr]    Compiling bitflags v2.13.1
[INFO] [stderr]    Compiling inotify-sys v0.1.8
[INFO] [stderr]    Compiling serde v1.0.229
[INFO] [stderr]    Compiling log v0.4.33
[INFO] [stderr]    Compiling cordis-rs v0.6.2
[INFO] [stderr]    Compiling nix v0.31.3
[INFO] [stderr]    Compiling memchr v2.8.3
[INFO] [stderr]    Compiling cordis-loader v0.0.23
[INFO] [stderr]    Compiling mio v1.2.2
[INFO] [stderr]    Compiling inotify v0.11.5
[INFO] [stderr]    Compiling notify-types v2.1.0
[INFO] [stderr]    Compiling notify v8.2.0
[INFO] [stderr]    Compiling syn v3.0.3
[INFO] [stderr]    Compiling ctrlc v3.5.2
[INFO] [stderr]    Compiling cordis-group v0.0.17
[INFO] [stderr]    Compiling serde_derive v1.0.229
[INFO] [stderr]    Compiling serde_json v1.0.151
[INFO] [stderr]    Compiling indexmap v2.14.0
[INFO] [stderr]    Compiling cordis-include v0.0.23
[INFO] [stderr]    Compiling cordis-cli v0.0.22 (/opt/rustwide/workdir)
[INFO] [stderr]     Finished `release` profile [optimized] target(s) in 29.70s
[INFO] running `Command { std: "docker" "inspect" "720f2d4ac37062edb5fafd9ed1c0027601259bad73ccc154bd9cdccc9428085c", kill_on_drop: false }`
[INFO] running `Command { std: "docker" "exec" "-e" "SOURCE_DIR=/opt/rustwide/workdir" "-e" "CARGO_HOME=/opt/rustwide/cargo-home" "-e" "RUSTUP_HOME=/opt/rustwide/rustup-home" "-e" "CARGO_TARGET_DIR=/opt/rustwide/target" "-e" "CARGO_INCREMENTAL=0" "-e" "RUST_BACKTRACE=full" "-e" "RUSTFLAGS=--cap-lints=warn" "-e" "RUSTDOCFLAGS=--cap-lints=warn" "-w" "/opt/rustwide/workdir" "--user" "0:0" "720f2d4ac37062edb5fafd9ed1c0027601259bad73ccc154bd9cdccc9428085c" "/opt/rustwide/cargo-home/bin/cargo" "+1.100.0-beta.1" "test" "--frozen" "--no-run" "--message-format=json" "--release", kill_on_drop: false }`
[INFO] [stderr]    Compiling cordis-cli v0.0.22 (/opt/rustwide/workdir)
[INFO] [stderr]     Finished `release` profile [optimized] target(s) in 2.34s
[INFO] running `Command { std: "docker" "inspect" "720f2d4ac37062edb5fafd9ed1c0027601259bad73ccc154bd9cdccc9428085c", kill_on_drop: false }`
[INFO] running `Command { std: "docker" "exec" "-e" "SOURCE_DIR=/opt/rustwide/workdir" "-e" "CARGO_HOME=/opt/rustwide/cargo-home" "-e" "RUSTUP_HOME=/opt/rustwide/rustup-home" "-e" "CARGO_TARGET_DIR=/opt/rustwide/target" "-e" "CARGO_INCREMENTAL=0" "-e" "RUST_BACKTRACE=full" "-e" "RUSTFLAGS=--cap-lints=warn" "-e" "RUSTDOCFLAGS=--cap-lints=warn" "-w" "/opt/rustwide/workdir" "--user" "0:0" "720f2d4ac37062edb5fafd9ed1c0027601259bad73ccc154bd9cdccc9428085c" "/opt/rustwide/cargo-home/bin/cargo" "+1.100.0-beta.1" "test" "--frozen" "--release", kill_on_drop: false }`
[INFO] [stderr]     Finished `release` profile [optimized] target(s) in 0.08s
[INFO] [stderr]      Running unittests src/lib.rs (/opt/rustwide/target/release/build/cordis-cli/0c44266bb8b4ce60/out/cordis_cli-0c44266bb8b4ce60)
[INFO] [stdout] 
[INFO] [stdout] running 10 tests
[INFO] [stdout] test dotenv::tests::parses_comments_quotes_and_exports ... ok
[INFO] [stdout] test tests::rejects_missing_or_unknown_arguments ... ok
[INFO] [stdout] test tests::daemon_exit_code_reflects_how_the_worker_ended ... ok
[INFO] [stdout] test tests::parses_run_command_and_flags ... ok
[INFO] [stdout] test tests::only_code_51_restarts_and_never_after_shutdown ... ok
[INFO] [stdout] test worker::tests::dynamic_library_extensions_match ... ok
[INFO] [stdout] test tests::parses_plugin_dirs_in_both_forms ... ok
[INFO] [stdout] test tests::restart_backoff_doubles_resets_and_caps ... ok
[INFO] [stdout] test tests::rejects_malformed_plugin_dirs ... ok
[INFO] [stdout] test tests::non_utf8_arguments_survive_parsing ... ok
[INFO] [stdout] 
[INFO] [stdout] test result: ok. 10 passed; 0 failed; 0 ignored; 0 measured; 0 filtered out; finished in 0.09s
[INFO] [stdout] 
[INFO] [stderr]      Running unittests src/main.rs (/opt/rustwide/target/release/build/cordis-cli/fc3ffb671799981f/out/cordis-fc3ffb671799981f)
[INFO] [stdout] 
[INFO] [stderr]      Running tests/cli.rs (/opt/rustwide/target/release/build/cordis-cli/d37fc0e556467afc/out/cli-d37fc0e556467afc)
[INFO] [stdout] running 0 tests
[INFO] [stdout] 
[INFO] [stdout] test result: ok. 0 passed; 0 failed; 0 ignored; 0 measured; 0 filtered out; finished in 0.00s
[INFO] [stdout] 
[INFO] [stdout] 
[INFO] [stdout] running 5 tests
[INFO] [stdout] test unknown_arguments_fail_fast ... ok
[INFO] [stdout] test a_config_that_cannot_boot_fails_the_daemon ... ok
[INFO] [stdout] test an_unparseable_config_fails_the_daemon ... ok
[INFO] [stdout] test missing_config_boots_an_empty_loader ... ok
[INFO] [stdout] test run_boots_the_loader_and_sigterm_exits_gracefully ... ok
[INFO] [stdout] 
[INFO] [stdout] test result: ok. 5 passed; 0 failed; 0 ignored; 0 measured; 0 filtered out; finished in 0.82s
[INFO] [stdout] 
[INFO] [stderr]      Running tests/daemon_shutdown.rs (/opt/rustwide/target/release/build/cordis-cli/a01cc6c956b48ea8/out/daemon_shutdown-a01cc6c956b48ea8)
[INFO] [stdout] 
[INFO] [stdout] running 1 test
[INFO] [stdout] test sigterm_to_daemon_only_takes_the_worker_down ... ok
[INFO] [stdout] 
[INFO] [stdout] test result: ok. 1 passed; 0 failed; 0 ignored; 0 measured; 0 filtered out; finished in 0.15s
[INFO] [stdout] 
[INFO] [stderr]      Running tests/hmr.rs (/opt/rustwide/target/release/build/cordis-cli/80111867a001d9d0/out/hmr-80111867a001d9d0)
[INFO] [stdout] 
[INFO] [stdout] running 1 test
[INFO] [stdout] test replacing_a_plugin_library_hot_restarts_the_worker ... FAILED
[INFO] [stdout] 
[INFO] [stdout] failures:
[INFO] [stdout] 
[INFO] [stdout] ---- replacing_a_plugin_library_hot_restarts_the_worker stdout ----
[INFO] [stdout] 
[INFO] [stdout] thread 'replacing_a_plugin_library_hot_restarts_the_worker' (951) panicked at tests/hmr.rs:82:28:
[INFO] [stdout] no rlib found for cordis_loader
[INFO] [stdout] stack backtrace:
[INFO] [stdout]    0:     0x6063328c6d91 - <<std[617be2ca0a6fd877]::sys::backtrace::BacktraceLock>::print::DisplayBacktrace as core[a373ad73a504971]::fmt::Display>::fmt
[INFO] [stdout]    1:     0x6063328db1da - core[a373ad73a504971]::fmt::write
[INFO] [stdout]    2:     0x6063328cb48c - <alloc[2e1b2a31b91974c5]::vec::Vec<u8> as core[a373ad73a504971]::io::write::Write>::write_fmt
[INFO] [stdout]    3:     0x60633289fc96 - std[617be2ca0a6fd877]::panicking::default_hook::{closure#0}
[INFO] [stdout]    4:     0x6063328bd709 - std[617be2ca0a6fd877]::panicking::default_hook
[INFO] [stdout]    5:     0x606332857ce0 - test[aada8e7e76ba119b]::test_main_inner::{closure#0}
[INFO] [stdout]    6:     0x6063328bd8c2 - std[617be2ca0a6fd877]::panicking::panic_with_hook
[INFO] [stdout]    7:     0x60633289fd42 - std[617be2ca0a6fd877]::panicking::panic_handler::{closure#0}
[INFO] [stdout]    8:     0x6063328986a9 - std[617be2ca0a6fd877]::sys::backtrace::__rust_end_short_backtrace::<std[617be2ca0a6fd877]::panicking::panic_handler::{closure#0}, !>
[INFO] [stdout]    9:     0x6063328a0a3d - __rustc[ea4f61d10b84890b]::rust_begin_unwind
[INFO] [stdout]   10:     0x6063328db90c - core[a373ad73a504971]::panicking::panic_fmt
[INFO] [stdout]   11:     0x6063328461d2 - hmr[b7d16c3a38f23975]::compile_plugin
[INFO] [stdout]   12:     0x606332847868 - <hmr[b7d16c3a38f23975]::replacing_a_plugin_library_hot_restarts_the_worker::{closure#0} as core[a373ad73a504971]::ops::function::FnOnce<()>>::call_once
[INFO] [stdout]   13:     0x60633284b12b - test[aada8e7e76ba119b]::__rust_begin_short_backtrace::<core[a373ad73a504971]::result::Result<(), alloc[2e1b2a31b91974c5]::string::String>, fn() -> core[a373ad73a504971]::result::Result<(), alloc[2e1b2a31b91974c5]::string::String>>
[INFO] [stdout]   14:     0x606332858305 - test[aada8e7e76ba119b]::run_test::{closure#0}
[INFO] [stdout]   15:     0x606332851bf4 - std[617be2ca0a6fd877]::sys::backtrace::__rust_begin_short_backtrace::<test[aada8e7e76ba119b]::run_test::{closure#1}, ()>
[INFO] [stdout]   16:     0x60633285b392 - <std[617be2ca0a6fd877]::thread::lifecycle::spawn_unchecked<test[aada8e7e76ba119b]::run_test::{closure#1}, ()>::{closure#1} as core[a373ad73a504971]::ops::function::FnOnce<()>>::call_once::{shim:vtable#0}
[INFO] [stdout]   17:     0x6063328c5fef - <std[617be2ca0a6fd877]::sys::thread::unix::Thread>::new::thread_start
[INFO] [stdout]   18:     0x76de9f899dfa - <unknown>
[INFO] [stdout]   19:     0x76de9f92d3d4 - clone
[INFO] [stdout]   20:                0x0 - <unknown>
[INFO] [stdout] 
[INFO] [stdout] 
[INFO] [stdout] failures:
[INFO] [stdout]     replacing_a_plugin_library_hot_restarts_the_worker
[INFO] [stdout] 
[INFO] [stdout] test result: FAILED. 0 passed; 1 failed; 0 ignored; 0 measured; 0 filtered out; finished in 0.01s
[INFO] [stdout] 
[INFO] [stderr] error: test failed, to rerun pass `--test hmr`
[INFO] running `Command { std: "docker" "inspect" "720f2d4ac37062edb5fafd9ed1c0027601259bad73ccc154bd9cdccc9428085c", kill_on_drop: false }`
[INFO] running `Command { std: "docker" "rm" "-f" "720f2d4ac37062edb5fafd9ed1c0027601259bad73ccc154bd9cdccc9428085c", kill_on_drop: false }`
[INFO] [stdout] 720f2d4ac37062edb5fafd9ed1c0027601259bad73ccc154bd9cdccc9428085c
