[INFO] fetching crate cordance-scan 0.1.1...
[INFO] testing cordance-scan-0.1.1 against 1.99.0-beta.8+cargoflags=--release for beta-release-1.100-2
[INFO] extracting crate cordance-scan 0.1.1 into /workspace/builds/worker-1-tc1/source
[INFO] started tweaking crates.io crate cordance-scan 0.1.1
[INFO] removed 0 missing tests
[INFO] finished tweaking crates.io crate cordance-scan 0.1.1
[INFO] tweaked toml for crates.io crate cordance-scan 0.1.1 written to /workspace/builds/worker-1-tc1/source/Cargo.toml
[INFO] validating manifest of crates.io crate cordance-scan 0.1.1 on toolchain 1.99.0-beta.8
[INFO] running `Command { std: CARGO_HOME="/workspace/cargo-home" RUSTUP_HOME="/workspace/rustup-home" "/workspace/cargo-home/bin/cargo" "+1.99.0-beta.8" "metadata" "--manifest-path" "Cargo.toml" "--no-deps", kill_on_drop: false }`
[INFO] crate crates.io crate cordance-scan 0.1.1 already has a lockfile, it will not be regenerated
[INFO] running `Command { std: CARGO_HOME="/workspace/cargo-home" RUSTUP_HOME="/workspace/rustup-home" "/workspace/cargo-home/bin/cargo" "+1.99.0-beta.8" "fetch" "--manifest-path" "Cargo.toml", kill_on_drop: false }`
[INFO] [stderr]     Updating crates.io index
[INFO] [stderr]  Downloading crates ...
[INFO] [stderr]   Downloaded insta v1.47.2
[INFO] [stderr]   Downloaded cordance-core v0.1.1
[INFO] running `Command { std: "docker" "create" "-v" "/var/lib/crater-agent-workspace/builds/worker-1-tc1/source:/opt/rustwide/workdir:ro,Z" "-v" "/var/lib/crater-agent-workspace/builds/worker-1-tc1/target:/opt/rustwide/target:rw,Z" "-v" "/var/lib/crater-agent-workspace/cargo-home:/opt/rustwide/cargo-home:ro,Z" "-v" "/var/lib/crater-agent-workspace/rustup-home:/opt/rustwide/rustup-home:ro,Z" "-m" "1610612736" "--network" "none" "ghcr.io/rust-lang/crates-build-env/linux@sha256:77db811e55d90add9212f6832c23229e3de5f1c1f9905e8cb07319ea15df73ac" "sleep" "infinity", kill_on_drop: false }`
[INFO] [stdout] 00aefaa48755c3cec18975ee42e0eef8a7d42f7afbbdbb9c77cf798ce5bccbf5
[INFO] running `Command { std: "docker" "start" "00aefaa48755c3cec18975ee42e0eef8a7d42f7afbbdbb9c77cf798ce5bccbf5", kill_on_drop: false }`
[INFO] running `Command { std: "docker" "inspect" "00aefaa48755c3cec18975ee42e0eef8a7d42f7afbbdbb9c77cf798ce5bccbf5", kill_on_drop: false }`
[INFO] running `Command { std: "docker" "exec" "-e" "SOURCE_DIR=/opt/rustwide/workdir" "-e" "CARGO_HOME=/opt/rustwide/cargo-home" "-e" "RUSTUP_HOME=/opt/rustwide/rustup-home" "-e" "CARGO_TARGET_DIR=/opt/rustwide/target" "-w" "/opt/rustwide/workdir" "--user" "0:0" "00aefaa48755c3cec18975ee42e0eef8a7d42f7afbbdbb9c77cf798ce5bccbf5" "/opt/rustwide/cargo-home/bin/cargo" "+1.99.0-beta.8" "metadata" "--no-deps" "--format-version=1", kill_on_drop: false }`
[INFO] running `Command { std: "docker" "inspect" "00aefaa48755c3cec18975ee42e0eef8a7d42f7afbbdbb9c77cf798ce5bccbf5", kill_on_drop: false }`
[INFO] running `Command { std: "docker" "exec" "-e" "SOURCE_DIR=/opt/rustwide/workdir" "-e" "CARGO_HOME=/opt/rustwide/cargo-home" "-e" "RUSTUP_HOME=/opt/rustwide/rustup-home" "-e" "CARGO_TARGET_DIR=/opt/rustwide/target" "-e" "CARGO_INCREMENTAL=0" "-e" "RUST_BACKTRACE=full" "-e" "RUSTFLAGS=--cap-lints=warn" "-e" "RUSTDOCFLAGS=--cap-lints=warn" "-w" "/opt/rustwide/workdir" "--user" "0:0" "00aefaa48755c3cec18975ee42e0eef8a7d42f7afbbdbb9c77cf798ce5bccbf5" "/opt/rustwide/cargo-home/bin/cargo" "+1.99.0-beta.8" "build" "--frozen" "--message-format=json" "--release", kill_on_drop: false }`
[INFO] [stderr]    Compiling typenum v1.20.0
[INFO] [stderr]    Compiling aho-corasick v1.1.4
[INFO] [stderr]    Compiling serde_json v1.0.149
[INFO] [stderr]    Compiling bstr v1.12.1
[INFO] [stderr]    Compiling camino v1.2.2
[INFO] [stderr]    Compiling syn v2.0.117
[INFO] [stderr]    Compiling dirs-sys v0.4.1
[INFO] [stderr]    Compiling rayon v1.12.0
[INFO] [stderr]    Compiling dirs v5.0.1
[INFO] [stderr]    Compiling generic-array v0.14.7
[INFO] [stderr]    Compiling regex-automata v0.4.14
[INFO] [stderr]    Compiling block-buffer v0.10.4
[INFO] [stderr]    Compiling crypto-common v0.1.7
[INFO] [stderr]    Compiling digest v0.10.7
[INFO] [stderr]    Compiling sha2 v0.10.9
[INFO] [stderr]    Compiling serde_derive v1.0.228
[INFO] [stderr]    Compiling thiserror-impl v2.0.18
[INFO] [stderr]    Compiling tracing-attributes v0.1.31
[INFO] [stderr]    Compiling tracing v0.1.44
[INFO] [stderr]    Compiling thiserror v2.0.18
[INFO] [stderr]    Compiling globset v0.4.18
[INFO] [stderr]    Compiling ignore v0.4.25
[INFO] [stderr]    Compiling serde v1.0.228
[INFO] [stderr]    Compiling chrono v0.4.44
[INFO] [stderr]    Compiling cordance-core v0.1.1
[INFO] [stderr]    Compiling cordance-scan v0.1.1 (/opt/rustwide/workdir)
[INFO] [stderr]     Finished `release` profile [optimized] target(s) in 29.50s
[INFO] running `Command { std: "docker" "inspect" "00aefaa48755c3cec18975ee42e0eef8a7d42f7afbbdbb9c77cf798ce5bccbf5", kill_on_drop: false }`
[INFO] running `Command { std: "docker" "exec" "-e" "SOURCE_DIR=/opt/rustwide/workdir" "-e" "CARGO_HOME=/opt/rustwide/cargo-home" "-e" "RUSTUP_HOME=/opt/rustwide/rustup-home" "-e" "CARGO_TARGET_DIR=/opt/rustwide/target" "-e" "CARGO_INCREMENTAL=0" "-e" "RUST_BACKTRACE=full" "-e" "RUSTFLAGS=--cap-lints=warn" "-e" "RUSTDOCFLAGS=--cap-lints=warn" "-w" "/opt/rustwide/workdir" "--user" "0:0" "00aefaa48755c3cec18975ee42e0eef8a7d42f7afbbdbb9c77cf798ce5bccbf5" "/opt/rustwide/cargo-home/bin/cargo" "+1.99.0-beta.8" "test" "--frozen" "--no-run" "--message-format=json" "--release", kill_on_drop: false }`
[INFO] [stderr]    Compiling bitflags v2.11.1
[INFO] [stderr]    Compiling console v0.16.3
[INFO] [stderr]    Compiling similar v2.7.0
[INFO] [stderr]    Compiling rustix v1.1.4
[INFO] [stderr]    Compiling tempfile v3.27.0
[INFO] [stderr]    Compiling insta v1.47.2
[INFO] [stderr]    Compiling cordance-scan v0.1.1 (/opt/rustwide/workdir)
[INFO] [stderr]     Finished `release` profile [optimized] target(s) in 13.97s
[INFO] running `Command { std: "docker" "inspect" "00aefaa48755c3cec18975ee42e0eef8a7d42f7afbbdbb9c77cf798ce5bccbf5", kill_on_drop: false }`
[INFO] running `Command { std: "docker" "exec" "-e" "SOURCE_DIR=/opt/rustwide/workdir" "-e" "CARGO_HOME=/opt/rustwide/cargo-home" "-e" "RUSTUP_HOME=/opt/rustwide/rustup-home" "-e" "CARGO_TARGET_DIR=/opt/rustwide/target" "-e" "CARGO_INCREMENTAL=0" "-e" "RUST_BACKTRACE=full" "-e" "RUSTFLAGS=--cap-lints=warn" "-e" "RUSTDOCFLAGS=--cap-lints=warn" "-w" "/opt/rustwide/workdir" "--user" "0:0" "00aefaa48755c3cec18975ee42e0eef8a7d42f7afbbdbb9c77cf798ce5bccbf5" "/opt/rustwide/cargo-home/bin/cargo" "+1.99.0-beta.8" "test" "--frozen" "--release", kill_on_drop: false }`
[INFO] [stderr]     Finished `release` profile [optimized] target(s) in 0.11s
[INFO] [stderr]      Running unittests src/lib.rs (/opt/rustwide/target/release/deps/cordance_scan-8bc852fa078a7be6)
[INFO] [stdout] 
[INFO] [stdout] running 29 tests
[INFO] [stdout] test blocked::tests::db_suffix_only_matches_extension ... ok
[INFO] [stdout] test blocked::tests::git_internal_state_blocked ... ok
[INFO] [stdout] test blocked::tests::id_rsa_blocked ... ok
[INFO] [stdout] test blocked::tests::gitignore_at_root_not_blocked ... ok
[INFO] [stdout] test blocked::tests::log_suffix_blocked ... ok
[INFO] [stdout] test blocked::tests::capitalised_credentials_blocked ... ok
[INFO] [stdout] test blocked::tests::dot_git_is_exact_not_prefix ... ok
[INFO] [stdout] test blocked::tests::secret_prefix_and_suffix_blocked ... ok
[INFO] [stdout] test blocked::tests::secrets_and_credentials_blocked ... ok
[INFO] [stdout] test blocked::tests::block_reason_matches_is_blocked ... ok
[INFO] [stdout] test blocked::tests::bare_git_pointer_file_blocked ... ok
[INFO] [stdout] test blocked::tests::bare_repo_mirror_directories_not_blocked ... ok
[INFO] [stdout] test blocked::tests::dotenv_subdirectory_not_blocked ... ok
[INFO] [stdout] test blocked::tests::blocked_segments_are_ascii_case_insensitive ... ok
[INFO] [stdout] test blocked::tests::unrelated_cordance_prefix_not_blocked ... ok
[INFO] [stdout] test classifier::tests::release_gate_classified ... ok
[INFO] [stdout] test blocked::tests::upper_case_secret_prefix_blocked ... ok
[INFO] [stdout] test blocked::tests::segment_exact_blocking_does_not_over_block ... ok
[INFO] [stdout] test blocked::tests::block_reason_none_for_clean_paths ... ok
[INFO] [stdout] test hasher::tests::known_sha256_of_empty_file ... ok
[INFO] [stdout] test classifier::tests::adr_classified ... ok
[INFO] [stdout] test blocked::tests::dotenv_file_blocked ... ok
[INFO] [stdout] test classifier::tests::engineering_doctrine_principle_classified ... ok
[INFO] [stdout] test classifier::tests::windows_paths_normalised ... ok
[INFO] [stdout] test blocked::tests::cordance_internal_state_blocked ... ok
[INFO] [stdout] test blocked::tests::mid_name_caps_secret_blocked ... ok
[INFO] [stdout] test blocked::tests::os_junk_case_insensitive ... ok
[INFO] [stdout] test blocked::tests::repo_tracked_agent_file_not_blocked ... ok
[INFO] [stdout] test blocked::tests::runtime_session_blocked ... ok
[INFO] [stdout] 
[INFO] [stdout] test result: ok. 29 passed; 0 failed; 0 ignored; 0 measured; 0 filtered out; finished in 0.01s
[INFO] [stdout] 
[INFO] [stderr]      Running tests/walker.rs (/opt/rustwide/target/release/deps/walker-bce719a6b8f505bd)
[INFO] [stdout] 
[INFO] [stdout] running 7 tests
[INFO] [stdout] test blocked_path_not_read ... ok
[INFO] [stdout] test hash_failure_blocked_reason_does_not_leak_path ... FAILED
[INFO] [stdout] test sequential_path_works_for_small_fixture ... FAILED
[INFO] [stdout] test hash_failure_records_as_blocked_surface ... FAILED
[INFO] [stdout] test walk_minimal_rust_fixture ... FAILED
[INFO] [stdout] test results_are_sorted_by_path ... FAILED
[INFO] [stdout] test parallel_path_handles_300_files ... ok
[INFO] [stdout] 
[INFO] [stdout] failures:
[INFO] [stdout] 
[INFO] [stdout] ---- hash_failure_blocked_reason_does_not_leak_path stdout ----
[INFO] [stdout] 
[INFO] [stdout] thread 'hash_failure_blocked_reason_does_not_leak_path' (870) panicked at tests/walker.rs:224:5:
[INFO] [stdout] unreadable file must be blocked: SourceRecord { id: "unclassified:unreadable.bin", path: "unreadable.bin", class: Unclassified, sha256: "2bb80d537b1da3e38bd30361aa855686bde0eacd7162fef6a25fe97bf527a25b", size_bytes: 6, modified: Some(2026-10-18T06:38:24.500478876Z), blocked: false, blocked_reason: None }
[INFO] [stdout] stack backtrace:
[INFO] [stdout]    0:     0x5f6c07d1cde1 - <<std[70759c8f55707aa4]::sys::backtrace::BacktraceLock>::print::DisplayBacktrace as core[df12db4294e9bfd3]::fmt::Display>::fmt
[INFO] [stdout]    1:     0x5f6c07d32a9a - core[df12db4294e9bfd3]::fmt::write
[INFO] [stdout]    2:     0x5f6c07d215bc - <alloc[2182bb758b4b3781]::vec::Vec<u8> as core[df12db4294e9bfd3]::io::write::Write>::write_fmt
[INFO] [stdout]    3:     0x5f6c07cf6d56 - std[70759c8f55707aa4]::panicking::default_hook::{closure#0}
[INFO] [stdout]    4:     0x5f6c07d14419 - std[70759c8f55707aa4]::panicking::default_hook
[INFO] [stdout]    5:     0x5f6c07b9a4e0 - test[9d35eded1c95d3be]::test_main_inner::<test[9d35eded1c95d3be]::test_main_static::{closure#0}>::{closure#0}
[INFO] [stdout]    6:     0x5f6c07d14742 - std[70759c8f55707aa4]::panicking::panic_with_hook
[INFO] [stdout]    7:     0x5f6c07cf6e02 - std[70759c8f55707aa4]::panicking::panic_handler::{closure#0}
[INFO] [stdout]    8:     0x5f6c07cef9c9 - std[70759c8f55707aa4]::sys::backtrace::__rust_end_short_backtrace::<std[70759c8f55707aa4]::panicking::panic_handler::{closure#0}, !>
[INFO] [stdout]    9:     0x5f6c07cf7abd - __rustc[8fa7c3cbc660c2b3]::rust_begin_unwind
[INFO] [stdout]   10:     0x5f6c07d3327c - core[df12db4294e9bfd3]::panicking::panic_fmt
[INFO] [stdout]   11:     0x5f6c07b8bf2d - <walker[8ce53fdabe4668b0]::hash_failure_blocked_reason_does_not_leak_path::{closure#0} as core[df12db4294e9bfd3]::ops::function::FnOnce<()>>::call_once
[INFO] [stdout]   12:     0x5f6c07b8d7cb - test[9d35eded1c95d3be]::__rust_begin_short_backtrace::<core[df12db4294e9bfd3]::result::Result<(), alloc[2182bb758b4b3781]::string::String>, fn() -> core[df12db4294e9bfd3]::result::Result<(), alloc[2182bb758b4b3781]::string::String>>
[INFO] [stdout]   13:     0x5f6c07b9ae35 - test[9d35eded1c95d3be]::run_test::{closure#0}
[INFO] [stdout]   14:     0x5f6c07b946f4 - std[70759c8f55707aa4]::sys::backtrace::__rust_begin_short_backtrace::<test[9d35eded1c95d3be]::run_test::{closure#1}, ()>
[INFO] [stdout]   15:     0x5f6c07b9df92 - <std[70759c8f55707aa4]::thread::lifecycle::spawn_unchecked<test[9d35eded1c95d3be]::run_test::{closure#1}, ()>::{closure#1} as core[df12db4294e9bfd3]::ops::function::FnOnce<()>>::call_once::{shim:vtable#0}
[INFO] [stdout]   16:     0x5f6c07d1c489 - <std[70759c8f55707aa4]::sys::thread::unix::Thread>::new::thread_start
[INFO] [stdout]   17:     0x7bfd4746ddfa - <unknown>
[INFO] [stdout]   18:     0x7bfd475013d4 - clone
[INFO] [stdout]   19:                0x0 - <unknown>
[INFO] [stdout] 
[INFO] [stdout] ---- sequential_path_works_for_small_fixture stdout ----
[INFO] [stdout] 
[INFO] [stdout] thread 'sequential_path_works_for_small_fixture' (874) panicked at tests/walker.rs:116:31:
[INFO] [stdout] walk should succeed: Io { path: "/opt/rustwide/workdir/../../fixtures/scan/minimal-rust", source: Kind(NotFound) }
[INFO] [stdout] stack backtrace:
[INFO] [stdout]    0:     0x5f6c07d1cde1 - <<std[70759c8f55707aa4]::sys::backtrace::BacktraceLock>::print::DisplayBacktrace as core[df12db4294e9bfd3]::fmt::Display>::fmt
[INFO] [stdout]    1:     0x5f6c07d32a9a - core[df12db4294e9bfd3]::fmt::write
[INFO] [stdout]    2:     0x5f6c07d215bc - <alloc[2182bb758b4b3781]::vec::Vec<u8> as core[df12db4294e9bfd3]::io::write::Write>::write_fmt
[INFO] [stdout]    3:     0x5f6c07cf6d56 - std[70759c8f55707aa4]::panicking::default_hook::{closure#0}
[INFO] [stdout]    4:     0x5f6c07d14419 - std[70759c8f55707aa4]::panicking::default_hook
[INFO] [stdout]    5:     0x5f6c07b9a4e0 - test[9d35eded1c95d3be]::test_main_inner::<test[9d35eded1c95d3be]::test_main_static::{closure#0}>::{closure#0}
[INFO] [stdout]    6:     0x5f6c07d14742 - std[70759c8f55707aa4]::panicking::panic_with_hook
[INFO] [stdout]    7:     0x5f6c07cf6e02 - std[70759c8f55707aa4]::panicking::panic_handler::{closure#0}
[INFO] [stdout]    8:     0x5f6c07cef9c9 - std[70759c8f55707aa4]::sys::backtrace::__rust_end_short_backtrace::<std[70759c8f55707aa4]::panicking::panic_handler::{closure#0}, !>
[INFO] [stdout]    9:     0x5f6c07cf7abd - __rustc[8fa7c3cbc660c2b3]::rust_begin_unwind
[INFO] [stdout]   10:     0x5f6c07d3327c - core[df12db4294e9bfd3]::panicking::panic_fmt
[INFO] [stdout]   11:     0x5f6c07d33052 - core[df12db4294e9bfd3]::result::unwrap_failed
[INFO] [stdout]   12:     0x5f6c07b8b9a8 - <walker[8ce53fdabe4668b0]::sequential_path_works_for_small_fixture::{closure#0} as core[df12db4294e9bfd3]::ops::function::FnOnce<()>>::call_once
[INFO] [stdout]   13:     0x5f6c07b8d7cb - test[9d35eded1c95d3be]::__rust_begin_short_backtrace::<core[df12db4294e9bfd3]::result::Result<(), alloc[2182bb758b4b3781]::string::String>, fn() -> core[df12db4294e9bfd3]::result::Result<(), alloc[2182bb758b4b3781]::string::String>>
[INFO] [stdout]   14:     0x5f6c07b9ae35 - test[9d35eded1c95d3be]::run_test::{closure#0}
[INFO] [stdout]   15:     0x5f6c07b946f4 - std[70759c8f55707aa4]::sys::backtrace::__rust_begin_short_backtrace::<test[9d35eded1c95d3be]::run_test::{closure#1}, ()>
[INFO] [stdout]   16:     0x5f6c07b9df92 - <std[70759c8f55707aa4]::thread::lifecycle::spawn_unchecked<test[9d35eded1c95d3be]::run_test::{closure#1}, ()>::{closure#1} as core[df12db4294e9bfd3]::ops::function::FnOnce<()>>::call_once::{shim:vtable#0}
[INFO] [stdout]   17:     0x5f6c07d1c489 - <std[70759c8f55707aa4]::sys::thread::unix::Thread>::new::thread_start
[INFO] [stdout]   18:     0x7bfd4746ddfa - <unknown>
[INFO] [stdout]   19:     0x7bfd475013d4 - clone
[INFO] [stdout]   20:                0x0 - <unknown>
[INFO] [stdout] 
[INFO] [stdout] ---- hash_failure_records_as_blocked_surface stdout ----
[INFO] [stdout] 
[INFO] [stdout] thread 'hash_failure_records_as_blocked_surface' (871) panicked at tests/walker.rs:166:9:
[INFO] [stdout] expected blocked record for unreadable file, got SourceRecord { id: "unclassified:locked.bin", path: "locked.bin", class: Unclassified, sha256: "2d711642b726b04401627ca9fbac32f5c8530fb1903cc4db02258717921a4881", size_bytes: 1, modified: Some(2026-10-18T06:38:24.502478874Z), blocked: false, blocked_reason: None }
[INFO] [stdout] stack backtrace:
[INFO] [stdout]    0:     0x5f6c07d1cde1 - <<std[70759c8f55707aa4]::sys::backtrace::BacktraceLock>::print::DisplayBacktrace as core[df12db4294e9bfd3]::fmt::Display>::fmt
[INFO] [stdout]    1:     0x5f6c07d32a9a - core[df12db4294e9bfd3]::fmt::write
[INFO] [stdout]    2:     0x5f6c07d215bc - <alloc[2182bb758b4b3781]::vec::Vec<u8> as core[df12db4294e9bfd3]::io::write::Write>::write_fmt
[INFO] [stdout]    3:     0x5f6c07cf6d56 - std[70759c8f55707aa4]::panicking::default_hook::{closure#0}
[INFO] [stdout]    4:     0x5f6c07d14419 - std[70759c8f55707aa4]::panicking::default_hook
[INFO] [stdout]    5:     0x5f6c07b9a4e0 - test[9d35eded1c95d3be]::test_main_inner::<test[9d35eded1c95d3be]::test_main_static::{closure#0}>::{closure#0}
[INFO] [stdout]    6:     0x5f6c07d14742 - std[70759c8f55707aa4]::panicking::panic_with_hook
[INFO] [stdout]    7:     0x5f6c07cf6e02 - std[70759c8f55707aa4]::panicking::panic_handler::{closure#0}
[INFO] [stdout]    8:     0x5f6c07cef9c9 - std[70759c8f55707aa4]::sys::backtrace::__rust_end_short_backtrace::<std[70759c8f55707aa4]::panicking::panic_handler::{closure#0}, !>
[INFO] [stdout]    9:     0x5f6c07cf7abd - __rustc[8fa7c3cbc660c2b3]::rust_begin_unwind
[INFO] [stdout]   10:     0x5f6c07d3327c - core[df12db4294e9bfd3]::panicking::panic_fmt
[INFO] [stdout]   11:     0x5f6c07b8b6bd - <walker[8ce53fdabe4668b0]::hash_failure_records_as_blocked_surface::{closure#0} as core[df12db4294e9bfd3]::ops::function::FnOnce<()>>::call_once
[INFO] [stdout]   12:     0x5f6c07b8d7cb - test[9d35eded1c95d3be]::__rust_begin_short_backtrace::<core[df12db4294e9bfd3]::result::Result<(), alloc[2182bb758b4b3781]::string::String>, fn() -> core[df12db4294e9bfd3]::result::Result<(), alloc[2182bb758b4b3781]::string::String>>
[INFO] [stdout]   13:     0x5f6c07b9ae35 - test[9d35eded1c95d3be]::run_test::{closure#0}
[INFO] [stdout]   14:     0x5f6c07b946f4 - std[70759c8f55707aa4]::sys::backtrace::__rust_begin_short_backtrace::<test[9d35eded1c95d3be]::run_test::{closure#1}, ()>
[INFO] [stdout]   15:     0x5f6c07b9df92 - <std[70759c8f55707aa4]::thread::lifecycle::spawn_unchecked<test[9d35eded1c95d3be]::run_test::{closure#1}, ()>::{closure#1} as core[df12db4294e9bfd3]::ops::function::FnOnce<()>>::call_once::{shim:vtable#0}
[INFO] [stdout]   16:     0x5f6c07d1c489 - <std[70759c8f55707aa4]::sys::thread::unix::Thread>::new::thread_start
[INFO] [stdout]   17:     0x7bfd4746ddfa - <unknown>
[INFO] [stdout]   18:     0x7bfd475013d4 - clone
[INFO] [stdout]   19:                0x0 - <unknown>
[INFO] [stdout] 
[INFO] [stdout] ---- walk_minimal_rust_fixture stdout ----
[INFO] [stdout] 
[INFO] [stdout] thread 'walk_minimal_rust_fixture' (875) panicked at tests/walker.rs:18:31:
[INFO] [stdout] walk should succeed: Io { path: "/opt/rustwide/workdir/../../fixtures/scan/minimal-rust", source: Kind(NotFound) }
[INFO] [stdout] stack backtrace:
[INFO] [stdout]    0:     0x5f6c07d1cde1 - <<std[70759c8f55707aa4]::sys::backtrace::BacktraceLock>::print::DisplayBacktrace as core[df12db4294e9bfd3]::fmt::Display>::fmt
[INFO] [stdout]    1:     0x5f6c07d32a9a - core[df12db4294e9bfd3]::fmt::write
[INFO] [stdout]    2:     0x5f6c07d215bc - <alloc[2182bb758b4b3781]::vec::Vec<u8> as core[df12db4294e9bfd3]::io::write::Write>::write_fmt
[INFO] [stdout]    3:     0x5f6c07cf6d56 - std[70759c8f55707aa4]::panicking::default_hook::{closure#0}
[INFO] [stdout]    4:     0x5f6c07d14419 - std[70759c8f55707aa4]::panicking::default_hook
[INFO] [stdout]    5:     0x5f6c07b9a4e0 - test[9d35eded1c95d3be]::test_main_inner::<test[9d35eded1c95d3be]::test_main_static::{closure#0}>::{closure#0}
[INFO] [stdout]    6:     0x5f6c07d14742 - std[70759c8f55707aa4]::panicking::panic_with_hook
[INFO] [stdout]    7:     0x5f6c07cf6e02 - std[70759c8f55707aa4]::panicking::panic_handler::{closure#0}
[INFO] [stdout]    8:     0x5f6c07cef9c9 - std[70759c8f55707aa4]::sys::backtrace::__rust_end_short_backtrace::<std[70759c8f55707aa4]::panicking::panic_handler::{closure#0}, !>
[INFO] [stdout]    9:     0x5f6c07cf7abd - __rustc[8fa7c3cbc660c2b3]::rust_begin_unwind
[INFO] [stdout]   10:     0x5f6c07d3327c - core[df12db4294e9bfd3]::panicking::panic_fmt
[INFO] [stdout]   11:     0x5f6c07d33052 - core[df12db4294e9bfd3]::result::unwrap_failed
[INFO] [stdout]   12:     0x5f6c07b8a4f6 - <walker[8ce53fdabe4668b0]::walk_minimal_rust_fixture::{closure#0} as core[df12db4294e9bfd3]::ops::function::FnOnce<()>>::call_once
[INFO] [stdout]   13:     0x5f6c07b8d7cb - test[9d35eded1c95d3be]::__rust_begin_short_backtrace::<core[df12db4294e9bfd3]::result::Result<(), alloc[2182bb758b4b3781]::string::String>, fn() -> core[df12db4294e9bfd3]::result::Result<(), alloc[2182bb758b4b3781]::string::String>>
[INFO] [stdout]   14:     0x5f6c07b9ae35 - test[9d35eded1c95d3be]::run_test::{closure#0}
[INFO] [stdout]   15:     0x5f6c07b946f4 - std[70759c8f55707aa4]::sys::backtrace::__rust_begin_short_backtrace::<test[9d35eded1c95d3be]::run_test::{closure#1}, ()>
[INFO] [stdout]   16:     0x5f6c07b9df92 - <std[70759c8f55707aa4]::thread::lifecycle::spawn_unchecked<test[9d35eded1c95d3be]::run_test::{closure#1}, ()>::{closure#1} as core[df12db4294e9bfd3]::ops::function::FnOnce<()>>::call_once::{shim:vtable#0}
[INFO] [stdout]   17:     0x5f6c07d1c489 - <std[70759c8f55707aa4]::sys::thread::unix::Thread>::new::thread_start
[INFO] [stdout]   18:     0x7bfd4746ddfa - <unknown>
[INFO] [stdout]   19:     0x7bfd475013d4 - clone
[INFO] [stdout]   20:                0x0 - <unknown>
[INFO] [stdout] 
[INFO] [stdout] ---- results_are_sorted_by_path stdout ----
[INFO] [stdout] 
[INFO] [stdout] thread 'results_are_sorted_by_path' (873) panicked at tests/walker.rs:102:31:
[INFO] [stdout] walk should succeed: Io { path: "/opt/rustwide/workdir/../../fixtures/scan/minimal-rust", source: Kind(NotFound) }
[INFO] [stdout] stack backtrace:
[INFO] [stdout]    0:     0x5f6c07d1cde1 - <<std[70759c8f55707aa4]::sys::backtrace::BacktraceLock>::print::DisplayBacktrace as core[df12db4294e9bfd3]::fmt::Display>::fmt
[INFO] [stdout]    1:     0x5f6c07d32a9a - core[df12db4294e9bfd3]::fmt::write
[INFO] [stdout]    2:     0x5f6c07d215bc - <alloc[2182bb758b4b3781]::vec::Vec<u8> as core[df12db4294e9bfd3]::io::write::Write>::write_fmt
[INFO] [stdout]    3:     0x5f6c07cf6d56 - std[70759c8f55707aa4]::panicking::default_hook::{closure#0}
[INFO] [stdout]    4:     0x5f6c07d14419 - std[70759c8f55707aa4]::panicking::default_hook
[INFO] [stdout]    5:     0x5f6c07b9a4e0 - test[9d35eded1c95d3be]::test_main_inner::<test[9d35eded1c95d3be]::test_main_static::{closure#0}>::{closure#0}
[INFO] [stdout]    6:     0x5f6c07d14742 - std[70759c8f55707aa4]::panicking::panic_with_hook
[INFO] [stdout]    7:     0x5f6c07cf6e02 - std[70759c8f55707aa4]::panicking::panic_handler::{closure#0}
[INFO] [stdout]    8:     0x5f6c07cef9c9 - std[70759c8f55707aa4]::sys::backtrace::__rust_end_short_backtrace::<std[70759c8f55707aa4]::panicking::panic_handler::{closure#0}, !>
[INFO] [stdout]    9:     0x5f6c07cf7abd - __rustc[8fa7c3cbc660c2b3]::rust_begin_unwind
[INFO] [stdout]   10:     0x5f6c07d3327c - core[df12db4294e9bfd3]::panicking::panic_fmt
[INFO] [stdout]   11:     0x5f6c07d33052 - core[df12db4294e9bfd3]::result::unwrap_failed
[INFO] [stdout]   12:     0x5f6c07b8a8fd - <walker[8ce53fdabe4668b0]::results_are_sorted_by_path::{closure#0} as core[df12db4294e9bfd3]::ops::function::FnOnce<()>>::call_once
[INFO] [stdout]   13:     0x5f6c07b8d7cb - test[9d35eded1c95d3be]::__rust_begin_short_backtrace::<core[df12db4294e9bfd3]::result::Result<(), alloc[2182bb758b4b3781]::string::String>, fn() -> core[df12db4294e9bfd3]::result::Result<(), alloc[2182bb758b4b3781]::string::String>>
[INFO] [stdout]   14:     0x5f6c07b9ae35 - test[9d35eded1c95d3be]::run_test::{closure#0}
[INFO] [stdout]   15:     0x5f6c07b946f4 - std[70759c8f55707aa4]::sys::backtrace::__rust_begin_short_backtrace::<test[9d35eded1c95d3be]::run_test::{closure#1}, ()>
[INFO] [stdout]   16:     0x5f6c07b9df92 - <std[70759c8f55707aa4]::thread::lifecycle::spawn_unchecked<test[9d35eded1c95d3be]::run_test::{closure#1}, ()>::{closure#1} as core[df12db4294e9bfd3]::ops::function::FnOnce<()>>::call_once::{shim:vtable#0}
[INFO] [stdout]   17:     0x5f6c07d1c489 - <std[70759c8f55707aa4]::sys::thread::unix::Thread>::new::thread_start
[INFO] [stdout]   18:     0x7bfd4746ddfa - <unknown>
[INFO] [stdout]   19:     0x7bfd475013d4 - clone
[INFO] [stdout]   20:                0x0 - <unknown>
[INFO] [stdout] 
[INFO] [stdout] 
[INFO] [stdout] failures:
[INFO] [stdout]     hash_failure_blocked_reason_does_not_leak_path
[INFO] [stdout]     hash_failure_records_as_blocked_surface
[INFO] [stdout]     results_are_sorted_by_path
[INFO] [stdout]     sequential_path_works_for_small_fixture
[INFO] [stdout]     walk_minimal_rust_fixture
[INFO] [stdout] 
[INFO] [stdout] test result: FAILED. 2 passed; 5 failed; 0 ignored; 0 measured; 0 filtered out; finished in 0.11s
[INFO] [stdout] 
[INFO] [stderr] error: test failed, to rerun pass `--test walker`
[INFO] running `Command { std: "docker" "inspect" "00aefaa48755c3cec18975ee42e0eef8a7d42f7afbbdbb9c77cf798ce5bccbf5", kill_on_drop: false }`
[INFO] running `Command { std: "docker" "rm" "-f" "00aefaa48755c3cec18975ee42e0eef8a7d42f7afbbdbb9c77cf798ce5bccbf5", kill_on_drop: false }`
[INFO] [stdout] 00aefaa48755c3cec18975ee42e0eef8a7d42f7afbbdbb9c77cf798ce5bccbf5
