[INFO] fetching crate corcept-runtime 0.6.0-pre...
[INFO] testing corcept-runtime-0.6.0-pre against 1.100.0-beta.1+cargoflags=--release for beta-release-1.100-2
[INFO] extracting crate corcept-runtime 0.6.0-pre into /workspace/builds/worker-0-tc2/source
[INFO] started tweaking crates.io crate corcept-runtime 0.6.0-pre
[INFO] removed 0 missing tests
[INFO] finished tweaking crates.io crate corcept-runtime 0.6.0-pre
[INFO] tweaked toml for crates.io crate corcept-runtime 0.6.0-pre written to /workspace/builds/worker-0-tc2/source/Cargo.toml
[INFO] validating manifest of crates.io crate corcept-runtime 0.6.0-pre on toolchain 1.100.0-beta.1
[INFO] running `Command { std: CARGO_HOME="/workspace/cargo-home" RUSTUP_HOME="/workspace/rustup-home" "/workspace/cargo-home/bin/cargo" "+1.100.0-beta.1" "metadata" "--manifest-path" "Cargo.toml" "--no-deps", kill_on_drop: false }`
[INFO] crate crates.io crate corcept-runtime 0.6.0-pre already has a lockfile, it will not be regenerated
[INFO] running `Command { std: CARGO_HOME="/workspace/cargo-home" RUSTUP_HOME="/workspace/rustup-home" "/workspace/cargo-home/bin/cargo" "+1.100.0-beta.1" "fetch" "--manifest-path" "Cargo.toml", kill_on_drop: false }`
[INFO] [stderr] warning: `package.homepage` is redundant with `package.repository`
[INFO] [stderr]   --> Cargo.toml:61:12
[INFO] [stderr]    |
[INFO] [stderr] 61 | homepage = "https://github.com/0ryant/corcept"
[INFO] [stderr]    |            ^^^^^^^^^^^^^^^^^^^^^^^^^^^^^^^^^^^
[INFO] [stderr] ...
[INFO] [stderr] 67 | repository = "https://github.com/0ryant/corcept"
[INFO] [stderr]    |              -----------------------------------
[INFO] [stderr]    |
[INFO] [stderr]    = note: `cargo::redundant_homepage` is set to `warn` by default
[INFO] [stderr] help: consider removing `package.homepage`
[INFO] [stderr] warning: `corcept-runtime` (manifest) generated 1 warning
[INFO] running `Command { std: "docker" "create" "-v" "/var/lib/crater-agent-workspace/builds/worker-0-tc2/source:/opt/rustwide/workdir:ro,Z" "-v" "/var/lib/crater-agent-workspace/builds/worker-0-tc2/target:/opt/rustwide/target:rw,Z" "-v" "/var/lib/crater-agent-workspace/cargo-home:/opt/rustwide/cargo-home:ro,Z" "-v" "/var/lib/crater-agent-workspace/rustup-home:/opt/rustwide/rustup-home:ro,Z" "-m" "1610612736" "--network" "none" "ghcr.io/rust-lang/crates-build-env/linux@sha256:77db811e55d90add9212f6832c23229e3de5f1c1f9905e8cb07319ea15df73ac" "sleep" "infinity", kill_on_drop: false }`
[INFO] [stdout] 8aa7ca4fa14c43a7614e869ab9304bedba6f3a784f09ec5178609f17e729eb51
[INFO] running `Command { std: "docker" "start" "8aa7ca4fa14c43a7614e869ab9304bedba6f3a784f09ec5178609f17e729eb51", kill_on_drop: false }`
[INFO] running `Command { std: "docker" "inspect" "8aa7ca4fa14c43a7614e869ab9304bedba6f3a784f09ec5178609f17e729eb51", kill_on_drop: false }`
[INFO] running `Command { std: "docker" "exec" "-e" "SOURCE_DIR=/opt/rustwide/workdir" "-e" "CARGO_HOME=/opt/rustwide/cargo-home" "-e" "RUSTUP_HOME=/opt/rustwide/rustup-home" "-e" "CARGO_TARGET_DIR=/opt/rustwide/target" "-w" "/opt/rustwide/workdir" "--user" "0:0" "8aa7ca4fa14c43a7614e869ab9304bedba6f3a784f09ec5178609f17e729eb51" "/opt/rustwide/cargo-home/bin/cargo" "+1.100.0-beta.1" "metadata" "--no-deps" "--format-version=1", kill_on_drop: false }`
[INFO] running `Command { std: "docker" "inspect" "8aa7ca4fa14c43a7614e869ab9304bedba6f3a784f09ec5178609f17e729eb51", kill_on_drop: false }`
[INFO] running `Command { std: "docker" "exec" "-e" "SOURCE_DIR=/opt/rustwide/workdir" "-e" "CARGO_HOME=/opt/rustwide/cargo-home" "-e" "RUSTUP_HOME=/opt/rustwide/rustup-home" "-e" "CARGO_TARGET_DIR=/opt/rustwide/target" "-e" "CARGO_INCREMENTAL=0" "-e" "RUST_BACKTRACE=full" "-e" "RUSTFLAGS=--cap-lints=warn" "-e" "RUSTDOCFLAGS=--cap-lints=warn" "-w" "/opt/rustwide/workdir" "--user" "0:0" "8aa7ca4fa14c43a7614e869ab9304bedba6f3a784f09ec5178609f17e729eb51" "/opt/rustwide/cargo-home/bin/cargo" "+1.100.0-beta.1" "build" "--frozen" "--message-format=json" "--release", kill_on_drop: false }`
[INFO] [stderr] warning: `package.homepage` is redundant with `package.repository`
[INFO] [stderr]   --> Cargo.toml:61:12
[INFO] [stderr]    |
[INFO] [stderr] 61 | homepage = "https://github.com/0ryant/corcept"
[INFO] [stderr]    |            ^^^^^^^^^^^^^^^^^^^^^^^^^^^^^^^^^^^
[INFO] [stderr] ...
[INFO] [stderr] 67 | repository = "https://github.com/0ryant/corcept"
[INFO] [stderr]    |              -----------------------------------
[INFO] [stderr]    |
[INFO] [stderr]    = note: `cargo::redundant_homepage` is set to `warn` by default
[INFO] [stderr] help: consider removing `package.homepage`
[INFO] [stderr] warning: `corcept-runtime` (manifest) generated 1 warning
[INFO] [stderr]    Compiling num-traits v0.2.19
[INFO] [stderr]    Compiling typenum v1.20.0
[INFO] [stderr]    Compiling futures-sink v0.3.32
[INFO] [stderr]    Compiling syn v2.0.117
[INFO] [stderr]    Compiling serde_json v1.0.149
[INFO] [stderr]    Compiling uuid v1.23.1
[INFO] [stderr]    Compiling tokio v1.52.3
[INFO] [stderr]    Compiling signature v2.2.0
[INFO] [stderr]    Compiling zeroize v1.8.2
[INFO] [stderr]    Compiling ref-cast v1.0.25
[INFO] [stderr]    Compiling ahash v0.8.12
[INFO] [stderr]    Compiling tracing v0.1.44
[INFO] [stderr]    Compiling getrandom v0.3.4
[INFO] [stderr]    Compiling rand v0.8.6
[INFO] [stderr]    Compiling bit-vec v0.8.0
[INFO] [stderr]    Compiling borrow-or-share v0.2.4
[INFO] [stderr]    Compiling futures-util v0.3.32
[INFO] [stderr]    Compiling futures-channel v0.3.32
[INFO] [stderr]    Compiling ed25519 v2.2.3
[INFO] [stderr]    Compiling regex-automata v0.4.14
[INFO] [stderr]    Compiling http-body-util v0.1.3
[INFO] [stderr]    Compiling vsimd v0.8.0
[INFO] [stderr]    Compiling outref v0.5.2
[INFO] [stderr]    Compiling bytecount v0.6.9
[INFO] [stderr]    Compiling num-cmp v0.1.0
[INFO] [stderr]    Compiling corcept-doctrine v0.6.0-pre
[INFO] [stderr]    Compiling bit-set v0.8.0
[INFO] [stderr]    Compiling num-integer v0.1.46
[INFO] [stderr]    Compiling num-complex v0.4.6
[INFO] [stderr]    Compiling num-bigint v0.4.6
[INFO] [stderr]    Compiling num-iter v0.1.45
[INFO] [stderr]    Compiling uuid-simd v0.8.0
[INFO] [stderr]    Compiling generic-array v0.14.7
[INFO] [stderr]    Compiling crypto-common v0.1.7
[INFO] [stderr]    Compiling block-buffer v0.10.4
[INFO] [stderr]    Compiling digest v0.10.7
[INFO] [stderr]    Compiling sha2 v0.10.9
[INFO] [stderr]    Compiling num-rational v0.4.2
[INFO] [stderr]    Compiling num v0.4.3
[INFO] [stderr]    Compiling fraction v0.15.4
[INFO] [stderr]    Compiling hyper v1.9.0
[INFO] [stderr]    Compiling tower v0.5.3
[INFO] [stderr]    Compiling fancy-regex v0.14.0
[INFO] [stderr]    Compiling hyper-util v0.1.20
[INFO] [stderr]    Compiling synstructure v0.13.2
[INFO] [stderr]    Compiling zerofrom-derive v0.1.7
[INFO] [stderr]    Compiling yoke-derive v0.8.2
[INFO] [stderr]    Compiling serde_derive v1.0.228
[INFO] [stderr]    Compiling zerovec-derive v0.11.3
[INFO] [stderr]    Compiling displaydoc v0.2.5
[INFO] [stderr]    Compiling curve25519-dalek-derive v0.1.1
[INFO] [stderr]    Compiling ref-cast-impl v1.0.25
[INFO] [stderr]    Compiling curve25519-dalek v4.1.3
[INFO] [stderr]    Compiling zerofrom v0.1.8
[INFO] [stderr]    Compiling yoke v0.8.2
[INFO] [stderr]    Compiling zerovec v0.11.6
[INFO] [stderr]    Compiling zerotrie v0.2.4
[INFO] [stderr]    Compiling ed25519-dalek v2.2.0
[INFO] [stderr]    Compiling tinystr v0.8.3
[INFO] [stderr]    Compiling potential_utf v0.1.5
[INFO] [stderr]    Compiling icu_collections v2.2.0
[INFO] [stderr]    Compiling icu_locale_core v2.2.0
[INFO] [stderr]    Compiling icu_provider v2.2.0
[INFO] [stderr]    Compiling serde v1.0.228
[INFO] [stderr]    Compiling icu_normalizer v2.2.0
[INFO] [stderr]    Compiling icu_properties v2.2.0
[INFO] [stderr]    Compiling chrono v0.4.44
[INFO] [stderr]    Compiling corcept-types v0.6.0-pre
[INFO] [stderr]    Compiling fluent-uri v0.3.2
[INFO] [stderr]    Compiling serde_urlencoded v0.7.1
[INFO] [stderr]    Compiling email_address v0.2.9
[INFO] [stderr]    Compiling serde_yaml v0.9.34+deprecated
[INFO] [stderr]    Compiling referencing v0.26.2
[INFO] [stderr]    Compiling idna_adapter v1.2.2
[INFO] [stderr]    Compiling idna v1.1.0
[INFO] [stderr]    Compiling url v2.5.8
[INFO] [stderr]    Compiling corcept-ledger v0.6.0-pre
[INFO] [stderr]    Compiling corcept-memory v0.6.0-pre
[INFO] [stderr]    Compiling corcept-sink-cloudevents v0.6.0-pre
[INFO] [stderr]    Compiling corcept-guards v0.6.0-pre
[INFO] [stderr]    Compiling tower-http v0.6.11
[INFO] [stderr]    Compiling corcept-sink v0.6.0-pre
[INFO] [stderr]    Compiling reqwest v0.12.28
[INFO] [stderr]    Compiling jsonschema v0.26.2
[INFO] [stderr]    Compiling corcept-contract v0.6.0-pre
[INFO] [stderr]    Compiling corcept-runtime v0.6.0-pre (/opt/rustwide/workdir)
[INFO] [stderr]     Finished `release` profile [optimized] target(s) in 1m 02s
[INFO] running `Command { std: "docker" "inspect" "8aa7ca4fa14c43a7614e869ab9304bedba6f3a784f09ec5178609f17e729eb51", kill_on_drop: false }`
[INFO] running `Command { std: "docker" "exec" "-e" "SOURCE_DIR=/opt/rustwide/workdir" "-e" "CARGO_HOME=/opt/rustwide/cargo-home" "-e" "RUSTUP_HOME=/opt/rustwide/rustup-home" "-e" "CARGO_TARGET_DIR=/opt/rustwide/target" "-e" "CARGO_INCREMENTAL=0" "-e" "RUST_BACKTRACE=full" "-e" "RUSTFLAGS=--cap-lints=warn" "-e" "RUSTDOCFLAGS=--cap-lints=warn" "-w" "/opt/rustwide/workdir" "--user" "0:0" "8aa7ca4fa14c43a7614e869ab9304bedba6f3a784f09ec5178609f17e729eb51" "/opt/rustwide/cargo-home/bin/cargo" "+1.100.0-beta.1" "test" "--frozen" "--no-run" "--message-format=json" "--release", kill_on_drop: false }`
[INFO] [stderr] warning: `package.homepage` is redundant with `package.repository`
[INFO] [stderr]   --> Cargo.toml:61:12
[INFO] [stderr]    |
[INFO] [stderr] 61 | homepage = "https://github.com/0ryant/corcept"
[INFO] [stderr]    |            ^^^^^^^^^^^^^^^^^^^^^^^^^^^^^^^^^^^
[INFO] [stderr] ...
[INFO] [stderr] 67 | repository = "https://github.com/0ryant/corcept"
[INFO] [stderr]    |              -----------------------------------
[INFO] [stderr]    |
[INFO] [stderr]    = note: `cargo::redundant_homepage` is set to `warn` by default
[INFO] [stderr] help: consider removing `package.homepage`
[INFO] [stderr] warning: `corcept-runtime` (manifest) generated 1 warning
[INFO] [stderr]    Compiling tower-http v0.6.11
[INFO] [stderr]    Compiling reqwest v0.12.28
[INFO] [stderr]    Compiling jsonschema v0.26.2
[INFO] [stderr]    Compiling corcept-contract v0.6.0-pre
[INFO] [stderr]    Compiling corcept-runtime v0.6.0-pre (/opt/rustwide/workdir)
[INFO] [stderr]     Finished `release` profile [optimized] target(s) in 29.41s
[INFO] running `Command { std: "docker" "inspect" "8aa7ca4fa14c43a7614e869ab9304bedba6f3a784f09ec5178609f17e729eb51", kill_on_drop: false }`
[INFO] running `Command { std: "docker" "exec" "-e" "SOURCE_DIR=/opt/rustwide/workdir" "-e" "CARGO_HOME=/opt/rustwide/cargo-home" "-e" "RUSTUP_HOME=/opt/rustwide/rustup-home" "-e" "CARGO_TARGET_DIR=/opt/rustwide/target" "-e" "CARGO_INCREMENTAL=0" "-e" "RUST_BACKTRACE=full" "-e" "RUSTFLAGS=--cap-lints=warn" "-e" "RUSTDOCFLAGS=--cap-lints=warn" "-w" "/opt/rustwide/workdir" "--user" "0:0" "8aa7ca4fa14c43a7614e869ab9304bedba6f3a784f09ec5178609f17e729eb51" "/opt/rustwide/cargo-home/bin/cargo" "+1.100.0-beta.1" "test" "--frozen" "--release", kill_on_drop: false }`
[INFO] [stderr] warning: `package.homepage` is redundant with `package.repository`
[INFO] [stderr]   --> Cargo.toml:61:12
[INFO] [stderr]    |
[INFO] [stderr] 61 | homepage = "https://github.com/0ryant/corcept"
[INFO] [stderr]    |            ^^^^^^^^^^^^^^^^^^^^^^^^^^^^^^^^^^^
[INFO] [stderr] ...
[INFO] [stderr] 67 | repository = "https://github.com/0ryant/corcept"
[INFO] [stderr]    |              -----------------------------------
[INFO] [stderr]    |
[INFO] [stderr]    = note: `cargo::redundant_homepage` is set to `warn` by default
[INFO] [stderr] help: consider removing `package.homepage`
[INFO] [stderr] warning: `corcept-runtime` (manifest) generated 1 warning
[INFO] [stderr]     Finished `release` profile [optimized] target(s) in 0.22s
[INFO] [stdout] 
[INFO] [stderr]      Running unittests src/lib.rs (/opt/rustwide/target/release/build/corcept-runtime/997d69393c2b918f/out/corcept_runtime-997d69393c2b918f)
[INFO] [stdout] running 9 tests
[INFO] [stdout] test tests::dry_run_does_not_write ... ok
[INFO] [stdout] test tests::hook_denies_dangerous_command ... ok
[INFO] [stdout] test tests::hook_fixture_pretool_allows_safe_echo ... FAILED
[INFO] [stdout] test tests::hook_fixture_posttool_records_event ... FAILED
[INFO] [stdout] test tests::hook_fixture_pretool_denies_env_read ... FAILED
[INFO] [stdout] test tests::hook_fixture_session_start_writes_versioned_event ... FAILED
[INFO] [stdout] test tests::hook_fixture_stop_check_allows_clean_project ... FAILED
[INFO] [stdout] test tests::hook_fixture_pretool_asks_npm_install ... FAILED
[INFO] [stdout] test tests::hook_fixture_pretool_denies_rm_rf ... FAILED
[INFO] [stdout] 
[INFO] [stdout] failures:
[INFO] [stdout] 
[INFO] [stdout] ---- tests::hook_fixture_pretool_allows_safe_echo stdout ----
[INFO] [stdout] 
[INFO] [stdout] thread 'tests::hook_fixture_pretool_allows_safe_echo' (1818) panicked at src/lib.rs:686:33:
[INFO] [stdout] fixture pretool-bash-safe.json
[INFO] [stdout] stack backtrace:
[INFO] [stderr] error: test failed, to rerun pass `--lib`
[INFO] [stdout]    0:     0x61f4344ebdb1 - <<std[617be2ca0a6fd877]::sys::backtrace::BacktraceLock>::print::DisplayBacktrace as core[a373ad73a504971]::fmt::Display>::fmt
[INFO] [stdout]    1:     0x61f43450181a - core[a373ad73a504971]::fmt::write
[INFO] [stdout]    2:     0x61f4344f07cc - <alloc[2e1b2a31b91974c5]::vec::Vec<u8> as core[a373ad73a504971]::io::write::Write>::write_fmt
[INFO] [stdout]    3:     0x61f4344c5926 - std[617be2ca0a6fd877]::panicking::default_hook::{closure#0}
[INFO] [stdout]    4:     0x61f4344e32d9 - std[617be2ca0a6fd877]::panicking::default_hook
[INFO] [stdout]    5:     0x61f4343f5020 - test[aada8e7e76ba119b]::test_main_inner::{closure#0}
[INFO] [stdout]    6:     0x61f4344e3492 - std[617be2ca0a6fd877]::panicking::panic_with_hook
[INFO] [stdout]    7:     0x61f4344c59d2 - std[617be2ca0a6fd877]::panicking::panic_handler::{closure#0}
[INFO] [stdout]    8:     0x61f4344bdea9 - std[617be2ca0a6fd877]::sys::backtrace::__rust_end_short_backtrace::<std[617be2ca0a6fd877]::panicking::panic_handler::{closure#0}, !>
[INFO] [stdout]    9:     0x61f4344c67ad - __rustc[ea4f61d10b84890b]::rust_begin_unwind
[INFO] [stdout]   10:     0x61f434501f4c - core[a373ad73a504971]::panicking::panic_fmt
[INFO] [stdout]   11:     0x61f4343c791f - corcept_runtime[2407c7be804d256a]::tests::load_fixture::{closure#0}
[INFO] [stdout]   12:     0x61f4343c822d - corcept_runtime[2407c7be804d256a]::tests::load_fixture
[INFO] [stdout]   13:     0x61f4343cafce - <corcept_runtime[2407c7be804d256a]::tests::hook_fixture_pretool_allows_safe_echo::{closure#0} as core[a373ad73a504971]::ops::function::FnOnce<()>>::call_once
[INFO] [stdout]   14:     0x61f4343e846b - test[aada8e7e76ba119b]::__rust_begin_short_backtrace::<core[a373ad73a504971]::result::Result<(), alloc[2e1b2a31b91974c5]::string::String>, fn() -> core[a373ad73a504971]::result::Result<(), alloc[2e1b2a31b91974c5]::string::String>>
[INFO] [stdout]   15:     0x61f4343f5645 - test[aada8e7e76ba119b]::run_test::{closure#0}
[INFO] [stdout]   16:     0x61f4343eef34 - std[617be2ca0a6fd877]::sys::backtrace::__rust_begin_short_backtrace::<test[aada8e7e76ba119b]::run_test::{closure#1}, ()>
[INFO] [stdout]   17:     0x61f4343f86d2 - <std[617be2ca0a6fd877]::thread::lifecycle::spawn_unchecked<test[aada8e7e76ba119b]::run_test::{closure#1}, ()>::{closure#1} as core[a373ad73a504971]::ops::function::FnOnce<()>>::call_once::{shim:vtable#0}
[INFO] [stdout]   18:     0x61f4344eadbf - <std[617be2ca0a6fd877]::sys::thread::unix::Thread>::new::thread_start
[INFO] [stdout]   19:     0x72d4452a5dfa - <unknown>
[INFO] [stdout]   20:     0x72d4453393d4 - clone
[INFO] [stdout]   21:                0x0 - <unknown>
[INFO] [stdout] 
[INFO] [stdout] ---- tests::hook_fixture_posttool_records_event stdout ----
[INFO] [stdout] 
[INFO] [stdout] thread 'tests::hook_fixture_posttool_records_event' (1817) panicked at src/lib.rs:686:33:
[INFO] [stdout] fixture posttool-npm-test.json
[INFO] [stdout] stack backtrace:
[INFO] [stdout]    0:     0x61f4344ebdb1 - <<std[617be2ca0a6fd877]::sys::backtrace::BacktraceLock>::print::DisplayBacktrace as core[a373ad73a504971]::fmt::Display>::fmt
[INFO] [stdout]    1:     0x61f43450181a - core[a373ad73a504971]::fmt::write
[INFO] [stdout]    2:     0x61f4344f07cc - <alloc[2e1b2a31b91974c5]::vec::Vec<u8> as core[a373ad73a504971]::io::write::Write>::write_fmt
[INFO] [stdout]    3:     0x61f4344c5926 - std[617be2ca0a6fd877]::panicking::default_hook::{closure#0}
[INFO] [stdout]    4:     0x61f4344e32d9 - std[617be2ca0a6fd877]::panicking::default_hook
[INFO] [stdout]    5:     0x61f4343f5020 - test[aada8e7e76ba119b]::test_main_inner::{closure#0}
[INFO] [stdout]    6:     0x61f4344e3492 - std[617be2ca0a6fd877]::panicking::panic_with_hook
[INFO] [stdout]    7:     0x61f4344c59d2 - std[617be2ca0a6fd877]::panicking::panic_handler::{closure#0}
[INFO] [stdout]    8:     0x61f4344bdea9 - std[617be2ca0a6fd877]::sys::backtrace::__rust_end_short_backtrace::<std[617be2ca0a6fd877]::panicking::panic_handler::{closure#0}, !>
[INFO] [stdout]    9:     0x61f4344c67ad - __rustc[ea4f61d10b84890b]::rust_begin_unwind
[INFO] [stdout]   10:     0x61f434501f4c - core[a373ad73a504971]::panicking::panic_fmt
[INFO] [stdout]   11:     0x61f4343c791f - corcept_runtime[2407c7be804d256a]::tests::load_fixture::{closure#0}
[INFO] [stdout]   12:     0x61f4343c822d - corcept_runtime[2407c7be804d256a]::tests::load_fixture
[INFO] [stdout]   13:     0x61f4343ca6be - <corcept_runtime[2407c7be804d256a]::tests::hook_fixture_posttool_records_event::{closure#0} as core[a373ad73a504971]::ops::function::FnOnce<()>>::call_once
[INFO] [stdout]   14:     0x61f4343e846b - test[aada8e7e76ba119b]::__rust_begin_short_backtrace::<core[a373ad73a504971]::result::Result<(), alloc[2e1b2a31b91974c5]::string::String>, fn() -> core[a373ad73a504971]::result::Result<(), alloc[2e1b2a31b91974c5]::string::String>>
[INFO] [stdout]   15:     0x61f4343f5645 - test[aada8e7e76ba119b]::run_test::{closure#0}
[INFO] [stdout]   16:     0x61f4343eef34 - std[617be2ca0a6fd877]::sys::backtrace::__rust_begin_short_backtrace::<test[aada8e7e76ba119b]::run_test::{closure#1}, ()>
[INFO] [stdout]   17:     0x61f4343f86d2 - <std[617be2ca0a6fd877]::thread::lifecycle::spawn_unchecked<test[aada8e7e76ba119b]::run_test::{closure#1}, ()>::{closure#1} as core[a373ad73a504971]::ops::function::FnOnce<()>>::call_once::{shim:vtable#0}
[INFO] [stdout]   18:     0x61f4344eadbf - <std[617be2ca0a6fd877]::sys::thread::unix::Thread>::new::thread_start
[INFO] [stdout]   19:     0x72d4452a5dfa - <unknown>
[INFO] [stdout]   20:     0x72d4453393d4 - clone
[INFO] [stdout]   21:                0x0 - <unknown>
[INFO] [stdout] 
[INFO] [stdout] ---- tests::hook_fixture_pretool_denies_env_read stdout ----
[INFO] [stdout] 
[INFO] [stdout] thread 'tests::hook_fixture_pretool_denies_env_read' (1820) panicked at src/lib.rs:686:33:
[INFO] [stdout] fixture pretool-read-env.json
[INFO] [stdout] stack backtrace:
[INFO] [stdout]    0:     0x61f4344ebdb1 - <<std[617be2ca0a6fd877]::sys::backtrace::BacktraceLock>::print::DisplayBacktrace as core[a373ad73a504971]::fmt::Display>::fmt
[INFO] [stdout]    1:     0x61f43450181a - core[a373ad73a504971]::fmt::write
[INFO] [stdout]    2:     0x61f4344f07cc - <alloc[2e1b2a31b91974c5]::vec::Vec<u8> as core[a373ad73a504971]::io::write::Write>::write_fmt
[INFO] [stdout]    3:     0x61f4344c5926 - std[617be2ca0a6fd877]::panicking::default_hook::{closure#0}
[INFO] [stdout]    4:     0x61f4344e32d9 - std[617be2ca0a6fd877]::panicking::default_hook
[INFO] [stdout]    5:     0x61f4343f5020 - test[aada8e7e76ba119b]::test_main_inner::{closure#0}
[INFO] [stdout]    6:     0x61f4344e3492 - std[617be2ca0a6fd877]::panicking::panic_with_hook
[INFO] [stdout]    7:     0x61f4344c59d2 - std[617be2ca0a6fd877]::panicking::panic_handler::{closure#0}
[INFO] [stdout]    8:     0x61f4344bdea9 - std[617be2ca0a6fd877]::sys::backtrace::__rust_end_short_backtrace::<std[617be2ca0a6fd877]::panicking::panic_handler::{closure#0}, !>
[INFO] [stdout]    9:     0x61f4344c67ad - __rustc[ea4f61d10b84890b]::rust_begin_unwind
[INFO] [stdout]   10:     0x61f434501f4c - core[a373ad73a504971]::panicking::panic_fmt
[INFO] [stdout]   11:     0x61f4343c791f - corcept_runtime[2407c7be804d256a]::tests::load_fixture::{closure#0}
[INFO] [stdout]   12:     0x61f4343c822d - corcept_runtime[2407c7be804d256a]::tests::load_fixture
[INFO] [stdout]   13:     0x61f4343cab1e - <corcept_runtime[2407c7be804d256a]::tests::hook_fixture_pretool_denies_env_read::{closure#0} as core[a373ad73a504971]::ops::function::FnOnce<()>>::call_once
[INFO] [stdout]   14:     0x61f4343e846b - test[aada8e7e76ba119b]::__rust_begin_short_backtrace::<core[a373ad73a504971]::result::Result<(), alloc[2e1b2a31b91974c5]::string::String>, fn() -> core[a373ad73a504971]::result::Result<(), alloc[2e1b2a31b91974c5]::string::String>>
[INFO] [stdout]   15:     0x61f4343f5645 - test[aada8e7e76ba119b]::run_test::{closure#0}
[INFO] [stdout]   16:     0x61f4343eef34 - std[617be2ca0a6fd877]::sys::backtrace::__rust_begin_short_backtrace::<test[aada8e7e76ba119b]::run_test::{closure#1}, ()>
[INFO] [stdout]   17:     0x61f4343f86d2 - <std[617be2ca0a6fd877]::thread::lifecycle::spawn_unchecked<test[aada8e7e76ba119b]::run_test::{closure#1}, ()>::{closure#1} as core[a373ad73a504971]::ops::function::FnOnce<()>>::call_once::{shim:vtable#0}
[INFO] [stdout]   18:     0x61f4344eadbf - <std[617be2ca0a6fd877]::sys::thread::unix::Thread>::new::thread_start
[INFO] [stdout]   19:     0x72d4452a5dfa - <unknown>
[INFO] [stdout]   20:     0x72d4453393d4 - clone
[INFO] [stdout]   21:                0x0 - <unknown>
[INFO] [stdout] 
[INFO] [stdout] ---- tests::hook_fixture_session_start_writes_versioned_event stdout ----
[INFO] [stdout] 
[INFO] [stdout] thread 'tests::hook_fixture_session_start_writes_versioned_event' (1822) panicked at src/lib.rs:686:33:
[INFO] [stdout] fixture session-start.json
[INFO] [stdout] stack backtrace:
[INFO] [stdout]    0:     0x61f4344ebdb1 - <<std[617be2ca0a6fd877]::sys::backtrace::BacktraceLock>::print::DisplayBacktrace as core[a373ad73a504971]::fmt::Display>::fmt
[INFO] [stdout]    1:     0x61f43450181a - core[a373ad73a504971]::fmt::write
[INFO] [stdout]    2:     0x61f4344f07cc - <alloc[2e1b2a31b91974c5]::vec::Vec<u8> as core[a373ad73a504971]::io::write::Write>::write_fmt
[INFO] [stdout]    3:     0x61f4344c5926 - std[617be2ca0a6fd877]::panicking::default_hook::{closure#0}
[INFO] [stdout]    4:     0x61f4344e32d9 - std[617be2ca0a6fd877]::panicking::default_hook
[INFO] [stdout]    5:     0x61f4343f5020 - test[aada8e7e76ba119b]::test_main_inner::{closure#0}
[INFO] [stdout]    6:     0x61f4344e3492 - std[617be2ca0a6fd877]::panicking::panic_with_hook
[INFO] [stdout]    7:     0x61f4344c59d2 - std[617be2ca0a6fd877]::panicking::panic_handler::{closure#0}
[INFO] [stdout]    8:     0x61f4344bdea9 - std[617be2ca0a6fd877]::sys::backtrace::__rust_end_short_backtrace::<std[617be2ca0a6fd877]::panicking::panic_handler::{closure#0}, !>
[INFO] [stdout]    9:     0x61f4344c67ad - __rustc[ea4f61d10b84890b]::rust_begin_unwind
[INFO] [stdout]   10:     0x61f434501f4c - core[a373ad73a504971]::panicking::panic_fmt
[INFO] [stdout]   11:     0x61f4343c791f - corcept_runtime[2407c7be804d256a]::tests::load_fixture::{closure#0}
[INFO] [stdout]   12:     0x61f4343c822d - corcept_runtime[2407c7be804d256a]::tests::load_fixture
[INFO] [stdout]   13:     0x61f4343cbe0e - <corcept_runtime[2407c7be804d256a]::tests::hook_fixture_session_start_writes_versioned_event::{closure#0} as core[a373ad73a504971]::ops::function::FnOnce<()>>::call_once
[INFO] [stdout]   14:     0x61f4343e846b - test[aada8e7e76ba119b]::__rust_begin_short_backtrace::<core[a373ad73a504971]::result::Result<(), alloc[2e1b2a31b91974c5]::string::String>, fn() -> core[a373ad73a504971]::result::Result<(), alloc[2e1b2a31b91974c5]::string::String>>
[INFO] [stdout]   15:     0x61f4343f5645 - test[aada8e7e76ba119b]::run_test::{closure#0}
[INFO] [stdout]   16:     0x61f4343eef34 - std[617be2ca0a6fd877]::sys::backtrace::__rust_begin_short_backtrace::<test[aada8e7e76ba119b]::run_test::{closure#1}, ()>
[INFO] [stdout]   17:     0x61f4343f86d2 - <std[617be2ca0a6fd877]::thread::lifecycle::spawn_unchecked<test[aada8e7e76ba119b]::run_test::{closure#1}, ()>::{closure#1} as core[a373ad73a504971]::ops::function::FnOnce<()>>::call_once::{shim:vtable#0}
[INFO] [stdout]   18:     0x61f4344eadbf - <std[617be2ca0a6fd877]::sys::thread::unix::Thread>::new::thread_start
[INFO] [stdout]   19:     0x72d4452a5dfa - <unknown>
[INFO] [stdout]   20:     0x72d4453393d4 - clone
[INFO] [stdout]   21:                0x0 - <unknown>
[INFO] [stdout] 
[INFO] [stdout] ---- tests::hook_fixture_stop_check_allows_clean_project stdout ----
[INFO] [stdout] 
[INFO] [stdout] thread 'tests::hook_fixture_stop_check_allows_clean_project' (1823) panicked at src/lib.rs:686:33:
[INFO] [stdout] fixture stop-check.json
[INFO] [stdout] stack backtrace:
[INFO] [stdout]    0:     0x61f4344ebdb1 - <<std[617be2ca0a6fd877]::sys::backtrace::BacktraceLock>::print::DisplayBacktrace as core[a373ad73a504971]::fmt::Display>::fmt
[INFO] [stdout]    1:     0x61f43450181a - core[a373ad73a504971]::fmt::write
[INFO] [stdout]    2:     0x61f4344f07cc - <alloc[2e1b2a31b91974c5]::vec::Vec<u8> as core[a373ad73a504971]::io::write::Write>::write_fmt
[INFO] [stdout]    3:     0x61f4344c5926 - std[617be2ca0a6fd877]::panicking::default_hook::{closure#0}
[INFO] [stdout]    4:     0x61f4344e32d9 - std[617be2ca0a6fd877]::panicking::default_hook
[INFO] [stdout]    5:     0x61f4343f5020 - test[aada8e7e76ba119b]::test_main_inner::{closure#0}
[INFO] [stdout]    6:     0x61f4344e3492 - std[617be2ca0a6fd877]::panicking::panic_with_hook
[INFO] [stdout]    7:     0x61f4344c59d2 - std[617be2ca0a6fd877]::panicking::panic_handler::{closure#0}
[INFO] [stdout]    8:     0x61f4344bdea9 - std[617be2ca0a6fd877]::sys::backtrace::__rust_end_short_backtrace::<std[617be2ca0a6fd877]::panicking::panic_handler::{closure#0}, !>
[INFO] [stdout]    9:     0x61f4344c67ad - __rustc[ea4f61d10b84890b]::rust_begin_unwind
[INFO] [stdout]   10:     0x61f434501f4c - core[a373ad73a504971]::panicking::panic_fmt
[INFO] [stdout]   11:     0x61f4343c791f - corcept_runtime[2407c7be804d256a]::tests::load_fixture::{closure#0}
[INFO] [stdout]   12:     0x61f4343c822d - corcept_runtime[2407c7be804d256a]::tests::load_fixture
[INFO] [stdout]   13:     0x61f4343cb95e - <corcept_runtime[2407c7be804d256a]::tests::hook_fixture_stop_check_allows_clean_project::{closure#0} as core[a373ad73a504971]::ops::function::FnOnce<()>>::call_once
[INFO] [stdout]   14:     0x61f4343e846b - test[aada8e7e76ba119b]::__rust_begin_short_backtrace::<core[a373ad73a504971]::result::Result<(), alloc[2e1b2a31b91974c5]::string::String>, fn() -> core[a373ad73a504971]::result::Result<(), alloc[2e1b2a31b91974c5]::string::String>>
[INFO] [stdout]   15:     0x61f4343f5645 - test[aada8e7e76ba119b]::run_test::{closure#0}
[INFO] [stdout]   16:     0x61f4343eef34 - std[617be2ca0a6fd877]::sys::backtrace::__rust_begin_short_backtrace::<test[aada8e7e76ba119b]::run_test::{closure#1}, ()>
[INFO] [stdout]   17:     0x61f4343f86d2 - <std[617be2ca0a6fd877]::thread::lifecycle::spawn_unchecked<test[aada8e7e76ba119b]::run_test::{closure#1}, ()>::{closure#1} as core[a373ad73a504971]::ops::function::FnOnce<()>>::call_once::{shim:vtable#0}
[INFO] [stdout]   18:     0x61f4344eadbf - <std[617be2ca0a6fd877]::sys::thread::unix::Thread>::new::thread_start
[INFO] [stdout]   19:     0x72d4452a5dfa - <unknown>
[INFO] [stdout]   20:     0x72d4453393d4 - clone
[INFO] [stdout]   21:                0x0 - <unknown>
[INFO] [stdout] 
[INFO] [stdout] ---- tests::hook_fixture_pretool_asks_npm_install stdout ----
[INFO] [stdout] 
[INFO] [stdout] thread 'tests::hook_fixture_pretool_asks_npm_install' (1819) panicked at src/lib.rs:686:33:
[INFO] [stdout] fixture pretool-bash-npm-install.json
[INFO] [stdout] stack backtrace:
[INFO] [stdout]    0:     0x61f4344ebdb1 - <<std[617be2ca0a6fd877]::sys::backtrace::BacktraceLock>::print::DisplayBacktrace as core[a373ad73a504971]::fmt::Display>::fmt
[INFO] [stdout]    1:     0x61f43450181a - core[a373ad73a504971]::fmt::write
[INFO] [stdout]    2:     0x61f4344f07cc - <alloc[2e1b2a31b91974c5]::vec::Vec<u8> as core[a373ad73a504971]::io::write::Write>::write_fmt
[INFO] [stdout]    3:     0x61f4344c5926 - std[617be2ca0a6fd877]::panicking::default_hook::{closure#0}
[INFO] [stdout]    4:     0x61f4344e32d9 - std[617be2ca0a6fd877]::panicking::default_hook
[INFO] [stdout]    5:     0x61f4343f5020 - test[aada8e7e76ba119b]::test_main_inner::{closure#0}
[INFO] [stdout]    6:     0x61f4344e3492 - std[617be2ca0a6fd877]::panicking::panic_with_hook
[INFO] [stdout]    7:     0x61f4344c59d2 - std[617be2ca0a6fd877]::panicking::panic_handler::{closure#0}
[INFO] [stdout]    8:     0x61f4344bdea9 - std[617be2ca0a6fd877]::sys::backtrace::__rust_end_short_backtrace::<std[617be2ca0a6fd877]::panicking::panic_handler::{closure#0}, !>
[INFO] [stdout]    9:     0x61f4344c67ad - __rustc[ea4f61d10b84890b]::rust_begin_unwind
[INFO] [stdout]   10:     0x61f434501f4c - core[a373ad73a504971]::panicking::panic_fmt
[INFO] [stdout]   11:     0x61f4343c791f - corcept_runtime[2407c7be804d256a]::tests::load_fixture::{closure#0}
[INFO] [stdout]   12:     0x61f4343c822d - corcept_runtime[2407c7be804d256a]::tests::load_fixture
[INFO] [stdout]   13:     0x61f4343cb4ae - <corcept_runtime[2407c7be804d256a]::tests::hook_fixture_pretool_asks_npm_install::{closure#0} as core[a373ad73a504971]::ops::function::FnOnce<()>>::call_once
[INFO] [stdout]   14:     0x61f4343e846b - test[aada8e7e76ba119b]::__rust_begin_short_backtrace::<core[a373ad73a504971]::result::Result<(), alloc[2e1b2a31b91974c5]::string::String>, fn() -> core[a373ad73a504971]::result::Result<(), alloc[2e1b2a31b91974c5]::string::String>>
[INFO] [stdout]   15:     0x61f4343f5645 - test[aada8e7e76ba119b]::run_test::{closure#0}
[INFO] [stdout]   16:     0x61f4343eef34 - std[617be2ca0a6fd877]::sys::backtrace::__rust_begin_short_backtrace::<test[aada8e7e76ba119b]::run_test::{closure#1}, ()>
[INFO] [stdout]   17:     0x61f4343f86d2 - <std[617be2ca0a6fd877]::thread::lifecycle::spawn_unchecked<test[aada8e7e76ba119b]::run_test::{closure#1}, ()>::{closure#1} as core[a373ad73a504971]::ops::function::FnOnce<()>>::call_once::{shim:vtable#0}
[INFO] [stdout]   18:     0x61f4344eadbf - <std[617be2ca0a6fd877]::sys::thread::unix::Thread>::new::thread_start
[INFO] [stdout]   19:     0x72d4452a5dfa - <unknown>
[INFO] [stdout]   20:     0x72d4453393d4 - clone
[INFO] [stdout]   21:                0x0 - <unknown>
[INFO] [stdout] 
[INFO] [stdout] ---- tests::hook_fixture_pretool_denies_rm_rf stdout ----
[INFO] [stdout] 
[INFO] [stdout] thread 'tests::hook_fixture_pretool_denies_rm_rf' (1821) panicked at src/lib.rs:686:33:
[INFO] [stdout] fixture pretool-bash-rm-rf.json
[INFO] [stdout] stack backtrace:
[INFO] [stdout]    0:     0x61f4344ebdb1 - <<std[617be2ca0a6fd877]::sys::backtrace::BacktraceLock>::print::DisplayBacktrace as core[a373ad73a504971]::fmt::Display>::fmt
[INFO] [stdout]    1:     0x61f43450181a - core[a373ad73a504971]::fmt::write
[INFO] [stdout]    2:     0x61f4344f07cc - <alloc[2e1b2a31b91974c5]::vec::Vec<u8> as core[a373ad73a504971]::io::write::Write>::write_fmt
[INFO] [stdout]    3:     0x61f4344c5926 - std[617be2ca0a6fd877]::panicking::default_hook::{closure#0}
[INFO] [stdout]    4:     0x61f4344e32d9 - std[617be2ca0a6fd877]::panicking::default_hook
[INFO] [stdout]    5:     0x61f4343f5020 - test[aada8e7e76ba119b]::test_main_inner::{closure#0}
[INFO] [stdout]    6:     0x61f4344e3492 - std[617be2ca0a6fd877]::panicking::panic_with_hook
[INFO] [stdout]    7:     0x61f4344c59d2 - std[617be2ca0a6fd877]::panicking::panic_handler::{closure#0}
[INFO] [stdout]    8:     0x61f4344bdea9 - std[617be2ca0a6fd877]::sys::backtrace::__rust_end_short_backtrace::<std[617be2ca0a6fd877]::panicking::panic_handler::{closure#0}, !>
[INFO] [stdout]    9:     0x61f4344c67ad - __rustc[ea4f61d10b84890b]::rust_begin_unwind
[INFO] [stdout]   10:     0x61f434501f4c - core[a373ad73a504971]::panicking::panic_fmt
[INFO] [stdout]   11:     0x61f4343c791f - corcept_runtime[2407c7be804d256a]::tests::load_fixture::{closure#0}
[INFO] [stdout]   12:     0x61f4343c822d - corcept_runtime[2407c7be804d256a]::tests::load_fixture
[INFO] [stdout]   13:     0x61f4343ca20e - <corcept_runtime[2407c7be804d256a]::tests::hook_fixture_pretool_denies_rm_rf::{closure#0} as core[a373ad73a504971]::ops::function::FnOnce<()>>::call_once
[INFO] [stdout]   14:     0x61f4343e846b - test[aada8e7e76ba119b]::__rust_begin_short_backtrace::<core[a373ad73a504971]::result::Result<(), alloc[2e1b2a31b91974c5]::string::String>, fn() -> core[a373ad73a504971]::result::Result<(), alloc[2e1b2a31b91974c5]::string::String>>
[INFO] [stdout]   15:     0x61f4343f5645 - test[aada8e7e76ba119b]::run_test::{closure#0}
[INFO] [stdout]   16:     0x61f4343eef34 - std[617be2ca0a6fd877]::sys::backtrace::__rust_begin_short_backtrace::<test[aada8e7e76ba119b]::run_test::{closure#1}, ()>
[INFO] [stdout]   17:     0x61f4343f86d2 - <std[617be2ca0a6fd877]::thread::lifecycle::spawn_unchecked<test[aada8e7e76ba119b]::run_test::{closure#1}, ()>::{closure#1} as core[a373ad73a504971]::ops::function::FnOnce<()>>::call_once::{shim:vtable#0}
[INFO] [stdout]   18:     0x61f4344eadbf - <std[617be2ca0a6fd877]::sys::thread::unix::Thread>::new::thread_start
[INFO] [stdout]   19:     0x72d4452a5dfa - <unknown>
[INFO] [stdout]   20:     0x72d4453393d4 - clone
[INFO] [stdout]   21:                0x0 - <unknown>
[INFO] [stdout] 
[INFO] [stdout] 
[INFO] [stdout] failures:
[INFO] [stdout]     tests::hook_fixture_posttool_records_event
[INFO] [stdout]     tests::hook_fixture_pretool_allows_safe_echo
[INFO] [stdout]     tests::hook_fixture_pretool_asks_npm_install
[INFO] [stdout]     tests::hook_fixture_pretool_denies_env_read
[INFO] [stdout]     tests::hook_fixture_pretool_denies_rm_rf
[INFO] [stdout]     tests::hook_fixture_session_start_writes_versioned_event
[INFO] [stdout]     tests::hook_fixture_stop_check_allows_clean_project
[INFO] [stdout] 
[INFO] [stdout] test result: FAILED. 2 passed; 7 failed; 0 ignored; 0 measured; 0 filtered out; finished in 0.02s
[INFO] [stdout] 
[INFO] running `Command { std: "docker" "inspect" "8aa7ca4fa14c43a7614e869ab9304bedba6f3a784f09ec5178609f17e729eb51", kill_on_drop: false }`
[INFO] running `Command { std: "docker" "rm" "-f" "8aa7ca4fa14c43a7614e869ab9304bedba6f3a784f09ec5178609f17e729eb51", kill_on_drop: false }`
[INFO] [stdout] 8aa7ca4fa14c43a7614e869ab9304bedba6f3a784f09ec5178609f17e729eb51
