[INFO] fetching crate copybook-audit 0.8.1...
[INFO] testing copybook-audit-0.8.1 against 1.100.0-beta.1+cargoflags=--release for beta-release-1.100-2
[INFO] extracting crate copybook-audit 0.8.1 into /workspace/builds/worker-1-tc2/source
[INFO] started tweaking crates.io crate copybook-audit 0.8.1
[INFO] finished tweaking crates.io crate copybook-audit 0.8.1
[INFO] tweaked toml for crates.io crate copybook-audit 0.8.1 written to /workspace/builds/worker-1-tc2/source/Cargo.toml
[INFO] validating manifest of crates.io crate copybook-audit 0.8.1 on toolchain 1.100.0-beta.1
[INFO] running `Command { std: CARGO_HOME="/workspace/cargo-home" RUSTUP_HOME="/workspace/rustup-home" "/workspace/cargo-home/bin/cargo" "+1.100.0-beta.1" "metadata" "--manifest-path" "Cargo.toml" "--no-deps", kill_on_drop: false }`
[INFO] crate crates.io crate copybook-audit 0.8.1 already has a lockfile, it will not be regenerated
[INFO] running `Command { std: CARGO_HOME="/workspace/cargo-home" RUSTUP_HOME="/workspace/rustup-home" "/workspace/cargo-home/bin/cargo" "+1.100.0-beta.1" "fetch" "--manifest-path" "Cargo.toml", kill_on_drop: false }`
[INFO] [stderr] warning: `package.homepage` is redundant with `package.repository`
[INFO] [stderr]   --> Cargo.toml:80:12
[INFO] [stderr]    |
[INFO] [stderr] 80 | homepage = "https://github.com/EffortlessMetrics/copybook-rs"
[INFO] [stderr]    |            ^^^^^^^^^^^^^^^^^^^^^^^^^^^^^^^^^^^^^^^^^^^^^^^^^^
[INFO] [stderr] ...
[INFO] [stderr] 86 | repository = "https://github.com/EffortlessMetrics/copybook-rs"
[INFO] [stderr]    |              --------------------------------------------------
[INFO] [stderr]    |
[INFO] [stderr]    = note: `cargo::redundant_homepage` is set to `warn` by default
[INFO] [stderr] help: consider removing `package.homepage`
[INFO] [stderr] warning: `copybook-audit` (manifest) generated 1 warning
[INFO] running `Command { std: "docker" "create" "-v" "/var/lib/crater-agent-workspace/builds/worker-1-tc2/source:/opt/rustwide/workdir:ro,Z" "-v" "/var/lib/crater-agent-workspace/builds/worker-1-tc2/target:/opt/rustwide/target:rw,Z" "-v" "/var/lib/crater-agent-workspace/cargo-home:/opt/rustwide/cargo-home:ro,Z" "-v" "/var/lib/crater-agent-workspace/rustup-home:/opt/rustwide/rustup-home:ro,Z" "-m" "1610612736" "--network" "none" "ghcr.io/rust-lang/crates-build-env/linux@sha256:77db811e55d90add9212f6832c23229e3de5f1c1f9905e8cb07319ea15df73ac" "sleep" "infinity", kill_on_drop: false }`
[INFO] [stdout] b71543e5c047970d59c628e69ade59fe0c1042d1e2b8708d39009034b64f5c7c
[INFO] running `Command { std: "docker" "start" "b71543e5c047970d59c628e69ade59fe0c1042d1e2b8708d39009034b64f5c7c", kill_on_drop: false }`
[INFO] running `Command { std: "docker" "inspect" "b71543e5c047970d59c628e69ade59fe0c1042d1e2b8708d39009034b64f5c7c", kill_on_drop: false }`
[INFO] running `Command { std: "docker" "exec" "-e" "SOURCE_DIR=/opt/rustwide/workdir" "-e" "CARGO_HOME=/opt/rustwide/cargo-home" "-e" "RUSTUP_HOME=/opt/rustwide/rustup-home" "-e" "CARGO_TARGET_DIR=/opt/rustwide/target" "-w" "/opt/rustwide/workdir" "--user" "0:0" "b71543e5c047970d59c628e69ade59fe0c1042d1e2b8708d39009034b64f5c7c" "/opt/rustwide/cargo-home/bin/cargo" "+1.100.0-beta.1" "metadata" "--no-deps" "--format-version=1", kill_on_drop: false }`
[INFO] running `Command { std: "docker" "inspect" "b71543e5c047970d59c628e69ade59fe0c1042d1e2b8708d39009034b64f5c7c", kill_on_drop: false }`
[INFO] running `Command { std: "docker" "exec" "-e" "SOURCE_DIR=/opt/rustwide/workdir" "-e" "CARGO_HOME=/opt/rustwide/cargo-home" "-e" "RUSTUP_HOME=/opt/rustwide/rustup-home" "-e" "CARGO_TARGET_DIR=/opt/rustwide/target" "-e" "CARGO_INCREMENTAL=0" "-e" "RUST_BACKTRACE=full" "-e" "RUSTFLAGS=--cap-lints=warn" "-e" "RUSTDOCFLAGS=--cap-lints=warn" "-w" "/opt/rustwide/workdir" "--user" "0:0" "b71543e5c047970d59c628e69ade59fe0c1042d1e2b8708d39009034b64f5c7c" "/opt/rustwide/cargo-home/bin/cargo" "+1.100.0-beta.1" "build" "--frozen" "--message-format=json" "--release", kill_on_drop: false }`
[INFO] [stderr] warning: `package.homepage` is redundant with `package.repository`
[INFO] [stderr]   --> Cargo.toml:80:12
[INFO] [stderr]    |
[INFO] [stderr] 80 | homepage = "https://github.com/EffortlessMetrics/copybook-rs"
[INFO] [stderr]    |            ^^^^^^^^^^^^^^^^^^^^^^^^^^^^^^^^^^^^^^^^^^^^^^^^^^
[INFO] [stderr] ...
[INFO] [stderr] 86 | repository = "https://github.com/EffortlessMetrics/copybook-rs"
[INFO] [stderr]    |              --------------------------------------------------
[INFO] [stderr]    |
[INFO] [stderr]    = note: `cargo::redundant_homepage` is set to `warn` by default
[INFO] [stderr] help: consider removing `package.homepage`
[INFO] [stderr] warning: `copybook-audit` (manifest) generated 1 warning
[INFO] [stderr]    Compiling memchr v2.8.2
[INFO] [stderr]    Compiling libc v0.2.186
[INFO] [stderr]    Compiling serde_json v1.0.151
[INFO] [stderr]    Compiling syn v3.0.3
[INFO] [stderr]    Compiling syn v2.0.118
[INFO] [stderr]    Compiling chacha20 v0.10.2
[INFO] [stderr]    Compiling aho-corasick v1.1.4
[INFO] [stderr]    Compiling getrandom v0.4.2
[INFO] [stderr]    Compiling rand v0.10.2
[INFO] [stderr]    Compiling regex-automata v0.4.16
[INFO] [stderr]    Compiling serde_derive v1.0.229
[INFO] [stderr]    Compiling thiserror-impl v2.0.20
[INFO] [stderr]    Compiling async-trait v0.1.92
[INFO] [stderr]    Compiling tracing-attributes v0.1.31
[INFO] [stderr]    Compiling thiserror v2.0.20
[INFO] [stderr]    Compiling tracing v0.1.44
[INFO] [stderr]    Compiling logos-codegen v0.16.1
[INFO] [stderr]    Compiling serde v1.0.229
[INFO] [stderr]    Compiling logos-derive v0.16.1
[INFO] [stderr]    Compiling logos v0.16.1
[INFO] [stderr]    Compiling serde_plain v1.0.2
[INFO] [stderr]    Compiling copybook-error v0.8.1
[INFO] [stderr]    Compiling chrono v0.4.45
[INFO] [stderr]    Compiling copybook-support-matrix v0.8.1
[INFO] [stderr]    Compiling copybook-core v0.8.1
[INFO] [stderr]    Compiling copybook-audit v0.8.1 (/opt/rustwide/workdir)
[INFO] [stderr]     Finished `release` profile [optimized] target(s) in 31.61s
[INFO] running `Command { std: "docker" "inspect" "b71543e5c047970d59c628e69ade59fe0c1042d1e2b8708d39009034b64f5c7c", kill_on_drop: false }`
[INFO] running `Command { std: "docker" "exec" "-e" "SOURCE_DIR=/opt/rustwide/workdir" "-e" "CARGO_HOME=/opt/rustwide/cargo-home" "-e" "RUSTUP_HOME=/opt/rustwide/rustup-home" "-e" "CARGO_TARGET_DIR=/opt/rustwide/target" "-e" "CARGO_INCREMENTAL=0" "-e" "RUST_BACKTRACE=full" "-e" "RUSTFLAGS=--cap-lints=warn" "-e" "RUSTDOCFLAGS=--cap-lints=warn" "-w" "/opt/rustwide/workdir" "--user" "0:0" "b71543e5c047970d59c628e69ade59fe0c1042d1e2b8708d39009034b64f5c7c" "/opt/rustwide/cargo-home/bin/cargo" "+1.100.0-beta.1" "test" "--frozen" "--no-run" "--message-format=json" "--release", kill_on_drop: false }`
[INFO] [stderr] warning: `package.homepage` is redundant with `package.repository`
[INFO] [stderr]   --> Cargo.toml:80:12
[INFO] [stderr]    |
[INFO] [stderr] 80 | homepage = "https://github.com/EffortlessMetrics/copybook-rs"
[INFO] [stderr]    |            ^^^^^^^^^^^^^^^^^^^^^^^^^^^^^^^^^^^^^^^^^^^^^^^^^^
[INFO] [stderr] ...
[INFO] [stderr] 86 | repository = "https://github.com/EffortlessMetrics/copybook-rs"
[INFO] [stderr]    |              --------------------------------------------------
[INFO] [stderr]    |
[INFO] [stderr]    = note: `cargo::redundant_homepage` is set to `warn` by default
[INFO] [stderr] help: consider removing `package.homepage`
[INFO] [stderr] warning: `copybook-audit` (manifest) generated 1 warning
[INFO] [stderr]    Compiling rustix v1.1.4
[INFO] [stderr]    Compiling bitflags v2.13.0
[INFO] [stderr]    Compiling fastrand v2.4.1
[INFO] [stderr]    Compiling tokio-macros v2.7.0
[INFO] [stderr]    Compiling tokio v1.53.1
[INFO] [stderr]    Compiling tempfile v3.27.0
[INFO] [stderr]    Compiling copybook-audit v0.8.1 (/opt/rustwide/workdir)
[INFO] [stderr]     Finished `release` profile [optimized] target(s) in 14.57s
[INFO] running `Command { std: "docker" "inspect" "b71543e5c047970d59c628e69ade59fe0c1042d1e2b8708d39009034b64f5c7c", kill_on_drop: false }`
[INFO] running `Command { std: "docker" "exec" "-e" "SOURCE_DIR=/opt/rustwide/workdir" "-e" "CARGO_HOME=/opt/rustwide/cargo-home" "-e" "RUSTUP_HOME=/opt/rustwide/rustup-home" "-e" "CARGO_TARGET_DIR=/opt/rustwide/target" "-e" "CARGO_INCREMENTAL=0" "-e" "RUST_BACKTRACE=full" "-e" "RUSTFLAGS=--cap-lints=warn" "-e" "RUSTDOCFLAGS=--cap-lints=warn" "-w" "/opt/rustwide/workdir" "--user" "0:0" "b71543e5c047970d59c628e69ade59fe0c1042d1e2b8708d39009034b64f5c7c" "/opt/rustwide/cargo-home/bin/cargo" "+1.100.0-beta.1" "test" "--frozen" "--release", kill_on_drop: false }`
[INFO] [stderr] warning: `package.homepage` is redundant with `package.repository`
[INFO] [stderr]   --> Cargo.toml:80:12
[INFO] [stderr]    |
[INFO] [stderr] 80 | homepage = "https://github.com/EffortlessMetrics/copybook-rs"
[INFO] [stderr]    |            ^^^^^^^^^^^^^^^^^^^^^^^^^^^^^^^^^^^^^^^^^^^^^^^^^^
[INFO] [stderr] ...
[INFO] [stderr] 86 | repository = "https://github.com/EffortlessMetrics/copybook-rs"
[INFO] [stderr]    |              --------------------------------------------------
[INFO] [stderr]    |
[INFO] [stderr]    = note: `cargo::redundant_homepage` is set to `warn` by default
[INFO] [stderr] help: consider removing `package.homepage`
[INFO] [stderr] warning: `copybook-audit` (manifest) generated 1 warning
[INFO] [stderr]     Finished `release` profile [optimized] target(s) in 0.10s
[INFO] [stderr]      Running unittests src/lib.rs (/opt/rustwide/target/release/build/copybook-audit/659876c47b32fd87/out/copybook_audit-659876c47b32fd87)
[INFO] [stdout] 
[INFO] [stdout] running 117 tests
[INFO] [stdout] test compliance::tests::test_compliance_result_status ... ok
[INFO] [stdout] test compliance::tests::test_compliance_engine_creation ... ok
[INFO] [stdout] test compliance::tests::test_compliance_status_determination_logic ... ok
[INFO] [stdout] test compliance::tests::test_calculate_next_review_date_arithmetic ... ok
[INFO] [stdout] test compliance::tests::test_pci_dss_compliant_context ... ok
[INFO] [stdout] test compliance::tests::test_pci_dss_recommendations ... ok
[INFO] [stdout] test compliance::tests::test_detect_sensitive_fields_case_insensitive ... ok
[INFO] [stdout] test compliance::tests::test_sox_compliance_validation ... ok
[INFO] [stdout] test compliance::tests::test_detect_sensitive_fields_empty ... ok
[INFO] [stdout] test compliance::tests::test_detect_sensitive_fields_gdpr_match ... ok
[INFO] [stdout] test compliance::tests::test_detect_sensitive_fields_hipaa_match ... ok
[INFO] [stdout] test compliance::tests::test_detect_sensitive_fields_multiple_profiles ... ok
[INFO] [stdout] test compliance::tests::test_detect_sensitive_fields_sox_match ... ok
[INFO] [stdout] test context::tests::test_audit_context_builder_pattern ... ok
[INFO] [stdout] test compliance::tests::test_sox_retention_calculation_logic ... ok
[INFO] [stdout] test compliance::tests::test_detect_sensitive_fields_recurses_into_children ... ok
[INFO] [stdout] test compliance::tests::test_hipaa_compliance_validation ... ok
[INFO] [stdout] test context::tests::test_child_context_creation ... ok
[INFO] [stdout] test context::tests::test_effective_security_level ... ok
[INFO] [stdout] test context::tests::test_audit_context_creation ... ok
[INFO] [stdout] test compliance::tests::test_pci_dss_compliance_validation ... ok
[INFO] [stdout] test context::tests::test_environment_context_current ... ok
[INFO] [stdout] test event::tests::test_audit_event_creation ... ok
[INFO] [stdout] test event::tests::test_audit_event_type_display ... ok
[INFO] [stdout] test event::tests::test_audit_severity_cef_numeric ... ok
[INFO] [stdout] test event::tests::test_audit_severity_display ... ok
[INFO] [stdout] test event::tests::test_event_requires_immediate_attention ... ok
[INFO] [stdout] test event::tests::test_payload_default_severity ... ok
[INFO] [stdout] test event::tests::test_event_severity_override ... ok
[INFO] [stdout] test lineage::tests::test_assess_field_impact_critical_risk ... ok
[INFO] [stdout] test lineage::tests::test_assess_field_impact_high_risk ... ok
[INFO] [stdout] test lineage::tests::test_assess_field_impact_low_risk ... ok
[INFO] [stdout] test lineage::tests::test_assess_field_impact_medium_risk ... ok
[INFO] [stdout] test lineage::tests::test_assess_field_impact_no_records ... ok
[INFO] [stdout] test compliance::tests::test_detect_sensitive_fields_pci_match ... ok
[INFO] [stdout] test lineage::tests::test_track_transformation_invalid_quality_score ... ok
[INFO] [stdout] test compliance::tests::test_detect_sensitive_fields_no_match ... ok
[INFO] [stdout] test lineage::tests::test_generate_impact_report ... ok
[INFO] [stdout] test lineage::tests::test_track_transformation_creates_record ... ok
[INFO] [stdout] test lineage::tests::test_track_transformation_valid_quality_score ... ok
[INFO] [stdout] test lineage::tests::test_validate_lineage_chain_empty ... ok
[INFO] [stdout] test lineage::tests::test_estimate_remediation_effort ... ok
[INFO] [stdout] test lineage::tests::test_generate_impact_report_no_systems ... ok
[INFO] [stdout] test lineage::tests::test_validate_lineage_chain_valid ... ok
[INFO] [stdout] test lineage::tests::test_validate_lineage_chain_gap ... ok
[INFO] [stdout] test lineage::tests::test_validate_lineage_chain_system_mismatch ... ok
[INFO] [stdout] test logger::tests::test_audit_logger_creation ... FAILED
[INFO] [stdout] test logger::tests::test_cef_formatting ... FAILED
[INFO] [stdout] test logger::tests::test_event_logging ... ok
[INFO] [stdout] test logger::tests::test_integrity_validation ... FAILED
[INFO] [stdout] test performance::tests::test_baseline_manager_creation ... ok
[INFO] [stdout] test logger::tests::test_retention_policy_default ... ok
[INFO] [stdout] test performance::tests::test_performance_auditor_creation ... ok
[INFO] [stdout] test performance::tests::test_performance_baseline_serialization ... ok
[INFO] [stdout] test performance::tests::test_regression_detector_comp3_throughput_regression ... ok
[INFO] [stdout] test performance::tests::test_regression_detector_custom_threshold ... ok
[INFO] [stdout] test performance::tests::test_regression_detector_default ... ok
[INFO] [stdout] test performance::tests::test_regression_detector_default_impl ... ok
[INFO] [stdout] test performance::tests::test_regression_detector_display_throughput_regression ... ok
[INFO] [stdout] test performance::tests::test_regression_detector_memory_regression ... ok
[INFO] [stdout] test performance::tests::test_regression_detector_no_regression ... ok
[INFO] [stdout] test performance::tests::test_regression_detector_multiple_regressions ... ok
[INFO] [stdout] test report::tests::test_format_report_html ... ok
[INFO] [stdout] test performance::tests::test_regression_detector_record_rate_regression ... ok
[INFO] [stdout] test performance::tests::test_resource_metrics_creation ... ok
[INFO] [stdout] test report::tests::test_format_report_json ... ok
[INFO] [stdout] test performance::tests::test_throughput_metrics_creation ... ok
[INFO] [stdout] test report::tests::test_aggregate_compliance_status_with_failures ... ok
[INFO] [stdout] test report::tests::test_format_report_xml ... ok
[INFO] [stdout] test report::tests::test_format_report_pdf_unsupported ... ok
[INFO] [stdout] test report::tests::test_generate_audit_report_empty_events ... ok
[INFO] [stdout] test security::tests::test_access_auditor_audit_access_pattern_high_threat ... ok
[INFO] [stdout] test report::tests::test_aggregate_performance_status_with_regression ... ok
[INFO] [stdout] test security::tests::test_access_auditor_audit_access_pattern_medium_threat ... ok
[INFO] [stdout] test report::tests::test_aggregate_security_status_with_critical_incidents ... ok
[INFO] [stdout] test report::tests::test_format_report_csv ... ok
[INFO] [stdout] test report::tests::test_generate_audit_report_with_events ... ok
[INFO] [stdout] test security::tests::test_event_monitor_only_one_alert_per_threshold_crossing ... ok
[INFO] [stdout] test security::tests::test_event_monitor_pending_alerts_initially_empty ... ok
[INFO] [stdout] test security::tests::test_format_cef_severity_mapping ... ok
[INFO] [stdout] test report::tests::test_generate_compliance_report ... ok
[INFO] [stdout] test security::tests::test_format_cef_structure ... ok
[INFO] [stdout] test security::tests::test_detect_anomalies_multi_resource_scanning ... ok
[INFO] [stdout] test security::tests::test_detect_anomalies_rapid_fire ... ok
[INFO] [stdout] test security::tests::test_detect_anomalies_no_violations ... ok
[INFO] [stdout] test security::tests::test_event_monitor_alert_at_threshold_plus_one ... ok
[INFO] [stdout] test security::tests::test_event_monitor_alert_contains_threshold_info ... ok
[INFO] [stdout] test security::tests::test_event_monitor_default_threshold ... ok
[INFO] [stdout] test security::tests::test_security_auditor_audit_access_event_denied ... ok
[INFO] [stdout] test security::tests::test_security_auditor_suspicious_ip ... ok
[INFO] [stdout] test report::tests::test_generate_performance_report ... ok
[INFO] [stdout] test report::tests::test_generate_security_report ... ok
[INFO] [stdout] test security::tests::test_security_auditor_audit_access_event_failed ... ok
[INFO] [stdout] test security::tests::test_access_auditor_audit_access_pattern_no_violations ... ok
[INFO] [stdout] test security::tests::test_format_syslog_structure ... ok
[INFO] [stdout] test security::tests::test_access_auditor_create_access_record ... ok
[INFO] [stdout] test security::tests::test_security_auditor_check_sensitive_operation ... ok
[INFO] [stdout] test security::tests::test_security_monitor_detect_threats_high ... ok
[INFO] [stdout] test security::tests::test_security_monitor_detect_threats_critical ... ok
[INFO] [stdout] test security::tests::test_security_monitor_detect_threats_medium ... ok
[INFO] [stdout] test security::tests::test_validate_encryption_config_key_rotation_too_long ... ok
[INFO] [stdout] test tests::test_generate_audit_id ... ok
[INFO] [stdout] test tests::test_generate_integrity_hash ... ok
[INFO] [stdout] test security::tests::test_format_leef_structure ... ok
[INFO] [stdout] test security::tests::test_validate_encryption_config_weak_in_transit ... ok
[INFO] [stdout] test security::tests::test_detect_anomalies_both_triggers ... ok
[INFO] [stdout] test security::tests::test_format_syslog_priority ... ok
[INFO] [stdout] test security::tests::test_security_monitor_detect_threats_no_violations ... ok
[INFO] [stdout] test tests::test_empty_audit_chain_validation ... ok
[INFO] [stdout] test security::tests::test_validate_encryption_config_exactly_90_days ... ok
[INFO] [stdout] test security::tests::test_validate_encryption_config_multiple_violations ... ok
[INFO] [stdout] test security::tests::test_event_monitor_no_alert_below_threshold ... ok
[INFO] [stdout] test security::tests::test_security_monitor_generate_security_alert ... ok
[INFO] [stdout] test security::tests::test_security_auditor_audit_access_event_success ... ok
[INFO] [stdout] test security::tests::test_validate_encryption_config_compliant ... ok
[INFO] [stdout] test security::tests::test_detect_anomalies_multi_user_no_single_exceeds_threshold ... ok
[INFO] [stdout] test security::tests::test_validate_encryption_config_weak_at_rest ... ok
[INFO] [stdout] 
[INFO] [stdout] failures:
[INFO] [stdout] 
[INFO] [stdout] ---- logger::tests::test_audit_logger_creation stdout ----
[INFO] [stdout] 
[INFO] [stdout] thread 'logger::tests::test_audit_logger_creation' (913) panicked at src/logger.rs:476:47:
[INFO] [stdout] Failed to create audit logger: Io { source: Os { code: 30, kind: ReadOnlyFilesystem, message: "Read-only file system" } }
[INFO] [stdout] stack backtrace:
[INFO] [stdout]    0:     0x5b651953a8f1 - <<std[617be2ca0a6fd877]::sys::backtrace::BacktraceLock>::print::DisplayBacktrace as core[a373ad73a504971]::fmt::Display>::fmt
[INFO] [stdout]    1:     0x5b65195501ba - core[a373ad73a504971]::fmt::write
[INFO] [stdout]    2:     0x5b651953ef6c - <alloc[2e1b2a31b91974c5]::vec::Vec<u8> as core[a373ad73a504971]::io::write::Write>::write_fmt
[INFO] [stdout]    3:     0x5b65195153f6 - std[617be2ca0a6fd877]::panicking::default_hook::{closure#0}
[INFO] [stdout]    4:     0x5b6519532509 - std[617be2ca0a6fd877]::panicking::default_hook
[INFO] [stdout]    5:     0x5b65194c6df0 - test[aada8e7e76ba119b]::test_main_inner::{closure#0}
[INFO] [stdout]    6:     0x5b65195326c2 - std[617be2ca0a6fd877]::panicking::panic_with_hook
[INFO] [stdout]    7:     0x5b65195154a2 - std[617be2ca0a6fd877]::panicking::panic_handler::{closure#0}
[INFO] [stdout]    8:     0x5b651950df09 - std[617be2ca0a6fd877]::sys::backtrace::__rust_end_short_backtrace::<std[617be2ca0a6fd877]::panicking::panic_handler::{closure#0}, !>
[INFO] [stdout]    9:     0x5b65195160ad - __rustc[ea4f61d10b84890b]::rust_begin_unwind
[INFO] [stdout]   10:     0x5b651955091c - core[a373ad73a504971]::panicking::panic_fmt
[INFO] [stdout]   11:     0x5b65195506f2 - core[a373ad73a504971]::result::unwrap_failed
[INFO] [stdout]   12:     0x5b651949c394 - copybook_audit[cbfe7bbf0f2fb6dc]::logger::tests::test_audit_logger_creation::{closure#0}
[INFO] [stdout]   13:     0x5b651948b403 - <tokio[5bdb5bcfc926c75e]::runtime::scheduler::current_thread::Context>::enter::<core[a373ad73a504971]::task::poll::Poll<()>, <tokio[5bdb5bcfc926c75e]::runtime::scheduler::current_thread::CoreGuard>::block_on<core[a373ad73a504971]::pin::Pin<&mut core[a373ad73a504971]::pin::Pin<&mut dyn core[a373ad73a504971]::future::future::Future<Output = ()>>>>::{closure#0}::{closure#0}>
[INFO] [stdout]   14:     0x5b65194983fc - <tokio[5bdb5bcfc926c75e]::runtime::context::scoped::Scoped<tokio[5bdb5bcfc926c75e]::runtime::scheduler::Context>>::set::<<tokio[5bdb5bcfc926c75e]::runtime::scheduler::current_thread::CoreGuard>::enter<<tokio[5bdb5bcfc926c75e]::runtime::scheduler::current_thread::CoreGuard>::block_on<core[a373ad73a504971]::pin::Pin<&mut core[a373ad73a504971]::pin::Pin<&mut dyn core[a373ad73a504971]::future::future::Future<Output = ()>>>>::{closure#0}, core[a373ad73a504971]::option::Option<()>>::{closure#0}, (alloc[2e1b2a31b91974c5]::boxed::Box<tokio[5bdb5bcfc926c75e]::runtime::scheduler::current_thread::Core>, core[a373ad73a504971]::option::Option<()>)>
[INFO] [stdout]   15:     0x5b651948b5a7 - <tokio[5bdb5bcfc926c75e]::runtime::scheduler::current_thread::CoreGuard>::block_on::<core[a373ad73a504971]::pin::Pin<&mut core[a373ad73a504971]::pin::Pin<&mut dyn core[a373ad73a504971]::future::future::Future<Output = ()>>>>
[INFO] [stdout]   16:     0x5b651949a716 - tokio[5bdb5bcfc926c75e]::runtime::context::runtime::enter_runtime::<<tokio[5bdb5bcfc926c75e]::runtime::scheduler::current_thread::CurrentThread>::block_on<core[a373ad73a504971]::pin::Pin<&mut dyn core[a373ad73a504971]::future::future::Future<Output = ()>>>::{closure#0}, ()>
[INFO] [stdout]   17:     0x5b6519498186 - <tokio[5bdb5bcfc926c75e]::runtime::runtime::Runtime>::block_on::<core[a373ad73a504971]::pin::Pin<&mut dyn core[a373ad73a504971]::future::future::Future<Output = ()>>>
[INFO] [stdout]   18:     0x5b651949d8d4 - <copybook_audit[cbfe7bbf0f2fb6dc]::logger::tests::test_audit_logger_creation::{closure#0} as core[a373ad73a504971]::ops::function::FnOnce<()>>::call_once
[INFO] [stdout]   19:     0x5b65194ba23b - test[aada8e7e76ba119b]::__rust_begin_short_backtrace::<core[a373ad73a504971]::result::Result<(), alloc[2e1b2a31b91974c5]::string::String>, fn() -> core[a373ad73a504971]::result::Result<(), alloc[2e1b2a31b91974c5]::string::String>>
[INFO] [stdout]   20:     0x5b65194c7415 - test[aada8e7e76ba119b]::run_test::{closure#0}
[INFO] [stdout]   21:     0x5b65194c0d04 - std[617be2ca0a6fd877]::sys::backtrace::__rust_begin_short_backtrace::<test[aada8e7e76ba119b]::run_test::{closure#1}, ()>
[INFO] [stdout]   22:     0x5b65194ca4a2 - <std[617be2ca0a6fd877]::thread::lifecycle::spawn_unchecked<test[aada8e7e76ba119b]::run_test::{closure#1}, ()>::{closure#1} as core[a373ad73a504971]::ops::function::FnOnce<()>>::call_once::{shim:vtable#0}
[INFO] [stdout]   23:     0x5b6519539def - <std[617be2ca0a6fd877]::sys::thread::unix::Thread>::new::thread_start
[INFO] [stdout]   24:     0x7d2a7392ddfa - <unknown>
[INFO] [stdout]   25:     0x7d2a739c13d4 - clone
[INFO] [stdout]   26:                0x0 - <unknown>
[INFO] [stdout] 
[INFO] [stdout] ---- logger::tests::test_cef_formatting stdout ----
[INFO] [stdout] 
[INFO] [stdout] thread 'logger::tests::test_cef_formatting' (914) panicked at src/logger.rs:569:47:
[INFO] [stdout] Failed to create audit logger: Io { source: Os { code: 30, kind: ReadOnlyFilesystem, message: "Read-only file system" } }
[INFO] [stdout] stack backtrace:
[INFO] [stdout]    0:     0x5b651953a8f1 - <<std[617be2ca0a6fd877]::sys::backtrace::BacktraceLock>::print::DisplayBacktrace as core[a373ad73a504971]::fmt::Display>::fmt
[INFO] [stdout]    1:     0x5b65195501ba - core[a373ad73a504971]::fmt::write
[INFO] [stdout]    2:     0x5b651953ef6c - <alloc[2e1b2a31b91974c5]::vec::Vec<u8> as core[a373ad73a504971]::io::write::Write>::write_fmt
[INFO] [stdout]    3:     0x5b65195153f6 - std[617be2ca0a6fd877]::panicking::default_hook::{closure#0}
[INFO] [stdout]    4:     0x5b6519532509 - std[617be2ca0a6fd877]::panicking::default_hook
[INFO] [stdout]    5:     0x5b65194c6df0 - test[aada8e7e76ba119b]::test_main_inner::{closure#0}
[INFO] [stdout]    6:     0x5b65195326c2 - std[617be2ca0a6fd877]::panicking::panic_with_hook
[INFO] [stdout]    7:     0x5b65195154a2 - std[617be2ca0a6fd877]::panicking::panic_handler::{closure#0}
[INFO] [stdout]    8:     0x5b651950df09 - std[617be2ca0a6fd877]::sys::backtrace::__rust_end_short_backtrace::<std[617be2ca0a6fd877]::panicking::panic_handler::{closure#0}, !>
[INFO] [stdout]    9:     0x5b65195160ad - __rustc[ea4f61d10b84890b]::rust_begin_unwind
[INFO] [stdout]   10:     0x5b651955091c - core[a373ad73a504971]::panicking::panic_fmt
[INFO] [stdout]   11:     0x5b65195506f2 - core[a373ad73a504971]::result::unwrap_failed
[INFO] [stdout]   12:     0x5b651949d506 - <copybook_audit[cbfe7bbf0f2fb6dc]::logger::tests::test_cef_formatting::{closure#0} as core[a373ad73a504971]::ops::function::FnOnce<()>>::call_once
[INFO] [stdout]   13:     0x5b65194ba23b - test[aada8e7e76ba119b]::__rust_begin_short_backtrace::<core[a373ad73a504971]::result::Result<(), alloc[2e1b2a31b91974c5]::string::String>, fn() -> core[a373ad73a504971]::result::Result<(), alloc[2e1b2a31b91974c5]::string::String>>
[INFO] [stdout]   14:     0x5b65194c7415 - test[aada8e7e76ba119b]::run_test::{closure#0}
[INFO] [stdout]   15:     0x5b65194c0d04 - std[617be2ca0a6fd877]::sys::backtrace::__rust_begin_short_backtrace::<test[aada8e7e76ba119b]::run_test::{closure#1}, ()>
[INFO] [stdout]   16:     0x5b65194ca4a2 - <std[617be2ca0a6fd877]::thread::lifecycle::spawn_unchecked<test[aada8e7e76ba119b]::run_test::{closure#1}, ()>::{closure#1} as core[a373ad73a504971]::ops::function::FnOnce<()>>::call_once::{shim:vtable#0}
[INFO] [stdout]   17:     0x5b6519539def - <std[617be2ca0a6fd877]::sys::thread::unix::Thread>::new::thread_start
[INFO] [stdout]   18:     0x7d2a7392ddfa - <unknown>
[INFO] [stdout]   19:     0x7d2a739c13d4 - clone
[INFO] [stdout]   20:                0x0 - <unknown>
[INFO] [stdout] 
[INFO] [stdout] ---- logger::tests::test_integrity_validation stdout ----
[INFO] [stdout] 
[INFO] [stdout] thread 'logger::tests::test_integrity_validation' (916) panicked at src/logger.rs:533:47:
[INFO] [stdout] Failed to create audit logger: Io { source: Os { code: 30, kind: ReadOnlyFilesystem, message: "Read-only file system" } }
[INFO] [stdout] stack backtrace:
[INFO] [stdout]    0:     0x5b651953a8f1 - <<std[617be2ca0a6fd877]::sys::backtrace::BacktraceLock>::print::DisplayBacktrace as core[a373ad73a504971]::fmt::Display>::fmt
[INFO] [stdout]    1:     0x5b65195501ba - core[a373ad73a504971]::fmt::write
[INFO] [stdout]    2:     0x5b651953ef6c - <alloc[2e1b2a31b91974c5]::vec::Vec<u8> as core[a373ad73a504971]::io::write::Write>::write_fmt
[INFO] [stdout]    3:     0x5b65195153f6 - std[617be2ca0a6fd877]::panicking::default_hook::{closure#0}
[INFO] [stdout]    4:     0x5b6519532509 - std[617be2ca0a6fd877]::panicking::default_hook
[INFO] [stdout]    5:     0x5b65194c6df0 - test[aada8e7e76ba119b]::test_main_inner::{closure#0}
[INFO] [stdout]    6:     0x5b65195326c2 - std[617be2ca0a6fd877]::panicking::panic_with_hook
[INFO] [stdout]    7:     0x5b65195154a2 - std[617be2ca0a6fd877]::panicking::panic_handler::{closure#0}
[INFO] [stdout]    8:     0x5b651950df09 - std[617be2ca0a6fd877]::sys::backtrace::__rust_end_short_backtrace::<std[617be2ca0a6fd877]::panicking::panic_handler::{closure#0}, !>
[INFO] [stdout]    9:     0x5b65195160ad - __rustc[ea4f61d10b84890b]::rust_begin_unwind
[INFO] [stdout]   10:     0x5b651955091c - core[a373ad73a504971]::panicking::panic_fmt
[INFO] [stdout]   11:     0x5b65195506f2 - core[a373ad73a504971]::result::unwrap_failed
[INFO] [stdout]   12:     0x5b651949bd46 - copybook_audit[cbfe7bbf0f2fb6dc]::logger::tests::test_integrity_validation::{closure#0}
[INFO] [stdout]   13:     0x5b651948b403 - <tokio[5bdb5bcfc926c75e]::runtime::scheduler::current_thread::Context>::enter::<core[a373ad73a504971]::task::poll::Poll<()>, <tokio[5bdb5bcfc926c75e]::runtime::scheduler::current_thread::CoreGuard>::block_on<core[a373ad73a504971]::pin::Pin<&mut core[a373ad73a504971]::pin::Pin<&mut dyn core[a373ad73a504971]::future::future::Future<Output = ()>>>>::{closure#0}::{closure#0}>
[INFO] [stdout]   14:     0x5b65194983fc - <tokio[5bdb5bcfc926c75e]::runtime::context::scoped::Scoped<tokio[5bdb5bcfc926c75e]::runtime::scheduler::Context>>::set::<<tokio[5bdb5bcfc926c75e]::runtime::scheduler::current_thread::CoreGuard>::enter<<tokio[5bdb5bcfc926c75e]::runtime::scheduler::current_thread::CoreGuard>::block_on<core[a373ad73a504971]::pin::Pin<&mut core[a373ad73a504971]::pin::Pin<&mut dyn core[a373ad73a504971]::future::future::Future<Output = ()>>>>::{closure#0}, core[a373ad73a504971]::option::Option<()>>::{closure#0}, (alloc[2e1b2a31b91974c5]::boxed::Box<tokio[5bdb5bcfc926c75e]::runtime::scheduler::current_thread::Core>, core[a373ad73a504971]::option::Option<()>)>
[INFO] [stdout]   15:     0x5b651948b5a7 - <tokio[5bdb5bcfc926c75e]::runtime::scheduler::current_thread::CoreGuard>::block_on::<core[a373ad73a504971]::pin::Pin<&mut core[a373ad73a504971]::pin::Pin<&mut dyn core[a373ad73a504971]::future::future::Future<Output = ()>>>>
[INFO] [stdout]   16:     0x5b651949a716 - tokio[5bdb5bcfc926c75e]::runtime::context::runtime::enter_runtime::<<tokio[5bdb5bcfc926c75e]::runtime::scheduler::current_thread::CurrentThread>::block_on<core[a373ad73a504971]::pin::Pin<&mut dyn core[a373ad73a504971]::future::future::Future<Output = ()>>>::{closure#0}, ()>
[INFO] [stdout]   17:     0x5b6519498186 - <tokio[5bdb5bcfc926c75e]::runtime::runtime::Runtime>::block_on::<core[a373ad73a504971]::pin::Pin<&mut dyn core[a373ad73a504971]::future::future::Future<Output = ()>>>
[INFO] [stdout]   18:     0x5b651949d794 - <copybook_audit[cbfe7bbf0f2fb6dc]::logger::tests::test_integrity_validation::{closure#0} as core[a373ad73a504971]::ops::function::FnOnce<()>>::call_once
[INFO] [stdout]   19:     0x5b65194ba23b - test[aada8e7e76ba119b]::__rust_begin_short_backtrace::<core[a373ad73a504971]::result::Result<(), alloc[2e1b2a31b91974c5]::string::String>, fn() -> core[a373ad73a504971]::result::Result<(), alloc[2e1b2a31b91974c5]::string::String>>
[INFO] [stdout]   20:     0x5b65194c7415 - test[aada8e7e76ba119b]::run_test::{closure#0}
[INFO] [stdout]   21:     0x5b65194c0d04 - std[617be2ca0a6fd877]::sys::backtrace::__rust_begin_short_backtrace::<test[aada8e7e76ba119b]::run_test::{closure#1}, ()>
[INFO] [stdout]   22:     0x5b65194ca4a2 - <std[617be2ca0a6fd877]::thread::lifecycle::spawn_unchecked<test[aada8e7e76ba119b]::run_test::{closure#1}, ()>::{closure#1} as core[a373ad73a504971]::ops::function::FnOnce<()>>::call_once::{shim:vtable#0}
[INFO] [stdout]   23:     0x5b6519539def - <std[617be2ca0a6fd877]::sys::thread::unix::Thread>::new::thread_start
[INFO] [stdout]   24:     0x7d2a7392ddfa - <unknown>
[INFO] [stdout]   25:     0x7d2a739c13d4 - clone
[INFO] [stdout]   26:                0x0 - <unknown>
[INFO] [stdout] 
[INFO] [stdout] 
[INFO] [stdout] failures:
[INFO] [stdout]     logger::tests::test_audit_logger_creation
[INFO] [stdout]     logger::tests::test_cef_formatting
[INFO] [stdout]     logger::tests::test_integrity_validation
[INFO] [stdout] 
[INFO] [stderr] error: test failed, to rerun pass `--lib`
[INFO] [stdout] test result: FAILED. 114 passed; 3 failed; 0 ignored; 0 measured; 0 filtered out; finished in 0.04s
[INFO] [stdout] 
[INFO] running `Command { std: "docker" "inspect" "b71543e5c047970d59c628e69ade59fe0c1042d1e2b8708d39009034b64f5c7c", kill_on_drop: false }`
[INFO] running `Command { std: "docker" "rm" "-f" "b71543e5c047970d59c628e69ade59fe0c1042d1e2b8708d39009034b64f5c7c", kill_on_drop: false }`
[INFO] [stdout] b71543e5c047970d59c628e69ade59fe0c1042d1e2b8708d39009034b64f5c7c
