[INFO] fetching crate copc_converter 0.16.0...
[INFO] testing copc_converter-0.16.0 against 1.99.0-beta.8+cargoflags=--release for beta-release-1.100-2
[INFO] extracting crate copc_converter 0.16.0 into /workspace/builds/worker-6-tc1/source
[INFO] removed /workspace/builds/worker-6-tc1/source/.cargo/config.toml
[INFO] started tweaking crates.io crate copc_converter 0.16.0
[INFO] removed 0 missing examples
[INFO] removed 0 missing tests
[INFO] finished tweaking crates.io crate copc_converter 0.16.0
[INFO] tweaked toml for crates.io crate copc_converter 0.16.0 written to /workspace/builds/worker-6-tc1/source/Cargo.toml
[INFO] validating manifest of crates.io crate copc_converter 0.16.0 on toolchain 1.99.0-beta.8
[INFO] running `Command { std: CARGO_HOME="/workspace/cargo-home" RUSTUP_HOME="/workspace/rustup-home" "/workspace/cargo-home/bin/cargo" "+1.99.0-beta.8" "metadata" "--manifest-path" "Cargo.toml" "--no-deps", kill_on_drop: false }`
[INFO] crate crates.io crate copc_converter 0.16.0 already has a lockfile, it will not be regenerated
[INFO] running `Command { std: CARGO_HOME="/workspace/cargo-home" RUSTUP_HOME="/workspace/rustup-home" "/workspace/cargo-home/bin/cargo" "+1.99.0-beta.8" "fetch" "--manifest-path" "Cargo.toml", kill_on_drop: false }`
[INFO] [stderr]     Updating crates.io index
[INFO] [stderr]  Downloading crates ...
[INFO] [stderr]   Downloaded mimalloc v0.1.50
[INFO] [stderr]   Downloaded copc-temporal v0.2.0
[INFO] [stderr]   Downloaded copc-streaming v0.2.0
[INFO] [stderr]   Downloaded openssl-sys v0.9.116
[INFO] [stderr]   Downloaded laz v0.12.1
[INFO] [stderr]   Downloaded openssl v0.10.80
[INFO] [stderr]   Downloaded las v0.10.0
[INFO] [stderr]   Downloaded libmimalloc-sys v0.1.47
[INFO] [stderr]   Downloaded crs-definitions v0.4.0
[INFO] running `Command { std: "docker" "create" "-v" "/var/lib/crater-agent-workspace/builds/worker-6-tc1/source:/opt/rustwide/workdir:ro,Z" "-v" "/var/lib/crater-agent-workspace/builds/worker-6-tc1/target:/opt/rustwide/target:rw,Z" "-v" "/var/lib/crater-agent-workspace/cargo-home:/opt/rustwide/cargo-home:ro,Z" "-v" "/var/lib/crater-agent-workspace/rustup-home:/opt/rustwide/rustup-home:ro,Z" "-m" "1610612736" "--network" "none" "ghcr.io/rust-lang/crates-build-env/linux@sha256:77db811e55d90add9212f6832c23229e3de5f1c1f9905e8cb07319ea15df73ac" "sleep" "infinity", kill_on_drop: false }`
[INFO] [stdout] b0fade8c5521ad08337d4de67db2877e4b7ae8b45914dc67bf7d3f6953cafd26
[INFO] running `Command { std: "docker" "start" "b0fade8c5521ad08337d4de67db2877e4b7ae8b45914dc67bf7d3f6953cafd26", kill_on_drop: false }`
[INFO] running `Command { std: "docker" "inspect" "b0fade8c5521ad08337d4de67db2877e4b7ae8b45914dc67bf7d3f6953cafd26", kill_on_drop: false }`
[INFO] running `Command { std: "docker" "exec" "-e" "SOURCE_DIR=/opt/rustwide/workdir" "-e" "CARGO_HOME=/opt/rustwide/cargo-home" "-e" "RUSTUP_HOME=/opt/rustwide/rustup-home" "-e" "CARGO_TARGET_DIR=/opt/rustwide/target" "-w" "/opt/rustwide/workdir" "--user" "0:0" "b0fade8c5521ad08337d4de67db2877e4b7ae8b45914dc67bf7d3f6953cafd26" "/opt/rustwide/cargo-home/bin/cargo" "+1.99.0-beta.8" "metadata" "--no-deps" "--format-version=1", kill_on_drop: false }`
[INFO] running `Command { std: "docker" "inspect" "b0fade8c5521ad08337d4de67db2877e4b7ae8b45914dc67bf7d3f6953cafd26", kill_on_drop: false }`
[INFO] running `Command { std: "docker" "exec" "-e" "SOURCE_DIR=/opt/rustwide/workdir" "-e" "CARGO_HOME=/opt/rustwide/cargo-home" "-e" "RUSTUP_HOME=/opt/rustwide/rustup-home" "-e" "CARGO_TARGET_DIR=/opt/rustwide/target" "-e" "CARGO_INCREMENTAL=0" "-e" "RUST_BACKTRACE=full" "-e" "RUSTFLAGS=--cap-lints=warn" "-e" "RUSTDOCFLAGS=--cap-lints=warn" "-w" "/opt/rustwide/workdir" "--user" "0:0" "b0fade8c5521ad08337d4de67db2877e4b7ae8b45914dc67bf7d3f6953cafd26" "/opt/rustwide/cargo-home/bin/cargo" "+1.99.0-beta.8" "build" "--frozen" "--message-format=json" "--release", kill_on_drop: false }`
[INFO] [stderr]    Compiling proc-macro2 v1.0.106
[INFO] [stderr]    Compiling quote v1.0.45
[INFO] [stderr]    Compiling unicode-ident v1.0.24
[INFO] [stderr]    Compiling crossbeam-utils v0.8.21
[INFO] [stderr]    Compiling autocfg v1.5.0
[INFO] [stderr]    Compiling libc v0.2.186
[INFO] [stderr]    Compiling find-msvc-tools v0.1.9
[INFO] [stderr]    Compiling once_cell v1.21.4
[INFO] [stderr]    Compiling shlex v1.3.0
[INFO] [stderr]    Compiling rayon-core v1.13.0
[INFO] [stderr]    Compiling serde_core v1.0.228
[INFO] [stderr]    Compiling utf8parse v0.2.2
[INFO] [stderr]    Compiling cfg-if v1.0.4
[INFO] [stderr]    Compiling zmij v1.0.21
[INFO] [stderr]    Compiling portable-atomic v1.13.1
[INFO] [stderr]    Compiling log v0.4.29
[INFO] [stderr]    Compiling smallvec v1.15.1
[INFO] [stderr]    Compiling anstyle-parse v1.0.0
[INFO] [stderr]    Compiling parking_lot_core v0.9.12
[INFO] [stderr]    Compiling either v1.15.0
[INFO] [stderr]    Compiling is_terminal_polyfill v1.70.2
[INFO] [stderr]    Compiling colorchoice v1.0.5
[INFO] [stderr]    Compiling anstyle-query v1.1.5
[INFO] [stderr]    Compiling thiserror v2.0.18
[INFO] [stderr]    Compiling anstyle v1.0.14
[INFO] [stderr]    Compiling cc v1.2.62
[INFO] [stderr]    Compiling regex-syntax v0.8.10
[INFO] [stderr]    Compiling tracing-core v0.1.36
[INFO] [stderr]    Compiling pin-project-lite v0.2.17
[INFO] [stderr]    Compiling scopeguard v1.2.0
[INFO] [stderr]    Compiling heck v0.5.0
[INFO] [stderr]    Compiling strsim v0.11.1
[INFO] [stderr]    Compiling clap_lex v1.1.0
[INFO] [stderr]    Compiling anyhow v1.0.102
[INFO] [stderr]    Compiling unicode-width v0.2.2
[INFO] [stderr]    Compiling iana-time-zone v0.1.65
[INFO] [stderr]    Compiling num-traits v0.2.19
[INFO] [stderr]    Compiling anstream v1.0.0
[INFO] [stderr]    Compiling byteorder v1.5.0
[INFO] [stderr]    Compiling serde_json v1.0.149
[INFO] [stderr]    Compiling lazy_static v1.5.0
[INFO] [stderr]    Compiling serde v1.0.228
[INFO] [stderr]    Compiling sharded-slab v0.1.7
[INFO] [stderr]    Compiling lock_api v0.4.14
[INFO] [stderr]    Compiling syn v2.0.117
[INFO] [stderr]    Compiling tracing-log v0.2.0
[INFO] [stderr]    Compiling thread_local v1.1.9
[INFO] [stderr]    Compiling memchr v2.8.0
[INFO] [stderr]    Compiling clap_builder v4.6.0
[INFO] [stderr]    Compiling twox-hash v2.1.2
[INFO] [stderr]    Compiling nu-ansi-term v0.50.3
[INFO] [stderr]    Compiling uuid v1.23.1
[INFO] [stderr]    Compiling hashbrown v0.14.5
[INFO] [stderr]    Compiling itoa v1.0.18
[INFO] [stderr]    Compiling unit-prefix v0.5.2
[INFO] [stderr]    Compiling crossbeam-epoch v0.9.18
[INFO] [stderr]    Compiling lz4_flex v0.13.1
[INFO] [stderr]    Compiling rustc-hash v2.1.2
[INFO] [stderr]    Compiling crs-definitions v0.4.0
[INFO] [stderr]    Compiling console v0.16.3
[INFO] [stderr]    Compiling regex-automata v0.4.14
[INFO] [stderr]    Compiling crossbeam-deque v0.8.6
[INFO] [stderr]    Compiling libmimalloc-sys v0.1.47
[INFO] [stderr]    Compiling chrono v0.4.44
[INFO] [stderr]    Compiling indicatif v0.18.4
[INFO] [stderr]    Compiling rayon v1.12.0
[INFO] [stderr]    Compiling dashmap v6.2.1
[INFO] [stderr]    Compiling matchers v0.2.0
[INFO] [stderr]    Compiling laz v0.12.1
[INFO] [stderr]    Compiling tracing-attributes v0.1.31
[INFO] [stderr]    Compiling thiserror-impl v2.0.18
[INFO] [stderr]    Compiling serde_derive v1.0.228
[INFO] [stderr]    Compiling clap_derive v4.6.1
[INFO] [stderr]    Compiling tracing v0.1.44
[INFO] [stderr]    Compiling clap v4.6.1
[INFO] [stderr]    Compiling tracing-subscriber v0.3.23
[INFO] [stderr]    Compiling las v0.10.0
[INFO] [stderr]    Compiling mimalloc v0.1.50
[INFO] [stderr]    Compiling copc_converter v0.16.0 (/opt/rustwide/workdir)
[INFO] [stderr]     Finished `release` profile [optimized] target(s) in 1m 19s
[INFO] running `Command { std: "docker" "inspect" "b0fade8c5521ad08337d4de67db2877e4b7ae8b45914dc67bf7d3f6953cafd26", kill_on_drop: false }`
[INFO] running `Command { std: "docker" "exec" "-e" "SOURCE_DIR=/opt/rustwide/workdir" "-e" "CARGO_HOME=/opt/rustwide/cargo-home" "-e" "RUSTUP_HOME=/opt/rustwide/rustup-home" "-e" "CARGO_TARGET_DIR=/opt/rustwide/target" "-e" "CARGO_INCREMENTAL=0" "-e" "RUST_BACKTRACE=full" "-e" "RUSTFLAGS=--cap-lints=warn" "-e" "RUSTDOCFLAGS=--cap-lints=warn" "-w" "/opt/rustwide/workdir" "--user" "0:0" "b0fade8c5521ad08337d4de67db2877e4b7ae8b45914dc67bf7d3f6953cafd26" "/opt/rustwide/cargo-home/bin/cargo" "+1.99.0-beta.8" "test" "--frozen" "--no-run" "--message-format=json" "--release", kill_on_drop: false }`
[INFO] [stderr]    Compiling copc_converter v0.16.0 (/opt/rustwide/workdir)
[INFO] [stderr]     Finished `release` profile [optimized] target(s) in 36.89s
[INFO] running `Command { std: "docker" "inspect" "b0fade8c5521ad08337d4de67db2877e4b7ae8b45914dc67bf7d3f6953cafd26", kill_on_drop: false }`
[INFO] running `Command { std: "docker" "exec" "-e" "SOURCE_DIR=/opt/rustwide/workdir" "-e" "CARGO_HOME=/opt/rustwide/cargo-home" "-e" "RUSTUP_HOME=/opt/rustwide/rustup-home" "-e" "CARGO_TARGET_DIR=/opt/rustwide/target" "-e" "CARGO_INCREMENTAL=0" "-e" "RUST_BACKTRACE=full" "-e" "RUSTFLAGS=--cap-lints=warn" "-e" "RUSTDOCFLAGS=--cap-lints=warn" "-w" "/opt/rustwide/workdir" "--user" "0:0" "b0fade8c5521ad08337d4de67db2877e4b7ae8b45914dc67bf7d3f6953cafd26" "/opt/rustwide/cargo-home/bin/cargo" "+1.99.0-beta.8" "test" "--frozen" "--release", kill_on_drop: false }`
[INFO] [stderr]     Finished `release` profile [optimized] target(s) in 0.21s
[INFO] [stderr]      Running unittests src/lib.rs (/opt/rustwide/target/release/deps/copc_converter-f663c9e7ce715e88)
[INFO] [stdout] 
[INFO] [stdout] running 93 tests
[INFO] [stdout] test chunking::tests::chunk_target_clamps_to_min ... ok
[INFO] [stdout] test chunking::tests::chunk_target_scales_with_budget ... ok
[INFO] [stdout] test chunking::tests::merge_splits_when_target_exceeded ... ok
[INFO] [stdout] test chunking::tests::emit_chunk_root_no_split_below_target ... ok
[INFO] [stdout] test chunking::tests::split_extra_levels_thresholds ... ok
[INFO] [stdout] test chunking::tests::merge_partial_collapse ... ok
[INFO] [stdout] test copc_types::tests::temporal_page_pointer_roundtrip ... ok
[INFO] [stdout] test copc_types::tests::temporal_entry_empty_samples ... ok
[INFO] [stdout] test copc_types::tests::temporal_page_pointer_size ... ok
[INFO] [stdout] test chunking::tests::chunk_target_parallelism_floor ... ok
[INFO] [stdout] test chunking::tests::merge_single_chunk_when_fits ... ok
[INFO] [stdout] test chunking::tests::select_grid_size_falls_back_on_tiny_budget ... ok
[INFO] [stdout] test chunking::tests::merge_no_split_when_finest_cell_fits ... ok
[INFO] [stdout] test chunking::tests::select_grid_thresholds ... ok
[INFO] [stdout] test chunking::tests::chunk_target_fits_one_build_slot ... ok
[INFO] [stdout] test extra_bytes::tests::diff_reports_all_field_differences ... ok
[INFO] [stdout] test extra_bytes::tests::diff_reports_data_type_mismatch ... ok
[INFO] [stdout] test extra_bytes::tests::diff_reports_field_count_mismatch ... ok
[INFO] [stdout] test extra_bytes::tests::parse_single_field_round_trip ... ok
[INFO] [stdout] test extra_bytes::tests::merge_handles_mixed_stat_presence ... ok
[INFO] [stdout] test extra_bytes::tests::parses_integer_typed_stats_per_spec ... ok
[INFO] [stdout] test chunking::tests::select_grid_size_256_fits_mid_budget ... ok
[INFO] [stdout] test extra_bytes::tests::merge_preserves_integer_stats ... ok
[INFO] [stdout] test copc_types::tests::temporal_entry_roundtrip ... ok
[INFO] [stdout] test extra_bytes::tests::merge_skips_non_finite_float_stats ... ok
[INFO] [stdout] test copc_types::tests::temporal_header_size ... ok
[INFO] [stdout] test octree::tests::build_chunk_lut_chunk_at_corner ... ok
[INFO] [stdout] test node_store::tests::packed_store_streamed_rewrite ... ok
[INFO] [stdout] test octree::tests::build_chunk_lut_eight_finest_chunks ... ok
[INFO] [stdout] test chunking::tests::emit_chunk_root_conserves_and_bounds ... ok
[INFO] [stdout] test octree::tests::build_chunk_lut_mixed_levels ... ok
[INFO] [stdout] test extra_bytes::tests::schema_hash_ignores_stats ... ok
[INFO] [stdout] test node_store::tests::packed_missing_key_is_empty ... ok
[INFO] [stdout] test node_store::tests::file_store_streamed_rewrite ... ok
[INFO] [stdout] test node_store::tests::packed_write_read_roundtrip ... ok
[INFO] [stdout] test extra_bytes::tests::merge_stats_takes_union ... ok
[INFO] [stdout] test octree::tests::build_chunk_lut_subsplit_cell ... ok
[INFO] [stdout] test node_store::tests::packed_overwrite_returns_latest ... ok
[INFO] [stdout] test octree::tests::grid_cell_axis_covers_full_voxel_when_int_size_not_divisible ... ok
[INFO] [stdout] test octree::tests::build_concurrency_and_budget_scales ... ok
[INFO] [stdout] test octree::tests::chunk_local_extra_levels_basic ... ok
[INFO] [stdout] test octree::tests::fit_offset_scale_grows_scale_for_extreme_spans ... ok
[INFO] [stdout] test octree::tests::fit_offset_scale_keeps_first_file_offset_when_bounds_fit ... ok
[INFO] [stdout] test octree::tests::fit_offset_scale_recenters_when_first_file_offset_is_far ... ok
[INFO] [stdout] test octree::tests::build_chunk_lut_single_root_chunk ... ok
[INFO] [stdout] test octree::tests::normalize_point_flags_for_extended_and_legacy_formats ... ok
[INFO] [stdout] test octree::tests::points_on_split_planes_stay_inside_their_node ... ok
[INFO] [stdout] test octree::tests::rawpoint_record_size_arithmetic ... ok
[INFO] [stdout] test octree::tests::lz4_multi_batch_count_temp_file_points ... ok
[INFO] [stdout] test octree::tests::rawpoint_roundtrip_bulk ... ok
[INFO] [stdout] test octree::tests::rawpoint_roundtrip_single ... ok
[INFO] [stdout] test octree::tests::rawpoint_roundtrip_with_extras ... ok
[INFO] [stdout] test extra_bytes::tests::structural_options_changes_hash ... ok
[INFO] [stdout] test octree::tests::to_cube_pads_halfsize_by_one_scale_unit ... ok
[INFO] [stdout] test validate::tests::validate_crs_geotiff_and_wkt ... ok
[INFO] [stdout] test validate::tests::validate_extras_data_type_mismatch_lists_field ... ok
[INFO] [stdout] test validate::tests::validate_extras_lists_all_differences ... ok
[INFO] [stdout] test validate::tests::validate_extras_one_file_lacks_them ... ok
[INFO] [stdout] test validate::tests::validate_extras_same_schema_different_stats_is_accepted ... ok
[INFO] [stdout] test validate::tests::validate_crs_geotiff_only_translates_via_registry ... ok
[INFO] [stdout] test validate::tests::validate_extras_matching_with_identical_stats ... ok
[INFO] [stdout] test validate::tests::validate_format_mismatch ... ok
[INFO] [stdout] test octree::tests::temp_batch_roundtrip_with_extras ... ok
[INFO] [stdout] test validate::tests::validate_crs_mismatch ... ok
[INFO] [stdout] test validate::tests::validate_crs_wkt_and_geotiff ... ok
[INFO] [stdout] test octree::tests::grid_cell_axis_distributes_offsets_uniformly ... ok
[INFO] [stdout] test validate::tests::validate_matching_files ... ok
[INFO] [stdout] test octree::tests::input_to_copc_format_mapping ... ok
[INFO] [stdout] test validate::tests::validate_single_file ... ok
[INFO] [stdout] test validate::tests::validate_temporal_index_requires_gps_time ... ok
[INFO] [stdout] test validate::tests::validate_temporal_index_with_gps_time ... ok
[INFO] [stdout] test writer::tests::civil_date_known_days ... ok
[INFO] [stdout] test writer::tests::encode_point_format6_matches_base_of_format7 ... ok
[INFO] [stdout] test writer::tests::encode_point_appends_extras ... ok
[INFO] [stdout] test writer::tests::encode_point_format7_includes_rgb ... ok
[INFO] [stdout] test octree::tests::lz4_multi_batch_round_trip ... ok
[INFO] [stdout] test writer::tests::encode_point_format7_size ... ok
[INFO] [stdout] test writer::tests::encode_point_format6_size ... ok
[INFO] [stdout] test writer::tests::encode_point_format8_includes_nir ... ok
[INFO] [stdout] test writer::tests::encode_point_format8_size ... ok
[INFO] [stdout] test node_store::tests::packed_concurrent_writes ... ok
[INFO] [stdout] test writer::tests::hierarchy_paging_deep_tree_produces_multiple_pages ... ok
[INFO] [stdout] test writer::tests::hierarchy_paging_small_tree_stays_flat ... ok
[INFO] [stdout] test writer::tests::encode_point_preserves_las_1_4_flags ... ok
[INFO] [stdout] test writer::tests::hierarchy_paging_boundary_node_lives_in_child_page ... ok
[INFO] [stdout] test writer::tests::hierarchy_paging_empty_input_returns_empty_payload ... ok
[INFO] [stdout] test writer::tests::point_record_lengths ... ok
[INFO] [stdout] test writer::tests::temporal_sampling_basic ... ok
[INFO] [stdout] test writer::tests::temporal_sampling_exact_stride ... ok
[INFO] [stdout] test writer::tests::temporal_sampling_fewer_than_stride ... ok
[INFO] [stdout] test writer::tests::temporal_sampling_single_point ... ok
[INFO] [stdout] test writer::tests::bounded_run_merge_sorts_across_passes ... ok
[INFO] [stderr]      Running unittests src/main.rs (/opt/rustwide/target/release/deps/copc_converter-c9b04d9b60aa92f4)
[INFO] [stdout] test octree::tests::batch_larger_than_subread_cap_round_trips ... ok
[INFO] [stdout] 
[INFO] [stdout] test result: ok. 93 passed; 0 failed; 0 ignored; 0 measured; 0 filtered out; finished in 0.14s
[INFO] [stdout] 
[INFO] [stdout] 
[INFO] [stdout] running 8 tests
[INFO] [stdout] test memory_limit::tests::detect_is_capped_by_physical_memory ... ok
[INFO] [stdout] test memory_limit::tests::parse_size_accepts_cli_and_kubernetes_forms ... ok
[INFO] [stdout] test memory_limit::tests::v2_unlimited_is_none ... ok
[INFO] [stdout] test memory_limit::tests::v2_takes_tightest_of_max_high_and_ancestors ... ok
[INFO] [stdout] test memory_limit::tests::v2_uses_own_cgroup_not_just_the_mount_root ... ok
[INFO] [stdout] test memory_limit::tests::listed_path_missing_falls_back_to_mount_root ... ok
[INFO] [stderr]      Running tests/integration.rs (/opt/rustwide/target/release/deps/integration-c7e23f980876dcbd)
[INFO] [stdout] test memory_limit::tests::v1_memory_controller_and_unlimited_sentinel ... ok
[INFO] [stdout] test memory_limit::tests::v2_namespaced_container_reads_mount_root ... ok
[INFO] [stdout] 
[INFO] [stdout] test result: ok. 8 passed; 0 failed; 0 ignored; 0 measured; 0 filtered out; finished in 0.01s
[INFO] [stdout] 
[INFO] [stdout] 
[INFO] [stdout] running 42 tests
[INFO] [stderr] Memory: 1.5 GB limit, 1.1 GB budget (auto-detected: cgroup /sys/fs/cgroup/memory.max)
[INFO] [stderr] Memory: 1.5 GB limit, 1.1 GB budget (auto-detected: cgroup /sys/fs/cgroup/memory.max)
[INFO] [stdout] [1/6] Scanning started (1 units)
[INFO] [stderr] Memory: 1.5 GB limit, 1.1 GB budget (auto-detected: cgroup /sys/fs/cgroup/memory.max)
[INFO] [stdout] [1/6] Scanning started (1 units)
[INFO] [stderr] Memory: 1.5 GB limit, 1.1 GB budget (auto-detected: cgroup /sys/fs/cgroup/memory.max)
[INFO] [stdout] [1/6] Scanning started (1 units)
[INFO] [stderr] Memory: 1.5 GB limit, 1.1 GB budget (auto-detected: cgroup /sys/fs/cgroup/memory.max)
[INFO] [stdout] [1/6] Scanning started (1 units)
[INFO] [stderr] Error: Cannot open "tests/data/extra_bytes_input.laz"
[INFO] [stderr] 
[INFO] [stderr] Caused by:
[INFO] [stderr]     No such file or directory (os error 2)Error: Cannot open "tests/data/input.laz"
[INFO] [stdout] test extra_bytes_schema_mismatch_reports_all_differences ... FAILED
[INFO] [stderr] 
[INFO] [stdout] test empty_tile_does_not_stretch_cube ... FAILED
[INFO] [stderr] Caused by:
[INFO] [stdout] test empty_input_writes_readable_hierarchy ... FAILED
[INFO] [stdout] test coincident_points_stay_within_tiny_budget_paths ... FAILED
[INFO] [stderr]     No such file or directory (os error 2)Error: Cannot open "tests/data/input.laz"
[INFO] [stdout] test gps_time_type_is_preserved ... FAILED
[INFO] [stderr] 
[INFO] [stdout] test huge_laz_chunks_are_decoded_sequentially ... FAILED
[INFO] [stderr] Caused by:
[INFO] [stdout] [1/6] Scanning started (1 units)
[INFO] [stderr]     No such file or directory (os error 2)Error: Cannot open "tests/data/input.laz"
[INFO] [stderr] 
[INFO] [stderr] Caused by:
[INFO] [stderr]     No such file or directory (os error 2)Error: Cannot open "tests/data/input.laz"
[INFO] [stderr] 
[INFO] [stderr] Caused by:
[INFO] [stderr]     No such file or directory (os error 2)Memory: 1.5 GB limit, 1.1 GB budget (auto-detected: cgroup /sys/fs/cgroup/memory.max)
[INFO] [stdout] [1/6] Scanning started (1 units)
[INFO] [stderr] Memory: 1.5 GB limit, 1.1 GB budget (auto-detected: cgroup /sys/fs/cgroup/memory.max)
[INFO] [stderr] Error: Cannot open "tests/data/extra_bytes_input.laz"
[INFO] [stderr] 
[INFO] [stderr] Caused by:
[INFO] [stderr]     No such file or directory (os error 2)Memory: 1.5 GB limit, 1.1 GB budget (auto-detected: cgroup /sys/fs/cgroup/memory.max)
[INFO] [stderr] Memory: 1.5 GB limit, 1.1 GB budget (auto-detected: cgroup /sys/fs/cgroup/memory.max)
[INFO] [stdout] [1/6] Scanning started (1 units)
[INFO] [stderr] Error: Cannot open "tests/data/input.laz"
[INFO] [stderr] 
[INFO] [stderr] Caused by:
[INFO] [stdout] [1/6] Scanning started (1 units)
[INFO] [stderr]     No such file or directory (os error 2)Memory: 1 MB limit, 1 MB budget (user-specified)
[INFO] [stderr] Memory: 1.5 GB limit, 1.1 GB budget (auto-detected: cgroup /sys/fs/cgroup/memory.max)
[INFO] [stdout] [1/6] Scanning started (1 units)
[INFO] [stderr] Error: Cannot open "tests/data/input.laz"
[INFO] [stderr] 
[INFO] [stderr] Caused by:
[INFO] [stdout] [1/6] Scanning started (1 units)
[INFO] [stderr]     No such file or directory (os error 2)Error: Cannot open "tests/data/extra_bytes_input.laz"
[INFO] [stderr] 
[INFO] [stderr] Caused by:
[INFO] [stderr]     No such file or directory (os error 2)Error: Cannot open "tests/data/input.laz"
[INFO] [stderr] 
[INFO] [stderr] Caused by:
[INFO] [stdout] [1/6] Scanning started (1 units)
[INFO] [stderr]     No such file or directory (os error 2)
[INFO] [stderr] 
[INFO] [stderr] Stack backtrace:
[INFO] [stderr]    0: <anyhow::Error as core::convert::From<copc_converter::Error>>::from
[INFO] [stderr]    1: copc_converter::main
[INFO] [stderr]    2: std::sys::backtrace::__rust_begin_short_backtrace::<fn() -> core::result::Result<(), anyhow::Error>, core::result::Result<(), anyhow::Error>>
[INFO] [stderr]    3: std::rt::lang_start::<core::result::Result<(), anyhow::Error>>::{closure#0}
[INFO] [stderr]    4: std::rt::lang_start_internal
[INFO] [stderr]    5: main
[INFO] [stderr]    6: <unknown>
[INFO] [stderr]    7: __libc_start_main
[INFO] [stderr]    8: _start
[INFO] [stderr] Error: Cannot open "tests/data/input.laz"
[INFO] [stderr] 
[INFO] [stderr] Caused by:
[INFO] [stderr]     No such file or directory (os error 2)
[INFO] [stderr] 
[INFO] [stderr] Stack backtrace:
[INFO] [stderr]    0: <anyhow::Error as core::convert::From<copc_converter::Error>>::from
[INFO] [stderr]    1: copc_converter::main
[INFO] [stderr]    2: std::sys::backtrace::__rust_begin_short_backtrace::<fn() -> core::result::Result<(), anyhow::Error>, core::result::Result<(), anyhow::Error>>
[INFO] [stderr]    3: std::rt::lang_start::<core::result::Result<(), anyhow::Error>>::{closure#0}
[INFO] [stderr]    4: std::rt::lang_start_internal
[INFO] [stderr]    5: main
[INFO] [stderr]    6: <unknown>
[INFO] [stderr]    7: __libc_start_main
[INFO] [stderr]    8: _start
[INFO] [stderr] 
[INFO] [stderr] 
[INFO] [stderr] 
[INFO] [stderr] 
[INFO] [stderr] 
[INFO] [stderr] 
[INFO] [stderr] Stack backtrace:
[INFO] [stderr]    0: <anyhow::Error as core::convert::From<copc_converter::Error>>::from
[INFO] [stderr]    1: copc_converter::main
[INFO] [stderr]    2: std::sys::backtrace::__rust_begin_short_backtrace::<fn() -> core::result::Result<(), anyhow::Error>, core::result::Result<(), anyhow::Error>>
[INFO] [stderr]    3: std::rt::lang_start::<core::result::Result<(), anyhow::Error>>::{closure#0}
[INFO] [stderr]    4: std::rt::lang_start_internal
[INFO] [stderr]    5: main
[INFO] [stderr]    6: <unknown>
[INFO] [stderr]    7: __libc_start_main
[INFO] [stderr]    8: _start
[INFO] [stderr] Stack backtrace:
[INFO] [stderr]    0: <anyhow::Error as core::convert::From<copc_converter::Error>>::from
[INFO] [stderr]    1: copc_converter::main
[INFO] [stderr]    2: std::sys::backtrace::__rust_begin_short_backtrace::<fn() -> core::result::Result<(), anyhow::Error>, core::result::Result<(), anyhow::Error>>
[INFO] [stderr]    3: std::rt::lang_start::<core::result::Result<(), anyhow::Error>>::{closure#0}
[INFO] [stderr]    4: std::rt::lang_start_internal
[INFO] [stderr]    5: main
[INFO] [stderr]    6: <unknown>
[INFO] [stderr]    7: __libc_start_main
[INFO] [stderr]    8: _start
[INFO] [stderr] Stack backtrace:
[INFO] [stderr]    0: <anyhow::Error as core::convert::From<copc_converter::Error>>::from
[INFO] [stderr]    1: copc_converter::main
[INFO] [stderr]    2: std::sys::backtrace::__rust_begin_short_backtrace::<fn() -> core::result::Result<(), anyhow::Error>, core::result::Result<(), anyhow::Error>>
[INFO] [stderr]    3: std::rt::lang_start::<core::result::Result<(), anyhow::Error>>::{closure#0}
[INFO] [stderr]    4: std::rt::lang_start_internal
[INFO] [stderr]    5: main
[INFO] [stderr]    6: <unknown>
[INFO] [stderr]    7: __libc_start_main
[INFO] [stderr]    8: _start
[INFO] [stderr] 
[INFO] [stderr] 
[INFO] [stderr] Stack backtrace:
[INFO] [stderr]    0: <anyhow::Error as core::convert::From<copc_converter::Error>>::from
[INFO] [stderr]    1: copc_converter::main
[INFO] [stderr]    2: std::sys::backtrace::__rust_begin_short_backtrace::<fn() -> core::result::Result<(), anyhow::Error>, core::result::Result<(), anyhow::Error>>
[INFO] [stderr]    3: std::rt::lang_start::<core::result::Result<(), anyhow::Error>>::{closure#0}
[INFO] [stderr]    4: std::rt::lang_start_internal
[INFO] [stderr]    5: main
[INFO] [stderr]    6: <unknown>
[INFO] [stderr]    7: __libc_start_main
[INFO] [stderr]    8: _start
[INFO] [stderr] 
[INFO] [stdout] [1/6] Scanning started (1 units)
[INFO] [stderr] 
[INFO] [stderr] Stack backtrace:
[INFO] [stderr]    0: <anyhow::Error as core::convert::From<copc_converter::Error>>::from
[INFO] [stderr]    1: copc_converter::main
[INFO] [stderr]    2: std::sys::backtrace::__rust_begin_short_backtrace::<fn() -> core::result::Result<(), anyhow::Error>, core::result::Result<(), anyhow::Error>>
[INFO] [stderr]    3: std::rt::lang_start::<core::result::Result<(), anyhow::Error>>::{closure#0}
[INFO] [stderr]    4: std::rt::lang_start_internal
[INFO] [stderr]    5: main
[INFO] [stderr]    6: <unknown>
[INFO] [stderr]    7: __libc_start_main
[INFO] [stderr]    8: _start
[INFO] [stderr] Memory: 1.5 GB limit, 1.1 GB budget (auto-detected: cgroup /sys/fs/cgroup/memory.max)
[INFO] [stderr] Error: Cannot open "tests/data/input.laz"
[INFO] [stderr] 
[INFO] [stderr] Caused by:
[INFO] [stderr]     No such file or directory (os error 2)
[INFO] [stderr] 
[INFO] [stderr] Stack backtrace:
[INFO] [stderr]    0: <anyhow::Error as core::convert::From<copc_converter::Error>>::from
[INFO] [stderr]    1: copc_converter::main
[INFO] [stderr]    2: std::sys::backtrace::__rust_begin_short_backtrace::<fn() -> core::result::Result<(), anyhow::Error>, core::result::Result<(), anyhow::Error>>
[INFO] [stderr]    3: std::rt::lang_start::<core::result::Result<(), anyhow::Error>>::{closure#0}
[INFO] [stderr]    4: std::rt::lang_start_internal
[INFO] [stderr]    5: main
[INFO] [stderr]    6: <unknown>
[INFO] [stderr]    7: __libc_start_main
[INFO] [stderr]    8: _start
[INFO] [stderr] 
[INFO] [stderr] 
[INFO] [stderr] Stack backtrace:
[INFO] [stderr]    0: <anyhow::Error as core::convert::From<copc_converter::Error>>::from
[INFO] [stderr]    1: copc_converter::main
[INFO] [stderr]    2: std::sys::backtrace::__rust_begin_short_backtrace::<fn() -> core::result::Result<(), anyhow::Error>, core::result::Result<(), anyhow::Error>>
[INFO] [stderr]    3: std::rt::lang_start::<core::result::Result<(), anyhow::Error>>::{closure#0}
[INFO] [stderr]    4: std::rt::lang_start_internal
[INFO] [stderr]    5: main
[INFO] [stderr]    6: <unknown>
[INFO] [stderr]    7: __libc_start_main
[INFO] [stderr]    8: _start
[INFO] [stdout] test header_matches_reference ... FAILED
[INFO] [stderr] 
[INFO] [stderr] 
[INFO] [stderr] Stack backtrace:
[INFO] [stderr]    0: <anyhow::Error as core::convert::From<copc_converter::Error>>::from
[INFO] [stderr]    1: copc_converter::main
[INFO] [stderr]    2: std::sys::backtrace::__rust_begin_short_backtrace::<fn() -> core::result::Result<(), anyhow::Error>, core::result::Result<(), anyhow::Error>>
[INFO] [stderr]    3: std::rt::lang_start::<core::result::Result<(), anyhow::Error>>::{closure#0}
[INFO] [stderr]    4: std::rt::lang_start_internal
[INFO] [stderr]    5: main
[INFO] [stderr]    6: <unknown>
[INFO] [stderr]    7: __libc_start_main
[INFO] [stderr]    8: _start
[INFO] [stderr] Memory: 1.5 GB limit, 1.1 GB budget (auto-detected: cgroup /sys/fs/cgroup/memory.max)
[INFO] [stdout] [1/6] Scanning started (1 units)
[INFO] [stderr] Error: Cannot open "tests/data/input.laz"
[INFO] [stderr] 
[INFO] [stderr] Caused by:
[INFO] [stdout] test copc_info_matches_reference ... FAILED
[INFO] [stdout] test json_progress_stdout_is_pure_ndjson ... FAILED
[INFO] [stderr]     No such file or directory (os error 2)
[INFO] [stderr] 
[INFO] [stderr] Stack backtrace:
[INFO] [stderr]    0: <anyhow::Error as core::convert::From<copc_converter::Error>>::from
[INFO] [stderr]    1: copc_converter::main
[INFO] [stderr]    2: std::sys::backtrace::__rust_begin_short_backtrace::<fn() -> core::result::Result<(), anyhow::Error>, core::result::Result<(), anyhow::Error>>
[INFO] [stderr]    3: std::rt::lang_start::<core::result::Result<(), anyhow::Error>>::{closure#0}
[INFO] [stderr]    4: std::rt::lang_start_internal
[INFO] [stderr]    5: main
[INFO] [stderr]    6: <unknown>
[INFO] [stderr]    7: __libc_start_main
[INFO] [stderr]    8: _start
[INFO] [stdout] test overstated_header_bounds_get_a_tight_cube ... FAILED
[INFO] [stderr] 
[INFO] [stderr] 
[INFO] [stderr] Stack backtrace:
[INFO] [stderr]    0: <anyhow::Error as core::convert::From<copc_converter::Error>>::from
[INFO] [stderr]    1: copc_converter::main
[INFO] [stderr]    2: std::sys::backtrace::__rust_begin_short_backtrace::<fn() -> core::result::Result<(), anyhow::Error>, core::result::Result<(), anyhow::Error>>
[INFO] [stderr]    3: std::rt::lang_start::<core::result::Result<(), anyhow::Error>>::{closure#0}
[INFO] [stderr]    4: std::rt::lang_start_internal
[INFO] [stderr]    5: main
[INFO] [stderr]    6: <unknown>
[INFO] [stderr]    7: __libc_start_main
[INFO] [stderr]    8: _start
[INFO] [stdout] test extra_bytes_per_point_payload_round_trips ... FAILED
[INFO] [stderr] Memory: 1 MB limit, 1 MB budget (user-specified)
[INFO] [stdout] [1/6] Scanning started (1 units)
[INFO] [stdout] test deterministic_output ... FAILED
[INFO] [stdout] test point_flags_round_trip ... FAILED
[INFO] [stdout] test chunked_multi_chunk_preserves_all_points ... FAILED
[INFO] [stdout] test legacy_point_counts_are_zero ... FAILED
[INFO] [stderr] 
[INFO] [stderr] 
[INFO] [stderr] Stack backtrace:
[INFO] [stderr]    0: <anyhow::Error as core::convert::From<copc_converter::Error>>::from
[INFO] [stderr]    1: copc_converter::main
[INFO] [stderr]    2: std::sys::backtrace::__rust_begin_short_backtrace::<fn() -> core::result::Result<(), anyhow::Error>, core::result::Result<(), anyhow::Error>>
[INFO] [stderr]    3: std::rt::lang_start::<core::result::Result<(), anyhow::Error>>::{closure#0}
[INFO] [stderr]    4: std::rt::lang_start_internal
[INFO] [stderr]    5: main
[INFO] [stderr]    6: <unknown>
[INFO] [stderr]    7: __libc_start_main
[INFO] [stderr]    8: _start
[INFO] [stderr] Error: Cannot open "tests/data/input.laz"
[INFO] [stderr] 
[INFO] [stderr] Caused by:
[INFO] [stderr]     No such file or directory (os error 2)
[INFO] [stderr] 
[INFO] [stderr] Stack backtrace:
[INFO] [stderr]    0: <anyhow::Error as core::convert::From<copc_converter::Error>>::from
[INFO] [stderr]    1: copc_converter::main
[INFO] [stderr]    2: std::sys::backtrace::__rust_begin_short_backtrace::<fn() -> core::result::Result<(), anyhow::Error>, core::result::Result<(), anyhow::Error>>
[INFO] [stderr]    3: std::rt::lang_start::<core::result::Result<(), anyhow::Error>>::{closure#0}
[INFO] [stderr]    4: std::rt::lang_start_internal
[INFO] [stderr]    5: main
[INFO] [stderr]    6: <unknown>
[INFO] [stderr]    7: __libc_start_main
[INFO] [stderr]    8: _start
[INFO] [stdout] test hierarchy_preserves_all_points ... FAILED
[INFO] [stdout] test low_memory_produces_valid_output ... FAILED
[INFO] [stdout] test extra_bytes_vlr_preserved ... FAILED
[INFO] [stdout] [1/6] Scanning started (1 units)
[INFO] [stderr] Memory: 16 MB limit, 12 MB budget (user-specified)
[INFO] [stdout] test hierarchy_structure_similar_to_reference ... FAILED
[INFO] [stdout] test interior_nodes_are_never_empty ... FAILED
[INFO] [stdout] test validate_file_from_env ... ignored, validates the file named by COPC_VALIDATE
[INFO] [stdout] test understated_header_bounds_still_produce_valid_copc ... FAILED
[INFO] [stdout] test packed_storage_produces_valid_output ... FAILED
[INFO] [stderr] Memory: 1.5 GB limit, 1.1 GB budget (auto-detected: cgroup /sys/fs/cgroup/memory.max)
[INFO] [stdout] [1/6] Scanning started (1 units)
[INFO] [stderr] Memory: 1.5 GB limit, 1.1 GB budget (auto-detected: cgroup /sys/fs/cgroup/memory.max)
[INFO] [stdout] [1/6] Scanning started (1 units)
[INFO] [stderr] Error: Cannot open "tests/data/input.laz"
[INFO] [stderr] 
[INFO] [stderr] Caused by:
[INFO] [stderr]     No such file or directory (os error 2)Error: Cannot open "tests/data/input.laz"
[INFO] [stderr] 
[INFO] [stderr] Caused by:
[INFO] [stderr]     No such file or directory (os error 2)Memory: 1.5 GB limit, 1.1 GB budget (auto-detected: cgroup /sys/fs/cgroup/memory.max)
[INFO] [stderr] Memory: 1.5 GB limit, 1.1 GB budget (auto-detected: cgroup /sys/fs/cgroup/memory.max)
[INFO] [stdout] test mixed_gps_time_types_are_rejected ... ok
[INFO] [stderr] Memory: Memory: 1.5 GB limit, 1.1 GB budget (auto-detected: cgroup /sys/fs/cgroup/memory.max)
[INFO] [stderr] 1.5 GB limit, 1.1 GB budget (auto-detected: cgroup /sys/fs/cgroup/memory.max)
[INFO] [stderr] 
[INFO] [stderr] 
[INFO] [stderr] Stack backtrace:
[INFO] [stderr]    0: <anyhow::Error as core::convert::From<copc_converter::Error>>::from
[INFO] [stderr]    1: copc_converter::main
[INFO] [stderr]    2: std::sys::backtrace::__rust_begin_short_backtrace::<fn() -> core::result::Result<(), anyhow::Error>, core::result::Result<(), anyhow::Error>>
[INFO] [stderr]    3: std::rt::lang_start::<core::result::Result<(), anyhow::Error>>::{closure#0}
[INFO] [stderr]    4: std::rt::lang_start_internal
[INFO] [stderr]    5: main
[INFO] [stderr]    6: <unknown>
[INFO] [stderr]    7: __libc_start_main
[INFO] [stderr]    8: _start
[INFO] [stderr] Memory: 1.5 GB limit, 1.1 GB budget (auto-detected: cgroup /sys/fs/cgroup/memory.max)
[INFO] [stderr] Error: Cannot open "tests/data/input.laz"
[INFO] [stderr] 
[INFO] [stderr] Caused by:
[INFO] [stdout] [1/6] Scanning started (1 units)
[INFO] [stdout] test extra_bytes_header_record_length ... FAILED
[INFO] [stdout] [1/6] Scanning started (1 units)
[INFO] [stdout] test temporal_index_present_when_enabled ... FAILED
[INFO] [stderr]     No such file or directory (os error 2)Error: Cannot open "tests/data/input.laz"
[INFO] [stderr] 
[INFO] [stderr] Caused by:
[INFO] [stderr]     No such file or directory (os error 2)Error: Cannot open "tests/data/input.laz"
[INFO] [stderr] 
[INFO] [stderr] Caused by:
[INFO] [stderr]     No such file or directory (os error 2)
[INFO] [stderr] 
[INFO] [stderr] Stack backtrace:
[INFO] [stderr]    0: <anyhow::Error as core::convert::From<copc_converter::Error>>::from
[INFO] [stderr]    1: copc_converter::main
[INFO] [stderr]    2: std::sys::backtrace::__rust_begin_short_backtrace::<fn() -> core::result::Result<(), anyhow::Error>, core::result::Result<(), anyhow::Error>>
[INFO] [stderr]    3: std::rt::lang_start::<core::result::Result<(), anyhow::Error>>::{closure#0}
[INFO] [stderr]    4: std::rt::lang_start_internal
[INFO] [stderr]    5: main
[INFO] [stderr]    6: <unknown>
[INFO] [stderr]    7: __libc_start_main
[INFO] [stderr]    8: _start
[INFO] [stdout] [1/6] Scanning started (1 units)
[INFO] [stdout] test header_names_the_converter_version ... FAILED
[INFO] [stderr] Memory: 1.5 GB limit, 1.1 GB budget (auto-detected: cgroup /sys/fs/cgroup/memory.max)
[INFO] [stderr] Error: Cannot open "tests/data/input.laz"
[INFO] [stderr] 
[INFO] [stderr] Caused by:
[INFO] [stderr]     No such file or directory (os error 2)Memory: 1.5 GB limit, 1.1 GB budget (auto-detected: cgroup /sys/fs/cgroup/memory.max)
[INFO] [stderr] Memory: 1.5 GB limit, 1.1 GB budget (auto-detected: cgroup /sys/fs/cgroup/memory.max)
[INFO] [stderr] 
[INFO] [stderr] 
[INFO] [stderr] Stack backtrace:
[INFO] [stderr]    0: <anyhow::Error as core::convert::From<copc_converter::Error>>::from
[INFO] [stderr]    1: copc_converter::main
[INFO] [stderr]    2: std::sys::backtrace::__rust_begin_short_backtrace::<fn() -> core::result::Result<(), anyhow::Error>, core::result::Result<(), anyhow::Error>>
[INFO] [stderr]    3: std::rt::lang_start::<core::result::Result<(), anyhow::Error>>::{closure#0}
[INFO] [stderr]    4: std::rt::lang_start_internal
[INFO] [stderr]    5: main
[INFO] [stderr]    6: <unknown>
[INFO] [stderr]    7: __libc_start_main
[INFO] [stderr]    8: _start
[INFO] [stdout] [1/6] Scanning started (1 units)
[INFO] [stderr] Error: Cannot open "tests/data/input.laz"
[INFO] [stderr] 
[INFO] [stderr] Caused by:
[INFO] [stderr]     No such file or directory (os error 2)
[INFO] [stderr] 
[INFO] [stderr] Stack backtrace:
[INFO] [stderr]    0: <anyhow::Error as core::convert::From<copc_converter::Error>>::from
[INFO] [stderr]    1: copc_converter::main
[INFO] [stderr]    2: std::sys::backtrace::__rust_begin_short_backtrace::<fn() -> core::result::Result<(), anyhow::Error>, core::result::Result<(), anyhow::Error>>
[INFO] [stderr]    3: std::rt::lang_start::<core::result::Result<(), anyhow::Error>>::{closure#0}
[INFO] [stderr]    4: std::rt::lang_start_internal
[INFO] [stderr]    5: main
[INFO] [stderr]    6: <unknown>
[INFO] [stderr]    7: __libc_start_main
[INFO] [stderr]    8: _start
[INFO] [stderr] Memory: 1.5 GB limit, 1.1 GB budget (auto-detected: cgroup /sys/fs/cgroup/memory.max)
[INFO] [stdout] [1/6] Scanning started (1 units)
[INFO] [stdout] [1/6] Scanning started (1 units)
[INFO] [stdout] [1/6] Scanning started (1 units)
[INFO] [stderr] Error: Cannot open "tests/data/input.laz"Error: Cannot open "tests/data/input.laz"
[INFO] [stderr] 
[INFO] [stderr] Caused by:
[INFO] [stderr]     No such file or directory (os error 2)
[INFO] [stderr] 
[INFO] [stderr] Caused by:
[INFO] [stderr]     No such file or directory (os error 2
[INFO] [stderr] 
[INFO] [stderr] Stack backtrace:
[INFO] [stderr]    0: <anyhow::Error as core::convert::From<copc_converter::Error>>::from
[INFO] [stderr]    1: copc_converter::main
[INFO] [stderr]    2: std::sys::backtrace::__rust_begin_short_backtrace::<fn() -> core::result::Result<(), anyhow::Error>, core::result::Result<(), anyhow::Error>>
[INFO] [stderr]    3: std::rt::lang_start::<core::result::Result<(), anyhow::Error>>::{closure#0}
[INFO] [stderr]    4: std::rt::lang_start_internal
[INFO] [stderr]    5: main
[INFO] [stderr]    6: <unknown>
[INFO] [stderr]    7: __libc_start_main
[INFO] [stderr]    8: _start
[INFO] [stderr] )Error: Cannot open "tests/data/input.laz"
[INFO] [stderr] 
[INFO] [stderr] Caused by:
[INFO] [stderr]     No such file or directory (os error 2)Memory: 1.5 GB limit, 1.1 GB budget (auto-detected: cgroup /sys/fs/cgroup/memory.max)
[INFO] [stdout] [1/6] Scanning started (1 units)
[INFO] [stderr] Error: Cannot open "tests/data/input.laz"Memory: 
[INFO] [stdout] [1/6] Scanning started (1 units)
[INFO] [stderr] 
[INFO] [stderr] Caused by:1.5 GB limit, 1.1 GB budget (
[INFO] [stderr] auto-detected: cgroup /sys/fs/cgroup/memory.max)
[INFO] [stderr]     No such file or directory (os error 2)Error: Cannot open "tests/data/input.laz"
[INFO] [stdout] test spacing_matches_copc_spec ... FAILED
[INFO] [stderr] 
[INFO] [stderr] Caused by:
[INFO] [stderr]     No such file or directory (os error 2)
[INFO] [stderr] 
[INFO] [stderr] Stack backtrace:
[INFO] [stderr]    0: <anyhow::Error as core::convert::From<copc_converter::Error>>::from
[INFO] [stderr]    1: copc_converter::main
[INFO] [stderr]    2: std::sys::backtrace::__rust_begin_short_backtrace::<fn() -> core::result::Result<(), anyhow::Error>, core::result::Result<(), anyhow::Error>>
[INFO] [stderr]    3: std::rt::lang_start::<core::result::Result<(), anyhow::Error>>::{closure#0}
[INFO] [stderr]    4: std::rt::lang_start_internal
[INFO] [stderr]    5: main
[INFO] [stderr]    6: <unknown>
[INFO] [stderr]    7: __libc_start_main
[INFO] [stderr]    8: _start
[INFO] [stderr] 
[INFO] [stderr] 
[INFO] [stderr] Stack backtrace:
[INFO] [stderr]    0: <anyhow::Error as core::convert::From<copc_converter::Error>>::from
[INFO] [stderr]    1: copc_converter::main
[INFO] [stderr]    2: std::sys::backtrace::__rust_begin_short_backtrace::<fn() -> core::result::Result<(), anyhow::Error>, core::result::Result<(), anyhow::Error>>
[INFO] [stderr]    3: std::rt::lang_start::<core::result::Result<(), anyhow::Error>>::{closure#0}
[INFO] [stderr]    4: std::rt::lang_start_internal
[INFO] [stderr]    5: main
[INFO] [stderr]    6: <unknown>
[INFO] [stderr]    7: __libc_start_main
[INFO] [stderr]    8: _start
[INFO] [stderr] Memory: 1.5 GB limit, 1.1 GB budget (auto-detected: cgroup /sys/fs/cgroup/memory.max)
[INFO] [stdout] test build_side_spill_preserves_all_points ... FAILED
[INFO] [stdout] [1/6] Scanning started (1 units)
[INFO] [stderr] 
[INFO] [stderr] 
[INFO] [stderr] 
[INFO] [stderr] 
[INFO] [stderr] Stack backtrace:
[INFO] [stderr]    0: <anyhow::Error as core::convert::From<copc_converter::Error>>::from
[INFO] [stderr]    1: copc_converter::main
[INFO] [stderr]    2: std::sys::backtrace::__rust_begin_short_backtrace::<fn() -> core::result::Result<(), anyhow::Error>, core::result::Result<(), anyhow::Error>>
[INFO] [stderr]    3: std::rt::lang_start::<core::result::Result<(), anyhow::Error>>::{closure#0}
[INFO] [stderr]    4: std::rt::lang_start_internal
[INFO] [stderr]    5: main
[INFO] [stderr]    6: <unknown>
[INFO] [stderr]    7: __libc_start_main
[INFO] [stderr]    8: _start
[INFO] [stdout] test validator_catches_wrong_gps_range ... FAILED
[INFO] [stderr] Error: Stack backtrace:
[INFO] [stderr]    0: <anyhow::Error as core::convert::From<copc_converter::Error>>::from
[INFO] [stderr]    1: copc_converter::main
[INFO] [stderr]    2: std::sys::backtrace::__rust_begin_short_backtrace::<fn() -> core::result::Result<(), anyhow::Error>, core::result::Result<(), anyhow::Error>>
[INFO] [stderr]    3: std::rt::lang_start::<core::result::Result<(), anyhow::Error>>::{closure#0}
[INFO] [stderr]    4: std::rt::lang_start_internal
[INFO] [stderr]    5: main
[INFO] [stderr]    6: <unknown>
[INFO] [stderr]    7: __libc_start_main
[INFO] [stderr]    8: _start
[INFO] [stderr] Cannot open "tests/data/input.laz"
[INFO] [stderr] 
[INFO] [stderr] Caused by:
[INFO] [stderr]     No such file or directory (os error 2)Memory: 1.5 GB limit, 1.1 GB budget (auto-detected: cgroup /sys/fs/cgroup/memory.max)
[INFO] [stdout] [1/6] Scanning started (1 units)
[INFO] [stdout] test temp_compression_lz4_preserves_all_points ... FAILED
[INFO] [stdout] [1/6] Scanning started (1 units)
[INFO] [stdout] test validator_catches_nonzero_legacy_counts ... FAILED
[INFO] [stdout] test temporal_index_samples_are_sorted ... FAILED
[INFO] [stdout] test validator_catches_missing_root_entry ... FAILED
[INFO] [stderr] Error: Cannot open "tests/data/input.laz"
[INFO] [stderr] 
[INFO] [stderr] Caused by:
[INFO] [stderr]     No such file or directory (os error 2)
[INFO] [stderr] 
[INFO] [stderr] Stack backtrace:
[INFO] [stderr]    0: <anyhow::Error as core::convert::From<copc_converter::Error>>::from
[INFO] [stderr]    1: copc_converter::main
[INFO] [stderr]    2: std::sys::backtrace::__rust_begin_short_backtrace::<fn() -> core::result::Result<(), anyhow::Error>, core::result::Result<(), anyhow::Error>>
[INFO] [stderr]    3: std::rt::lang_start::<core::result::Result<(), anyhow::Error>>::{closure#0}
[INFO] [stderr]    4: std::rt::lang_start_internal
[INFO] [stderr]    5: main
[INFO] [stderr]    6: <unknown>
[INFO] [stderr]    7: __libc_start_main
[INFO] [stderr]    8: _start
[INFO] [stderr] Error: Cannot open "tests/data/input.laz"
[INFO] [stderr] 
[INFO] [stderr] Caused by:
[INFO] [stderr]     No such file or directory (os error 2)
[INFO] [stderr] 
[INFO] [stderr] Stack backtrace:
[INFO] [stderr]    0: <anyhow::Error as core::convert::From<copc_converter::Error>>::from
[INFO] [stderr]    1: copc_converter::main
[INFO] [stderr]    2: std::sys::backtrace::__rust_begin_short_backtrace::<fn() -> core::result::Result<(), anyhow::Error>, core::result::Result<(), anyhow::Error>>
[INFO] [stderr]    3: std::rt::lang_start::<core::result::Result<(), anyhow::Error>>::{closure#0}
[INFO] [stderr]    4: std::rt::lang_start_internal
[INFO] [stderr]    5: main
[INFO] [stderr]    6: <unknown>
[INFO] [stderr]    7: __libc_start_main
[INFO] [stderr]    8: _start
[INFO] [stdout] [1/6] Scanning started (1 units)
[INFO] [stdout] test produces_valid_copc ... FAILED
[INFO] [stdout] test validator_catches_missing_wkt_bit ... FAILED
[INFO] [stdout] test temporal_index_absent_by_default ... FAILED
[INFO] [stdout] test validator_catches_points_outside_their_node ... FAILED
[INFO] [stderr] 
[INFO] [stderr] 
[INFO] [stderr] Stack backtrace:
[INFO] [stderr]    0: <anyhow::Error as core::convert::From<copc_converter::Error>>::from
[INFO] [stderr]    1: copc_converter::main
[INFO] [stderr]    2: std::sys::backtrace::__rust_begin_short_backtrace::<fn() -> core::result::Result<(), anyhow::Error>, core::result::Result<(), anyhow::Error>>
[INFO] [stderr]    3: std::rt::lang_start::<core::result::Result<(), anyhow::Error>>::{closure#0}
[INFO] [stderr]    4: std::rt::lang_start_internal
[INFO] [stderr]    5: main
[INFO] [stderr]    6: <unknown>
[INFO] [stderr]    7: __libc_start_main
[INFO] [stderr]    8: _start
[INFO] [stderr] 
[INFO] [stderr] 
[INFO] [stderr] Stack backtrace:
[INFO] [stderr]    0: <anyhow::Error as core::convert::From<copc_converter::Error>>::from
[INFO] [stderr]    1: copc_converter::main
[INFO] [stderr]    2: std::sys::backtrace::__rust_begin_short_backtrace::<fn() -> core::result::Result<(), anyhow::Error>, core::result::Result<(), anyhow::Error>>
[INFO] [stderr]    3: std::rt::lang_start::<core::result::Result<(), anyhow::Error>>::{closure#0}
[INFO] [stderr]    4: std::rt::lang_start_internal
[INFO] [stderr]    5: main
[INFO] [stderr]    6: <unknown>
[INFO] [stderr]    7: __libc_start_main
[INFO] [stderr]    8: _start
[INFO] [stderr] Error: Cannot open "tests/data/input.laz"
[INFO] [stderr] 
[INFO] [stderr] Caused by:
[INFO] [stderr]     No such file or directory (os error 2)
[INFO] [stderr] 
[INFO] [stderr] Stack backtrace:
[INFO] [stderr]    0: <anyhow::Error as core::convert::From<copc_converter::Error>>::from
[INFO] [stderr]    1: copc_converter::main
[INFO] [stderr]    2: std::sys::backtrace::__rust_begin_short_backtrace::<fn() -> core::result::Result<(), anyhow::Error>, core::result::Result<(), anyhow::Error>>
[INFO] [stderr]    3: std::rt::lang_start::<core::result::Result<(), anyhow::Error>>::{closure#0}
[INFO] [stderr]    4: std::rt::lang_start_internal
[INFO] [stderr]    5: main
[INFO] [stderr]    6: <unknown>
[INFO] [stderr]    7: __libc_start_main
[INFO] [stderr]    8: _start
[INFO] [stderr] 
[INFO] [stderr] 
[INFO] [stderr] Stack backtrace:
[INFO] [stderr]    0: <anyhow::Error as core::convert::From<copc_converter::Error>>::from
[INFO] [stderr]    1: copc_converter::main
[INFO] [stderr]    2: std::sys::backtrace::__rust_begin_short_backtrace::<fn() -> core::result::Result<(), anyhow::Error>, core::result::Result<(), anyhow::Error>>
[INFO] [stderr]    3: std::rt::lang_start::<core::result::Result<(), anyhow::Error>>::{closure#0}
[INFO] [stderr]    4: std::rt::lang_start_internal
[INFO] [stderr]    5: main
[INFO] [stderr]    6: <unknown>
[INFO] [stderr]    7: __libc_start_main
[INFO] [stderr]    8: _start
[INFO] [stdout] test temp_compression_lz4_multi_chunk_preserves_all_points ... FAILED
[INFO] [stdout] test validator_catches_hierarchy_count_mismatch ... FAILED
[INFO] [stdout] test temporal_index_custom_stride ... FAILED
[INFO] [stderr] 
[INFO] [stderr] 
[INFO] [stderr] Stack backtrace:
[INFO] [stderr]    0: <anyhow::Error as core::convert::From<copc_converter::Error>>::from
[INFO] [stderr]    1: copc_converter::main
[INFO] [stderr]    2: std::sys::backtrace::__rust_begin_short_backtrace::<fn() -> core::result::Result<(), anyhow::Error>, core::result::Result<(), anyhow::Error>>
[INFO] [stderr]    3: std::rt::lang_start::<core::result::Result<(), anyhow::Error>>::{closure#0}
[INFO] [stderr]    4: std::rt::lang_start_internal
[INFO] [stderr]    5: main
[INFO] [stderr]    6: <unknown>
[INFO] [stderr]    7: __libc_start_main
[INFO] [stderr]    8: _start
[INFO] [stdout] test preserves_all_points ... FAILED
[INFO] [stdout] 
[INFO] [stdout] failures:
[INFO] [stdout] 
[INFO] [stdout] ---- extra_bytes_schema_mismatch_reports_all_differences stdout ----
[INFO] [stdout] 
[INFO] [stdout] thread 'extra_bytes_schema_mismatch_reports_all_differences' (1849) panicked at tests/integration.rs:1847:45:
[INFO] [stdout] called `Result::unwrap()` on an `Err` value: Os { code: 2, kind: NotFound, message: "No such file or directory" }
[INFO] [stdout] stack backtrace:
[INFO] [stdout]    0:     0x5b7c2c4c5d56 - <<std[70759c8f55707aa4]::sys::backtrace::BacktraceLock>::print::DisplayBacktrace as core[df12db4294e9bfd3]::fmt::Display>::fmt
[INFO] [stdout]    1:     0x5b7c2c3d697a - core[df12db4294e9bfd3]::fmt::write
[INFO] [stdout]    2:     0x5b7c2c4cbd4c - <alloc[2182bb758b4b3781]::vec::Vec<u8> as core[df12db4294e9bfd3]::io::write::Write>::write_fmt
[INFO] [stdout]    3:     0x5b7c2c49ffa2 - std[70759c8f55707aa4]::panicking::default_hook::{closure#0}
[INFO] [stdout]    4:     0x5b7c2c4bc8a1 - std[70759c8f55707aa4]::panicking::default_hook
[INFO] [stdout]    5:     0x5b7c2c4bcce2 - std[70759c8f55707aa4]::panicking::panic_with_hook
[INFO] [stdout]    6:     0x5b7c2c4a0052 - std[70759c8f55707aa4]::panicking::panic_handler::{closure#0}
[INFO] [stdout]    7:     0x5b7c2c498759 - std[70759c8f55707aa4]::sys::backtrace::__rust_end_short_backtrace::<std[70759c8f55707aa4]::panicking::panic_handler::{closure#0}, !>
[INFO] [stdout]    8:     0x5b7c2c4a0ded - __rustc[8fa7c3cbc660c2b3]::rust_begin_unwind
[INFO] [stdout]    9:     0x5b7c2c3d706c - core[df12db4294e9bfd3]::panicking::panic_fmt
[INFO] [stdout]   10:     0x5b7c2c3d6e42 - core[df12db4294e9bfd3]::result::unwrap_failed
[INFO] [stdout]   11:     0x5b7c2c4523c6 - <integration[483a83bcd65c5901]::extra_bytes_schema_mismatch_reports_all_differences::{closure#0} as core[df12db4294e9bfd3]::ops::function::FnOnce<()>>::call_once
[INFO] [stdout]   12:     0x5b7c2c4cdb1b - test[9d35eded1c95d3be]::__rust_begin_short_backtrace::<core[df12db4294e9bfd3]::result::Result<(), alloc[2182bb758b4b3781]::string::String>, fn() -> core[df12db4294e9bfd3]::result::Result<(), alloc[2182bb758b4b3781]::string::String>>
[INFO] [stdout]   13:     0x5b7c2c4dbc71 - test[9d35eded1c95d3be]::run_test::{closure#0}
[INFO] [stdout]   14:     0x5b7c2c4d5384 - std[70759c8f55707aa4]::sys::backtrace::__rust_begin_short_backtrace::<test[9d35eded1c95d3be]::run_test::{closure#1}, ()>
[INFO] [stdout]   15:     0x5b7c2c4dfa92 - <std[70759c8f55707aa4]::thread::lifecycle::spawn_unchecked<test[9d35eded1c95d3be]::run_test::{closure#1}, ()>::{closure#1} as core[df12db4294e9bfd3]::ops::function::FnOnce<()>>::call_once::{shim:vtable#0}
[INFO] [stdout]   16:     0x5b7c2c4c4c4e - <std[70759c8f55707aa4]::sys::thread::unix::Thread>::new::thread_start
[INFO] [stdout]   17:     0x7c2a4fbdddfa - <unknown>
[INFO] [stdout]   18:     0x7c2a4fc713d4 - clone
[INFO] [stdout]   19:                0x0 - <unknown>
[INFO] [stdout] 
[INFO] [stdout] ---- empty_tile_does_not_stretch_cube stdout ----
[INFO] [stdout] 
[INFO] [stdout] thread 'empty_tile_does_not_stretch_cube' (1845) panicked at tests/integration.rs:590:62:
[INFO] [stdout] called `Result::unwrap()` on an `Err` value: Os { code: 2, kind: NotFound, message: "No such file or directory" }
[INFO] [stdout] stack backtrace:
[INFO] [stdout]    0:     0x5b7c2c4c5d56 - <<std[70759c8f55707aa4]::sys::backtrace::BacktraceLock>::print::DisplayBacktrace as core[df12db4294e9bfd3]::fmt::Display>::fmt
[INFO] [stdout]    1:     0x5b7c2c3d697a - core[df12db4294e9bfd3]::fmt::write
[INFO] [stdout]    2:     0x5b7c2c4cbd4c - <alloc[2182bb758b4b3781]::vec::Vec<u8> as core[df12db4294e9bfd3]::io::write::Write>::write_fmt
[INFO] [stdout]    3:     0x5b7c2c49ffa2 - std[70759c8f55707aa4]::panicking::default_hook::{closure#0}
[INFO] [stdout]    4:     0x5b7c2c4bc8a1 - std[70759c8f55707aa4]::panicking::default_hook
[INFO] [stdout]    5:     0x5b7c2c4bcce2 - std[70759c8f55707aa4]::panicking::panic_with_hook
[INFO] [stdout]    6:     0x5b7c2c4a0052 - std[70759c8f55707aa4]::panicking::panic_handler::{closure#0}
[INFO] [stdout]    7:     0x5b7c2c498759 - std[70759c8f55707aa4]::sys::backtrace::__rust_end_short_backtrace::<std[70759c8f55707aa4]::panicking::panic_handler::{closure#0}, !>
[INFO] [stdout]    8:     0x5b7c2c4a0ded - __rustc[8fa7c3cbc660c2b3]::rust_begin_unwind
[INFO] [stdout]    9:     0x5b7c2c3d706c - core[df12db4294e9bfd3]::panicking::panic_fmt
[INFO] [stdout]   10:     0x5b7c2c3d6e42 - core[df12db4294e9bfd3]::result::unwrap_failed
[INFO] [stdout]   11:     0x5b7c2c446b03 - <integration[483a83bcd65c5901]::empty_tile_does_not_stretch_cube::{closure#0} as core[df12db4294e9bfd3]::ops::function::FnOnce<()>>::call_once
[INFO] [stdout]   12:     0x5b7c2c4cdb1b - test[9d35eded1c95d3be]::__rust_begin_short_backtrace::<core[df12db4294e9bfd3]::result::Result<(), alloc[2182bb758b4b3781]::string::String>, fn() -> core[df12db4294e9bfd3]::result::Result<(), alloc[2182bb758b4b3781]::string::String>>
[INFO] [stdout]   13:     0x5b7c2c4dbc71 - test[9d35eded1c95d3be]::run_test::{closure#0}
[INFO] [stdout]   14:     0x5b7c2c4d5384 - std[70759c8f55707aa4]::sys::backtrace::__rust_begin_short_backtrace::<test[9d35eded1c95d3be]::run_test::{closure#1}, ()>
[INFO] [stdout]   15:     0x5b7c2c4dfa92 - <std[70759c8f55707aa4]::thread::lifecycle::spawn_unchecked<test[9d35eded1c95d3be]::run_test::{closure#1}, ()>::{closure#1} as core[df12db4294e9bfd3]::ops::function::FnOnce<()>>::call_once::{shim:vtable#0}
[INFO] [stdout]   16:     0x5b7c2c4c4c4e - <std[70759c8f55707aa4]::sys::thread::unix::Thread>::new::thread_start
[INFO] [stdout]   17:     0x7c2a4fbdddfa - <unknown>
[INFO] [stdout]   18:     0x7c2a4fc713d4 - clone
[INFO] [stdout]   19:                0x0 - <unknown>
[INFO] [stdout] 
[INFO] [stdout] ---- empty_input_writes_readable_hierarchy stdout ----
[INFO] [stdout] 
[INFO] [stdout] thread 'empty_input_writes_readable_hierarchy' (1844) panicked at tests/integration.rs:480:78:
[INFO] [stdout] called `Result::unwrap()` on an `Err` value: Io(Os { code: 2, kind: NotFound, message: "No such file or directory" })
[INFO] [stdout] stack backtrace:
[INFO] [stdout]    0:     0x5b7c2c4c5d56 - <<std[70759c8f55707aa4]::sys::backtrace::BacktraceLock>::print::DisplayBacktrace as core[df12db4294e9bfd3]::fmt::Display>::fmt
[INFO] [stdout]    1:     0x5b7c2c3d697a - core[df12db4294e9bfd3]::fmt::write
[INFO] [stdout]    2:     0x5b7c2c4cbd4c - <alloc[2182bb758b4b3781]::vec::Vec<u8> as core[df12db4294e9bfd3]::io::write::Write>::write_fmt
[INFO] [stdout]    3:     0x5b7c2c49ffa2 - std[70759c8f55707aa4]::panicking::default_hook::{closure#0}
[INFO] [stdout]    4:     0x5b7c2c4bc8a1 - std[70759c8f55707aa4]::panicking::default_hook
[INFO] [stdout]    5:     0x5b7c2c4bcce2 - std[70759c8f55707aa4]::panicking::panic_with_hook
[INFO] [stdout]    6:     0x5b7c2c4a0052 - std[70759c8f55707aa4]::panicking::panic_handler::{closure#0}
[INFO] [stdout]    7:     0x5b7c2c498759 - std[70759c8f55707aa4]::sys::backtrace::__rust_end_short_backtrace::<std[70759c8f55707aa4]::panicking::panic_handler::{closure#0}, !>
[INFO] [stdout]    8:     0x5b7c2c4a0ded - __rustc[8fa7c3cbc660c2b3]::rust_begin_unwind
[INFO] [stdout]    9:     0x5b7c2c3d706c - core[df12db4294e9bfd3]::panicking::panic_fmt
[INFO] [stdout]   10:     0x5b7c2c3d6e42 - core[df12db4294e9bfd3]::result::unwrap_failed
[INFO] [stdout]   11:     0x5b7c2c402c3d - integration[483a83bcd65c5901]::write_gps_las
[INFO] [stdout]   12:     0x5b7c2c44adfc - <integration[483a83bcd65c5901]::empty_input_writes_readable_hierarchy::{closure#0} as core[df12db4294e9bfd3]::ops::function::FnOnce<()>>::call_once
[INFO] [stdout]   13:     0x5b7c2c4cdb1b - test[9d35eded1c95d3be]::__rust_begin_short_backtrace::<core[df12db4294e9bfd3]::result::Result<(), alloc[2182bb758b4b3781]::string::String>, fn() -> core[df12db4294e9bfd3]::result::Result<(), alloc[2182bb758b4b3781]::string::String>>
[INFO] [stdout]   14:     0x5b7c2c4dbc71 - test[9d35eded1c95d3be]::run_test::{closure#0}
[INFO] [stdout]   15:     0x5b7c2c4d5384 - std[70759c8f55707aa4]::sys::backtrace::__rust_begin_short_backtrace::<test[9d35eded1c95d3be]::run_test::{closure#1}, ()>
[INFO] [stdout]   16:     0x5b7c2c4dfa92 - <std[70759c8f55707aa4]::thread::lifecycle::spawn_unchecked<test[9d35eded1c95d3be]::run_test::{closure#1}, ()>::{closure#1} as core[df12db4294e9bfd3]::ops::function::FnOnce<()>>::call_once::{shim:vtable#0}
[INFO] [stdout]   17:     0x5b7c2c4c4c4e - <std[70759c8f55707aa4]::sys::thread::unix::Thread>::new::thread_start
[INFO] [stdout]   18:     0x7c2a4fbdddfa - <unknown>
[INFO] [stdout]   19:     0x7c2a4fc713d4 - clone
[INFO] [stdout]   20:                0x0 - <unknown>
[INFO] [stdout] 
[INFO] [stdout] ---- coincident_points_stay_within_tiny_budget_paths stdout ----
[INFO] [stdout] 
[INFO] [stdout] thread 'coincident_points_stay_within_tiny_budget_paths' (1841) panicked at tests/integration.rs:2057:79:
[INFO] [stdout] called `Result::unwrap()` on an `Err` value: Io(Os { code: 2, kind: NotFound, message: "No such file or directory" })
[INFO] [stdout] stack backtrace:
[INFO] [stdout]    0:     0x5b7c2c4c5d56 - <<std[70759c8f55707aa4]::sys::backtrace::BacktraceLock>::print::DisplayBacktrace as core[df12db4294e9bfd3]::fmt::Display>::fmt
[INFO] [stdout]    1:     0x5b7c2c3d697a - core[df12db4294e9bfd3]::fmt::write
[INFO] [stdout]    2:     0x5b7c2c4cbd4c - <alloc[2182bb758b4b3781]::vec::Vec<u8> as core[df12db4294e9bfd3]::io::write::Write>::write_fmt
[INFO] [stdout]    3:     0x5b7c2c49ffa2 - std[70759c8f55707aa4]::panicking::default_hook::{closure#0}
[INFO] [stdout]    4:     0x5b7c2c4bc8a1 - std[70759c8f55707aa4]::panicking::default_hook
[INFO] [stdout]    5:     0x5b7c2c4bcce2 - std[70759c8f55707aa4]::panicking::panic_with_hook
[INFO] [stdout]    6:     0x5b7c2c4a0052 - std[70759c8f55707aa4]::panicking::panic_handler::{closure#0}
[INFO] [stdout]    7:     0x5b7c2c498759 - std[70759c8f55707aa4]::sys::backtrace::__rust_end_short_backtrace::<std[70759c8f55707aa4]::panicking::panic_handler::{closure#0}, !>
[INFO] [stdout]    8:     0x5b7c2c4a0ded - __rustc[8fa7c3cbc660c2b3]::rust_begin_unwind
[INFO] [stdout]    9:     0x5b7c2c3d706c - core[df12db4294e9bfd3]::panicking::panic_fmt
[INFO] [stdout]   10:     0x5b7c2c3d6e42 - core[df12db4294e9bfd3]::result::unwrap_failed
[INFO] [stdout]   11:     0x5b7c2c4518a6 - <integration[483a83bcd65c5901]::coincident_points_stay_within_tiny_budget_paths::{closure#0} as core[df12db4294e9bfd3]::ops::function::FnOnce<()>>::call_once
[INFO] [stdout]   12:     0x5b7c2c4cdb1b - test[9d35eded1c95d3be]::__rust_begin_short_backtrace::<core[df12db4294e9bfd3]::result::Result<(), alloc[2182bb758b4b3781]::string::String>, fn() -> core[df12db4294e9bfd3]::result::Result<(), alloc[2182bb758b4b3781]::string::String>>
[INFO] [stdout]   13:     0x5b7c2c4dbc71 - test[9d35eded1c95d3be]::run_test::{closure#0}
[INFO] [stdout]   14:     0x5b7c2c4d5384 - std[70759c8f55707aa4]::sys::backtrace::__rust_begin_short_backtrace::<test[9d35eded1c95d3be]::run_test::{closure#1}, ()>
[INFO] [stdout]   15:     0x5b7c2c4dfa92 - <std[70759c8f55707aa4]::thread::lifecycle::spawn_unchecked<test[9d35eded1c95d3be]::run_test::{closure#1}, ()>::{closure#1} as core[df12db4294e9bfd3]::ops::function::FnOnce<()>>::call_once::{shim:vtable#0}
[INFO] [stdout]   16:     0x5b7c2c4c4c4e - <std[70759c8f55707aa4]::sys::thread::unix::Thread>::new::thread_start
[INFO] [stdout]   17:     0x7c2a4fbdddfa - <unknown>
[INFO] [stdout]   18:     0x7c2a4fc713d4 - clone
[INFO] [stdout]   19:                0x0 - <unknown>
[INFO] [stdout] 
[INFO] [stdout] ---- gps_time_type_is_preserved stdout ----
[INFO] [stdout] 
[INFO] [stdout] thread 'gps_time_type_is_preserved' (1851) panicked at tests/integration.rs:480:78:
[INFO] [stdout] called `Result::unwrap()` on an `Err` value: Io(Os { code: 2, kind: NotFound, message: "No such file or directory" })
[INFO] [stdout] stack backtrace:
[INFO] [stdout]    0:     0x5b7c2c4c5d56 - <<std[70759c8f55707aa4]::sys::backtrace::BacktraceLock>::print::DisplayBacktrace as core[df12db4294e9bfd3]::fmt::Display>::fmt
[INFO] [stdout]    1:     0x5b7c2c3d697a - core[df12db4294e9bfd3]::fmt::write
[INFO] [stdout]    2:     0x5b7c2c4cbd4c - <alloc[2182bb758b4b3781]::vec::Vec<u8> as core[df12db4294e9bfd3]::io::write::Write>::write_fmt
[INFO] [stdout]    3:     0x5b7c2c49ffa2 - std[70759c8f55707aa4]::panicking::default_hook::{closure#0}
[INFO] [stdout]    4:     0x5b7c2c4bc8a1 - std[70759c8f55707aa4]::panicking::default_hook
[INFO] [stdout]    5:     0x5b7c2c4bcce2 - std[70759c8f55707aa4]::panicking::panic_with_hook
[INFO] [stdout]    6:     0x5b7c2c4a0052 - std[70759c8f55707aa4]::panicking::panic_handler::{closure#0}
[INFO] [stdout]    7:     0x5b7c2c498759 - std[70759c8f55707aa4]::sys::backtrace::__rust_end_short_backtrace::<std[70759c8f55707aa4]::panicking::panic_handler::{closure#0}, !>
[INFO] [stdout]    8:     0x5b7c2c4a0ded - __rustc[8fa7c3cbc660c2b3]::rust_begin_unwind
[INFO] [stdout]    9:     0x5b7c2c3d706c - core[df12db4294e9bfd3]::panicking::panic_fmt
[INFO] [stdout]   10:     0x5b7c2c3d6e42 - core[df12db4294e9bfd3]::result::unwrap_failed
[INFO] [stdout]   11:     0x5b7c2c402c3d - integration[483a83bcd65c5901]::write_gps_las
[INFO] [stdout]   12:     0x5b7c2c443baf - <integration[483a83bcd65c5901]::gps_time_type_is_preserved::{closure#0} as core[df12db4294e9bfd3]::ops::function::FnOnce<()>>::call_once
[INFO] [stdout]   13:     0x5b7c2c4cdb1b - test[9d35eded1c95d3be]::__rust_begin_short_backtrace::<core[df12db4294e9bfd3]::result::Result<(), alloc[2182bb758b4b3781]::string::String>, fn() -> core[df12db4294e9bfd3]::result::Result<(), alloc[2182bb758b4b3781]::string::String>>
[INFO] [stdout]   14:     0x5b7c2c4dbc71 - test[9d35eded1c95d3be]::run_test::{closure#0}
[INFO] [stdout]   15:     0x5b7c2c4d5384 - std[70759c8f55707aa4]::sys::backtrace::__rust_begin_short_backtrace::<test[9d35eded1c95d3be]::run_test::{closure#1}, ()>
[INFO] [stdout]   16:     0x5b7c2c4dfa92 - <std[70759c8f55707aa4]::thread::lifecycle::spawn_unchecked<test[9d35eded1c95d3be]::run_test::{closure#1}, ()>::{closure#1} as core[df12db4294e9bfd3]::ops::function::FnOnce<()>>::call_once::{shim:vtable#0}
[INFO] [stdout]   17:     0x5b7c2c4c4c4e - <std[70759c8f55707aa4]::sys::thread::unix::Thread>::new::thread_start
[INFO] [stdout]   18:     0x7c2a4fbdddfa - <unknown>
[INFO] [stdout]   19:     0x7c2a4fc713d4 - clone
[INFO] [stdout]   20:                0x0 - <unknown>
[INFO] [stdout] 
[INFO] [stdout] ---- huge_laz_chunks_are_decoded_sequentially stdout ----
[INFO] [stdout] 
[INFO] [stdout] thread 'huge_laz_chunks_are_decoded_sequentially' (1907) panicked at tests/integration.rs:480:78:
[INFO] [stdout] called `Result::unwrap()` on an `Err` value: Io(Os { code: 2, kind: NotFound, message: "No such file or directory" })
[INFO] [stdout] stack backtrace:
[INFO] [stdout]    0:     0x5b7c2c4c5d56 - <<std[70759c8f55707aa4]::sys::backtrace::BacktraceLock>::print::DisplayBacktrace as core[df12db4294e9bfd3]::fmt::Display>::fmt
[INFO] [stdout]    1:     0x5b7c2c3d697a - core[df12db4294e9bfd3]::fmt::write
[INFO] [stdout]    2:     0x5b7c2c4cbd4c - <alloc[2182bb758b4b3781]::vec::Vec<u8> as core[df12db4294e9bfd3]::io::write::Write>::write_fmt
[INFO] [stdout]    3:     0x5b7c2c49ffa2 - std[70759c8f55707aa4]::panicking::default_hook::{closure#0}
[INFO] [stdout]    4:     0x5b7c2c4bc8a1 - std[70759c8f55707aa4]::panicking::default_hook
[INFO] [stdout]    5:     0x5b7c2c4bcce2 - std[70759c8f55707aa4]::panicking::panic_with_hook
[INFO] [stdout]    6:     0x5b7c2c4a0052 - std[70759c8f55707aa4]::panicking::panic_handler::{closure#0}
[INFO] [stdout]    7:     0x5b7c2c498759 - std[70759c8f55707aa4]::sys::backtrace::__rust_end_short_backtrace::<std[70759c8f55707aa4]::panicking::panic_handler::{closure#0}, !>
[INFO] [stdout]    8:     0x5b7c2c4a0ded - __rustc[8fa7c3cbc660c2b3]::rust_begin_unwind
[INFO] [stdout]    9:     0x5b7c2c3d706c - core[df12db4294e9bfd3]::panicking::panic_fmt
[INFO] [stdout]   10:     0x5b7c2c3d6e42 - core[df12db4294e9bfd3]::result::unwrap_failed
[INFO] [stdout]   11:     0x5b7c2c402c3d - integration[483a83bcd65c5901]::write_gps_las
[INFO] [stdout]   12:     0x5b7c2c44c7f2 - <integration[483a83bcd65c5901]::huge_laz_chunks_are_decoded_sequentially::{closure#0} as core[df12db4294e9bfd3]::ops::function::FnOnce<()>>::call_once
[INFO] [stdout]   13:     0x5b7c2c4cdb1b - test[9d35eded1c95d3be]::__rust_begin_short_backtrace::<core[df12db4294e9bfd3]::result::Result<(), alloc[2182bb758b4b3781]::string::String>, fn() -> core[df12db4294e9bfd3]::result::Result<(), alloc[2182bb758b4b3781]::string::String>>
[INFO] [stdout]   14:     0x5b7c2c4dbc71 - test[9d35eded1c95d3be]::run_test::{closure#0}
[INFO] [stdout]   15:     0x5b7c2c4d5384 - std[70759c8f55707aa4]::sys::backtrace::__rust_begin_short_backtrace::<test[9d35eded1c95d3be]::run_test::{closure#1}, ()>
[INFO] [stdout]   16:     0x5b7c2c4dfa92 - <std[70759c8f55707aa4]::thread::lifecycle::spawn_unchecked<test[9d35eded1c95d3be]::run_test::{closure#1}, ()>::{closure#1} as core[df12db4294e9bfd3]::ops::function::FnOnce<()>>::call_once::{shim:vtable#0}
[INFO] [stdout]   17:     0x5b7c2c4c4c4e - <std[70759c8f55707aa4]::sys::thread::unix::Thread>::new::thread_start
[INFO] [stdout]   18:     0x7c2a4fbdddfa - <unknown>
[INFO] [stdout]   19:     0x7c2a4fc713d4 - clone
[INFO] [stdout]   20:                0x0 - <unknown>
[INFO] [stdout] 
[INFO] [stdout] ---- header_matches_reference stdout ----
[INFO] [stdout] 
[INFO] [stdout] thread 'header_matches_reference' (1852) panicked at tests/integration.rs:335:5:
[INFO] [stdout] converter exited with error
[INFO] [stdout] stack backtrace:
[INFO] [stdout]    0:     0x5b7c2c4c5d56 - <<std[70759c8f55707aa4]::sys::backtrace::BacktraceLock>::print::DisplayBacktrace as core[df12db4294e9bfd3]::fmt::Display>::fmt
[INFO] [stdout]    1:     0x5b7c2c3d697a - core[df12db4294e9bfd3]::fmt::write
[INFO] [stdout]    2:     0x5b7c2c4cbd4c - <alloc[2182bb758b4b3781]::vec::Vec<u8> as core[df12db4294e9bfd3]::io::write::Write>::write_fmt
[INFO] [stdout]    3:     0x5b7c2c49ffa2 - std[70759c8f55707aa4]::panicking::default_hook::{closure#0}
[INFO] [stdout]    4:     0x5b7c2c4bc8a1 - std[70759c8f55707aa4]::panicking::default_hook
[INFO] [stdout]    5:     0x5b7c2c4bcce2 - std[70759c8f55707aa4]::panicking::panic_with_hook
[INFO] [stdout]    6:     0x5b7c2c4a0084 - std[70759c8f55707aa4]::panicking::panic_handler::{closure#0}
[INFO] [stdout]    7:     0x5b7c2c498759 - std[70759c8f55707aa4]::sys::backtrace::__rust_end_short_backtrace::<std[70759c8f55707aa4]::panicking::panic_handler::{closure#0}, !>
[INFO] [stdout]    8:     0x5b7c2c4a0ded - __rustc[8fa7c3cbc660c2b3]::rust_begin_unwind
[INFO] [stdout]    9:     0x5b7c2c3d706c - core[df12db4294e9bfd3]::panicking::panic_fmt
[INFO] [stdout]   10:     0x5b7c2c405955 - integration[483a83bcd65c5901]::run_converter_with_args
[INFO] [stdout]   11:     0x5b7c2c442ebd - <integration[483a83bcd65c5901]::header_matches_reference::{closure#0} as core[df12db4294e9bfd3]::ops::function::FnOnce<()>>::call_once
[INFO] [stdout]   12:     0x5b7c2c4cdb1b - test[9d35eded1c95d3be]::__rust_begin_short_backtrace::<core[df12db4294e9bfd3]::result::Result<(), alloc[2182bb758b4b3781]::string::String>, fn() -> core[df12db4294e9bfd3]::result::Result<(), alloc[2182bb758b4b3781]::string::String>>
[INFO] [stdout]   13:     0x5b7c2c4dbc71 - test[9d35eded1c95d3be]::run_test::{closure#0}
[INFO] [stdout]   14:     0x5b7c2c4d5384 - std[70759c8f55707aa4]::sys::backtrace::__rust_begin_short_backtrace::<test[9d35eded1c95d3be]::run_test::{closure#1}, ()>
[INFO] [stdout]   15:     0x5b7c2c4dfa92 - <std[70759c8f55707aa4]::thread::lifecycle::spawn_unchecked<test[9d35eded1c95d3be]::run_test::{closure#1}, ()>::{closure#1} as core[df12db4294e9bfd3]::ops::function::FnOnce<()>>::call_once::{shim:vtable#0}
[INFO] [stdout]   16:     0x5b7c2c4c4c4e - <std[70759c8f55707aa4]::sys::thread::unix::Thread>::new::thread_start
[INFO] [stdout]   17:     0x7c2a4fbdddfa - <unknown>
[INFO] [stdout]   18:     0x7c2a4fc713d4 - clone
[INFO] [stdout]   19:                0x0 - <unknown>
[INFO] [stdout] 
[INFO] [stdout] ---- copc_info_matches_reference stdout ----
[INFO] [stdout] 
[INFO] [stdout] thread 'copc_info_matches_reference' (1842) panicked at tests/integration.rs:335:5:
[INFO] [stdout] converter exited with error
[INFO] [stdout] stack backtrace:
[INFO] [stdout]    0:     0x5b7c2c4c5d56 - <<std[70759c8f55707aa4]::sys::backtrace::BacktraceLock>::print::DisplayBacktrace as core[df12db4294e9bfd3]::fmt::Display>::fmt
[INFO] [stdout]    1:     0x5b7c2c3d697a - core[df12db4294e9bfd3]::fmt::write
[INFO] [stdout]    2:     0x5b7c2c4cbd4c - <alloc[2182bb758b4b3781]::vec::Vec<u8> as core[df12db4294e9bfd3]::io::write::Write>::write_fmt
[INFO] [stdout]    3:     0x5b7c2c49ffa2 - std[70759c8f55707aa4]::panicking::default_hook::{closure#0}
[INFO] [stdout]    4:     0x5b7c2c4bc8a1 - std[70759c8f55707aa4]::panicking::default_hook
[INFO] [stdout]    5:     0x5b7c2c4bcce2 - std[70759c8f55707aa4]::panicking::panic_with_hook
[INFO] [stdout]    6:     0x5b7c2c4a0084 - std[70759c8f55707aa4]::panicking::panic_handler::{closure#0}
[INFO] [stdout]    7:     0x5b7c2c498759 - std[70759c8f55707aa4]::sys::backtrace::__rust_end_short_backtrace::<std[70759c8f55707aa4]::panicking::panic_handler::{closure#0}, !>
[INFO] [stdout]    8:     0x5b7c2c4a0ded - __rustc[8fa7c3cbc660c2b3]::rust_begin_unwind
[INFO] [stdout]    9:     0x5b7c2c3d706c - core[df12db4294e9bfd3]::panicking::panic_fmt
[INFO] [stdout]   10:     0x5b7c2c405955 - integration[483a83bcd65c5901]::run_converter_with_args
[INFO] [stdout]   11:     0x5b7c2c44429d - <integration[483a83bcd65c5901]::copc_info_matches_reference::{closure#0} as core[df12db4294e9bfd3]::ops::function::FnOnce<()>>::call_once
[INFO] [stdout]   12:     0x5b7c2c4cdb1b - test[9d35eded1c95d3be]::__rust_begin_short_backtrace::<core[df12db4294e9bfd3]::result::Result<(), alloc[2182bb758b4b3781]::string::String>, fn() -> core[df12db4294e9bfd3]::result::Result<(), alloc[2182bb758b4b3781]::string::String>>
[INFO] [stdout]   13:     0x5b7c2c4dbc71 - test[9d35eded1c95d3be]::run_test::{closure#0}
[INFO] [stdout]   14:     0x5b7c2c4d5384 - std[70759c8f55707aa4]::sys::backtrace::__rust_begin_short_backtrace::<test[9d35eded1c95d3be]::run_test::{closure#1}, ()>
[INFO] [stdout]   15:     0x5b7c2c4dfa92 - <std[70759c8f55707aa4]::thread::lifecycle::spawn_unchecked<test[9d35eded1c95d3be]::run_test::{closure#1}, ()>::{closure#1} as core[df12db4294e9bfd3]::ops::function::FnOnce<()>>::call_once::{shim:vtable#0}
[INFO] [stdout]   16:     0x5b7c2c4c4c4e - <std[70759c8f55707aa4]::sys::thread::unix::Thread>::new::thread_start
[INFO] [stdout]   17:     0x7c2a4fbdddfa - <unknown>
[INFO] [stdout]   18:     0x7c2a4fc713d4 - clone
[INFO] [stdout]   19:                0x0 - <unknown>
[INFO] [stdout] 
[INFO] [stdout] ---- json_progress_stdout_is_pure_ndjson stdout ----
[INFO] [stdout] 
[INFO] [stdout] thread 'json_progress_stdout_is_pure_ndjson' (1911) panicked at tests/integration.rs:636:5:
[INFO] [stdout] converter exited with error
[INFO] [stdout] stack backtrace:
[INFO] [stdout]    0:     0x5b7c2c4c5d56 - <<std[70759c8f55707aa4]::sys::backtrace::BacktraceLock>::print::DisplayBacktrace as core[df12db4294e9bfd3]::fmt::Display>::fmt
[INFO] [stdout]    1:     0x5b7c2c3d697a - core[df12db4294e9bfd3]::fmt::write
[INFO] [stdout]    2:     0x5b7c2c4cbd4c - <alloc[2182bb758b4b3781]::vec::Vec<u8> as core[df12db4294e9bfd3]::io::write::Write>::write_fmt
[INFO] [stdout]    3:     0x5b7c2c49ffa2 - std[70759c8f55707aa4]::panicking::default_hook::{closure#0}
[INFO] [stdout]    4:     0x5b7c2c4bc8a1 - std[70759c8f55707aa4]::panicking::default_hook
[INFO] [stdout]    5:     0x5b7c2c4bcce2 - std[70759c8f55707aa4]::panicking::panic_with_hook
[INFO] [stdout]    6:     0x5b7c2c4a0084 - std[70759c8f55707aa4]::panicking::panic_handler::{closure#0}
[INFO] [stdout]    7:     0x5b7c2c498759 - std[70759c8f55707aa4]::sys::backtrace::__rust_end_short_backtrace::<std[70759c8f55707aa4]::panicking::panic_handler::{closure#0}, !>
[INFO] [stdout]    8:     0x5b7c2c4a0ded - __rustc[8fa7c3cbc660c2b3]::rust_begin_unwind
[INFO] [stdout]    9:     0x5b7c2c3d706c - core[df12db4294e9bfd3]::panicking::panic_fmt
[INFO] [stdout]   10:     0x5b7c2c4497cd - <integration[483a83bcd65c5901]::json_progress_stdout_is_pure_ndjson::{closure#0} as core[df12db4294e9bfd3]::ops::function::FnOnce<()>>::call_once
[INFO] [stdout]   11:     0x5b7c2c4cdb1b - test[9d35eded1c95d3be]::__rust_begin_short_backtrace::<core[df12db4294e9bfd3]::result::Result<(), alloc[2182bb758b4b3781]::string::String>, fn() -> core[df12db4294e9bfd3]::result::Result<(), alloc[2182bb758b4b3781]::string::String>>
[INFO] [stdout]   12:     0x5b7c2c4dbc71 - test[9d35eded1c95d3be]::run_test::{closure#0}
[INFO] [stdout]   13:     0x5b7c2c4d5384 - std[70759c8f55707aa4]::sys::backtrace::__rust_begin_short_backtrace::<test[9d35eded1c95d3be]::run_test::{closure#1}, ()>
[INFO] [stdout]   14:     0x5b7c2c4dfa92 - <std[70759c8f55707aa4]::thread::lifecycle::spawn_unchecked<test[9d35eded1c95d3be]::run_test::{closure#1}, ()>::{closure#1} as core[df12db4294e9bfd3]::ops::function::FnOnce<()>>::call_once::{shim:vtable#0}
[INFO] [stdout]   15:     0x5b7c2c4c4c4e - <std[70759c8f55707aa4]::sys::thread::unix::Thread>::new::thread_start
[INFO] [stdout]   16:     0x7c2a4fbdddfa - <unknown>
[INFO] [stdout]   17:     0x7c2a4fc713d4 - clone
[INFO] [stdout]   18:                0x0 - <unknown>
[INFO] [stdout] 
[INFO] [stdout] ---- overstated_header_bounds_get_a_tight_cube stdout ----
[INFO] [stdout] 
[INFO] [stdout] thread 'overstated_header_bounds_get_a_tight_cube' (2085) panicked at tests/integration.rs:1983:78:
[INFO] [stdout] called `Result::unwrap()` on an `Err` value: Io(Os { code: 2, kind: NotFound, message: "No such file or directory" })
[INFO] [stdout] stack backtrace:
[INFO] [stdout]    0:     0x5b7c2c4c5d56 - <<std[70759c8f55707aa4]::sys::backtrace::BacktraceLock>::print::DisplayBacktrace as core[df12db4294e9bfd3]::fmt::Display>::fmt
[INFO] [stdout]    1:     0x5b7c2c3d697a - core[df12db4294e9bfd3]::fmt::write
[INFO] [stdout]    2:     0x5b7c2c4cbd4c - <alloc[2182bb758b4b3781]::vec::Vec<u8> as core[df12db4294e9bfd3]::io::write::Write>::write_fmt
[INFO] [stdout]    3:     0x5b7c2c49ffa2 - std[70759c8f55707aa4]::panicking::default_hook::{closure#0}
[INFO] [stdout]    4:     0x5b7c2c4bc8a1 - std[70759c8f55707aa4]::panicking::default_hook
[INFO] [stdout]    5:     0x5b7c2c4bcce2 - std[70759c8f55707aa4]::panicking::panic_with_hook
[INFO] [stdout]    6:     0x5b7c2c4a0052 - std[70759c8f55707aa4]::panicking::panic_handler::{closure#0}
[INFO] [stdout]    7:     0x5b7c2c498759 - std[70759c8f55707aa4]::sys::backtrace::__rust_end_short_backtrace::<std[70759c8f55707aa4]::panicking::panic_handler::{closure#0}, !>
[INFO] [stdout]    8:     0x5b7c2c4a0ded - __rustc[8fa7c3cbc660c2b3]::rust_begin_unwind
[INFO] [stdout]    9:     0x5b7c2c3d706c - core[df12db4294e9bfd3]::panicking::panic_fmt
[INFO] [stdout]   10:     0x5b7c2c3d6e42 - core[df12db4294e9bfd3]::result::unwrap_failed
[INFO] [stdout]   11:     0x5b7c2c40388d - integration[483a83bcd65c5901]::write_grid_las
[INFO] [stdout]   12:     0x5b7c2c44fea3 - <integration[483a83bcd65c5901]::overstated_header_bounds_get_a_tight_cube::{closure#0} as core[df12db4294e9bfd3]::ops::function::FnOnce<()>>::call_once
[INFO] [stdout]   13:     0x5b7c2c4cdb1b - test[9d35eded1c95d3be]::__rust_begin_short_backtrace::<core[df12db4294e9bfd3]::result::Result<(), alloc[2182bb758b4b3781]::string::String>, fn() -> core[df12db4294e9bfd3]::result::Result<(), alloc[2182bb758b4b3781]::string::String>>
[INFO] [stdout]   14:     0x5b7c2c4dbc71 - test[9d35eded1c95d3be]::run_test::{closure#0}
[INFO] [stdout]   15:     0x5b7c2c4d5384 - std[70759c8f55707aa4]::sys::backtrace::__rust_begin_short_backtrace::<test[9d35eded1c95d3be]::run_test::{closure#1}, ()>
[INFO] [stdout]   16:     0x5b7c2c4dfa92 - <std[70759c8f55707aa4]::thread::lifecycle::spawn_unchecked<test[9d35eded1c95d3be]::run_test::{closure#1}, ()>::{closure#1} as core[df12db4294e9bfd3]::ops::function::FnOnce<()>>::call_once::{shim:vtable#0}
[INFO] [stdout]   17:     0x5b7c2c4c4c4e - <std[70759c8f55707aa4]::sys::thread::unix::Thread>::new::thread_start
[INFO] [stdout]   18:     0x7c2a4fbdddfa - <unknown>
[INFO] [stdout]   19:     0x7c2a4fc713d4 - clone
[INFO] [stdout]   20:                0x0 - <unknown>
[INFO] [stdout] 
[INFO] [stdout] ---- extra_bytes_per_point_payload_round_trips stdout ----
[INFO] [stdout] 
[INFO] [stdout] thread 'extra_bytes_per_point_payload_round_trips' (1847) panicked at tests/integration.rs:335:5:
[INFO] [stdout] converter exited with error
[INFO] [stdout] stack backtrace:
[INFO] [stdout]    0:     0x5b7c2c4c5d56 - <<std[70759c8f55707aa4]::sys::backtrace::BacktraceLock>::print::DisplayBacktrace as core[df12db4294e9bfd3]::fmt::Display>::fmt
[INFO] [stdout]    1:     0x5b7c2c3d697a - core[df12db4294e9bfd3]::fmt::write
[INFO] [stdout]    2:     0x5b7c2c4cbd4c - <alloc[2182bb758b4b3781]::vec::Vec<u8> as core[df12db4294e9bfd3]::io::write::Write>::write_fmt
[INFO] [stdout]    3:     0x5b7c2c49ffa2 - std[70759c8f55707aa4]::panicking::default_hook::{closure#0}
[INFO] [stdout]    4:     0x5b7c2c4bc8a1 - std[70759c8f55707aa4]::panicking::default_hook
[INFO] [stdout]    5:     0x5b7c2c4bcce2 - std[70759c8f55707aa4]::panicking::panic_with_hook
[INFO] [stdout]    6:     0x5b7c2c4a0084 - std[70759c8f55707aa4]::panicking::panic_handler::{closure#0}
[INFO] [stdout]    7:     0x5b7c2c498759 - std[70759c8f55707aa4]::sys::backtrace::__rust_end_short_backtrace::<std[70759c8f55707aa4]::panicking::panic_handler::{closure#0}, !>
[INFO] [stdout]    8:     0x5b7c2c4a0ded - __rustc[8fa7c3cbc660c2b3]::rust_begin_unwind
[INFO] [stdout]    9:     0x5b7c2c3d706c - core[df12db4294e9bfd3]::panicking::panic_fmt
[INFO] [stdout]   10:     0x5b7c2c405955 - integration[483a83bcd65c5901]::run_converter_with_args
[INFO] [stdout]   11:     0x5b7c2c44f14d - <integration[483a83bcd65c5901]::extra_bytes_per_point_payload_round_trips::{closure#0} as core[df12db4294e9bfd3]::ops::function::FnOnce<()>>::call_once
[INFO] [stdout]   12:     0x5b7c2c4cdb1b - test[9d35eded1c95d3be]::__rust_begin_short_backtrace::<core[df12db4294e9bfd3]::result::Result<(), alloc[2182bb758b4b3781]::string::String>, fn() -> core[df12db4294e9bfd3]::result::Result<(), alloc[2182bb758b4b3781]::string::String>>
[INFO] [stdout]   13:     0x5b7c2c4dbc71 - test[9d35eded1c95d3be]::run_test::{closure#0}
[INFO] [stdout]   14:     0x5b7c2c4d5384 - std[70759c8f55707aa4]::sys::backtrace::__rust_begin_short_backtrace::<test[9d35eded1c95d3be]::run_test::{closure#1}, ()>
[INFO] [stdout]   15:     0x5b7c2c4dfa92 - <std[70759c8f55707aa4]::thread::lifecycle::spawn_unchecked<test[9d35eded1c95d3be]::run_test::{closure#1}, ()>::{closure#1} as core[df12db4294e9bfd3]::ops::function::FnOnce<()>>::call_once::{shim:vtable#0}
[INFO] [stdout]   16:     0x5b7c2c4c4c4e - <std[70759c8f55707aa4]::sys::thread::unix::Thread>::new::thread_start
[INFO] [stdout]   17:     0x7c2a4fbdddfa - <unknown>
[INFO] [stdout]   18:     0x7c2a4fc713d4 - clone
[INFO] [stdout]   19:                0x0 - <unknown>
[INFO] [stdout] 
[INFO] [stdout] ---- deterministic_output stdout ----
[INFO] [stdout] 
[INFO] [stdout] thread 'deterministic_output' (1843) panicked at tests/integration.rs:335:5:
[INFO] [stdout] converter exited with error
[INFO] [stdout] stack backtrace:
[INFO] [stdout]    0:     0x5b7c2c4c5d56 - <<std[70759c8f55707aa4]::sys::backtrace::BacktraceLock>::print::DisplayBacktrace as core[df12db4294e9bfd3]::fmt::Display>::fmt
[INFO] [stdout]    1:     0x5b7c2c3d697a - core[df12db4294e9bfd3]::fmt::write
[INFO] [stdout]    2:     0x5b7c2c4cbd4c - <alloc[2182bb758b4b3781]::vec::Vec<u8> as core[df12db4294e9bfd3]::io::write::Write>::write_fmt
[INFO] [stdout]    3:     0x5b7c2c49ffa2 - std[70759c8f55707aa4]::panicking::default_hook::{closure#0}
[INFO] [stdout]    4:     0x5b7c2c4bc8a1 - std[70759c8f55707aa4]::panicking::default_hook
[INFO] [stdout]    5:     0x5b7c2c4bcce2 - std[70759c8f55707aa4]::panicking::panic_with_hook
[INFO] [stdout]    6:     0x5b7c2c4a0084 - std[70759c8f55707aa4]::panicking::panic_handler::{closure#0}
[INFO] [stdout]    7:     0x5b7c2c498759 - std[70759c8f55707aa4]::sys::backtrace::__rust_end_short_backtrace::<std[70759c8f55707aa4]::panicking::panic_handler::{closure#0}, !>
[INFO] [stdout]    8:     0x5b7c2c4a0ded - __rustc[8fa7c3cbc660c2b3]::rust_begin_unwind
[INFO] [stdout]    9:     0x5b7c2c3d706c - core[df12db4294e9bfd3]::panicking::panic_fmt
[INFO] [stdout]   10:     0x5b7c2c405955 - integration[483a83bcd65c5901]::run_converter_with_args
[INFO] [stdout]   11:     0x5b7c2c4407c0 - <integration[483a83bcd65c5901]::deterministic_output::{closure#0} as core[df12db4294e9bfd3]::ops::function::FnOnce<()>>::call_once
[INFO] [stdout]   12:     0x5b7c2c4cdb1b - test[9d35eded1c95d3be]::__rust_begin_short_backtrace::<core[df12db4294e9bfd3]::result::Result<(), alloc[2182bb758b4b3781]::string::String>, fn() -> core[df12db4294e9bfd3]::result::Result<(), alloc[2182bb758b4b3781]::string::String>>
[INFO] [stdout]   13:     0x5b7c2c4dbc71 - test[9d35eded1c95d3be]::run_test::{closure#0}
[INFO] [stdout]   14:     0x5b7c2c4d5384 - std[70759c8f55707aa4]::sys::backtrace::__rust_begin_short_backtrace::<test[9d35eded1c95d3be]::run_test::{closure#1}, ()>
[INFO] [stdout]   15:     0x5b7c2c4dfa92 - <std[70759c8f55707aa4]::thread::lifecycle::spawn_unchecked<test[9d35eded1c95d3be]::run_test::{closure#1}, ()>::{closure#1} as core[df12db4294e9bfd3]::ops::function::FnOnce<()>>::call_once::{shim:vtable#0}
[INFO] [stdout]   16:     0x5b7c2c4c4c4e - <std[70759c8f55707aa4]::sys::thread::unix::Thread>::new::thread_start
[INFO] [stdout]   17:     0x7c2a4fbdddfa - <unknown>
[INFO] [stdout]   18:     0x7c2a4fc713d4 - clone
[INFO] [stdout]   19:                0x0 - <unknown>
[INFO] [stdout] 
[INFO] [stdout] ---- point_flags_round_trip stdout ----
[INFO] [stdout] 
[INFO] [stdout] thread 'point_flags_round_trip' (2119) panicked at tests/integration.rs:357:79:
[INFO] [stdout] called `Result::unwrap()` on an `Err` value: Io(Os { code: 2, kind: NotFound, message: "No such file or directory" })
[INFO] [stdout] stack backtrace:
[INFO] [stdout]    0:     0x5b7c2c4c5d56 - <<std[70759c8f55707aa4]::sys::backtrace::BacktraceLock>::print::DisplayBacktrace as core[df12db4294e9bfd3]::fmt::Display>::fmt
[INFO] [stdout]    1:     0x5b7c2c3d697a - core[df12db4294e9bfd3]::fmt::write
[INFO] [stdout]    2:     0x5b7c2c4cbd4c - <alloc[2182bb758b4b3781]::vec::Vec<u8> as core[df12db4294e9bfd3]::io::write::Write>::write_fmt
[INFO] [stdout]    3:     0x5b7c2c49ffa2 - std[70759c8f55707aa4]::panicking::default_hook::{closure#0}
[INFO] [stdout]    4:     0x5b7c2c4bc8a1 - std[70759c8f55707aa4]::panicking::default_hook
[INFO] [stdout]    5:     0x5b7c2c4bcce2 - std[70759c8f55707aa4]::panicking::panic_with_hook
[INFO] [stdout]    6:     0x5b7c2c4a0052 - std[70759c8f55707aa4]::panicking::panic_handler::{closure#0}
[INFO] [stdout]    7:     0x5b7c2c498759 - std[70759c8f55707aa4]::sys::backtrace::__rust_end_short_backtrace::<std[70759c8f55707aa4]::panicking::panic_handler::{closure#0}, !>
[INFO] [stdout]    8:     0x5b7c2c4a0ded - __rustc[8fa7c3cbc660c2b3]::rust_begin_unwind
[INFO] [stdout]    9:     0x5b7c2c3d706c - core[df12db4294e9bfd3]::panicking::panic_fmt
[INFO] [stdout]   10:     0x5b7c2c3d6e42 - core[df12db4294e9bfd3]::result::unwrap_failed
[INFO] [stdout]   11:     0x5b7c2c4427e3 - <integration[483a83bcd65c5901]::point_flags_round_trip::{closure#0} as core[df12db4294e9bfd3]::ops::function::FnOnce<()>>::call_once
[INFO] [stdout]   12:     0x5b7c2c4cdb1b - test[9d35eded1c95d3be]::__rust_begin_short_backtrace::<core[df12db4294e9bfd3]::result::Result<(), alloc[2182bb758b4b3781]::string::String>, fn() -> core[df12db4294e9bfd3]::result::Result<(), alloc[2182bb758b4b3781]::string::String>>
[INFO] [stdout]   13:     0x5b7c2c4dbc71 - test[9d35eded1c95d3be]::run_test::{closure#0}
[INFO] [stdout]   14:     0x5b7c2c4d5384 - std[70759c8f55707aa4]::sys::backtrace::__rust_begin_short_backtrace::<test[9d35eded1c95d3be]::run_test::{closure#1}, ()>
[INFO] [stdout]   15:     0x5b7c2c4dfa92 - <std[70759c8f55707aa4]::thread::lifecycle::spawn_unchecked<test[9d35eded1c95d3be]::run_test::{closure#1}, ()>::{closure#1} as core[df12db4294e9bfd3]::ops::function::FnOnce<()>>::call_once::{shim:vtable#0}
[INFO] [stdout]   16:     0x5b7c2c4c4c4e - <std[70759c8f55707aa4]::sys::thread::unix::Thread>::new::thread_start
[INFO] [stdout]   17:     0x7c2a4fbdddfa - <unknown>
[INFO] [stdout]   18:     0x7c2a4fc713d4 - clone
[INFO] [stdout]   19:                0x0 - <unknown>
[INFO] [stdout] 
[INFO] [stdout] ---- chunked_multi_chunk_preserves_all_points stdout ----
[INFO] [stdout] 
[INFO] [stdout] thread 'chunked_multi_chunk_preserves_all_points' (1840) panicked at tests/integration.rs:335:5:
[INFO] [stdout] converter exited with error
[INFO] [stdout] stack backtrace:
[INFO] [stdout]    0:     0x5b7c2c4c5d56 - <<std[70759c8f55707aa4]::sys::backtrace::BacktraceLock>::print::DisplayBacktrace as core[df12db4294e9bfd3]::fmt::Display>::fmt
[INFO] [stdout]    1:     0x5b7c2c3d697a - core[df12db4294e9bfd3]::fmt::write
[INFO] [stdout]    2:     0x5b7c2c4cbd4c - <alloc[2182bb758b4b3781]::vec::Vec<u8> as core[df12db4294e9bfd3]::io::write::Write>::write_fmt
[INFO] [stdout]    3:     0x5b7c2c49ffa2 - std[70759c8f55707aa4]::panicking::default_hook::{closure#0}
[INFO] [stdout]    4:     0x5b7c2c4bc8a1 - std[70759c8f55707aa4]::panicking::default_hook
[INFO] [stdout]    5:     0x5b7c2c4bcce2 - std[70759c8f55707aa4]::panicking::panic_with_hook
[INFO] [stdout]    6:     0x5b7c2c4a0084 - std[70759c8f55707aa4]::panicking::panic_handler::{closure#0}
[INFO] [stdout]    7:     0x5b7c2c498759 - std[70759c8f55707aa4]::sys::backtrace::__rust_end_short_backtrace::<std[70759c8f55707aa4]::panicking::panic_handler::{closure#0}, !>
[INFO] [stdout]    8:     0x5b7c2c4a0ded - __rustc[8fa7c3cbc660c2b3]::rust_begin_unwind
[INFO] [stdout]    9:     0x5b7c2c3d706c - core[df12db4294e9bfd3]::panicking::panic_fmt
[INFO] [stdout]   10:     0x5b7c2c405955 - integration[483a83bcd65c5901]::run_converter_with_args
[INFO] [stdout]   11:     0x5b7c2c44b541 - <integration[483a83bcd65c5901]::chunked_multi_chunk_preserves_all_points::{closure#0} as core[df12db4294e9bfd3]::ops::function::FnOnce<()>>::call_once
[INFO] [stdout]   12:     0x5b7c2c4cdb1b - test[9d35eded1c95d3be]::__rust_begin_short_backtrace::<core[df12db4294e9bfd3]::result::Result<(), alloc[2182bb758b4b3781]::string::String>, fn() -> core[df12db4294e9bfd3]::result::Result<(), alloc[2182bb758b4b3781]::string::String>>
[INFO] [stdout]   13:     0x5b7c2c4dbc71 - test[9d35eded1c95d3be]::run_test::{closure#0}
[INFO] [stdout]   14:     0x5b7c2c4d5384 - std[70759c8f55707aa4]::sys::backtrace::__rust_begin_short_backtrace::<test[9d35eded1c95d3be]::run_test::{closure#1}, ()>
[INFO] [stdout]   15:     0x5b7c2c4dfa92 - <std[70759c8f55707aa4]::thread::lifecycle::spawn_unchecked<test[9d35eded1c95d3be]::run_test::{closure#1}, ()>::{closure#1} as core[df12db4294e9bfd3]::ops::function::FnOnce<()>>::call_once::{shim:vtable#0}
[INFO] [stdout]   16:     0x5b7c2c4c4c4e - <std[70759c8f55707aa4]::sys::thread::unix::Thread>::new::thread_start
[INFO] [stdout]   17:     0x7c2a4fbdddfa - <unknown>
[INFO] [stdout]   18:     0x7c2a4fc713d4 - clone
[INFO] [stdout]   19:                0x0 - <unknown>
[INFO] [stdout] 
[INFO] [stdout] ---- legacy_point_counts_are_zero stdout ----
[INFO] [stdout] 
[INFO] [stdout] thread 'legacy_point_counts_are_zero' (1915) panicked at tests/integration.rs:335:5:
[INFO] [stdout] converter exited with error
[INFO] [stdout] stack backtrace:
[INFO] [stdout]    0:     0x5b7c2c4c5d56 - <<std[70759c8f55707aa4]::sys::backtrace::BacktraceLock>::print::DisplayBacktrace as core[df12db4294e9bfd3]::fmt::Display>::fmt
[INFO] [stdout]    1:     0x5b7c2c3d697a - core[df12db4294e9bfd3]::fmt::write
[INFO] [stdout]    2:     0x5b7c2c4cbd4c - <alloc[2182bb758b4b3781]::vec::Vec<u8> as core[df12db4294e9bfd3]::io::write::Write>::write_fmt
[INFO] [stdout]    3:     0x5b7c2c49ffa2 - std[70759c8f55707aa4]::panicking::default_hook::{closure#0}
[INFO] [stdout]    4:     0x5b7c2c4bc8a1 - std[70759c8f55707aa4]::panicking::default_hook
[INFO] [stdout]    5:     0x5b7c2c4bcce2 - std[70759c8f55707aa4]::panicking::panic_with_hook
[INFO] [stdout]    6:     0x5b7c2c4a0084 - std[70759c8f55707aa4]::panicking::panic_handler::{closure#0}
[INFO] [stdout]    7:     0x5b7c2c498759 - std[70759c8f55707aa4]::sys::backtrace::__rust_end_short_backtrace::<std[70759c8f55707aa4]::panicking::panic_handler::{closure#0}, !>
[INFO] [stdout]    8:     0x5b7c2c4a0ded - __rustc[8fa7c3cbc660c2b3]::rust_begin_unwind
[INFO] [stdout]    9:     0x5b7c2c3d706c - core[df12db4294e9bfd3]::panicking::panic_fmt
[INFO] [stdout]   10:     0x5b7c2c405955 - integration[483a83bcd65c5901]::run_converter_with_args
[INFO] [stdout]   11:     0x5b7c2c4446b8 - <integration[483a83bcd65c5901]::legacy_point_counts_are_zero::{closure#0} as core[df12db4294e9bfd3]::ops::function::FnOnce<()>>::call_once
[INFO] [stdout]   12:     0x5b7c2c4cdb1b - test[9d35eded1c95d3be]::__rust_begin_short_backtrace::<core[df12db4294e9bfd3]::result::Result<(), alloc[2182bb758b4b3781]::string::String>, fn() -> core[df12db4294e9bfd3]::result::Result<(), alloc[2182bb758b4b3781]::string::String>>
[INFO] [stdout]   13:     0x5b7c2c4dbc71 - test[9d35eded1c95d3be]::run_test::{closure#0}
[INFO] [stdout]   14:     0x5b7c2c4d5384 - std[70759c8f55707aa4]::sys::backtrace::__rust_begin_short_backtrace::<test[9d35eded1c95d3be]::run_test::{closure#1}, ()>
[INFO] [stdout]   15:     0x5b7c2c4dfa92 - <std[70759c8f55707aa4]::thread::lifecycle::spawn_unchecked<test[9d35eded1c95d3be]::run_test::{closure#1}, ()>::{closure#1} as core[df12db4294e9bfd3]::ops::function::FnOnce<()>>::call_once::{shim:vtable#0}
[INFO] [stdout]   16:     0x5b7c2c4c4c4e - <std[70759c8f55707aa4]::sys::thread::unix::Thread>::new::thread_start
[INFO] [stdout]   17:     0x7c2a4fbdddfa - <unknown>
[INFO] [stdout]   18:     0x7c2a4fc713d4 - clone
[INFO] [stdout]   19:                0x0 - <unknown>
[INFO] [stdout] 
[INFO] [stdout] ---- hierarchy_preserves_all_points stdout ----
[INFO] [stdout] 
[INFO] [stdout] thread 'hierarchy_preserves_all_points' (1854) panicked at tests/integration.rs:335:5:
[INFO] [stdout] converter exited with error
[INFO] [stdout] stack backtrace:
[INFO] [stdout]    0:     0x5b7c2c4c5d56 - <<std[70759c8f55707aa4]::sys::backtrace::BacktraceLock>::print::DisplayBacktrace as core[df12db4294e9bfd3]::fmt::Display>::fmt
[INFO] [stdout]    1:     0x5b7c2c3d697a - core[df12db4294e9bfd3]::fmt::write
[INFO] [stdout]    2:     0x5b7c2c4cbd4c - <alloc[2182bb758b4b3781]::vec::Vec<u8> as core[df12db4294e9bfd3]::io::write::Write>::write_fmt
[INFO] [stdout]    3:     0x5b7c2c49ffa2 - std[70759c8f55707aa4]::panicking::default_hook::{closure#0}
[INFO] [stdout]    4:     0x5b7c2c4bc8a1 - std[70759c8f55707aa4]::panicking::default_hook
[INFO] [stdout]    5:     0x5b7c2c4bcce2 - std[70759c8f55707aa4]::panicking::panic_with_hook
[INFO] [stdout]    6:     0x5b7c2c4a0084 - std[70759c8f55707aa4]::panicking::panic_handler::{closure#0}
[INFO] [stdout]    7:     0x5b7c2c498759 - std[70759c8f55707aa4]::sys::backtrace::__rust_end_short_backtrace::<std[70759c8f55707aa4]::panicking::panic_handler::{closure#0}, !>
[INFO] [stdout]    8:     0x5b7c2c4a0ded - __rustc[8fa7c3cbc660c2b3]::rust_begin_unwind
[INFO] [stdout]    9:     0x5b7c2c3d706c - core[df12db4294e9bfd3]::panicking::panic_fmt
[INFO] [stdout]   10:     0x5b7c2c405955 - integration[483a83bcd65c5901]::run_converter_with_args
[INFO] [stdout]   11:     0x5b7c2c44501d - <integration[483a83bcd65c5901]::hierarchy_preserves_all_points::{closure#0} as core[df12db4294e9bfd3]::ops::function::FnOnce<()>>::call_once
[INFO] [stdout]   12:     0x5b7c2c4cdb1b - test[9d35eded1c95d3be]::__rust_begin_short_backtrace::<core[df12db4294e9bfd3]::result::Result<(), alloc[2182bb758b4b3781]::string::String>, fn() -> core[df12db4294e9bfd3]::result::Result<(), alloc[2182bb758b4b3781]::string::String>>
[INFO] [stdout]   13:     0x5b7c2c4dbc71 - test[9d35eded1c95d3be]::run_test::{closure#0}
[INFO] [stdout]   14:     0x5b7c2c4d5384 - std[70759c8f55707aa4]::sys::backtrace::__rust_begin_short_backtrace::<test[9d35eded1c95d3be]::run_test::{closure#1}, ()>
[INFO] [stdout]   15:     0x5b7c2c4dfa92 - <std[70759c8f55707aa4]::thread::lifecycle::spawn_unchecked<test[9d35eded1c95d3be]::run_test::{closure#1}, ()>::{closure#1} as core[df12db4294e9bfd3]::ops::function::FnOnce<()>>::call_once::{shim:vtable#0}
[INFO] [stdout]   16:     0x5b7c2c4c4c4e - <std[70759c8f55707aa4]::sys::thread::unix::Thread>::new::thread_start
[INFO] [stdout]   17:     0x7c2a4fbdddfa - <unknown>
[INFO] [stdout]   18:     0x7c2a4fc713d4 - clone
[INFO] [stdout]   19:                0x0 - <unknown>
[INFO] [stdout] 
[INFO] [stdout] ---- low_memory_produces_valid_output stdout ----
[INFO] [stdout] 
[INFO] [stdout] thread 'low_memory_produces_valid_output' (1916) panicked at tests/integration.rs:335:5:
[INFO] [stdout] converter exited with error
[INFO] [stdout] stack backtrace:
[INFO] [stdout]    0:     0x5b7c2c4c5d56 - <<std[70759c8f55707aa4]::sys::backtrace::BacktraceLock>::print::DisplayBacktrace as core[df12db4294e9bfd3]::fmt::Display>::fmt
[INFO] [stdout]    1:     0x5b7c2c3d697a - core[df12db4294e9bfd3]::fmt::write
[INFO] [stdout]    2:     0x5b7c2c4cbd4c - <alloc[2182bb758b4b3781]::vec::Vec<u8> as core[df12db4294e9bfd3]::io::write::Write>::write_fmt
[INFO] [stdout]    3:     0x5b7c2c49ffa2 - std[70759c8f55707aa4]::panicking::default_hook::{closure#0}
[INFO] [stdout]    4:     0x5b7c2c4bc8a1 - std[70759c8f55707aa4]::panicking::default_hook
[INFO] [stdout]    5:     0x5b7c2c4bcce2 - std[70759c8f55707aa4]::panicking::panic_with_hook
[INFO] [stdout]    6:     0x5b7c2c4a0084 - std[70759c8f55707aa4]::panicking::panic_handler::{closure#0}
[INFO] [stdout]    7:     0x5b7c2c498759 - std[70759c8f55707aa4]::sys::backtrace::__rust_end_short_backtrace::<std[70759c8f55707aa4]::panicking::panic_handler::{closure#0}, !>
[INFO] [stdout]    8:     0x5b7c2c4a0ded - __rustc[8fa7c3cbc660c2b3]::rust_begin_unwind
[INFO] [stdout]    9:     0x5b7c2c3d706c - core[df12db4294e9bfd3]::panicking::panic_fmt
[INFO] [stdout]   10:     0x5b7c2c405955 - integration[483a83bcd65c5901]::run_converter_with_args
[INFO] [stdout]   11:     0x5b7c2c4472c1 - <integration[483a83bcd65c5901]::low_memory_produces_valid_output::{closure#0} as core[df12db4294e9bfd3]::ops::function::FnOnce<()>>::call_once
[INFO] [stdout]   12:     0x5b7c2c4cdb1b - test[9d35eded1c95d3be]::__rust_begin_short_backtrace::<core[df12db4294e9bfd3]::result::Result<(), alloc[2182bb758b4b3781]::string::String>, fn() -> core[df12db4294e9bfd3]::result::Result<(), alloc[2182bb758b4b3781]::string::String>>
[INFO] [stdout]   13:     0x5b7c2c4dbc71 - test[9d35eded1c95d3be]::run_test::{closure#0}
[INFO] [stdout]   14:     0x5b7c2c4d5384 - std[70759c8f55707aa4]::sys::backtrace::__rust_begin_short_backtrace::<test[9d35eded1c95d3be]::run_test::{closure#1}, ()>
[INFO] [stdout]   15:     0x5b7c2c4dfa92 - <std[70759c8f55707aa4]::thread::lifecycle::spawn_unchecked<test[9d35eded1c95d3be]::run_test::{closure#1}, ()>::{closure#1} as core[df12db4294e9bfd3]::ops::function::FnOnce<()>>::call_once::{shim:vtable#0}
[INFO] [stdout]   16:     0x5b7c2c4c4c4e - <std[70759c8f55707aa4]::sys::thread::unix::Thread>::new::thread_start
[INFO] [stdout]   17:     0x7c2a4fbdddfa - <unknown>
[INFO] [stdout]   18:     0x7c2a4fc713d4 - clone
[INFO] [stdout]   19:                0x0 - <unknown>
[INFO] [stdout] 
[INFO] [stdout] ---- extra_bytes_vlr_preserved stdout ----
[INFO] [stdout] 
[INFO] [stdout] thread 'extra_bytes_vlr_preserved' (1850) panicked at tests/integration.rs:335:5:
[INFO] [stdout] converter exited with error
[INFO] [stdout] stack backtrace:
[INFO] [stdout]    0:     0x5b7c2c4c5d56 - <<std[70759c8f55707aa4]::sys::backtrace::BacktraceLock>::print::DisplayBacktrace as core[df12db4294e9bfd3]::fmt::Display>::fmt
[INFO] [stdout]    1:     0x5b7c2c3d697a - core[df12db4294e9bfd3]::fmt::write
[INFO] [stdout]    2:     0x5b7c2c4cbd4c - <alloc[2182bb758b4b3781]::vec::Vec<u8> as core[df12db4294e9bfd3]::io::write::Write>::write_fmt
[INFO] [stdout]    3:     0x5b7c2c49ffa2 - std[70759c8f55707aa4]::panicking::default_hook::{closure#0}
[INFO] [stdout]    4:     0x5b7c2c4bc8a1 - std[70759c8f55707aa4]::panicking::default_hook
[INFO] [stdout]    5:     0x5b7c2c4bcce2 - std[70759c8f55707aa4]::panicking::panic_with_hook
[INFO] [stdout]    6:     0x5b7c2c4a0084 - std[70759c8f55707aa4]::panicking::panic_handler::{closure#0}
[INFO] [stdout]    7:     0x5b7c2c498759 - std[70759c8f55707aa4]::sys::backtrace::__rust_end_short_backtrace::<std[70759c8f55707aa4]::panicking::panic_handler::{closure#0}, !>
[INFO] [stdout]    8:     0x5b7c2c4a0ded - __rustc[8fa7c3cbc660c2b3]::rust_begin_unwind
[INFO] [stdout]    9:     0x5b7c2c3d706c - core[df12db4294e9bfd3]::panicking::panic_fmt
[INFO] [stdout]   10:     0x5b7c2c405955 - integration[483a83bcd65c5901]::run_converter_with_args
[INFO] [stdout]   11:     0x5b7c2c44347d - <integration[483a83bcd65c5901]::extra_bytes_vlr_preserved::{closure#0} as core[df12db4294e9bfd3]::ops::function::FnOnce<()>>::call_once
[INFO] [stdout]   12:     0x5b7c2c4cdb1b - test[9d35eded1c95d3be]::__rust_begin_short_backtrace::<core[df12db4294e9bfd3]::result::Result<(), alloc[2182bb758b4b3781]::string::String>, fn() -> core[df12db4294e9bfd3]::result::Result<(), alloc[2182bb758b4b3781]::string::String>>
[INFO] [stdout]   13:     0x5b7c2c4dbc71 - test[9d35eded1c95d3be]::run_test::{closure#0}
[INFO] [stdout]   14:     0x5b7c2c4d5384 - std[70759c8f55707aa4]::sys::backtrace::__rust_begin_short_backtrace::<test[9d35eded1c95d3be]::run_test::{closure#1}, ()>
[INFO] [stdout]   15:     0x5b7c2c4dfa92 - <std[70759c8f55707aa4]::thread::lifecycle::spawn_unchecked<test[9d35eded1c95d3be]::run_test::{closure#1}, ()>::{closure#1} as core[df12db4294e9bfd3]::ops::function::FnOnce<()>>::call_once::{shim:vtable#0}
[INFO] [stdout]   16:     0x5b7c2c4c4c4e - <std[70759c8f55707aa4]::sys::thread::unix::Thread>::new::thread_start
[INFO] [stdout]   17:     0x7c2a4fbdddfa - <unknown>
[INFO] [stdout]   18:     0x7c2a4fc713d4 - clone
[INFO] [stdout]   19:                0x0 - <unknown>
[INFO] [stdout] 
[INFO] [stdout] ---- hierarchy_structure_similar_to_reference stdout ----
[INFO] [stdout] 
[INFO] [stdout] thread 'hierarchy_structure_similar_to_reference' (1855) panicked at tests/integration.rs:335:5:
[INFO] [stdout] converter exited with error
[INFO] [stdout] stack backtrace:
[INFO] [stdout]    0:     0x5b7c2c4c5d56 - <<std[70759c8f55707aa4]::sys::backtrace::BacktraceLock>::print::DisplayBacktrace as core[df12db4294e9bfd3]::fmt::Display>::fmt
[INFO] [stdout]    1:     0x5b7c2c3d697a - core[df12db4294e9bfd3]::fmt::write
[INFO] [stdout]    2:     0x5b7c2c4cbd4c - <alloc[2182bb758b4b3781]::vec::Vec<u8> as core[df12db4294e9bfd3]::io::write::Write>::write_fmt
[INFO] [stdout]    3:     0x5b7c2c49ffa2 - std[70759c8f55707aa4]::panicking::default_hook::{closure#0}
[INFO] [stdout]    4:     0x5b7c2c4bc8a1 - std[70759c8f55707aa4]::panicking::default_hook
[INFO] [stdout]    5:     0x5b7c2c4bcce2 - std[70759c8f55707aa4]::panicking::panic_with_hook
[INFO] [stdout]    6:     0x5b7c2c4a0084 - std[70759c8f55707aa4]::panicking::panic_handler::{closure#0}
[INFO] [stdout]    7:     0x5b7c2c498759 - std[70759c8f55707aa4]::sys::backtrace::__rust_end_short_backtrace::<std[70759c8f55707aa4]::panicking::panic_handler::{closure#0}, !>
[INFO] [stdout]    8:     0x5b7c2c4a0ded - __rustc[8fa7c3cbc660c2b3]::rust_begin_unwind
[INFO] [stdout]    9:     0x5b7c2c3d706c - core[df12db4294e9bfd3]::panicking::panic_fmt
[INFO] [stdout]   10:     0x5b7c2c405955 - integration[483a83bcd65c5901]::run_converter_with_args
[INFO] [stdout]   11:     0x5b7c2c44babd - <integration[483a83bcd65c5901]::hierarchy_structure_similar_to_reference::{closure#0} as core[df12db4294e9bfd3]::ops::function::FnOnce<()>>::call_once
[INFO] [stdout]   12:     0x5b7c2c4cdb1b - test[9d35eded1c95d3be]::__rust_begin_short_backtrace::<core[df12db4294e9bfd3]::result::Result<(), alloc[2182bb758b4b3781]::string::String>, fn() -> core[df12db4294e9bfd3]::result::Result<(), alloc[2182bb758b4b3781]::string::String>>
[INFO] [stdout]   13:     0x5b7c2c4dbc71 - test[9d35eded1c95d3be]::run_test::{closure#0}
[INFO] [stdout]   14:     0x5b7c2c4d5384 - std[70759c8f55707aa4]::sys::backtrace::__rust_begin_short_backtrace::<test[9d35eded1c95d3be]::run_test::{closure#1}, ()>
[INFO] [stdout]   15:     0x5b7c2c4dfa92 - <std[70759c8f55707aa4]::thread::lifecycle::spawn_unchecked<test[9d35eded1c95d3be]::run_test::{closure#1}, ()>::{closure#1} as core[df12db4294e9bfd3]::ops::function::FnOnce<()>>::call_once::{shim:vtable#0}
[INFO] [stdout]   16:     0x5b7c2c4c4c4e - <std[70759c8f55707aa4]::sys::thread::unix::Thread>::new::thread_start
[INFO] [stdout]   17:     0x7c2a4fbdddfa - <unknown>
[INFO] [stdout]   18:     0x7c2a4fc713d4 - clone
[INFO] [stdout]   19:                0x0 - <unknown>
[INFO] [stdout] 
[INFO] [stdout] ---- interior_nodes_are_never_empty stdout ----
[INFO] [stdout] 
[INFO] [stdout] thread 'interior_nodes_are_never_empty' (1909) panicked at tests/integration.rs:335:5:
[INFO] [stdout] converter exited with error
[INFO] [stdout] stack backtrace:
[INFO] [stdout]    0:     0x5b7c2c4c5d56 - <<std[70759c8f55707aa4]::sys::backtrace::BacktraceLock>::print::DisplayBacktrace as core[df12db4294e9bfd3]::fmt::Display>::fmt
[INFO] [stdout]    1:     0x5b7c2c3d697a - core[df12db4294e9bfd3]::fmt::write
[INFO] [stdout]    2:     0x5b7c2c4cbd4c - <alloc[2182bb758b4b3781]::vec::Vec<u8> as core[df12db4294e9bfd3]::io::write::Write>::write_fmt
[INFO] [stdout]    3:     0x5b7c2c49ffa2 - std[70759c8f55707aa4]::panicking::default_hook::{closure#0}
[INFO] [stdout]    4:     0x5b7c2c4bc8a1 - std[70759c8f55707aa4]::panicking::default_hook
[INFO] [stdout]    5:     0x5b7c2c4bcce2 - std[70759c8f55707aa4]::panicking::panic_with_hook
[INFO] [stdout]    6:     0x5b7c2c4a0084 - std[70759c8f55707aa4]::panicking::panic_handler::{closure#0}
[INFO] [stdout]    7:     0x5b7c2c498759 - std[70759c8f55707aa4]::sys::backtrace::__rust_end_short_backtrace::<std[70759c8f55707aa4]::panicking::panic_handler::{closure#0}, !>
[INFO] [stdout]    8:     0x5b7c2c4a0ded - __rustc[8fa7c3cbc660c2b3]::rust_begin_unwind
[INFO] [stdout]    9:     0x5b7c2c3d706c - core[df12db4294e9bfd3]::panicking::panic_fmt
[INFO] [stdout]   10:     0x5b7c2c405955 - integration[483a83bcd65c5901]::run_converter_with_args
[INFO] [stdout]   11:     0x5b7c2c4458ac - <integration[483a83bcd65c5901]::interior_nodes_are_never_empty::{closure#0} as core[df12db4294e9bfd3]::ops::function::FnOnce<()>>::call_once
[INFO] [stdout]   12:     0x5b7c2c4cdb1b - test[9d35eded1c95d3be]::__rust_begin_short_backtrace::<core[df12db4294e9bfd3]::result::Result<(), alloc[2182bb758b4b3781]::string::String>, fn() -> core[df12db4294e9bfd3]::result::Result<(), alloc[2182bb758b4b3781]::string::String>>
[INFO] [stdout]   13:     0x5b7c2c4dbc71 - test[9d35eded1c95d3be]::run_test::{closure#0}
[INFO] [stdout]   14:     0x5b7c2c4d5384 - std[70759c8f55707aa4]::sys::backtrace::__rust_begin_short_backtrace::<test[9d35eded1c95d3be]::run_test::{closure#1}, ()>
[INFO] [stdout]   15:     0x5b7c2c4dfa92 - <std[70759c8f55707aa4]::thread::lifecycle::spawn_unchecked<test[9d35eded1c95d3be]::run_test::{closure#1}, ()>::{closure#1} as core[df12db4294e9bfd3]::ops::function::FnOnce<()>>::call_once::{shim:vtable#0}
[INFO] [stdout]   16:     0x5b7c2c4c4c4e - <std[70759c8f55707aa4]::sys::thread::unix::Thread>::new::thread_start
[INFO] [stdout]   17:     0x7c2a4fbdddfa - <unknown>
[INFO] [stdout]   18:     0x7c2a4fc713d4 - clone
[INFO] [stdout]   19:                0x0 - <unknown>
[INFO] [stdout] 
[INFO] [stdout] ---- understated_header_bounds_still_produce_valid_copc stdout ----
[INFO] [stdout] 
[INFO] [stdout] thread 'understated_header_bounds_still_produce_valid_copc' (2154) panicked at tests/integration.rs:1983:78:
[INFO] [stdout] called `Result::unwrap()` on an `Err` value: Io(Os { code: 2, kind: NotFound, message: "No such file or directory" })
[INFO] [stdout] stack backtrace:
[INFO] [stdout]    0:     0x5b7c2c4c5d56 - <<std[70759c8f55707aa4]::sys::backtrace::BacktraceLock>::print::DisplayBacktrace as core[df12db4294e9bfd3]::fmt::Display>::fmt
[INFO] [stdout]    1:     0x5b7c2c3d697a - core[df12db4294e9bfd3]::fmt::write
[INFO] [stdout]    2:     0x5b7c2c4cbd4c - <alloc[2182bb758b4b3781]::vec::Vec<u8> as core[df12db4294e9bfd3]::io::write::Write>::write_fmt
[INFO] [stdout]    3:     0x5b7c2c49ffa2 - std[70759c8f55707aa4]::panicking::default_hook::{closure#0}
[INFO] [stdout]    4:     0x5b7c2c4bc8a1 - std[70759c8f55707aa4]::panicking::default_hook
[INFO] [stdout]    5:     0x5b7c2c4bcce2 - std[70759c8f55707aa4]::panicking::panic_with_hook
[INFO] [stdout]    6:     0x5b7c2c4a0052 - std[70759c8f55707aa4]::panicking::panic_handler::{closure#0}
[INFO] [stdout]    7:     0x5b7c2c498759 - std[70759c8f55707aa4]::sys::backtrace::__rust_end_short_backtrace::<std[70759c8f55707aa4]::panicking::panic_handler::{closure#0}, !>
[INFO] [stdout]    8:     0x5b7c2c4a0ded - __rustc[8fa7c3cbc660c2b3]::rust_begin_unwind
[INFO] [stdout]    9:     0x5b7c2c3d706c - core[df12db4294e9bfd3]::panicking::panic_fmt
[INFO] [stdout]   10:     0x5b7c2c3d6e42 - core[df12db4294e9bfd3]::result::unwrap_failed
[INFO] [stdout]   11:     0x5b7c2c40388d - integration[483a83bcd65c5901]::write_grid_las
[INFO] [stdout]   12:     0x5b7c2c451b67 - <integration[483a83bcd65c5901]::understated_header_bounds_still_produce_valid_copc::{closure#0} as core[df12db4294e9bfd3]::ops::function::FnOnce<()>>::call_once
[INFO] [stdout]   13:     0x5b7c2c4cdb1b - test[9d35eded1c95d3be]::__rust_begin_short_backtrace::<core[df12db4294e9bfd3]::result::Result<(), alloc[2182bb758b4b3781]::string::String>, fn() -> core[df12db4294e9bfd3]::result::Result<(), alloc[2182bb758b4b3781]::string::String>>
[INFO] [stdout]   14:     0x5b7c2c4dbc71 - test[9d35eded1c95d3be]::run_test::{closure#0}
[INFO] [stdout]   15:     0x5b7c2c4d5384 - std[70759c8f55707aa4]::sys::backtrace::__rust_begin_short_backtrace::<test[9d35eded1c95d3be]::run_test::{closure#1}, ()>
[INFO] [stdout]   16:     0x5b7c2c4dfa92 - <std[70759c8f55707aa4]::thread::lifecycle::spawn_unchecked<test[9d35eded1c95d3be]::run_test::{closure#1}, ()>::{closure#1} as core[df12db4294e9bfd3]::ops::function::FnOnce<()>>::call_once::{shim:vtable#0}
[INFO] [stdout]   17:     0x5b7c2c4c4c4e - <std[70759c8f55707aa4]::sys::thread::unix::Thread>::new::thread_start
[INFO] [stdout]   18:     0x7c2a4fbdddfa - <unknown>
[INFO] [stdout]   19:     0x7c2a4fc713d4 - clone
[INFO] [stdout]   20:                0x0 - <unknown>
[INFO] [stdout] 
[INFO] [stdout] ---- packed_storage_produces_valid_output stdout ----
[INFO] [stdout] 
[INFO] [stdout] thread 'packed_storage_produces_valid_output' (2102) panicked at tests/integration.rs:335:5:
[INFO] [stdout] converter exited with error
[INFO] [stdout] stack backtrace:
[INFO] [stdout]    0:     0x5b7c2c4c5d56 - <<std[70759c8f55707aa4]::sys::backtrace::BacktraceLock>::print::DisplayBacktrace as core[df12db4294e9bfd3]::fmt::Display>::fmt
[INFO] [stdout]    1:     0x5b7c2c3d697a - core[df12db4294e9bfd3]::fmt::write
[INFO] [stdout]    2:     0x5b7c2c4cbd4c - <alloc[2182bb758b4b3781]::vec::Vec<u8> as core[df12db4294e9bfd3]::io::write::Write>::write_fmt
[INFO] [stdout]    3:     0x5b7c2c49ffa2 - std[70759c8f55707aa4]::panicking::default_hook::{closure#0}
[INFO] [stdout]    4:     0x5b7c2c4bc8a1 - std[70759c8f55707aa4]::panicking::default_hook
[INFO] [stdout]    5:     0x5b7c2c4bcce2 - std[70759c8f55707aa4]::panicking::panic_with_hook
[INFO] [stdout]    6:     0x5b7c2c4a0084 - std[70759c8f55707aa4]::panicking::panic_handler::{closure#0}
[INFO] [stdout]    7:     0x5b7c2c498759 - std[70759c8f55707aa4]::sys::backtrace::__rust_end_short_backtrace::<std[70759c8f55707aa4]::panicking::panic_handler::{closure#0}, !>
[INFO] [stdout]    8:     0x5b7c2c4a0ded - __rustc[8fa7c3cbc660c2b3]::rust_begin_unwind
[INFO] [stdout]    9:     0x5b7c2c3d706c - core[df12db4294e9bfd3]::panicking::panic_fmt
[INFO] [stdout]   10:     0x5b7c2c405955 - integration[483a83bcd65c5901]::run_converter_with_args
[INFO] [stdout]   11:     0x5b7c2c44a131 - <integration[483a83bcd65c5901]::packed_storage_produces_valid_output::{closure#0} as core[df12db4294e9bfd3]::ops::function::FnOnce<()>>::call_once
[INFO] [stdout]   12:     0x5b7c2c4cdb1b - test[9d35eded1c95d3be]::__rust_begin_short_backtrace::<core[df12db4294e9bfd3]::result::Result<(), alloc[2182bb758b4b3781]::string::String>, fn() -> core[df12db4294e9bfd3]::result::Result<(), alloc[2182bb758b4b3781]::string::String>>
[INFO] [stdout]   13:     0x5b7c2c4dbc71 - test[9d35eded1c95d3be]::run_test::{closure#0}
[INFO] [stdout]   14:     0x5b7c2c4d5384 - std[70759c8f55707aa4]::sys::backtrace::__rust_begin_short_backtrace::<test[9d35eded1c95d3be]::run_test::{closure#1}, ()>
[INFO] [stdout]   15:     0x5b7c2c4dfa92 - <std[70759c8f55707aa4]::thread::lifecycle::spawn_unchecked<test[9d35eded1c95d3be]::run_test::{closure#1}, ()>::{closure#1} as core[df12db4294e9bfd3]::ops::function::FnOnce<()>>::call_once::{shim:vtable#0}
[INFO] [stdout]   16:     0x5b7c2c4c4c4e - <std[70759c8f55707aa4]::sys::thread::unix::Thread>::new::thread_start
[INFO] [stdout]   17:     0x7c2a4fbdddfa - <unknown>
[INFO] [stdout]   18:     0x7c2a4fc713d4 - clone
[INFO] [stdout]   19:                0x0 - <unknown>
[INFO] [stdout] 
[INFO] [stdout] ---- extra_bytes_header_record_length stdout ----
[INFO] [stdout] 
[INFO] [stdout] thread 'extra_bytes_header_record_length' (1846) panicked at tests/integration.rs:335:5:
[INFO] [stdout] converter exited with error
[INFO] [stdout] stack backtrace:
[INFO] [stdout]    0:     0x5b7c2c4c5d56 - <<std[70759c8f55707aa4]::sys::backtrace::BacktraceLock>::print::DisplayBacktrace as core[df12db4294e9bfd3]::fmt::Display>::fmt
[INFO] [stdout]    1:     0x5b7c2c3d697a - core[df12db4294e9bfd3]::fmt::write
[INFO] [stdout]    2:     0x5b7c2c4cbd4c - <alloc[2182bb758b4b3781]::vec::Vec<u8> as core[df12db4294e9bfd3]::io::write::Write>::write_fmt
[INFO] [stdout]    3:     0x5b7c2c49ffa2 - std[70759c8f55707aa4]::panicking::default_hook::{closure#0}
[INFO] [stdout]    4:     0x5b7c2c4bc8a1 - std[70759c8f55707aa4]::panicking::default_hook
[INFO] [stdout]    5:     0x5b7c2c4bcce2 - std[70759c8f55707aa4]::panicking::panic_with_hook
[INFO] [stdout]    6:     0x5b7c2c4a0084 - std[70759c8f55707aa4]::panicking::panic_handler::{closure#0}
[INFO] [stdout]    7:     0x5b7c2c498759 - std[70759c8f55707aa4]::sys::backtrace::__rust_end_short_backtrace::<std[70759c8f55707aa4]::panicking::panic_handler::{closure#0}, !>
[INFO] [stdout]    8:     0x5b7c2c4a0ded - __rustc[8fa7c3cbc660c2b3]::rust_begin_unwind
[INFO] [stdout]    9:     0x5b7c2c3d706c - core[df12db4294e9bfd3]::panicking::panic_fmt
[INFO] [stdout]   10:     0x5b7c2c405955 - integration[483a83bcd65c5901]::run_converter_with_args
[INFO] [stdout]   11:     0x5b7c2c4470b8 - <integration[483a83bcd65c5901]::extra_bytes_header_record_length::{closure#0} as core[df12db4294e9bfd3]::ops::function::FnOnce<()>>::call_once
[INFO] [stdout]   12:     0x5b7c2c4cdb1b - test[9d35eded1c95d3be]::__rust_begin_short_backtrace::<core[df12db4294e9bfd3]::result::Result<(), alloc[2182bb758b4b3781]::string::String>, fn() -> core[df12db4294e9bfd3]::result::Result<(), alloc[2182bb758b4b3781]::string::String>>
[INFO] [stdout]   13:     0x5b7c2c4dbc71 - test[9d35eded1c95d3be]::run_test::{closure#0}
[INFO] [stdout]   14:     0x5b7c2c4d5384 - std[70759c8f55707aa4]::sys::backtrace::__rust_begin_short_backtrace::<test[9d35eded1c95d3be]::run_test::{closure#1}, ()>
[INFO] [stdout]   15:     0x5b7c2c4dfa92 - <std[70759c8f55707aa4]::thread::lifecycle::spawn_unchecked<test[9d35eded1c95d3be]::run_test::{closure#1}, ()>::{closure#1} as core[df12db4294e9bfd3]::ops::function::FnOnce<()>>::call_once::{shim:vtable#0}
[INFO] [stdout]   16:     0x5b7c2c4c4c4e - <std[70759c8f55707aa4]::sys::thread::unix::Thread>::new::thread_start
[INFO] [stdout]   17:     0x7c2a4fbdddfa - <unknown>
[INFO] [stdout]   18:     0x7c2a4fc713d4 - clone
[INFO] [stdout]   19:                0x0 - <unknown>
[INFO] [stdout] 
[INFO] [stdout] ---- temporal_index_present_when_enabled stdout ----
[INFO] [stdout] 
[INFO] [stdout] thread 'temporal_index_present_when_enabled' (2148) panicked at tests/integration.rs:335:5:
[INFO] [stdout] converter exited with error
[INFO] [stdout] stack backtrace:
[INFO] [stdout]    0:     0x5b7c2c4c5d56 - <<std[70759c8f55707aa4]::sys::backtrace::BacktraceLock>::print::DisplayBacktrace as core[df12db4294e9bfd3]::fmt::Display>::fmt
[INFO] [stdout]    1:     0x5b7c2c3d697a - core[df12db4294e9bfd3]::fmt::write
[INFO] [stdout]    2:     0x5b7c2c4cbd4c - <alloc[2182bb758b4b3781]::vec::Vec<u8> as core[df12db4294e9bfd3]::io::write::Write>::write_fmt
[INFO] [stdout]    3:     0x5b7c2c49ffa2 - std[70759c8f55707aa4]::panicking::default_hook::{closure#0}
[INFO] [stdout]    4:     0x5b7c2c4bc8a1 - std[70759c8f55707aa4]::panicking::default_hook
[INFO] [stdout]    5:     0x5b7c2c4bcce2 - std[70759c8f55707aa4]::panicking::panic_with_hook
[INFO] [stdout]    6:     0x5b7c2c4a0084 - std[70759c8f55707aa4]::panicking::panic_handler::{closure#0}
[INFO] [stdout]    7:     0x5b7c2c498759 - std[70759c8f55707aa4]::sys::backtrace::__rust_end_short_backtrace::<std[70759c8f55707aa4]::panicking::panic_handler::{closure#0}, !>
[INFO] [stdout]    8:     0x5b7c2c4a0ded - __rustc[8fa7c3cbc660c2b3]::rust_begin_unwind
[INFO] [stdout]    9:     0x5b7c2c3d706c - core[df12db4294e9bfd3]::panicking::panic_fmt
[INFO] [stdout]   10:     0x5b7c2c405955 - integration[483a83bcd65c5901]::run_converter_with_args
[INFO] [stdout]   11:     0x5b7c2c449b11 - <integration[483a83bcd65c5901]::temporal_index_present_when_enabled::{closure#0} as core[df12db4294e9bfd3]::ops::function::FnOnce<()>>::call_once
[INFO] [stdout]   12:     0x5b7c2c4cdb1b - test[9d35eded1c95d3be]::__rust_begin_short_backtrace::<core[df12db4294e9bfd3]::result::Result<(), alloc[2182bb758b4b3781]::string::String>, fn() -> core[df12db4294e9bfd3]::result::Result<(), alloc[2182bb758b4b3781]::string::String>>
[INFO] [stdout]   13:     0x5b7c2c4dbc71 - test[9d35eded1c95d3be]::run_test::{closure#0}
[INFO] [stdout]   14:     0x5b7c2c4d5384 - std[70759c8f55707aa4]::sys::backtrace::__rust_begin_short_backtrace::<test[9d35eded1c95d3be]::run_test::{closure#1}, ()>
[INFO] [stdout]   15:     0x5b7c2c4dfa92 - <std[70759c8f55707aa4]::thread::lifecycle::spawn_unchecked<test[9d35eded1c95d3be]::run_test::{closure#1}, ()>::{closure#1} as core[df12db4294e9bfd3]::ops::function::FnOnce<()>>::call_once::{shim:vtable#0}
[INFO] [stdout]   16:     0x5b7c2c4c4c4e - <std[70759c8f55707aa4]::sys::thread::unix::Thread>::new::thread_start
[INFO] [stdout]   17:     0x7c2a4fbdddfa - <unknown>
[INFO] [stdout]   18:     0x7c2a4fc713d4 - clone
[INFO] [stdout]   19:                0x0 - <unknown>
[INFO] [stdout] 
[INFO] [stdout] ---- header_names_the_converter_version stdout ----
[INFO] [stdout] 
[INFO] [stdout] thread 'header_names_the_converter_version' (1853) panicked at tests/integration.rs:335:5:
[INFO] [stdout] converter exited with error
[INFO] [stdout] stack backtrace:
[INFO] [stdout]    0:     0x5b7c2c4c5d56 - <<std[70759c8f55707aa4]::sys::backtrace::BacktraceLock>::print::DisplayBacktrace as core[df12db4294e9bfd3]::fmt::Display>::fmt
[INFO] [stdout]    1:     0x5b7c2c3d697a - core[df12db4294e9bfd3]::fmt::write
[INFO] [stdout]    2:     0x5b7c2c4cbd4c - <alloc[2182bb758b4b3781]::vec::Vec<u8> as core[df12db4294e9bfd3]::io::write::Write>::write_fmt
[INFO] [stdout]    3:     0x5b7c2c49ffa2 - std[70759c8f55707aa4]::panicking::default_hook::{closure#0}
[INFO] [stdout]    4:     0x5b7c2c4bc8a1 - std[70759c8f55707aa4]::panicking::default_hook
[INFO] [stdout]    5:     0x5b7c2c4bcce2 - std[70759c8f55707aa4]::panicking::panic_with_hook
[INFO] [stdout]    6:     0x5b7c2c4a0084 - std[70759c8f55707aa4]::panicking::panic_handler::{closure#0}
[INFO] [stdout]    7:     0x5b7c2c498759 - std[70759c8f55707aa4]::sys::backtrace::__rust_end_short_backtrace::<std[70759c8f55707aa4]::panicking::panic_handler::{closure#0}, !>
[INFO] [stdout]    8:     0x5b7c2c4a0ded - __rustc[8fa7c3cbc660c2b3]::rust_begin_unwind
[INFO] [stdout]    9:     0x5b7c2c3d706c - core[df12db4294e9bfd3]::panicking::panic_fmt
[INFO] [stdout]   10:     0x5b7c2c405955 - integration[483a83bcd65c5901]::run_converter_with_args
[INFO] [stdout]   11:     0x5b7c2c448aad - <integration[483a83bcd65c5901]::header_names_the_converter_version::{closure#0} as core[df12db4294e9bfd3]::ops::function::FnOnce<()>>::call_once
[INFO] [stdout]   12:     0x5b7c2c4cdb1b - test[9d35eded1c95d3be]::__rust_begin_short_backtrace::<core[df12db4294e9bfd3]::result::Result<(), alloc[2182bb758b4b3781]::string::String>, fn() -> core[df12db4294e9bfd3]::result::Result<(), alloc[2182bb758b4b3781]::string::String>>
[INFO] [stdout]   13:     0x5b7c2c4dbc71 - test[9d35eded1c95d3be]::run_test::{closure#0}
[INFO] [stdout]   14:     0x5b7c2c4d5384 - std[70759c8f55707aa4]::sys::backtrace::__rust_begin_short_backtrace::<test[9d35eded1c95d3be]::run_test::{closure#1}, ()>
[INFO] [stdout]   15:     0x5b7c2c4dfa92 - <std[70759c8f55707aa4]::thread::lifecycle::spawn_unchecked<test[9d35eded1c95d3be]::run_test::{closure#1}, ()>::{closure#1} as core[df12db4294e9bfd3]::ops::function::FnOnce<()>>::call_once::{shim:vtable#0}
[INFO] [stdout]   16:     0x5b7c2c4c4c4e - <std[70759c8f55707aa4]::sys::thread::unix::Thread>::new::thread_start
[INFO] [stdout]   17:     0x7c2a4fbdddfa - <unknown>
[INFO] [stdout]   18:     0x7c2a4fc713d4 - clone
[INFO] [stderr] error: test failed, to rerun pass `--test integration`
[INFO] [stdout]   19:                0x0 - <unknown>
[INFO] [stdout] 
[INFO] [stdout] ---- spacing_matches_copc_spec stdout ----
[INFO] [stdout] 
[INFO] [stdout] thread 'spacing_matches_copc_spec' (2124) panicked at tests/integration.rs:335:5:
[INFO] [stdout] converter exited with error
[INFO] [stdout] stack backtrace:
[INFO] [stdout]    0:     0x5b7c2c4c5d56 - <<std[70759c8f55707aa4]::sys::backtrace::BacktraceLock>::print::DisplayBacktrace as core[df12db4294e9bfd3]::fmt::Display>::fmt
[INFO] [stdout]    1:     0x5b7c2c3d697a - core[df12db4294e9bfd3]::fmt::write
[INFO] [stdout]    2:     0x5b7c2c4cbd4c - <alloc[2182bb758b4b3781]::vec::Vec<u8> as core[df12db4294e9bfd3]::io::write::Write>::write_fmt
[INFO] [stdout]    3:     0x5b7c2c49ffa2 - std[70759c8f55707aa4]::panicking::default_hook::{closure#0}
[INFO] [stdout]    4:     0x5b7c2c4bc8a1 - std[70759c8f55707aa4]::panicking::default_hook
[INFO] [stdout]    5:     0x5b7c2c4bcce2 - std[70759c8f55707aa4]::panicking::panic_with_hook
[INFO] [stdout]    6:     0x5b7c2c4a0084 - std[70759c8f55707aa4]::panicking::panic_handler::{closure#0}
[INFO] [stdout]    7:     0x5b7c2c498759 - std[70759c8f55707aa4]::sys::backtrace::__rust_end_short_backtrace::<std[70759c8f55707aa4]::panicking::panic_handler::{closure#0}, !>
[INFO] [stdout]    8:     0x5b7c2c4a0ded - __rustc[8fa7c3cbc660c2b3]::rust_begin_unwind
[INFO] [stdout]    9:     0x5b7c2c3d706c - core[df12db4294e9bfd3]::panicking::panic_fmt
[INFO] [stdout]   10:     0x5b7c2c405955 - integration[483a83bcd65c5901]::run_converter_with_args
[INFO] [stdout]   11:     0x5b7c2c44380d - <integration[483a83bcd65c5901]::spacing_matches_copc_spec::{closure#0} as core[df12db4294e9bfd3]::ops::function::FnOnce<()>>::call_once
[INFO] [stdout]   12:     0x5b7c2c4cdb1b - test[9d35eded1c95d3be]::__rust_begin_short_backtrace::<core[df12db4294e9bfd3]::result::Result<(), alloc[2182bb758b4b3781]::string::String>, fn() -> core[df12db4294e9bfd3]::result::Result<(), alloc[2182bb758b4b3781]::string::String>>
[INFO] [stdout]   13:     0x5b7c2c4dbc71 - test[9d35eded1c95d3be]::run_test::{closure#0}
[INFO] [stdout]   14:     0x5b7c2c4d5384 - std[70759c8f55707aa4]::sys::backtrace::__rust_begin_short_backtrace::<test[9d35eded1c95d3be]::run_test::{closure#1}, ()>
[INFO] [stdout]   15:     0x5b7c2c4dfa92 - <std[70759c8f55707aa4]::thread::lifecycle::spawn_unchecked<test[9d35eded1c95d3be]::run_test::{closure#1}, ()>::{closure#1} as core[df12db4294e9bfd3]::ops::function::FnOnce<()>>::call_once::{shim:vtable#0}
[INFO] [stdout]   16:     0x5b7c2c4c4c4e - <std[70759c8f55707aa4]::sys::thread::unix::Thread>::new::thread_start
[INFO] [stdout]   17:     0x7c2a4fbdddfa - <unknown>
[INFO] [stdout]   18:     0x7c2a4fc713d4 - clone
[INFO] [stdout]   19:                0x0 - <unknown>
[INFO] [stdout] 
[INFO] [stdout] ---- build_side_spill_preserves_all_points stdout ----
[INFO] [stdout] 
[INFO] [stdout] thread 'build_side_spill_preserves_all_points' (1839) panicked at tests/integration.rs:335:5:
[INFO] [stdout] converter exited with error
[INFO] [stdout] stack backtrace:
[INFO] [stdout]    0:     0x5b7c2c4c5d56 - <<std[70759c8f55707aa4]::sys::backtrace::BacktraceLock>::print::DisplayBacktrace as core[df12db4294e9bfd3]::fmt::Display>::fmt
[INFO] [stdout]    1:     0x5b7c2c3d697a - core[df12db4294e9bfd3]::fmt::write
[INFO] [stdout]    2:     0x5b7c2c4cbd4c - <alloc[2182bb758b4b3781]::vec::Vec<u8> as core[df12db4294e9bfd3]::io::write::Write>::write_fmt
[INFO] [stdout]    3:     0x5b7c2c49ffa2 - std[70759c8f55707aa4]::panicking::default_hook::{closure#0}
[INFO] [stdout]    4:     0x5b7c2c4bc8a1 - std[70759c8f55707aa4]::panicking::default_hook
[INFO] [stdout]    5:     0x5b7c2c4bcce2 - std[70759c8f55707aa4]::panicking::panic_with_hook
[INFO] [stdout]    6:     0x5b7c2c4a0084 - std[70759c8f55707aa4]::panicking::panic_handler::{closure#0}
[INFO] [stdout]    7:     0x5b7c2c498759 - std[70759c8f55707aa4]::sys::backtrace::__rust_end_short_backtrace::<std[70759c8f55707aa4]::panicking::panic_handler::{closure#0}, !>
[INFO] [stdout]    8:     0x5b7c2c4a0ded - __rustc[8fa7c3cbc660c2b3]::rust_begin_unwind
[INFO] [stdout]    9:     0x5b7c2c3d706c - core[df12db4294e9bfd3]::panicking::panic_fmt
[INFO] [stdout]   10:     0x5b7c2c405955 - integration[483a83bcd65c5901]::run_converter_with_args
[INFO] [stdout]   11:     0x5b7c2c44a8a1 - <integration[483a83bcd65c5901]::build_side_spill_preserves_all_points::{closure#0} as core[df12db4294e9bfd3]::ops::function::FnOnce<()>>::call_once
[INFO] [stdout]   12:     0x5b7c2c4cdb1b - test[9d35eded1c95d3be]::__rust_begin_short_backtrace::<core[df12db4294e9bfd3]::result::Result<(), alloc[2182bb758b4b3781]::string::String>, fn() -> core[df12db4294e9bfd3]::result::Result<(), alloc[2182bb758b4b3781]::string::String>>
[INFO] [stdout]   13:     0x5b7c2c4dbc71 - test[9d35eded1c95d3be]::run_test::{closure#0}
[INFO] [stdout]   14:     0x5b7c2c4d5384 - std[70759c8f55707aa4]::sys::backtrace::__rust_begin_short_backtrace::<test[9d35eded1c95d3be]::run_test::{closure#1}, ()>
[INFO] [stdout]   15:     0x5b7c2c4dfa92 - <std[70759c8f55707aa4]::thread::lifecycle::spawn_unchecked<test[9d35eded1c95d3be]::run_test::{closure#1}, ()>::{closure#1} as core[df12db4294e9bfd3]::ops::function::FnOnce<()>>::call_once::{shim:vtable#0}
[INFO] [stdout]   16:     0x5b7c2c4c4c4e - <std[70759c8f55707aa4]::sys::thread::unix::Thread>::new::thread_start
[INFO] [stdout]   17:     0x7c2a4fbdddfa - <unknown>
[INFO] [stdout]   18:     0x7c2a4fc713d4 - clone
[INFO] [stdout]   19:                0x0 - <unknown>
[INFO] [stdout] 
[INFO] [stdout] ---- validator_catches_wrong_gps_range stdout ----
[INFO] [stdout] 
[INFO] [stdout] thread 'validator_catches_wrong_gps_range' (2246) panicked at tests/integration.rs:335:5:
[INFO] [stdout] converter exited with error
[INFO] [stdout] stack backtrace:
[INFO] [stdout]    0:     0x5b7c2c4c5d56 - <<std[70759c8f55707aa4]::sys::backtrace::BacktraceLock>::print::DisplayBacktrace as core[df12db4294e9bfd3]::fmt::Display>::fmt
[INFO] [stdout]    1:     0x5b7c2c3d697a - core[df12db4294e9bfd3]::fmt::write
[INFO] [stdout]    2:     0x5b7c2c4cbd4c - <alloc[2182bb758b4b3781]::vec::Vec<u8> as core[df12db4294e9bfd3]::io::write::Write>::write_fmt
[INFO] [stdout]    3:     0x5b7c2c49ffa2 - std[70759c8f55707aa4]::panicking::default_hook::{closure#0}
[INFO] [stdout]    4:     0x5b7c2c4bc8a1 - std[70759c8f55707aa4]::panicking::default_hook
[INFO] [stdout]    5:     0x5b7c2c4bcce2 - std[70759c8f55707aa4]::panicking::panic_with_hook
[INFO] [stdout]    6:     0x5b7c2c4a0084 - std[70759c8f55707aa4]::panicking::panic_handler::{closure#0}
[INFO] [stdout]    7:     0x5b7c2c498759 - std[70759c8f55707aa4]::sys::backtrace::__rust_end_short_backtrace::<std[70759c8f55707aa4]::panicking::panic_handler::{closure#0}, !>
[INFO] [stdout]    8:     0x5b7c2c4a0ded - __rustc[8fa7c3cbc660c2b3]::rust_begin_unwind
[INFO] [stdout]    9:     0x5b7c2c3d706c - core[df12db4294e9bfd3]::panicking::panic_fmt
[INFO] [stdout]   10:     0x5b7c2c405955 - integration[483a83bcd65c5901]::run_converter_with_args
[INFO] [stdout]   11:     0x5b7c2c448787 - <integration[483a83bcd65c5901]::validator_catches_wrong_gps_range::{closure#0} as core[df12db4294e9bfd3]::ops::function::FnOnce<()>>::call_once
[INFO] [stdout]   12:     0x5b7c2c4cdb1b - test[9d35eded1c95d3be]::__rust_begin_short_backtrace::<core[df12db4294e9bfd3]::result::Result<(), alloc[2182bb758b4b3781]::string::String>, fn() -> core[df12db4294e9bfd3]::result::Result<(), alloc[2182bb758b4b3781]::string::String>>
[INFO] [stdout]   13:     0x5b7c2c4dbc71 - test[9d35eded1c95d3be]::run_test::{closure#0}
[INFO] [stdout]   14:     0x5b7c2c4d5384 - std[70759c8f55707aa4]::sys::backtrace::__rust_begin_short_backtrace::<test[9d35eded1c95d3be]::run_test::{closure#1}, ()>
[INFO] [stdout]   15:     0x5b7c2c4dfa92 - <std[70759c8f55707aa4]::thread::lifecycle::spawn_unchecked<test[9d35eded1c95d3be]::run_test::{closure#1}, ()>::{closure#1} as core[df12db4294e9bfd3]::ops::function::FnOnce<()>>::call_once::{shim:vtable#0}
[INFO] [stdout]   16:     0x5b7c2c4c4c4e - <std[70759c8f55707aa4]::sys::thread::unix::Thread>::new::thread_start
[INFO] [stdout]   17:     0x7c2a4fbdddfa - <unknown>
[INFO] [stdout]   18:     0x7c2a4fc713d4 - clone
[INFO] [stdout]   19:                0x0 - <unknown>
[INFO] [stdout] 
[INFO] [stdout] ---- temp_compression_lz4_preserves_all_points stdout ----
[INFO] [stdout] 
[INFO] [stdout] thread 'temp_compression_lz4_preserves_all_points' (2127) panicked at tests/integration.rs:335:5:
[INFO] [stdout] converter exited with error
[INFO] [stdout] stack backtrace:
[INFO] [stdout]    0:     0x5b7c2c4c5d56 - <<std[70759c8f55707aa4]::sys::backtrace::BacktraceLock>::print::DisplayBacktrace as core[df12db4294e9bfd3]::fmt::Display>::fmt
[INFO] [stdout]    1:     0x5b7c2c3d697a - core[df12db4294e9bfd3]::fmt::write
[INFO] [stdout]    2:     0x5b7c2c4cbd4c - <alloc[2182bb758b4b3781]::vec::Vec<u8> as core[df12db4294e9bfd3]::io::write::Write>::write_fmt
[INFO] [stdout]    3:     0x5b7c2c49ffa2 - std[70759c8f55707aa4]::panicking::default_hook::{closure#0}
[INFO] [stdout]    4:     0x5b7c2c4bc8a1 - std[70759c8f55707aa4]::panicking::default_hook
[INFO] [stdout]    5:     0x5b7c2c4bcce2 - std[70759c8f55707aa4]::panicking::panic_with_hook
[INFO] [stdout]    6:     0x5b7c2c4a0084 - std[70759c8f55707aa4]::panicking::panic_handler::{closure#0}
[INFO] [stdout]    7:     0x5b7c2c498759 - std[70759c8f55707aa4]::sys::backtrace::__rust_end_short_backtrace::<std[70759c8f55707aa4]::panicking::panic_handler::{closure#0}, !>
[INFO] [stdout]    8:     0x5b7c2c4a0ded - __rustc[8fa7c3cbc660c2b3]::rust_begin_unwind
[INFO] [stdout]    9:     0x5b7c2c3d706c - core[df12db4294e9bfd3]::panicking::panic_fmt
[INFO] [stdout]   10:     0x5b7c2c405955 - integration[483a83bcd65c5901]::run_converter_with_args
[INFO] [stdout]   11:     0x5b7c2c450351 - <integration[483a83bcd65c5901]::temp_compression_lz4_preserves_all_points::{closure#0} as core[df12db4294e9bfd3]::ops::function::FnOnce<()>>::call_once
[INFO] [stdout]   12:     0x5b7c2c4cdb1b - test[9d35eded1c95d3be]::__rust_begin_short_backtrace::<core[df12db4294e9bfd3]::result::Result<(), alloc[2182bb758b4b3781]::string::String>, fn() -> core[df12db4294e9bfd3]::result::Result<(), alloc[2182bb758b4b3781]::string::String>>
[INFO] [stdout]   13:     0x5b7c2c4dbc71 - test[9d35eded1c95d3be]::run_test::{closure#0}
[INFO] [stdout]   14:     0x5b7c2c4d5384 - std[70759c8f55707aa4]::sys::backtrace::__rust_begin_short_backtrace::<test[9d35eded1c95d3be]::run_test::{closure#1}, ()>
[INFO] [stdout]   15:     0x5b7c2c4dfa92 - <std[70759c8f55707aa4]::thread::lifecycle::spawn_unchecked<test[9d35eded1c95d3be]::run_test::{closure#1}, ()>::{closure#1} as core[df12db4294e9bfd3]::ops::function::FnOnce<()>>::call_once::{shim:vtable#0}
[INFO] [stdout]   16:     0x5b7c2c4c4c4e - <std[70759c8f55707aa4]::sys::thread::unix::Thread>::new::thread_start
[INFO] [stdout]   17:     0x7c2a4fbdddfa - <unknown>
[INFO] [stdout]   18:     0x7c2a4fc713d4 - clone
[INFO] [stdout]   19:                0x0 - <unknown>
[INFO] [stdout] 
[INFO] [stdout] ---- validator_catches_nonzero_legacy_counts stdout ----
[INFO] [stdout] 
[INFO] [stdout] thread 'validator_catches_nonzero_legacy_counts' (2193) panicked at tests/integration.rs:335:5:
[INFO] [stdout] converter exited with error
[INFO] [stdout] stack backtrace:
[INFO] [stdout]    0:     0x5b7c2c4c5d56 - <<std[70759c8f55707aa4]::sys::backtrace::BacktraceLock>::print::DisplayBacktrace as core[df12db4294e9bfd3]::fmt::Display>::fmt
[INFO] [stdout]    1:     0x5b7c2c3d697a - core[df12db4294e9bfd3]::fmt::write
[INFO] [stdout]    2:     0x5b7c2c4cbd4c - <alloc[2182bb758b4b3781]::vec::Vec<u8> as core[df12db4294e9bfd3]::io::write::Write>::write_fmt
[INFO] [stdout]    3:     0x5b7c2c49ffa2 - std[70759c8f55707aa4]::panicking::default_hook::{closure#0}
[INFO] [stdout]    4:     0x5b7c2c4bc8a1 - std[70759c8f55707aa4]::panicking::default_hook
[INFO] [stdout]    5:     0x5b7c2c4bcce2 - std[70759c8f55707aa4]::panicking::panic_with_hook
[INFO] [stdout]    6:     0x5b7c2c4a0084 - std[70759c8f55707aa4]::panicking::panic_handler::{closure#0}
[INFO] [stdout]    7:     0x5b7c2c498759 - std[70759c8f55707aa4]::sys::backtrace::__rust_end_short_backtrace::<std[70759c8f55707aa4]::panicking::panic_handler::{closure#0}, !>
[INFO] [stdout]    8:     0x5b7c2c4a0ded - __rustc[8fa7c3cbc660c2b3]::rust_begin_unwind
[INFO] [stdout]    9:     0x5b7c2c3d706c - core[df12db4294e9bfd3]::panicking::panic_fmt
[INFO] [stdout]   10:     0x5b7c2c405955 - integration[483a83bcd65c5901]::run_converter_with_args
[INFO] [stdout]   11:     0x5b7c2c44b217 - <integration[483a83bcd65c5901]::validator_catches_nonzero_legacy_counts::{closure#0} as core[df12db4294e9bfd3]::ops::function::FnOnce<()>>::call_once
[INFO] [stdout]   12:     0x5b7c2c4cdb1b - test[9d35eded1c95d3be]::__rust_begin_short_backtrace::<core[df12db4294e9bfd3]::result::Result<(), alloc[2182bb758b4b3781]::string::String>, fn() -> core[df12db4294e9bfd3]::result::Result<(), alloc[2182bb758b4b3781]::string::String>>
[INFO] [stdout]   13:     0x5b7c2c4dbc71 - test[9d35eded1c95d3be]::run_test::{closure#0}
[INFO] [stdout]   14:     0x5b7c2c4d5384 - std[70759c8f55707aa4]::sys::backtrace::__rust_begin_short_backtrace::<test[9d35eded1c95d3be]::run_test::{closure#1}, ()>
[INFO] [stdout]   15:     0x5b7c2c4dfa92 - <std[70759c8f55707aa4]::thread::lifecycle::spawn_unchecked<test[9d35eded1c95d3be]::run_test::{closure#1}, ()>::{closure#1} as core[df12db4294e9bfd3]::ops::function::FnOnce<()>>::call_once::{shim:vtable#0}
[INFO] [stdout]   16:     0x5b7c2c4c4c4e - <std[70759c8f55707aa4]::sys::thread::unix::Thread>::new::thread_start
[INFO] [stdout]   17:     0x7c2a4fbdddfa - <unknown>
[INFO] [stdout]   18:     0x7c2a4fc713d4 - clone
[INFO] [stdout]   19:                0x0 - <unknown>
[INFO] [stdout] 
[INFO] [stdout] ---- temporal_index_samples_are_sorted stdout ----
[INFO] [stdout] 
[INFO] [stdout] thread 'temporal_index_samples_are_sorted' (2151) panicked at tests/integration.rs:335:5:
[INFO] [stdout] converter exited with error
[INFO] [stdout] stack backtrace:
[INFO] [stdout]    0:     0x5b7c2c4c5d56 - <<std[70759c8f55707aa4]::sys::backtrace::BacktraceLock>::print::DisplayBacktrace as core[df12db4294e9bfd3]::fmt::Display>::fmt
[INFO] [stdout]    1:     0x5b7c2c3d697a - core[df12db4294e9bfd3]::fmt::write
[INFO] [stdout]    2:     0x5b7c2c4cbd4c - <alloc[2182bb758b4b3781]::vec::Vec<u8> as core[df12db4294e9bfd3]::io::write::Write>::write_fmt
[INFO] [stdout]    3:     0x5b7c2c49ffa2 - std[70759c8f55707aa4]::panicking::default_hook::{closure#0}
[INFO] [stdout]    4:     0x5b7c2c4bc8a1 - std[70759c8f55707aa4]::panicking::default_hook
[INFO] [stdout]    5:     0x5b7c2c4bcce2 - std[70759c8f55707aa4]::panicking::panic_with_hook
[INFO] [stdout]    6:     0x5b7c2c4a0084 - std[70759c8f55707aa4]::panicking::panic_handler::{closure#0}
[INFO] [stdout]    7:     0x5b7c2c498759 - std[70759c8f55707aa4]::sys::backtrace::__rust_end_short_backtrace::<std[70759c8f55707aa4]::panicking::panic_handler::{closure#0}, !>
[INFO] [stdout]    8:     0x5b7c2c4a0ded - __rustc[8fa7c3cbc660c2b3]::rust_begin_unwind
[INFO] [stdout]    9:     0x5b7c2c3d706c - core[df12db4294e9bfd3]::panicking::panic_fmt
[INFO] [stdout]   10:     0x5b7c2c405955 - integration[483a83bcd65c5901]::run_converter_with_args
[INFO] [stdout]   11:     0x5b7c2c447f61 - <integration[483a83bcd65c5901]::temporal_index_samples_are_sorted::{closure#0} as core[df12db4294e9bfd3]::ops::function::FnOnce<()>>::call_once
[INFO] [stdout]   12:     0x5b7c2c4cdb1b - test[9d35eded1c95d3be]::__rust_begin_short_backtrace::<core[df12db4294e9bfd3]::result::Result<(), alloc[2182bb758b4b3781]::string::String>, fn() -> core[df12db4294e9bfd3]::result::Result<(), alloc[2182bb758b4b3781]::string::String>>
[INFO] [stdout]   13:     0x5b7c2c4dbc71 - test[9d35eded1c95d3be]::run_test::{closure#0}
[INFO] [stdout]   14:     0x5b7c2c4d5384 - std[70759c8f55707aa4]::sys::backtrace::__rust_begin_short_backtrace::<test[9d35eded1c95d3be]::run_test::{closure#1}, ()>
[INFO] [stdout]   15:     0x5b7c2c4dfa92 - <std[70759c8f55707aa4]::thread::lifecycle::spawn_unchecked<test[9d35eded1c95d3be]::run_test::{closure#1}, ()>::{closure#1} as core[df12db4294e9bfd3]::ops::function::FnOnce<()>>::call_once::{shim:vtable#0}
[INFO] [stdout]   16:     0x5b7c2c4c4c4e - <std[70759c8f55707aa4]::sys::thread::unix::Thread>::new::thread_start
[INFO] [stdout]   17:     0x7c2a4fbdddfa - <unknown>
[INFO] [stdout]   18:     0x7c2a4fc713d4 - clone
[INFO] [stdout]   19:                0x0 - <unknown>
[INFO] [stdout] 
[INFO] [stdout] ---- validator_catches_missing_root_entry stdout ----
[INFO] [stdout] 
[INFO] [stdout] thread 'validator_catches_missing_root_entry' (2169) panicked at tests/integration.rs:335:5:
[INFO] [stdout] converter exited with error
[INFO] [stdout] stack backtrace:
[INFO] [stdout]    0:     0x5b7c2c4c5d56 - <<std[70759c8f55707aa4]::sys::backtrace::BacktraceLock>::print::DisplayBacktrace as core[df12db4294e9bfd3]::fmt::Display>::fmt
[INFO] [stdout]    1:     0x5b7c2c3d697a - core[df12db4294e9bfd3]::fmt::write
[INFO] [stdout]    2:     0x5b7c2c4cbd4c - <alloc[2182bb758b4b3781]::vec::Vec<u8> as core[df12db4294e9bfd3]::io::write::Write>::write_fmt
[INFO] [stdout]    3:     0x5b7c2c49ffa2 - std[70759c8f55707aa4]::panicking::default_hook::{closure#0}
[INFO] [stdout]    4:     0x5b7c2c4bc8a1 - std[70759c8f55707aa4]::panicking::default_hook
[INFO] [stdout]    5:     0x5b7c2c4bcce2 - std[70759c8f55707aa4]::panicking::panic_with_hook
[INFO] [stdout]    6:     0x5b7c2c4a0084 - std[70759c8f55707aa4]::panicking::panic_handler::{closure#0}
[INFO] [stdout]    7:     0x5b7c2c498759 - std[70759c8f55707aa4]::sys::backtrace::__rust_end_short_backtrace::<std[70759c8f55707aa4]::panicking::panic_handler::{closure#0}, !>
[INFO] [stdout]    8:     0x5b7c2c4a0ded - __rustc[8fa7c3cbc660c2b3]::rust_begin_unwind
[INFO] [stdout]    9:     0x5b7c2c3d706c - core[df12db4294e9bfd3]::panicking::panic_fmt
[INFO] [stdout]   10:     0x5b7c2c405955 - integration[483a83bcd65c5901]::run_converter_with_args
[INFO] [stdout]   11:     0x5b7c2c44a54a - <integration[483a83bcd65c5901]::validator_catches_missing_root_entry::{closure#0} as core[df12db4294e9bfd3]::ops::function::FnOnce<()>>::call_once
[INFO] [stdout]   12:     0x5b7c2c4cdb1b - test[9d35eded1c95d3be]::__rust_begin_short_backtrace::<core[df12db4294e9bfd3]::result::Result<(), alloc[2182bb758b4b3781]::string::String>, fn() -> core[df12db4294e9bfd3]::result::Result<(), alloc[2182bb758b4b3781]::string::String>>
[INFO] [stdout]   13:     0x5b7c2c4dbc71 - test[9d35eded1c95d3be]::run_test::{closure#0}
[INFO] [stdout]   14:     0x5b7c2c4d5384 - std[70759c8f55707aa4]::sys::backtrace::__rust_begin_short_backtrace::<test[9d35eded1c95d3be]::run_test::{closure#1}, ()>
[INFO] [stdout]   15:     0x5b7c2c4dfa92 - <std[70759c8f55707aa4]::thread::lifecycle::spawn_unchecked<test[9d35eded1c95d3be]::run_test::{closure#1}, ()>::{closure#1} as core[df12db4294e9bfd3]::ops::function::FnOnce<()>>::call_once::{shim:vtable#0}
[INFO] [stdout]   16:     0x5b7c2c4c4c4e - <std[70759c8f55707aa4]::sys::thread::unix::Thread>::new::thread_start
[INFO] [stdout]   17:     0x7c2a4fbdddfa - <unknown>
[INFO] [stdout]   18:     0x7c2a4fc713d4 - clone
[INFO] [stdout]   19:                0x0 - <unknown>
[INFO] [stdout] 
[INFO] [stdout] ---- produces_valid_copc stdout ----
[INFO] [stdout] 
[INFO] [stdout] thread 'produces_valid_copc' (2122) panicked at tests/integration.rs:335:5:
[INFO] [stdout] converter exited with error
[INFO] [stdout] stack backtrace:
[INFO] [stdout]    0:     0x5b7c2c4c5d56 - <<std[70759c8f55707aa4]::sys::backtrace::BacktraceLock>::print::DisplayBacktrace as core[df12db4294e9bfd3]::fmt::Display>::fmt
[INFO] [stdout]    1:     0x5b7c2c3d697a - core[df12db4294e9bfd3]::fmt::write
[INFO] [stdout]    2:     0x5b7c2c4cbd4c - <alloc[2182bb758b4b3781]::vec::Vec<u8> as core[df12db4294e9bfd3]::io::write::Write>::write_fmt
[INFO] [stdout]    3:     0x5b7c2c49ffa2 - std[70759c8f55707aa4]::panicking::default_hook::{closure#0}
[INFO] [stdout]    4:     0x5b7c2c4bc8a1 - std[70759c8f55707aa4]::panicking::default_hook
[INFO] [stdout]    5:     0x5b7c2c4bcce2 - std[70759c8f55707aa4]::panicking::panic_with_hook
[INFO] [stdout]    6:     0x5b7c2c4a0084 - std[70759c8f55707aa4]::panicking::panic_handler::{closure#0}
[INFO] [stdout]    7:     0x5b7c2c498759 - std[70759c8f55707aa4]::sys::backtrace::__rust_end_short_backtrace::<std[70759c8f55707aa4]::panicking::panic_handler::{closure#0}, !>
[INFO] [stdout]    8:     0x5b7c2c4a0ded - __rustc[8fa7c3cbc660c2b3]::rust_begin_unwind
[INFO] [stdout]    9:     0x5b7c2c3d706c - core[df12db4294e9bfd3]::panicking::panic_fmt
[INFO] [stdout]   10:     0x5b7c2c405955 - integration[483a83bcd65c5901]::run_converter_with_args
[INFO] [stdout]   11:     0x5b7c2c44030c - <integration[483a83bcd65c5901]::produces_valid_copc::{closure#0} as core[df12db4294e9bfd3]::ops::function::FnOnce<()>>::call_once
[INFO] [stdout]   12:     0x5b7c2c4cdb1b - test[9d35eded1c95d3be]::__rust_begin_short_backtrace::<core[df12db4294e9bfd3]::result::Result<(), alloc[2182bb758b4b3781]::string::String>, fn() -> core[df12db4294e9bfd3]::result::Result<(), alloc[2182bb758b4b3781]::string::String>>
[INFO] [stdout]   13:     0x5b7c2c4dbc71 - test[9d35eded1c95d3be]::run_test::{closure#0}
[INFO] [stdout]   14:     0x5b7c2c4d5384 - std[70759c8f55707aa4]::sys::backtrace::__rust_begin_short_backtrace::<test[9d35eded1c95d3be]::run_test::{closure#1}, ()>
[INFO] [stdout]   15:     0x5b7c2c4dfa92 - <std[70759c8f55707aa4]::thread::lifecycle::spawn_unchecked<test[9d35eded1c95d3be]::run_test::{closure#1}, ()>::{closure#1} as core[df12db4294e9bfd3]::ops::function::FnOnce<()>>::call_once::{shim:vtable#0}
[INFO] [stdout]   16:     0x5b7c2c4c4c4e - <std[70759c8f55707aa4]::sys::thread::unix::Thread>::new::thread_start
[INFO] [stdout]   17:     0x7c2a4fbdddfa - <unknown>
[INFO] [stdout]   18:     0x7c2a4fc713d4 - clone
[INFO] [stdout]   19:                0x0 - <unknown>
[INFO] [stdout] 
[INFO] [stdout] ---- validator_catches_missing_wkt_bit stdout ----
[INFO] [stdout] 
[INFO] [stdout] thread 'validator_catches_missing_wkt_bit' (2173) panicked at tests/integration.rs:335:5:
[INFO] [stdout] converter exited with error
[INFO] [stdout] stack backtrace:
[INFO] [stdout]    0:     0x5b7c2c4c5d56 - <<std[70759c8f55707aa4]::sys::backtrace::BacktraceLock>::print::DisplayBacktrace as core[df12db4294e9bfd3]::fmt::Display>::fmt
[INFO] [stdout]    1:     0x5b7c2c3d697a - core[df12db4294e9bfd3]::fmt::write
[INFO] [stdout]    2:     0x5b7c2c4cbd4c - <alloc[2182bb758b4b3781]::vec::Vec<u8> as core[df12db4294e9bfd3]::io::write::Write>::write_fmt
[INFO] [stdout]    3:     0x5b7c2c49ffa2 - std[70759c8f55707aa4]::panicking::default_hook::{closure#0}
[INFO] [stdout]    4:     0x5b7c2c4bc8a1 - std[70759c8f55707aa4]::panicking::default_hook
[INFO] [stdout]    5:     0x5b7c2c4bcce2 - std[70759c8f55707aa4]::panicking::panic_with_hook
[INFO] [stdout]    6:     0x5b7c2c4a0084 - std[70759c8f55707aa4]::panicking::panic_handler::{closure#0}
[INFO] [stdout]    7:     0x5b7c2c498759 - std[70759c8f55707aa4]::sys::backtrace::__rust_end_short_backtrace::<std[70759c8f55707aa4]::panicking::panic_handler::{closure#0}, !>
[INFO] [stdout]    8:     0x5b7c2c4a0ded - __rustc[8fa7c3cbc660c2b3]::rust_begin_unwind
[INFO] [stdout]    9:     0x5b7c2c3d706c - core[df12db4294e9bfd3]::panicking::panic_fmt
[INFO] [stdout]   10:     0x5b7c2c405955 - integration[483a83bcd65c5901]::run_converter_with_args
[INFO] [stdout]   11:     0x5b7c2c448431 - <integration[483a83bcd65c5901]::validator_catches_missing_wkt_bit::{closure#0} as core[df12db4294e9bfd3]::ops::function::FnOnce<()>>::call_once
[INFO] [stdout]   12:     0x5b7c2c4cdb1b - test[9d35eded1c95d3be]::__rust_begin_short_backtrace::<core[df12db4294e9bfd3]::result::Result<(), alloc[2182bb758b4b3781]::string::String>, fn() -> core[df12db4294e9bfd3]::result::Result<(), alloc[2182bb758b4b3781]::string::String>>
[INFO] [stdout]   13:     0x5b7c2c4dbc71 - test[9d35eded1c95d3be]::run_test::{closure#0}
[INFO] [stdout]   14:     0x5b7c2c4d5384 - std[70759c8f55707aa4]::sys::backtrace::__rust_begin_short_backtrace::<test[9d35eded1c95d3be]::run_test::{closure#1}, ()>
[INFO] [stdout]   15:     0x5b7c2c4dfa92 - <std[70759c8f55707aa4]::thread::lifecycle::spawn_unchecked<test[9d35eded1c95d3be]::run_test::{closure#1}, ()>::{closure#1} as core[df12db4294e9bfd3]::ops::function::FnOnce<()>>::call_once::{shim:vtable#0}
[INFO] [stdout]   16:     0x5b7c2c4c4c4e - <std[70759c8f55707aa4]::sys::thread::unix::Thread>::new::thread_start
[INFO] [stdout]   17:     0x7c2a4fbdddfa - <unknown>
[INFO] [stdout]   18:     0x7c2a4fc713d4 - clone
[INFO] [stdout]   19:                0x0 - <unknown>
[INFO] [stdout] 
[INFO] [stdout] ---- temporal_index_absent_by_default stdout ----
[INFO] [stdout] 
[INFO] [stdout] thread 'temporal_index_absent_by_default' (2129) panicked at tests/integration.rs:335:5:
[INFO] [stdout] converter exited with error
[INFO] [stdout] stack backtrace:
[INFO] [stdout]    0:     0x5b7c2c4c5d56 - <<std[70759c8f55707aa4]::sys::backtrace::BacktraceLock>::print::DisplayBacktrace as core[df12db4294e9bfd3]::fmt::Display>::fmt
[INFO] [stdout]    1:     0x5b7c2c3d697a - core[df12db4294e9bfd3]::fmt::write
[INFO] [stdout]    2:     0x5b7c2c4cbd4c - <alloc[2182bb758b4b3781]::vec::Vec<u8> as core[df12db4294e9bfd3]::io::write::Write>::write_fmt
[INFO] [stdout]    3:     0x5b7c2c49ffa2 - std[70759c8f55707aa4]::panicking::default_hook::{closure#0}
[INFO] [stdout]    4:     0x5b7c2c4bc8a1 - std[70759c8f55707aa4]::panicking::default_hook
[INFO] [stdout]    5:     0x5b7c2c4bcce2 - std[70759c8f55707aa4]::panicking::panic_with_hook
[INFO] [stdout]    6:     0x5b7c2c4a0084 - std[70759c8f55707aa4]::panicking::panic_handler::{closure#0}
[INFO] [stdout]    7:     0x5b7c2c498759 - std[70759c8f55707aa4]::sys::backtrace::__rust_end_short_backtrace::<std[70759c8f55707aa4]::panicking::panic_handler::{closure#0}, !>
[INFO] [stdout]    8:     0x5b7c2c4a0ded - __rustc[8fa7c3cbc660c2b3]::rust_begin_unwind
[INFO] [stdout]    9:     0x5b7c2c3d706c - core[df12db4294e9bfd3]::panicking::panic_fmt
[INFO] [stdout]   10:     0x5b7c2c405955 - integration[483a83bcd65c5901]::run_converter_with_args
[INFO] [stdout]   11:     0x5b7c2c44772a - <integration[483a83bcd65c5901]::temporal_index_absent_by_default::{closure#0} as core[df12db4294e9bfd3]::ops::function::FnOnce<()>>::call_once
[INFO] [stdout]   12:     0x5b7c2c4cdb1b - test[9d35eded1c95d3be]::__rust_begin_short_backtrace::<core[df12db4294e9bfd3]::result::Result<(), alloc[2182bb758b4b3781]::string::String>, fn() -> core[df12db4294e9bfd3]::result::Result<(), alloc[2182bb758b4b3781]::string::String>>
[INFO] [stdout]   13:     0x5b7c2c4dbc71 - test[9d35eded1c95d3be]::run_test::{closure#0}
[INFO] [stdout]   14:     0x5b7c2c4d5384 - std[70759c8f55707aa4]::sys::backtrace::__rust_begin_short_backtrace::<test[9d35eded1c95d3be]::run_test::{closure#1}, ()>
[INFO] [stdout]   15:     0x5b7c2c4dfa92 - <std[70759c8f55707aa4]::thread::lifecycle::spawn_unchecked<test[9d35eded1c95d3be]::run_test::{closure#1}, ()>::{closure#1} as core[df12db4294e9bfd3]::ops::function::FnOnce<()>>::call_once::{shim:vtable#0}
[INFO] [stdout]   16:     0x5b7c2c4c4c4e - <std[70759c8f55707aa4]::sys::thread::unix::Thread>::new::thread_start
[INFO] [stdout]   17:     0x7c2a4fbdddfa - <unknown>
[INFO] [stdout]   18:     0x7c2a4fc713d4 - clone
[INFO] [stdout]   19:                0x0 - <unknown>
[INFO] [stdout] 
[INFO] [stdout] ---- validator_catches_points_outside_their_node stdout ----
[INFO] [stdout] 
[INFO] [stdout] thread 'validator_catches_points_outside_their_node' (2209) panicked at tests/integration.rs:335:5:
[INFO] [stdout] converter exited with error
[INFO] [stdout] stack backtrace:
[INFO] [stdout]    0:     0x5b7c2c4c5d56 - <<std[70759c8f55707aa4]::sys::backtrace::BacktraceLock>::print::DisplayBacktrace as core[df12db4294e9bfd3]::fmt::Display>::fmt
[INFO] [stdout]    1:     0x5b7c2c3d697a - core[df12db4294e9bfd3]::fmt::write
[INFO] [stdout]    2:     0x5b7c2c4cbd4c - <alloc[2182bb758b4b3781]::vec::Vec<u8> as core[df12db4294e9bfd3]::io::write::Write>::write_fmt
[INFO] [stdout]    3:     0x5b7c2c49ffa2 - std[70759c8f55707aa4]::panicking::default_hook::{closure#0}
[INFO] [stdout]    4:     0x5b7c2c4bc8a1 - std[70759c8f55707aa4]::panicking::default_hook
[INFO] [stdout]    5:     0x5b7c2c4bcce2 - std[70759c8f55707aa4]::panicking::panic_with_hook
[INFO] [stdout]    6:     0x5b7c2c4a0084 - std[70759c8f55707aa4]::panicking::panic_handler::{closure#0}
[INFO] [stdout]    7:     0x5b7c2c498759 - std[70759c8f55707aa4]::sys::backtrace::__rust_end_short_backtrace::<std[70759c8f55707aa4]::panicking::panic_handler::{closure#0}, !>
[INFO] [stdout]    8:     0x5b7c2c4a0ded - __rustc[8fa7c3cbc660c2b3]::rust_begin_unwind
[INFO] [stdout]    9:     0x5b7c2c3d706c - core[df12db4294e9bfd3]::panicking::panic_fmt
[INFO] [stdout]   10:     0x5b7c2c405955 - integration[483a83bcd65c5901]::run_converter_with_args
[INFO] [stdout]   11:     0x5b7c2c450b47 - <integration[483a83bcd65c5901]::validator_catches_points_outside_their_node::{closure#0} as core[df12db4294e9bfd3]::ops::function::FnOnce<()>>::call_once
[INFO] [stdout]   12:     0x5b7c2c4cdb1b - test[9d35eded1c95d3be]::__rust_begin_short_backtrace::<core[df12db4294e9bfd3]::result::Result<(), alloc[2182bb758b4b3781]::string::String>, fn() -> core[df12db4294e9bfd3]::result::Result<(), alloc[2182bb758b4b3781]::string::String>>
[INFO] [stdout]   13:     0x5b7c2c4dbc71 - test[9d35eded1c95d3be]::run_test::{closure#0}
[INFO] [stdout]   14:     0x5b7c2c4d5384 - std[70759c8f55707aa4]::sys::backtrace::__rust_begin_short_backtrace::<test[9d35eded1c95d3be]::run_test::{closure#1}, ()>
[INFO] [stdout]   15:     0x5b7c2c4dfa92 - <std[70759c8f55707aa4]::thread::lifecycle::spawn_unchecked<test[9d35eded1c95d3be]::run_test::{closure#1}, ()>::{closure#1} as core[df12db4294e9bfd3]::ops::function::FnOnce<()>>::call_once::{shim:vtable#0}
[INFO] [stdout]   16:     0x5b7c2c4c4c4e - <std[70759c8f55707aa4]::sys::thread::unix::Thread>::new::thread_start
[INFO] [stdout]   17:     0x7c2a4fbdddfa - <unknown>
[INFO] [stdout]   18:     0x7c2a4fc713d4 - clone
[INFO] [stdout]   19:                0x0 - <unknown>
[INFO] [stdout] 
[INFO] [stdout] ---- temp_compression_lz4_multi_chunk_preserves_all_points stdout ----
[INFO] [stdout] 
[INFO] [stdout] thread 'temp_compression_lz4_multi_chunk_preserves_all_points' (2125) panicked at tests/integration.rs:335:5:
[INFO] [stdout] converter exited with error
[INFO] [stdout] stack backtrace:
[INFO] [stdout]    0:     0x5b7c2c4c5d56 - <<std[70759c8f55707aa4]::sys::backtrace::BacktraceLock>::print::DisplayBacktrace as core[df12db4294e9bfd3]::fmt::Display>::fmt
[INFO] [stdout]    1:     0x5b7c2c3d697a - core[df12db4294e9bfd3]::fmt::write
[INFO] [stdout]    2:     0x5b7c2c4cbd4c - <alloc[2182bb758b4b3781]::vec::Vec<u8> as core[df12db4294e9bfd3]::io::write::Write>::write_fmt
[INFO] [stdout]    3:     0x5b7c2c49ffa2 - std[70759c8f55707aa4]::panicking::default_hook::{closure#0}
[INFO] [stdout]    4:     0x5b7c2c4bc8a1 - std[70759c8f55707aa4]::panicking::default_hook
[INFO] [stdout]    5:     0x5b7c2c4bcce2 - std[70759c8f55707aa4]::panicking::panic_with_hook
[INFO] [stdout]    6:     0x5b7c2c4a0084 - std[70759c8f55707aa4]::panicking::panic_handler::{closure#0}
[INFO] [stdout]    7:     0x5b7c2c498759 - std[70759c8f55707aa4]::sys::backtrace::__rust_end_short_backtrace::<std[70759c8f55707aa4]::panicking::panic_handler::{closure#0}, !>
[INFO] [stdout]    8:     0x5b7c2c4a0ded - __rustc[8fa7c3cbc660c2b3]::rust_begin_unwind
[INFO] [stdout]    9:     0x5b7c2c3d706c - core[df12db4294e9bfd3]::panicking::panic_fmt
[INFO] [stdout]   10:     0x5b7c2c405955 - integration[483a83bcd65c5901]::run_converter_with_args
[INFO] [stdout]   11:     0x5b7c2c452731 - <integration[483a83bcd65c5901]::temp_compression_lz4_multi_chunk_preserves_all_points::{closure#0} as core[df12db4294e9bfd3]::ops::function::FnOnce<()>>::call_once
[INFO] [stdout]   12:     0x5b7c2c4cdb1b - test[9d35eded1c95d3be]::__rust_begin_short_backtrace::<core[df12db4294e9bfd3]::result::Result<(), alloc[2182bb758b4b3781]::string::String>, fn() -> core[df12db4294e9bfd3]::result::Result<(), alloc[2182bb758b4b3781]::string::String>>
[INFO] [stdout]   13:     0x5b7c2c4dbc71 - test[9d35eded1c95d3be]::run_test::{closure#0}
[INFO] [stdout]   14:     0x5b7c2c4d5384 - std[70759c8f55707aa4]::sys::backtrace::__rust_begin_short_backtrace::<test[9d35eded1c95d3be]::run_test::{closure#1}, ()>
[INFO] [stdout]   15:     0x5b7c2c4dfa92 - <std[70759c8f55707aa4]::thread::lifecycle::spawn_unchecked<test[9d35eded1c95d3be]::run_test::{closure#1}, ()>::{closure#1} as core[df12db4294e9bfd3]::ops::function::FnOnce<()>>::call_once::{shim:vtable#0}
[INFO] [stdout]   16:     0x5b7c2c4c4c4e - <std[70759c8f55707aa4]::sys::thread::unix::Thread>::new::thread_start
[INFO] [stdout]   17:     0x7c2a4fbdddfa - <unknown>
[INFO] [stdout]   18:     0x7c2a4fc713d4 - clone
[INFO] [stdout]   19:                0x0 - <unknown>
[INFO] [stdout] 
[INFO] [stdout] ---- validator_catches_hierarchy_count_mismatch stdout ----
[INFO] [stdout] 
[INFO] [stdout] thread 'validator_catches_hierarchy_count_mismatch' (2164) panicked at tests/integration.rs:335:5:
[INFO] [stdout] converter exited with error
[INFO] [stdout] stack backtrace:
[INFO] [stdout]    0:     0x5b7c2c4c5d56 - <<std[70759c8f55707aa4]::sys::backtrace::BacktraceLock>::print::DisplayBacktrace as core[df12db4294e9bfd3]::fmt::Display>::fmt
[INFO] [stdout]    1:     0x5b7c2c3d697a - core[df12db4294e9bfd3]::fmt::write
[INFO] [stdout]    2:     0x5b7c2c4cbd4c - <alloc[2182bb758b4b3781]::vec::Vec<u8> as core[df12db4294e9bfd3]::io::write::Write>::write_fmt
[INFO] [stdout]    3:     0x5b7c2c49ffa2 - std[70759c8f55707aa4]::panicking::default_hook::{closure#0}
[INFO] [stdout]    4:     0x5b7c2c4bc8a1 - std[70759c8f55707aa4]::panicking::default_hook
[INFO] [stdout]    5:     0x5b7c2c4bcce2 - std[70759c8f55707aa4]::panicking::panic_with_hook
[INFO] [stdout]    6:     0x5b7c2c4a0084 - std[70759c8f55707aa4]::panicking::panic_handler::{closure#0}
[INFO] [stdout]    7:     0x5b7c2c498759 - std[70759c8f55707aa4]::sys::backtrace::__rust_end_short_backtrace::<std[70759c8f55707aa4]::panicking::panic_handler::{closure#0}, !>
[INFO] [stdout]    8:     0x5b7c2c4a0ded - __rustc[8fa7c3cbc660c2b3]::rust_begin_unwind
[INFO] [stdout]    9:     0x5b7c2c3d706c - core[df12db4294e9bfd3]::panicking::panic_fmt
[INFO] [stdout]   10:     0x5b7c2c405955 - integration[483a83bcd65c5901]::run_converter_with_args
[INFO] [stdout]   11:     0x5b7c2c45079a - <integration[483a83bcd65c5901]::validator_catches_hierarchy_count_mismatch::{closure#0} as core[df12db4294e9bfd3]::ops::function::FnOnce<()>>::call_once
[INFO] [stdout]   12:     0x5b7c2c4cdb1b - test[9d35eded1c95d3be]::__rust_begin_short_backtrace::<core[df12db4294e9bfd3]::result::Result<(), alloc[2182bb758b4b3781]::string::String>, fn() -> core[df12db4294e9bfd3]::result::Result<(), alloc[2182bb758b4b3781]::string::String>>
[INFO] [stdout]   13:     0x5b7c2c4dbc71 - test[9d35eded1c95d3be]::run_test::{closure#0}
[INFO] [stdout]   14:     0x5b7c2c4d5384 - std[70759c8f55707aa4]::sys::backtrace::__rust_begin_short_backtrace::<test[9d35eded1c95d3be]::run_test::{closure#1}, ()>
[INFO] [stdout]   15:     0x5b7c2c4dfa92 - <std[70759c8f55707aa4]::thread::lifecycle::spawn_unchecked<test[9d35eded1c95d3be]::run_test::{closure#1}, ()>::{closure#1} as core[df12db4294e9bfd3]::ops::function::FnOnce<()>>::call_once::{shim:vtable#0}
[INFO] [stdout]   16:     0x5b7c2c4c4c4e - <std[70759c8f55707aa4]::sys::thread::unix::Thread>::new::thread_start
[INFO] [stdout]   17:     0x7c2a4fbdddfa - <unknown>
[INFO] [stdout]   18:     0x7c2a4fc713d4 - clone
[INFO] [stdout]   19:                0x0 - <unknown>
[INFO] [stdout] 
[INFO] [stdout] ---- temporal_index_custom_stride stdout ----
[INFO] [stdout] 
[INFO] [stdout] thread 'temporal_index_custom_stride' (2146) panicked at tests/integration.rs:335:5:
[INFO] [stdout] converter exited with error
[INFO] [stdout] stack backtrace:
[INFO] [stdout]    0:     0x5b7c2c4c5d56 - <<std[70759c8f55707aa4]::sys::backtrace::BacktraceLock>::print::DisplayBacktrace as core[df12db4294e9bfd3]::fmt::Display>::fmt
[INFO] [stdout]    1:     0x5b7c2c3d697a - core[df12db4294e9bfd3]::fmt::write
[INFO] [stdout]    2:     0x5b7c2c4cbd4c - <alloc[2182bb758b4b3781]::vec::Vec<u8> as core[df12db4294e9bfd3]::io::write::Write>::write_fmt
[INFO] [stdout]    3:     0x5b7c2c49ffa2 - std[70759c8f55707aa4]::panicking::default_hook::{closure#0}
[INFO] [stdout]    4:     0x5b7c2c4bc8a1 - std[70759c8f55707aa4]::panicking::default_hook
[INFO] [stdout]    5:     0x5b7c2c4bcce2 - std[70759c8f55707aa4]::panicking::panic_with_hook
[INFO] [stdout]    6:     0x5b7c2c4a0084 - std[70759c8f55707aa4]::panicking::panic_handler::{closure#0}
[INFO] [stdout]    7:     0x5b7c2c498759 - std[70759c8f55707aa4]::sys::backtrace::__rust_end_short_backtrace::<std[70759c8f55707aa4]::panicking::panic_handler::{closure#0}, !>
[INFO] [stdout]    8:     0x5b7c2c4a0ded - __rustc[8fa7c3cbc660c2b3]::rust_begin_unwind
[INFO] [stdout]    9:     0x5b7c2c3d706c - core[df12db4294e9bfd3]::panicking::panic_fmt
[INFO] [stdout]   10:     0x5b7c2c405955 - integration[483a83bcd65c5901]::run_converter_with_args
[INFO] [stdout]   11:     0x5b7c2c444961 - <integration[483a83bcd65c5901]::temporal_index_custom_stride::{closure#0} as core[df12db4294e9bfd3]::ops::function::FnOnce<()>>::call_once
[INFO] [stdout]   12:     0x5b7c2c4cdb1b - test[9d35eded1c95d3be]::__rust_begin_short_backtrace::<core[df12db4294e9bfd3]::result::Result<(), alloc[2182bb758b4b3781]::string::String>, fn() -> core[df12db4294e9bfd3]::result::Result<(), alloc[2182bb758b4b3781]::string::String>>
[INFO] [stdout]   13:     0x5b7c2c4dbc71 - test[9d35eded1c95d3be]::run_test::{closure#0}
[INFO] [stdout]   14:     0x5b7c2c4d5384 - std[70759c8f55707aa4]::sys::backtrace::__rust_begin_short_backtrace::<test[9d35eded1c95d3be]::run_test::{closure#1}, ()>
[INFO] [stdout]   15:     0x5b7c2c4dfa92 - <std[70759c8f55707aa4]::thread::lifecycle::spawn_unchecked<test[9d35eded1c95d3be]::run_test::{closure#1}, ()>::{closure#1} as core[df12db4294e9bfd3]::ops::function::FnOnce<()>>::call_once::{shim:vtable#0}
[INFO] [stdout]   16:     0x5b7c2c4c4c4e - <std[70759c8f55707aa4]::sys::thread::unix::Thread>::new::thread_start
[INFO] [stdout]   17:     0x7c2a4fbdddfa - <unknown>
[INFO] [stdout]   18:     0x7c2a4fc713d4 - clone
[INFO] [stdout]   19:                0x0 - <unknown>
[INFO] [stdout] 
[INFO] [stdout] ---- preserves_all_points stdout ----
[INFO] [stdout] 
[INFO] [stdout] thread 'preserves_all_points' (2121) panicked at tests/integration.rs:335:5:
[INFO] [stdout] converter exited with error
[INFO] [stdout] stack backtrace:
[INFO] [stdout]    0:     0x5b7c2c4c5d56 - <<std[70759c8f55707aa4]::sys::backtrace::BacktraceLock>::print::DisplayBacktrace as core[df12db4294e9bfd3]::fmt::Display>::fmt
[INFO] [stdout]    1:     0x5b7c2c3d697a - core[df12db4294e9bfd3]::fmt::write
[INFO] [stdout]    2:     0x5b7c2c4cbd4c - <alloc[2182bb758b4b3781]::vec::Vec<u8> as core[df12db4294e9bfd3]::io::write::Write>::write_fmt
[INFO] [stdout]    3:     0x5b7c2c49ffa2 - std[70759c8f55707aa4]::panicking::default_hook::{closure#0}
[INFO] [stdout]    4:     0x5b7c2c4bc8a1 - std[70759c8f55707aa4]::panicking::default_hook
[INFO] [stdout]    5:     0x5b7c2c4bcce2 - std[70759c8f55707aa4]::panicking::panic_with_hook
[INFO] [stdout]    6:     0x5b7c2c4a0084 - std[70759c8f55707aa4]::panicking::panic_handler::{closure#0}
[INFO] [stdout]    7:     0x5b7c2c498759 - std[70759c8f55707aa4]::sys::backtrace::__rust_end_short_backtrace::<std[70759c8f55707aa4]::panicking::panic_handler::{closure#0}, !>
[INFO] [stdout]    8:     0x5b7c2c4a0ded - __rustc[8fa7c3cbc660c2b3]::rust_begin_unwind
[INFO] [stdout]    9:     0x5b7c2c3d706c - core[df12db4294e9bfd3]::panicking::panic_fmt
[INFO] [stdout]   10:     0x5b7c2c405955 - integration[483a83bcd65c5901]::run_converter_with_args
[INFO] [stdout]   11:     0x5b7c2c440fed - <integration[483a83bcd65c5901]::preserves_all_points::{closure#0} as core[df12db4294e9bfd3]::ops::function::FnOnce<()>>::call_once
[INFO] [stdout]   12:     0x5b7c2c4cdb1b - test[9d35eded1c95d3be]::__rust_begin_short_backtrace::<core[df12db4294e9bfd3]::result::Result<(), alloc[2182bb758b4b3781]::string::String>, fn() -> core[df12db4294e9bfd3]::result::Result<(), alloc[2182bb758b4b3781]::string::String>>
[INFO] [stdout]   13:     0x5b7c2c4dbc71 - test[9d35eded1c95d3be]::run_test::{closure#0}
[INFO] [stdout]   14:     0x5b7c2c4d5384 - std[70759c8f55707aa4]::sys::backtrace::__rust_begin_short_backtrace::<test[9d35eded1c95d3be]::run_test::{closure#1}, ()>
[INFO] [stdout]   15:     0x5b7c2c4dfa92 - <std[70759c8f55707aa4]::thread::lifecycle::spawn_unchecked<test[9d35eded1c95d3be]::run_test::{closure#1}, ()>::{closure#1} as core[df12db4294e9bfd3]::ops::function::FnOnce<()>>::call_once::{shim:vtable#0}
[INFO] [stdout]   16:     0x5b7c2c4c4c4e - <std[70759c8f55707aa4]::sys::thread::unix::Thread>::new::thread_start
[INFO] [stdout]   17:     0x7c2a4fbdddfa - <unknown>
[INFO] [stdout]   18:     0x7c2a4fc713d4 - clone
[INFO] [stdout]   19:                0x0 - <unknown>
[INFO] [stdout] 
[INFO] [stdout] 
[INFO] [stdout] failures:
[INFO] [stdout]     build_side_spill_preserves_all_points
[INFO] [stdout]     chunked_multi_chunk_preserves_all_points
[INFO] [stdout]     coincident_points_stay_within_tiny_budget_paths
[INFO] [stdout]     copc_info_matches_reference
[INFO] [stdout]     deterministic_output
[INFO] [stdout]     empty_input_writes_readable_hierarchy
[INFO] [stdout]     empty_tile_does_not_stretch_cube
[INFO] [stdout]     extra_bytes_header_record_length
[INFO] [stdout]     extra_bytes_per_point_payload_round_trips
[INFO] [stdout]     extra_bytes_schema_mismatch_reports_all_differences
[INFO] [stdout]     extra_bytes_vlr_preserved
[INFO] [stdout]     gps_time_type_is_preserved
[INFO] [stdout]     header_matches_reference
[INFO] [stdout]     header_names_the_converter_version
[INFO] [stdout]     hierarchy_preserves_all_points
[INFO] [stdout]     hierarchy_structure_similar_to_reference
[INFO] [stdout]     huge_laz_chunks_are_decoded_sequentially
[INFO] [stdout]     interior_nodes_are_never_empty
[INFO] [stdout]     json_progress_stdout_is_pure_ndjson
[INFO] [stdout]     legacy_point_counts_are_zero
[INFO] [stdout]     low_memory_produces_valid_output
[INFO] [stdout]     overstated_header_bounds_get_a_tight_cube
[INFO] [stdout]     packed_storage_produces_valid_output
[INFO] [stdout]     point_flags_round_trip
[INFO] [stdout]     preserves_all_points
[INFO] [stdout]     produces_valid_copc
[INFO] [stdout]     spacing_matches_copc_spec
[INFO] [stdout]     temp_compression_lz4_multi_chunk_preserves_all_points
[INFO] [stdout]     temp_compression_lz4_preserves_all_points
[INFO] [stdout]     temporal_index_absent_by_default
[INFO] [stdout]     temporal_index_custom_stride
[INFO] [stdout]     temporal_index_present_when_enabled
[INFO] [stdout]     temporal_index_samples_are_sorted
[INFO] [stdout]     understated_header_bounds_still_produce_valid_copc
[INFO] [stdout]     validator_catches_hierarchy_count_mismatch
[INFO] [stdout]     validator_catches_missing_root_entry
[INFO] [stdout]     validator_catches_missing_wkt_bit
[INFO] [stdout]     validator_catches_nonzero_legacy_counts
[INFO] [stdout]     validator_catches_points_outside_their_node
[INFO] [stdout]     validator_catches_wrong_gps_range
[INFO] [stdout] 
[INFO] [stdout] test result: FAILED. 1 passed; 40 failed; 1 ignored; 0 measured; 0 filtered out; finished in 0.62s
[INFO] [stdout] 
[INFO] running `Command { std: "docker" "inspect" "b0fade8c5521ad08337d4de67db2877e4b7ae8b45914dc67bf7d3f6953cafd26", kill_on_drop: false }`
[INFO] running `Command { std: "docker" "rm" "-f" "b0fade8c5521ad08337d4de67db2877e4b7ae8b45914dc67bf7d3f6953cafd26", kill_on_drop: false }`
[INFO] [stdout] b0fade8c5521ad08337d4de67db2877e4b7ae8b45914dc67bf7d3f6953cafd26
