[INFO] fetching crate cookfs 0.1.0...
[INFO] testing cookfs-0.1.0 against 1.100.0-beta.1+cargoflags=--release for beta-release-1.100-2
[INFO] extracting crate cookfs 0.1.0 into /workspace/builds/worker-4-tc2/source
[INFO] started tweaking crates.io crate cookfs 0.1.0
[INFO] removed 0 missing tests
[INFO] finished tweaking crates.io crate cookfs 0.1.0
[INFO] tweaked toml for crates.io crate cookfs 0.1.0 written to /workspace/builds/worker-4-tc2/source/Cargo.toml
[INFO] validating manifest of crates.io crate cookfs 0.1.0 on toolchain 1.100.0-beta.1
[INFO] running `Command { std: CARGO_HOME="/workspace/cargo-home" RUSTUP_HOME="/workspace/rustup-home" "/workspace/cargo-home/bin/cargo" "+1.100.0-beta.1" "metadata" "--manifest-path" "Cargo.toml" "--no-deps", kill_on_drop: false }`
[INFO] crate crates.io crate cookfs 0.1.0 already has a lockfile, it will not be regenerated
[INFO] running `Command { std: CARGO_HOME="/workspace/cargo-home" RUSTUP_HOME="/workspace/rustup-home" "/workspace/cargo-home/bin/cargo" "+1.100.0-beta.1" "fetch" "--manifest-path" "Cargo.toml", kill_on_drop: false }`
[INFO] running `Command { std: "docker" "create" "-v" "/var/lib/crater-agent-workspace/builds/worker-4-tc2/source:/opt/rustwide/workdir:ro,Z" "-v" "/var/lib/crater-agent-workspace/builds/worker-4-tc2/target:/opt/rustwide/target:rw,Z" "-v" "/var/lib/crater-agent-workspace/cargo-home:/opt/rustwide/cargo-home:ro,Z" "-v" "/var/lib/crater-agent-workspace/rustup-home:/opt/rustwide/rustup-home:ro,Z" "-m" "1610612736" "--network" "none" "ghcr.io/rust-lang/crates-build-env/linux@sha256:77db811e55d90add9212f6832c23229e3de5f1c1f9905e8cb07319ea15df73ac" "sleep" "infinity", kill_on_drop: false }`
[INFO] [stdout] ca782766f1ebcc74ccabcaf6e33c636e6736c43abd2e07692a8b216b7ef3235f
[INFO] running `Command { std: "docker" "start" "ca782766f1ebcc74ccabcaf6e33c636e6736c43abd2e07692a8b216b7ef3235f", kill_on_drop: false }`
[INFO] running `Command { std: "docker" "inspect" "ca782766f1ebcc74ccabcaf6e33c636e6736c43abd2e07692a8b216b7ef3235f", kill_on_drop: false }`
[INFO] running `Command { std: "docker" "exec" "-e" "SOURCE_DIR=/opt/rustwide/workdir" "-e" "CARGO_HOME=/opt/rustwide/cargo-home" "-e" "RUSTUP_HOME=/opt/rustwide/rustup-home" "-e" "CARGO_TARGET_DIR=/opt/rustwide/target" "-w" "/opt/rustwide/workdir" "--user" "0:0" "ca782766f1ebcc74ccabcaf6e33c636e6736c43abd2e07692a8b216b7ef3235f" "/opt/rustwide/cargo-home/bin/cargo" "+1.100.0-beta.1" "metadata" "--no-deps" "--format-version=1", kill_on_drop: false }`
[INFO] running `Command { std: "docker" "inspect" "ca782766f1ebcc74ccabcaf6e33c636e6736c43abd2e07692a8b216b7ef3235f", kill_on_drop: false }`
[INFO] running `Command { std: "docker" "exec" "-e" "SOURCE_DIR=/opt/rustwide/workdir" "-e" "CARGO_HOME=/opt/rustwide/cargo-home" "-e" "RUSTUP_HOME=/opt/rustwide/rustup-home" "-e" "CARGO_TARGET_DIR=/opt/rustwide/target" "-e" "CARGO_INCREMENTAL=0" "-e" "RUST_BACKTRACE=full" "-e" "RUSTFLAGS=--cap-lints=warn" "-e" "RUSTDOCFLAGS=--cap-lints=warn" "-w" "/opt/rustwide/workdir" "--user" "0:0" "ca782766f1ebcc74ccabcaf6e33c636e6736c43abd2e07692a8b216b7ef3235f" "/opt/rustwide/cargo-home/bin/cargo" "+1.100.0-beta.1" "build" "--frozen" "--message-format=json" "--release", kill_on_drop: false }`
[INFO] [stderr]    Compiling proc-macro2 v1.0.107
[INFO] [stderr]    Compiling quote v1.0.47
[INFO] [stderr]    Compiling zstd-sys v2.0.16+zstd.1.5.7
[INFO] [stderr]    Compiling liblzma-sys v0.4.8
[INFO] [stderr]    Compiling hashbrown v0.17.1
[INFO] [stderr]    Compiling libbz2-rs-sys v0.2.5
[INFO] [stderr]    Compiling la-arena v0.3.1
[INFO] [stderr]    Compiling positioned-io v0.3.5
[INFO] [stderr]    Compiling brotli v8.0.4
[INFO] [stderr]    Compiling flate2 v1.1.9
[INFO] [stderr]    Compiling liblzma v0.4.8
[INFO] [stderr]    Compiling lru v0.18.2
[INFO] [stderr]    Compiling bzip2 v0.6.1
[INFO] [stderr]    Compiling syn v2.0.119
[INFO] [stderr]    Compiling snafu-derive v0.9.2
[INFO] [stderr]    Compiling snafu v0.9.2
[INFO] [stderr]    Compiling zstd-safe v7.2.4
[INFO] [stderr]    Compiling zstd v0.13.3
[INFO] [stderr]    Compiling cookfs v0.1.0 (/opt/rustwide/workdir)
[INFO] [stderr]     Finished `release` profile [optimized] target(s) in 45.97s
[INFO] running `Command { std: "docker" "inspect" "ca782766f1ebcc74ccabcaf6e33c636e6736c43abd2e07692a8b216b7ef3235f", kill_on_drop: false }`
[INFO] running `Command { std: "docker" "exec" "-e" "SOURCE_DIR=/opt/rustwide/workdir" "-e" "CARGO_HOME=/opt/rustwide/cargo-home" "-e" "RUSTUP_HOME=/opt/rustwide/rustup-home" "-e" "CARGO_TARGET_DIR=/opt/rustwide/target" "-e" "CARGO_INCREMENTAL=0" "-e" "RUST_BACKTRACE=full" "-e" "RUSTFLAGS=--cap-lints=warn" "-e" "RUSTDOCFLAGS=--cap-lints=warn" "-w" "/opt/rustwide/workdir" "--user" "0:0" "ca782766f1ebcc74ccabcaf6e33c636e6736c43abd2e07692a8b216b7ef3235f" "/opt/rustwide/cargo-home/bin/cargo" "+1.100.0-beta.1" "test" "--frozen" "--no-run" "--message-format=json" "--release", kill_on_drop: false }`
[INFO] [stderr]    Compiling rustix v1.1.4
[INFO] [stderr]    Compiling const-oid v0.10.2
[INFO] [stderr]    Compiling getrandom v0.4.3
[INFO] [stderr]    Compiling hybrid-array v0.4.14
[INFO] [stderr]    Compiling ctutils v0.4.2
[INFO] [stderr]    Compiling memchr v2.8.3
[INFO] [stderr]    Compiling getrandom v0.3.4
[INFO] [stderr]    Compiling simd-adler32 v0.3.10
[INFO] [stderr]    Compiling serde_core v1.0.229
[INFO] [stderr]    Compiling syn v2.0.119
[INFO] [stderr]    Compiling zerocopy v0.8.56
[INFO] [stderr]    Compiling toml_parser v1.1.3+spec-1.1.0
[INFO] [stderr]    Compiling num-traits v0.2.19
[INFO] [stderr]    Compiling assert2-macros v0.4.0
[INFO] [stderr]    Compiling rstest_macros v0.26.1
[INFO] [stderr]    Compiling once_cell v1.21.4
[INFO] [stderr]    Compiling wait-timeout v0.2.1
[INFO] [stderr]    Compiling glob v0.3.4
[INFO] [stderr]    Compiling winnow v1.0.4
[INFO] [stderr]    Compiling rand_core v0.9.5
[INFO] [stderr]    Compiling bit-vec v0.8.0
[INFO] [stderr]    Compiling miniz_oxide v0.8.9
[INFO] [stderr]    Compiling relative-path v1.9.3
[INFO] [stderr]    Compiling cpubits v0.1.1
[INFO] [stderr]    Compiling bumpalo v3.20.3
[INFO] [stderr]    Compiling futures-core v0.3.34
[INFO] [stderr]    Compiling slab v0.4.12
[INFO] [stderr]    Compiling aho-corasick v1.1.5
[INFO] [stderr]    Compiling rand v0.9.5
[INFO] [stderr]    Compiling rand_xorshift v0.4.0
[INFO] [stderr]    Compiling futures-util v0.3.34
[INFO] [stderr]    Compiling toml_edit v0.25.13+spec-1.1.0
[INFO] [stderr]    Compiling flate2 v1.1.9
[INFO] [stderr]    Compiling bit-set v0.8.0
[INFO] [stderr]    Compiling zopfli v0.8.3
[INFO] [stderr]    Compiling indexmap v2.14.0
[INFO] [stderr]    Compiling regex-syntax v0.8.11
[INFO] [stderr]    Compiling crypto-common v0.2.2
[INFO] [stderr]    Compiling block-buffer v0.12.1
[INFO] [stderr]    Compiling regex-automata v0.4.18
[INFO] [stderr]    Compiling inout v0.2.2
[INFO] [stderr]    Compiling typed-path v0.12.3
[INFO] [stderr]    Compiling proc-macro-crate v3.5.0
[INFO] [stderr]    Compiling deflate64 v0.1.12
[INFO] [stderr]    Compiling unarray v0.1.4
[INFO] [stderr]    Compiling futures-timer v3.0.4
[INFO] [stderr]    Compiling ppmd-rust v1.4.0
[INFO] [stderr]    Compiling yansi v1.0.1
[INFO] [stderr]    Compiling diff v0.1.13
[INFO] [stderr]    Compiling digest v0.11.3
[INFO] [stderr]    Compiling hmac v0.13.0
[INFO] [stderr]    Compiling sha2 v0.11.0
[INFO] [stderr]    Compiling cipher v0.5.2
[INFO] [stderr]    Compiling pbkdf2 v0.13.0
[INFO] [stderr]    Compiling serde_spanned v1.1.1
[INFO] [stderr]    Compiling toml_datetime v1.1.1+spec-1.1.0
[INFO] [stderr]    Compiling sha1 v0.11.0
[INFO] [stderr]    Compiling constant_time_eq v0.4.2
[INFO] [stderr]    Compiling toml_writer v1.1.2+spec-1.1.0
[INFO] [stderr]    Compiling aes v0.9.2
[INFO] [stderr]    Compiling toml v1.1.4+spec-1.1.0
[INFO] [stderr]    Compiling tempfile v3.27.0
[INFO] [stderr]    Compiling lzma-rust2 v0.16.5
[INFO] [stderr]    Compiling terminal_size v0.4.4
[INFO] [stderr]    Compiling rusty-fork v0.3.1
[INFO] [stderr]    Compiling regex v1.13.1
[INFO] [stderr]    Compiling snafu-derive v0.9.2
[INFO] [stderr]    Compiling ppv-lite86 v0.2.21
[INFO] [stderr]    Compiling assert2 v0.4.0
[INFO] [stderr]    Compiling rand_chacha v0.9.0
[INFO] [stderr]    Compiling proptest v1.11.0
[INFO] [stderr]    Compiling zip v8.6.0
[INFO] [stderr]    Compiling snafu v0.9.2
[INFO] [stderr]    Compiling cookfs v0.1.0 (/opt/rustwide/workdir)
[INFO] [stderr]    Compiling rstest v0.26.1
[INFO] [stderr]     Finished `release` profile [optimized] target(s) in 59.23s
[INFO] running `Command { std: "docker" "inspect" "ca782766f1ebcc74ccabcaf6e33c636e6736c43abd2e07692a8b216b7ef3235f", kill_on_drop: false }`
[INFO] running `Command { std: "docker" "exec" "-e" "SOURCE_DIR=/opt/rustwide/workdir" "-e" "CARGO_HOME=/opt/rustwide/cargo-home" "-e" "RUSTUP_HOME=/opt/rustwide/rustup-home" "-e" "CARGO_TARGET_DIR=/opt/rustwide/target" "-e" "CARGO_INCREMENTAL=0" "-e" "RUST_BACKTRACE=full" "-e" "RUSTFLAGS=--cap-lints=warn" "-e" "RUSTDOCFLAGS=--cap-lints=warn" "-w" "/opt/rustwide/workdir" "--user" "0:0" "ca782766f1ebcc74ccabcaf6e33c636e6736c43abd2e07692a8b216b7ef3235f" "/opt/rustwide/cargo-home/bin/cargo" "+1.100.0-beta.1" "test" "--frozen" "--release", kill_on_drop: false }`
[INFO] [stderr]     Finished `release` profile [optimized] target(s) in 0.25s
[INFO] [stderr]      Running unittests src/lib.rs (/opt/rustwide/target/release/build/cookfs/7e62330b22fa4e9c/out/cookfs-7e62330b22fa4e9c)
[INFO] [stdout] 
[INFO] [stdout] running 65 tests
[INFO] [stdout] test cache::tests::budget_handles_an_empty_page_table ... ok
[INFO] [stdout] test codec::tests::decode_of_an_unknown_id_errors ... ok
[INFO] [stdout] test codec::tests::decode_of_modern_custom_reports_unavailable ... ok
[INFO] [stdout] test cache::tests::budget_adapts_to_page_size ... ok
[INFO] [stdout] test cache::tests::a_hit_does_not_call_load_again ... ok
[INFO] [stdout] test codec::tests::decode_of_deflate_round_trips_a_known_stream ... ok
[INFO] [stdout] test cache::tests::a_hit_shares_rather_than_copies ... ok
[INFO] [stdout] test cache::tests::a_failed_load_is_not_cached ... ok
[INFO] [stdout] test cache::tests::eviction_keeps_the_cache_bounded ... ok
[INFO] [stdout] test codec::tests::from_id_maps_every_known_id_to_its_variant ... ok
[INFO] [stdout] test codec::tests::from_id_rejects_unknown_ids ... ok
[INFO] [stdout] test codec::tests::decode_of_bzip2_round_trips_a_known_stream ... ok
[INFO] [stdout] test codec::tests::decode_of_an_empty_blob_errors ... ok
[INFO] [stdout] test codec::tests::decode_with_brotli_round_trips_without_a_leading_byte ... ok
[INFO] [stdout] test index::tests::parse_rejects_a_blob_with_trailing_garbage ... ok
[INFO] [stdout] test index::tests::parse_reads_one_directory_with_one_file ... ok
[INFO] [stdout] test codec::tests::decode_with_zstd_round_trips_without_a_leading_byte ... ok
[INFO] [stdout] test index::tests::walk_yields_the_full_path_for_every_node ... ok
[INFO] [stdout] test parsers::cfs0002::tests::parse_reads_an_empty_archive_with_zero_pages ... ok
[INFO] [stdout] test index::tests::parse_rejects_a_blob_with_the_wrong_magic ... ok
[INFO] [stdout] test codec::tests::decode_with_stored_is_identity ... ok
[INFO] [stdout] test codec::tests::decode_with_lzma_round_trips_without_a_leading_byte ... ok
[INFO] [stdout] test parsers::cfs0002::tests::parse_reads_pages_with_offsets_and_sizes ... ok
[INFO] [stdout] test codec::tests::decode_of_lzma_round_trips_a_known_stream ... ok
[INFO] [stdout] test parsers::cfs0002::tests::parse_rejects_a_page_table_that_underflows ... ok
[INFO] [stdout] test codec::tests::decode_of_stored_is_identity ... ok
[INFO] [stdout] test parsers::cfs0003::tests::pgindex_errors_instead_of_panicking_on_truncation ... ok
[INFO] [stdout] test parsers::cfs0003::tests::pgindex_parses_comprlist_and_sizes_for_two_pages ... ok
[INFO] [stdout] test parsers::cfs0003::tests::pgindex_parses_zero_pages ... ok
[INFO] [stdout] test read::tests::at_errors_when_not_enough_bytes_remain ... ok
[INFO] [stdout] test parsers::cfs0003::tests::trailer_rejects_a_signature_too_close_to_the_start ... ok
[INFO] [stdout] test parsers::cfs0003::tests::trailer_round_trips_pgindex_and_fsindex_descriptors ... ok
[INFO] [stdout] test read::tests::at_reads_exact_bytes_at_offset ... ok
[INFO] [stdout] test parsers::cfs0003::tests::trailer_parses_an_empty_archive_with_zero_pages ... ok
[INFO] [stdout] test read::tests::be32_reads_at_a_nonzero_offset ... ok
[INFO] [stdout] test read::tests::be32_round_trips_known_values ... ok
[INFO] [stdout] test codec::tests::decode_of_brotli_round_trips_a_known_stream ... ok
[INFO] [stdout] test index::tests::parse_errors_instead_of_panicking_on_a_truncated_blob ... ok
[INFO] [stdout] test codec::tests::decode_of_zstd_round_trips_a_known_stream ... ok
[INFO] [stdout] test codec::tests::decode_with_bzip2_round_trips_without_a_leading_byte ... ok
[INFO] [stdout] test codec::tests::decode_of_lzma_round_trips_a_stream_larger_than_one_internal_buffer ... ok
[INFO] [stdout] test read::tests::cursor_errors_instead_of_panicking_on_a_truncated_read ... ok
[INFO] [stdout] test parsers::cfs0003::tests::pgindex_rejects_a_crafted_page_count_without_oom ... ok
[INFO] [stdout] test parsers::cfs0002::tests::parse_rejects_a_signature_too_close_to_the_start ... ok
[INFO] [stdout] test read::tests::cursor_reads_typed_values_in_sequence ... ok
[INFO] [stdout] test read::tests::find_signature_errors_when_nothing_validates ... ok
[INFO] [stdout] test read::tests::find_signature_errors_when_no_bytes_match ... ok
[INFO] [stdout] test tests::a_cfs0002_archive_reports_its_own_version_and_no_encryption_byte ... ok
[INFO] [stdout] test read::tests::find_signature_returns_the_rightmost_candidate_that_validates ... ok
[INFO] [stdout] test tests::open_with_a_tiny_cap_errors_on_the_fsindex_decode ... ok
[INFO] [stdout] test cache::tests::distinct_pages_do_not_block_each_other ... ok
[INFO] [stdout] test tests::open_reads_a_cfs0003_archive_and_walks_its_one_file ... ok
[INFO] [stdout] test tests::read_rejects_a_block_naming_a_page_past_the_archive ... ok
[INFO] [stdout] test cache::tests::concurrent_misses_on_one_page_load_once ... ok
[INFO] [stdout] test tests::a_cfs0003_archive_reports_its_own_version_and_encryption_byte ... ok
[INFO] [stdout] test tests::open_options_default_caps_fsindex_at_256_mib ... ok
[INFO] [stdout] test tests::node_looks_up_the_file_by_its_handle ... ok
[INFO] [stdout] test tests::read_returns_a_cfs0003_files_decompressed_bytes ... ok
[INFO] [stdout] test tests::open_reads_the_trailer_and_walks_the_one_file_it_holds ... ok
[INFO] [stdout] test tests::read_rejects_a_block_with_a_negative_field ... ok
[INFO] [stdout] test tests::read_survives_a_block_whose_offset_runs_past_the_page ... ok
[INFO] [stdout] test tests::open_fails_without_a_signature ... ok
[INFO] [stdout] test tests::open_with_a_generous_cap_reads_a_deflated_fsindex ... ok
[INFO] [stdout] test tests::read_returns_the_files_decompressed_bytes ... ok
[INFO] [stdout] test codec::tests::decode_of_legacy_custom_round_trips_a_known_stream ... ok
[INFO] [stdout] 
[INFO] [stdout] test result: ok. 65 passed; 0 failed; 0 ignored; 0 measured; 0 filtered out; finished in 0.03s
[INFO] [stdout] 
[INFO] [stderr]      Running tests/corpus.rs (/opt/rustwide/target/release/build/cookfs/e57a96bc5b1bbd76/out/corpus-e57a96bc5b1bbd76)
[INFO] [stdout] 
[INFO] [stdout] running 2 tests
[INFO] [stdout] test every_sample_resolves ... ok
[INFO] [stderr] error: test failed, to rerun pass `--test corpus`
[INFO] [stdout] test the_manifest_is_well_formed ... FAILED
[INFO] [stdout] 
[INFO] [stdout] failures:
[INFO] [stdout] 
[INFO] [stdout] ---- the_manifest_is_well_formed stdout ----
[INFO] [stdout] 
[INFO] [stdout] thread 'the_manifest_is_well_formed' (2099) panicked at tests/common/mod.rs:34:54:
[INFO] [stdout] cannot read /opt/corpus.toml: No such file or directory (os error 2)
[INFO] [stdout] stack backtrace:
[INFO] [stdout]    0:     0x5631da987241 - <<std[617be2ca0a6fd877]::sys::backtrace::BacktraceLock>::print::DisplayBacktrace as core[a373ad73a504971]::fmt::Display>::fmt
[INFO] [stdout]    1:     0x5631da99bdda - core[a373ad73a504971]::fmt::write
[INFO] [stdout]    2:     0x5631da98b47c - <alloc[2e1b2a31b91974c5]::vec::Vec<u8> as core[a373ad73a504971]::io::write::Write>::write_fmt
[INFO] [stdout]    3:     0x5631da963026 - std[617be2ca0a6fd877]::panicking::default_hook::{closure#0}
[INFO] [stdout]    4:     0x5631da97f579 - std[617be2ca0a6fd877]::panicking::default_hook
[INFO] [stdout]    5:     0x5631da913560 - test[aada8e7e76ba119b]::test_main_inner::{closure#0}
[INFO] [stdout]    6:     0x5631da97f732 - std[617be2ca0a6fd877]::panicking::panic_with_hook
[INFO] [stdout]    7:     0x5631da9630d2 - std[617be2ca0a6fd877]::panicking::panic_handler::{closure#0}
[INFO] [stdout]    8:     0x5631da95bc59 - std[617be2ca0a6fd877]::sys::backtrace::__rust_end_short_backtrace::<std[617be2ca0a6fd877]::panicking::panic_handler::{closure#0}, !>
[INFO] [stdout]    9:     0x5631da963cdd - __rustc[ea4f61d10b84890b]::rust_begin_unwind
[INFO] [stdout]   10:     0x5631da99c54c - core[a373ad73a504971]::panicking::panic_fmt
[INFO] [stdout]   11:     0x5631da8e38f9 - corpus[53ed363a56f30a82]::common::manifest::{closure#0}
[INFO] [stdout]   12:     0x5631da8e406c - corpus[53ed363a56f30a82]::common::manifest
[INFO] [stdout]   13:     0x5631da8e5bc1 - <corpus[53ed363a56f30a82]::the_manifest_is_well_formed::{closure#0} as core[a373ad73a504971]::ops::function::FnOnce<()>>::call_once
[INFO] [stdout]   14:     0x5631da9069ab - test[aada8e7e76ba119b]::__rust_begin_short_backtrace::<core[a373ad73a504971]::result::Result<(), alloc[2e1b2a31b91974c5]::string::String>, fn() -> core[a373ad73a504971]::result::Result<(), alloc[2e1b2a31b91974c5]::string::String>>
[INFO] [stdout]   15:     0x5631da913b85 - test[aada8e7e76ba119b]::run_test::{closure#0}
[INFO] [stdout]   16:     0x5631da90d474 - std[617be2ca0a6fd877]::sys::backtrace::__rust_begin_short_backtrace::<test[aada8e7e76ba119b]::run_test::{closure#1}, ()>
[INFO] [stdout]   17:     0x5631da916c12 - <std[617be2ca0a6fd877]::thread::lifecycle::spawn_unchecked<test[aada8e7e76ba119b]::run_test::{closure#1}, ()>::{closure#1} as core[a373ad73a504971]::ops::function::FnOnce<()>>::call_once::{shim:vtable#0}
[INFO] [stdout]   18:     0x5631da98673f - <std[617be2ca0a6fd877]::sys::thread::unix::Thread>::new::thread_start
[INFO] [stdout]   19:     0x7b2246654dfa - <unknown>
[INFO] [stdout]   20:     0x7b22466e83d4 - clone
[INFO] [stdout]   21:                0x0 - <unknown>
[INFO] [stdout] 
[INFO] [stdout] 
[INFO] [stdout] failures:
[INFO] [stdout]     the_manifest_is_well_formed
[INFO] [stdout] 
[INFO] [stdout] test result: FAILED. 1 passed; 1 failed; 0 ignored; 0 measured; 0 filtered out; finished in 0.00s
[INFO] [stdout] 
[INFO] running `Command { std: "docker" "inspect" "ca782766f1ebcc74ccabcaf6e33c636e6736c43abd2e07692a8b216b7ef3235f", kill_on_drop: false }`
[INFO] running `Command { std: "docker" "rm" "-f" "ca782766f1ebcc74ccabcaf6e33c636e6736c43abd2e07692a8b216b7ef3235f", kill_on_drop: false }`
[INFO] [stdout] ca782766f1ebcc74ccabcaf6e33c636e6736c43abd2e07692a8b216b7ef3235f
