[INFO] fetching crate cook-with-rust-parser 0.0.5...
[INFO] testing cook-with-rust-parser-0.0.5 against 1.100.0-beta.1+cargoflags=--release for beta-release-1.100-2
[INFO] extracting crate cook-with-rust-parser 0.0.5 into /workspace/builds/worker-5-tc2/source
[INFO] started tweaking crates.io crate cook-with-rust-parser 0.0.5
[INFO] finished tweaking crates.io crate cook-with-rust-parser 0.0.5
[INFO] tweaked toml for crates.io crate cook-with-rust-parser 0.0.5 written to /workspace/builds/worker-5-tc2/source/Cargo.toml
[INFO] validating manifest of crates.io crate cook-with-rust-parser 0.0.5 on toolchain 1.100.0-beta.1
[INFO] running `Command { std: CARGO_HOME="/workspace/cargo-home" RUSTUP_HOME="/workspace/rustup-home" "/workspace/cargo-home/bin/cargo" "+1.100.0-beta.1" "metadata" "--manifest-path" "Cargo.toml" "--no-deps", kill_on_drop: false }`
[INFO] running `Command { std: CARGO_HOME="/workspace/cargo-home" RUSTUP_HOME="/workspace/rustup-home" "/workspace/cargo-home/bin/cargo" "+1.100.0-beta.1" "generate-lockfile" "--manifest-path" "Cargo.toml", kill_on_drop: false }`
[INFO] [stderr]     Updating crates.io index
[INFO] [stderr]      Locking 38 packages to highest compatible versions
[INFO] [stderr]       Adding psm v0.1.24 (available: v0.1.32)
[INFO] [stderr]       Adding uuid v0.8.2 (available: v1.28.0)
[INFO] running `Command { std: CARGO_HOME="/workspace/cargo-home" RUSTUP_HOME="/workspace/rustup-home" "/workspace/cargo-home/bin/cargo" "+1.100.0-beta.1" "fetch" "--manifest-path" "Cargo.toml", kill_on_drop: false }`
[INFO] running `Command { std: "docker" "create" "-v" "/var/lib/crater-agent-workspace/builds/worker-5-tc2/source:/opt/rustwide/workdir:ro,Z" "-v" "/var/lib/crater-agent-workspace/builds/worker-5-tc2/target:/opt/rustwide/target:rw,Z" "-v" "/var/lib/crater-agent-workspace/cargo-home:/opt/rustwide/cargo-home:ro,Z" "-v" "/var/lib/crater-agent-workspace/rustup-home:/opt/rustwide/rustup-home:ro,Z" "-m" "1610612736" "--network" "none" "ghcr.io/rust-lang/crates-build-env/linux@sha256:77db811e55d90add9212f6832c23229e3de5f1c1f9905e8cb07319ea15df73ac" "sleep" "infinity", kill_on_drop: false }`
[INFO] [stdout] c769852f3431c2d8fbcab3faea9329158d69baeed8464b92a173c70277e0c5f0
[INFO] running `Command { std: "docker" "start" "c769852f3431c2d8fbcab3faea9329158d69baeed8464b92a173c70277e0c5f0", kill_on_drop: false }`
[INFO] running `Command { std: "docker" "inspect" "c769852f3431c2d8fbcab3faea9329158d69baeed8464b92a173c70277e0c5f0", kill_on_drop: false }`
[INFO] running `Command { std: "docker" "exec" "-e" "SOURCE_DIR=/opt/rustwide/workdir" "-e" "CARGO_HOME=/opt/rustwide/cargo-home" "-e" "RUSTUP_HOME=/opt/rustwide/rustup-home" "-e" "CARGO_TARGET_DIR=/opt/rustwide/target" "-w" "/opt/rustwide/workdir" "--user" "0:0" "c769852f3431c2d8fbcab3faea9329158d69baeed8464b92a173c70277e0c5f0" "/opt/rustwide/cargo-home/bin/cargo" "+1.100.0-beta.1" "metadata" "--no-deps" "--format-version=1", kill_on_drop: false }`
[INFO] running `Command { std: "docker" "inspect" "c769852f3431c2d8fbcab3faea9329158d69baeed8464b92a173c70277e0c5f0", kill_on_drop: false }`
[INFO] running `Command { std: "docker" "exec" "-e" "SOURCE_DIR=/opt/rustwide/workdir" "-e" "CARGO_HOME=/opt/rustwide/cargo-home" "-e" "RUSTUP_HOME=/opt/rustwide/rustup-home" "-e" "CARGO_TARGET_DIR=/opt/rustwide/target" "-e" "CARGO_INCREMENTAL=0" "-e" "RUST_BACKTRACE=full" "-e" "RUSTFLAGS=--cap-lints=warn" "-e" "RUSTDOCFLAGS=--cap-lints=warn" "-w" "/opt/rustwide/workdir" "--user" "0:0" "c769852f3431c2d8fbcab3faea9329158d69baeed8464b92a173c70277e0c5f0" "/opt/rustwide/cargo-home/bin/cargo" "+1.100.0-beta.1" "build" "--frozen" "--message-format=json" "--release", kill_on_drop: false }`
[INFO] [stderr]    Compiling ucd-trie v0.1.7
[INFO] [stderr]    Compiling serde v1.0.229
[INFO] [stderr]    Compiling cc v1.8.0
[INFO] [stderr]    Compiling getrandom v0.2.17
[INFO] [stderr]    Compiling syn v3.0.9
[INFO] [stderr]    Compiling psm v0.1.24
[INFO] [stderr]    Compiling stacker v0.1.25
[INFO] [stderr]    Compiling pest v2.9.4
[INFO] [stderr]    Compiling serde_derive v1.0.229
[INFO] [stderr]    Compiling pest_meta v2.9.4
[INFO] [stderr]    Compiling pest_generator v2.9.4
[INFO] [stderr]    Compiling pest_derive v2.9.4
[INFO] [stderr]    Compiling uuid v0.8.2
[INFO] [stderr]    Compiling cook-with-rust-parser v0.0.5 (/opt/rustwide/workdir)
[INFO] [stdout] warning: variable does not need to be mutable
[INFO] [stdout]    --> src/lib.rs:330:29
[INFO] [stdout]     |
[INFO] [stdout] 330 |                         let mut ingredient = metadata.ingredients.get_mut(&name).unwrap();
[INFO] [stdout]     |                             ----^^^^^^^^^^
[INFO] [stdout]     |                             |
[INFO] [stdout]     |                             help: remove this `mut`
[INFO] [stdout]     |
[INFO] [stdout]     = note: `#[warn(unused_mut)]` (part of `#[warn(unused)]`) on by default
[INFO] [stdout] 
[INFO] [stdout] 
[INFO] [stderr]     Finished `release` profile [optimized] target(s) in 10.18s
[INFO] running `Command { std: "docker" "inspect" "c769852f3431c2d8fbcab3faea9329158d69baeed8464b92a173c70277e0c5f0", kill_on_drop: false }`
[INFO] running `Command { std: "docker" "exec" "-e" "SOURCE_DIR=/opt/rustwide/workdir" "-e" "CARGO_HOME=/opt/rustwide/cargo-home" "-e" "RUSTUP_HOME=/opt/rustwide/rustup-home" "-e" "CARGO_TARGET_DIR=/opt/rustwide/target" "-e" "CARGO_INCREMENTAL=0" "-e" "RUST_BACKTRACE=full" "-e" "RUSTFLAGS=--cap-lints=warn" "-e" "RUSTDOCFLAGS=--cap-lints=warn" "-w" "/opt/rustwide/workdir" "--user" "0:0" "c769852f3431c2d8fbcab3faea9329158d69baeed8464b92a173c70277e0c5f0" "/opt/rustwide/cargo-home/bin/cargo" "+1.100.0-beta.1" "test" "--frozen" "--no-run" "--message-format=json" "--release", kill_on_drop: false }`
[INFO] [stderr]    Compiling cook-with-rust-parser v0.0.5 (/opt/rustwide/workdir)
[INFO] [stdout] warning: variable does not need to be mutable
[INFO] [stdout]    --> src/lib.rs:330:29
[INFO] [stdout]     |
[INFO] [stdout] 330 |                         let mut ingredient = metadata.ingredients.get_mut(&name).unwrap();
[INFO] [stdout]     |                             ----^^^^^^^^^^
[INFO] [stdout]     |                             |
[INFO] [stdout]     |                             help: remove this `mut`
[INFO] [stdout]     |
[INFO] [stdout]     = note: `#[warn(unused_mut)]` (part of `#[warn(unused)]`) on by default
[INFO] [stdout] 
[INFO] [stdout] 
[INFO] [stdout] warning: variable does not need to be mutable
[INFO] [stdout]    --> src/lib.rs:330:29
[INFO] [stdout]     |
[INFO] [stdout] 330 |                         let mut ingredient = metadata.ingredients.get_mut(&name).unwrap();
[INFO] [stdout]     |                             ----^^^^^^^^^^
[INFO] [stdout]     |                             |
[INFO] [stdout]     |                             help: remove this `mut`
[INFO] [stdout]     |
[INFO] [stdout]     = note: `#[warn(unused_mut)]` (part of `#[warn(unused)]`) on by default
[INFO] [stdout] 
[INFO] [stdout] 
[INFO] [stderr]     Finished `release` profile [optimized] target(s) in 2.21s
[INFO] running `Command { std: "docker" "inspect" "c769852f3431c2d8fbcab3faea9329158d69baeed8464b92a173c70277e0c5f0", kill_on_drop: false }`
[INFO] running `Command { std: "docker" "exec" "-e" "SOURCE_DIR=/opt/rustwide/workdir" "-e" "CARGO_HOME=/opt/rustwide/cargo-home" "-e" "RUSTUP_HOME=/opt/rustwide/rustup-home" "-e" "CARGO_TARGET_DIR=/opt/rustwide/target" "-e" "CARGO_INCREMENTAL=0" "-e" "RUST_BACKTRACE=full" "-e" "RUSTFLAGS=--cap-lints=warn" "-e" "RUSTDOCFLAGS=--cap-lints=warn" "-w" "/opt/rustwide/workdir" "--user" "0:0" "c769852f3431c2d8fbcab3faea9329158d69baeed8464b92a173c70277e0c5f0" "/opt/rustwide/cargo-home/bin/cargo" "+1.100.0-beta.1" "test" "--frozen" "--release", kill_on_drop: false }`
[INFO] [stderr] warning: variable does not need to be mutable
[INFO] [stdout] 
[INFO] [stderr]    --> src/lib.rs:330:29
[INFO] [stdout] running 5 tests
[INFO] [stderr]     |
[INFO] [stdout] test tests::it_works ... ok
[INFO] [stderr] 330 |                         let mut ingredient = metadata.ingredients.get_mut(&name).unwrap();
[INFO] [stdout] test tests::fried_rice ... FAILED
[INFO] [stderr]     |                             ----^^^^^^^^^^
[INFO] [stdout] test tests::coffee_souffle ... FAILED
[INFO] [stderr]     |                             |
[INFO] [stdout] test tests::olivier_salad ... FAILED
[INFO] [stderr]     |                             help: remove this `mut`
[INFO] [stdout] test tests::easy_pancakes ... FAILED
[INFO] [stderr]     |
[INFO] [stdout] 
[INFO] [stderr]     = note: `#[warn(unused_mut)]` (part of `#[warn(unused)]`) on by default
[INFO] [stdout] failures:
[INFO] [stderr] 
[INFO] [stdout] 
[INFO] [stderr] warning: `cook-with-rust-parser` (lib) generated 1 warning (run `cargo fix --lib -p cook-with-rust-parser` to apply 1 suggestion)
[INFO] [stdout] ---- tests::fried_rice stdout ----
[INFO] [stderr] warning: `cook-with-rust-parser` (lib test) generated 1 warning (1 duplicate)
[INFO] [stdout] 
[INFO] [stderr]     Finished `release` profile [optimized] target(s) in 0.04s
[INFO] [stdout] thread 'tests::fried_rice' (511) panicked at src/lib.rs:442:75:
[INFO] [stderr]      Running unittests src/lib.rs (/opt/rustwide/target/release/build/cook-with-rust-parser/00c1081ffdc89ab1/out/cook_with_rust_parser-00c1081ffdc89ab1)
[INFO] [stdout] called `Result::unwrap()` on an `Err` value: Os { code: 2, kind: NotFound, message: "No such file or directory" }
[INFO] [stderr] error: test failed, to rerun pass `--lib`
[INFO] [stdout] stack backtrace:
[INFO] [stdout]    0:     0x63c3e0fbb2c1 - <<std[617be2ca0a6fd877]::sys::backtrace::BacktraceLock>::print::DisplayBacktrace as core[a373ad73a504971]::fmt::Display>::fmt
[INFO] [stdout]    1:     0x63c3e0fcf7ba - core[a373ad73a504971]::fmt::write
[INFO] [stdout]    2:     0x63c3e0fbf58c - <alloc[2e1b2a31b91974c5]::vec::Vec<u8> as core[a373ad73a504971]::io::write::Write>::write_fmt
[INFO] [stdout]    3:     0x63c3e0f973c6 - std[617be2ca0a6fd877]::panicking::default_hook::{closure#0}
[INFO] [stdout]    4:     0x63c3e0fb35f9 - std[617be2ca0a6fd877]::panicking::default_hook
[INFO] [stdout]    5:     0x63c3e0f4e3b0 - test[aada8e7e76ba119b]::test_main_inner::{closure#0}
[INFO] [stdout]    6:     0x63c3e0fb37b2 - std[617be2ca0a6fd877]::panicking::panic_with_hook
[INFO] [stdout]    7:     0x63c3e0f97472 - std[617be2ca0a6fd877]::panicking::panic_handler::{closure#0}
[INFO] [stdout]    8:     0x63c3e0f8ffc9 - std[617be2ca0a6fd877]::sys::backtrace::__rust_end_short_backtrace::<std[617be2ca0a6fd877]::panicking::panic_handler::{closure#0}, !>
[INFO] [stdout]    9:     0x63c3e0f9807d - __rustc[ea4f61d10b84890b]::rust_begin_unwind
[INFO] [stdout]   10:     0x63c3e0fcfeec - core[a373ad73a504971]::panicking::panic_fmt
[INFO] [stdout]   11:     0x63c3e0fcfcc2 - core[a373ad73a504971]::result::unwrap_failed
[INFO] [stdout]   12:     0x63c3e0f411b5 - <cook_with_rust_parser[428161e81986437c]::tests::fried_rice::{closure#0} as core[a373ad73a504971]::ops::function::FnOnce<()>>::call_once
[INFO] [stdout]   13:     0x63c3e0f417fb - test[aada8e7e76ba119b]::__rust_begin_short_backtrace::<core[a373ad73a504971]::result::Result<(), alloc[2e1b2a31b91974c5]::string::String>, fn() -> core[a373ad73a504971]::result::Result<(), alloc[2e1b2a31b91974c5]::string::String>>
[INFO] [stdout]   14:     0x63c3e0f4e9d5 - test[aada8e7e76ba119b]::run_test::{closure#0}
[INFO] [stdout]   15:     0x63c3e0f482c4 - std[617be2ca0a6fd877]::sys::backtrace::__rust_begin_short_backtrace::<test[aada8e7e76ba119b]::run_test::{closure#1}, ()>
[INFO] [stdout]   16:     0x63c3e0f51a62 - <std[617be2ca0a6fd877]::thread::lifecycle::spawn_unchecked<test[aada8e7e76ba119b]::run_test::{closure#1}, ()>::{closure#1} as core[a373ad73a504971]::ops::function::FnOnce<()>>::call_once::{shim:vtable#0}
[INFO] [stdout]   17:     0x63c3e0fba7bf - <std[617be2ca0a6fd877]::sys::thread::unix::Thread>::new::thread_start
[INFO] [stdout]   18:     0x783e5d215dfa - <unknown>
[INFO] [stdout]   19:     0x783e5d2a93d4 - clone
[INFO] [stdout]   20:                0x0 - <unknown>
[INFO] [stdout] 
[INFO] [stdout] ---- tests::coffee_souffle stdout ----
[INFO] [stdout] 
[INFO] [stdout] thread 'tests::coffee_souffle' (509) panicked at src/lib.rs:430:79:
[INFO] [stdout] called `Result::unwrap()` on an `Err` value: Os { code: 2, kind: NotFound, message: "No such file or directory" }
[INFO] [stdout] stack backtrace:
[INFO] [stdout]    0:     0x63c3e0fbb2c1 - <<std[617be2ca0a6fd877]::sys::backtrace::BacktraceLock>::print::DisplayBacktrace as core[a373ad73a504971]::fmt::Display>::fmt
[INFO] [stdout]    1:     0x63c3e0fcf7ba - core[a373ad73a504971]::fmt::write
[INFO] [stdout]    2:     0x63c3e0fbf58c - <alloc[2e1b2a31b91974c5]::vec::Vec<u8> as core[a373ad73a504971]::io::write::Write>::write_fmt
[INFO] [stdout]    3:     0x63c3e0f973c6 - std[617be2ca0a6fd877]::panicking::default_hook::{closure#0}
[INFO] [stdout]    4:     0x63c3e0fb35f9 - std[617be2ca0a6fd877]::panicking::default_hook
[INFO] [stdout]    5:     0x63c3e0f4e3b0 - test[aada8e7e76ba119b]::test_main_inner::{closure#0}
[INFO] [stdout]    6:     0x63c3e0fb37b2 - std[617be2ca0a6fd877]::panicking::panic_with_hook
[INFO] [stdout]    7:     0x63c3e0f97472 - std[617be2ca0a6fd877]::panicking::panic_handler::{closure#0}
[INFO] [stdout]    8:     0x63c3e0f8ffc9 - std[617be2ca0a6fd877]::sys::backtrace::__rust_end_short_backtrace::<std[617be2ca0a6fd877]::panicking::panic_handler::{closure#0}, !>
[INFO] [stdout]    9:     0x63c3e0f9807d - __rustc[ea4f61d10b84890b]::rust_begin_unwind
[INFO] [stdout]   10:     0x63c3e0fcfeec - core[a373ad73a504971]::panicking::panic_fmt
[INFO] [stdout]   11:     0x63c3e0fcfcc2 - core[a373ad73a504971]::result::unwrap_failed
[INFO] [stdout]   12:     0x63c3e0f41605 - <cook_with_rust_parser[428161e81986437c]::tests::coffee_souffle::{closure#0} as core[a373ad73a504971]::ops::function::FnOnce<()>>::call_once
[INFO] [stdout]   13:     0x63c3e0f417fb - test[aada8e7e76ba119b]::__rust_begin_short_backtrace::<core[a373ad73a504971]::result::Result<(), alloc[2e1b2a31b91974c5]::string::String>, fn() -> core[a373ad73a504971]::result::Result<(), alloc[2e1b2a31b91974c5]::string::String>>
[INFO] [stdout]   14:     0x63c3e0f4e9d5 - test[aada8e7e76ba119b]::run_test::{closure#0}
[INFO] [stdout]   15:     0x63c3e0f482c4 - std[617be2ca0a6fd877]::sys::backtrace::__rust_begin_short_backtrace::<test[aada8e7e76ba119b]::run_test::{closure#1}, ()>
[INFO] [stdout]   16:     0x63c3e0f51a62 - <std[617be2ca0a6fd877]::thread::lifecycle::spawn_unchecked<test[aada8e7e76ba119b]::run_test::{closure#1}, ()>::{closure#1} as core[a373ad73a504971]::ops::function::FnOnce<()>>::call_once::{shim:vtable#0}
[INFO] [stdout]   17:     0x63c3e0fba7bf - <std[617be2ca0a6fd877]::sys::thread::unix::Thread>::new::thread_start
[INFO] [stdout]   18:     0x783e5d215dfa - <unknown>
[INFO] [stdout]   19:     0x783e5d2a93d4 - clone
[INFO] [stdout]   20:                0x0 - <unknown>
[INFO] [stdout] 
[INFO] [stdout] ---- tests::olivier_salad stdout ----
[INFO] [stdout] 
[INFO] [stdout] thread 'tests::olivier_salad' (513) panicked at src/lib.rs:448:78:
[INFO] [stdout] called `Result::unwrap()` on an `Err` value: Os { code: 2, kind: NotFound, message: "No such file or directory" }
[INFO] [stdout] stack backtrace:
[INFO] [stdout]    0:     0x63c3e0fbb2c1 - <<std[617be2ca0a6fd877]::sys::backtrace::BacktraceLock>::print::DisplayBacktrace as core[a373ad73a504971]::fmt::Display>::fmt
[INFO] [stdout]    1:     0x63c3e0fcf7ba - core[a373ad73a504971]::fmt::write
[INFO] [stdout]    2:     0x63c3e0fbf58c - <alloc[2e1b2a31b91974c5]::vec::Vec<u8> as core[a373ad73a504971]::io::write::Write>::write_fmt
[INFO] [stdout]    3:     0x63c3e0f973c6 - std[617be2ca0a6fd877]::panicking::default_hook::{closure#0}
[INFO] [stdout]    4:     0x63c3e0fb35f9 - std[617be2ca0a6fd877]::panicking::default_hook
[INFO] [stdout]    5:     0x63c3e0f4e3b0 - test[aada8e7e76ba119b]::test_main_inner::{closure#0}
[INFO] [stdout]    6:     0x63c3e0fb37b2 - std[617be2ca0a6fd877]::panicking::panic_with_hook
[INFO] [stdout]    7:     0x63c3e0f97472 - std[617be2ca0a6fd877]::panicking::panic_handler::{closure#0}
[INFO] [stdout]    8:     0x63c3e0f8ffc9 - std[617be2ca0a6fd877]::sys::backtrace::__rust_end_short_backtrace::<std[617be2ca0a6fd877]::panicking::panic_handler::{closure#0}, !>
[INFO] [stdout]    9:     0x63c3e0f9807d - __rustc[ea4f61d10b84890b]::rust_begin_unwind
[INFO] [stdout]   10:     0x63c3e0fcfeec - core[a373ad73a504971]::panicking::panic_fmt
[INFO] [stdout]   11:     0x63c3e0fcfcc2 - core[a373ad73a504971]::result::unwrap_failed
[INFO] [stdout]   12:     0x63c3e0f41495 - <cook_with_rust_parser[428161e81986437c]::tests::olivier_salad::{closure#0} as core[a373ad73a504971]::ops::function::FnOnce<()>>::call_once
[INFO] [stdout]   13:     0x63c3e0f417fb - test[aada8e7e76ba119b]::__rust_begin_short_backtrace::<core[a373ad73a504971]::result::Result<(), alloc[2e1b2a31b91974c5]::string::String>, fn() -> core[a373ad73a504971]::result::Result<(), alloc[2e1b2a31b91974c5]::string::String>>
[INFO] [stdout]   14:     0x63c3e0f4e9d5 - test[aada8e7e76ba119b]::run_test::{closure#0}
[INFO] [stdout]   15:     0x63c3e0f482c4 - std[617be2ca0a6fd877]::sys::backtrace::__rust_begin_short_backtrace::<test[aada8e7e76ba119b]::run_test::{closure#1}, ()>
[INFO] [stdout]   16:     0x63c3e0f51a62 - <std[617be2ca0a6fd877]::thread::lifecycle::spawn_unchecked<test[aada8e7e76ba119b]::run_test::{closure#1}, ()>::{closure#1} as core[a373ad73a504971]::ops::function::FnOnce<()>>::call_once::{shim:vtable#0}
[INFO] [stdout]   17:     0x63c3e0fba7bf - <std[617be2ca0a6fd877]::sys::thread::unix::Thread>::new::thread_start
[INFO] [stdout]   18:     0x783e5d215dfa - <unknown>
[INFO] [stdout]   19:     0x783e5d2a93d4 - clone
[INFO] [stdout]   20:                0x0 - <unknown>
[INFO] [stdout] 
[INFO] [stdout] ---- tests::easy_pancakes stdout ----
[INFO] [stdout] 
[INFO] [stdout] thread 'tests::easy_pancakes' (510) panicked at src/lib.rs:436:78:
[INFO] [stdout] called `Result::unwrap()` on an `Err` value: Os { code: 2, kind: NotFound, message: "No such file or directory" }
[INFO] [stdout] stack backtrace:
[INFO] [stdout]    0:     0x63c3e0fbb2c1 - <<std[617be2ca0a6fd877]::sys::backtrace::BacktraceLock>::print::DisplayBacktrace as core[a373ad73a504971]::fmt::Display>::fmt
[INFO] [stdout]    1:     0x63c3e0fcf7ba - core[a373ad73a504971]::fmt::write
[INFO] [stdout]    2:     0x63c3e0fbf58c - <alloc[2e1b2a31b91974c5]::vec::Vec<u8> as core[a373ad73a504971]::io::write::Write>::write_fmt
[INFO] [stdout]    3:     0x63c3e0f973c6 - std[617be2ca0a6fd877]::panicking::default_hook::{closure#0}
[INFO] [stdout]    4:     0x63c3e0fb35f9 - std[617be2ca0a6fd877]::panicking::default_hook
[INFO] [stdout]    5:     0x63c3e0f4e3b0 - test[aada8e7e76ba119b]::test_main_inner::{closure#0}
[INFO] [stdout]    6:     0x63c3e0fb37b2 - std[617be2ca0a6fd877]::panicking::panic_with_hook
[INFO] [stdout]    7:     0x63c3e0f97472 - std[617be2ca0a6fd877]::panicking::panic_handler::{closure#0}
[INFO] [stdout]    8:     0x63c3e0f8ffc9 - std[617be2ca0a6fd877]::sys::backtrace::__rust_end_short_backtrace::<std[617be2ca0a6fd877]::panicking::panic_handler::{closure#0}, !>
[INFO] [stdout]    9:     0x63c3e0f9807d - __rustc[ea4f61d10b84890b]::rust_begin_unwind
[INFO] [stdout]   10:     0x63c3e0fcfeec - core[a373ad73a504971]::panicking::panic_fmt
[INFO] [stdout]   11:     0x63c3e0fcfcc2 - core[a373ad73a504971]::result::unwrap_failed
[INFO] [stdout]   12:     0x63c3e0f41325 - <cook_with_rust_parser[428161e81986437c]::tests::easy_pancakes::{closure#0} as core[a373ad73a504971]::ops::function::FnOnce<()>>::call_once
[INFO] [stdout]   13:     0x63c3e0f417fb - test[aada8e7e76ba119b]::__rust_begin_short_backtrace::<core[a373ad73a504971]::result::Result<(), alloc[2e1b2a31b91974c5]::string::String>, fn() -> core[a373ad73a504971]::result::Result<(), alloc[2e1b2a31b91974c5]::string::String>>
[INFO] [stdout]   14:     0x63c3e0f4e9d5 - test[aada8e7e76ba119b]::run_test::{closure#0}
[INFO] [stdout]   15:     0x63c3e0f482c4 - std[617be2ca0a6fd877]::sys::backtrace::__rust_begin_short_backtrace::<test[aada8e7e76ba119b]::run_test::{closure#1}, ()>
[INFO] [stdout]   16:     0x63c3e0f51a62 - <std[617be2ca0a6fd877]::thread::lifecycle::spawn_unchecked<test[aada8e7e76ba119b]::run_test::{closure#1}, ()>::{closure#1} as core[a373ad73a504971]::ops::function::FnOnce<()>>::call_once::{shim:vtable#0}
[INFO] [stdout]   17:     0x63c3e0fba7bf - <std[617be2ca0a6fd877]::sys::thread::unix::Thread>::new::thread_start
[INFO] [stdout]   18:     0x783e5d215dfa - <unknown>
[INFO] [stdout]   19:     0x783e5d2a93d4 - clone
[INFO] [stdout]   20:                0x0 - <unknown>
[INFO] [stdout] 
[INFO] [stdout] 
[INFO] [stdout] failures:
[INFO] [stdout]     tests::coffee_souffle
[INFO] [stdout]     tests::easy_pancakes
[INFO] [stdout]     tests::fried_rice
[INFO] [stdout]     tests::olivier_salad
[INFO] [stdout] 
[INFO] [stdout] test result: FAILED. 1 passed; 4 failed; 0 ignored; 0 measured; 0 filtered out; finished in 0.01s
[INFO] [stdout] 
[INFO] running `Command { std: "docker" "inspect" "c769852f3431c2d8fbcab3faea9329158d69baeed8464b92a173c70277e0c5f0", kill_on_drop: false }`
[INFO] running `Command { std: "docker" "rm" "-f" "c769852f3431c2d8fbcab3faea9329158d69baeed8464b92a173c70277e0c5f0", kill_on_drop: false }`
[INFO] [stdout] c769852f3431c2d8fbcab3faea9329158d69baeed8464b92a173c70277e0c5f0
