[INFO] fetching crate conxian-core 0.1.4...
[INFO] testing conxian-core-0.1.4 against 1.99.0-beta.8+cargoflags=--release for beta-release-1.100-2
[INFO] extracting crate conxian-core 0.1.4 into /workspace/builds/worker-2-tc1/source
[INFO] started tweaking crates.io crate conxian-core 0.1.4
[INFO] finished tweaking crates.io crate conxian-core 0.1.4
[INFO] tweaked toml for crates.io crate conxian-core 0.1.4 written to /workspace/builds/worker-2-tc1/source/Cargo.toml
[INFO] validating manifest of crates.io crate conxian-core 0.1.4 on toolchain 1.99.0-beta.8
[INFO] running `Command { std: CARGO_HOME="/workspace/cargo-home" RUSTUP_HOME="/workspace/rustup-home" "/workspace/cargo-home/bin/cargo" "+1.99.0-beta.8" "metadata" "--manifest-path" "Cargo.toml" "--no-deps", kill_on_drop: false }`
[INFO] crate crates.io crate conxian-core 0.1.4 already has a lockfile, it will not be regenerated
[INFO] running `Command { std: CARGO_HOME="/workspace/cargo-home" RUSTUP_HOME="/workspace/rustup-home" "/workspace/cargo-home/bin/cargo" "+1.99.0-beta.8" "fetch" "--manifest-path" "Cargo.toml", kill_on_drop: false }`
[INFO] [stderr]  Downloading crates ...
[INFO] [stderr]   Downloaded hashlink v0.12.0
[INFO] [stderr]   Downloaded rsqlite-vfs v0.1.1
[INFO] [stderr]   Downloaded rusqlite v0.40.1
[INFO] [stderr]   Downloaded libsqlite3-sys v0.38.1
[INFO] [stderr]   Downloaded sqlite-wasm-rs v0.5.5
[INFO] running `Command { std: "docker" "create" "-v" "/var/lib/crater-agent-workspace/builds/worker-2-tc1/source:/opt/rustwide/workdir:ro,Z" "-v" "/var/lib/crater-agent-workspace/builds/worker-2-tc1/target:/opt/rustwide/target:rw,Z" "-v" "/var/lib/crater-agent-workspace/cargo-home:/opt/rustwide/cargo-home:ro,Z" "-v" "/var/lib/crater-agent-workspace/rustup-home:/opt/rustwide/rustup-home:ro,Z" "-m" "1610612736" "--network" "none" "ghcr.io/rust-lang/crates-build-env/linux@sha256:77db811e55d90add9212f6832c23229e3de5f1c1f9905e8cb07319ea15df73ac" "sleep" "infinity", kill_on_drop: false }`
[INFO] [stdout] 287faa5aa3177e4270f08e7f55f57435616b4559b03e628d54540b89c2832a7b
[INFO] running `Command { std: "docker" "start" "287faa5aa3177e4270f08e7f55f57435616b4559b03e628d54540b89c2832a7b", kill_on_drop: false }`
[INFO] running `Command { std: "docker" "inspect" "287faa5aa3177e4270f08e7f55f57435616b4559b03e628d54540b89c2832a7b", kill_on_drop: false }`
[INFO] running `Command { std: "docker" "exec" "-e" "SOURCE_DIR=/opt/rustwide/workdir" "-e" "CARGO_HOME=/opt/rustwide/cargo-home" "-e" "RUSTUP_HOME=/opt/rustwide/rustup-home" "-e" "CARGO_TARGET_DIR=/opt/rustwide/target" "-w" "/opt/rustwide/workdir" "--user" "0:0" "287faa5aa3177e4270f08e7f55f57435616b4559b03e628d54540b89c2832a7b" "/opt/rustwide/cargo-home/bin/cargo" "+1.99.0-beta.8" "metadata" "--no-deps" "--format-version=1", kill_on_drop: false }`
[INFO] running `Command { std: "docker" "inspect" "287faa5aa3177e4270f08e7f55f57435616b4559b03e628d54540b89c2832a7b", kill_on_drop: false }`
[INFO] running `Command { std: "docker" "exec" "-e" "SOURCE_DIR=/opt/rustwide/workdir" "-e" "CARGO_HOME=/opt/rustwide/cargo-home" "-e" "RUSTUP_HOME=/opt/rustwide/rustup-home" "-e" "CARGO_TARGET_DIR=/opt/rustwide/target" "-e" "CARGO_INCREMENTAL=0" "-e" "RUST_BACKTRACE=full" "-e" "RUSTFLAGS=--cap-lints=warn" "-e" "RUSTDOCFLAGS=--cap-lints=warn" "-w" "/opt/rustwide/workdir" "--user" "0:0" "287faa5aa3177e4270f08e7f55f57435616b4559b03e628d54540b89c2832a7b" "/opt/rustwide/cargo-home/bin/cargo" "+1.99.0-beta.8" "build" "--frozen" "--message-format=json" "--release", kill_on_drop: false }`
[INFO] [stderr]    Compiling libc v0.2.186
[INFO] [stderr]    Compiling typenum v1.20.1
[INFO] [stderr]    Compiling cc v1.2.66
[INFO] [stderr]    Compiling num-traits v0.2.19
[INFO] [stderr]    Compiling serde_json v1.0.150
[INFO] [stderr]    Compiling hashbrown v0.17.1
[INFO] [stderr]    Compiling memchr v2.8.2
[INFO] [stderr]    Compiling smallvec v1.15.2
[INFO] [stderr]    Compiling bitflags v2.13.0
[INFO] [stderr]    Compiling syn v2.0.118
[INFO] [stderr]    Compiling generic-array v0.14.7
[INFO] [stderr]    Compiling hashlink v0.12.0
[INFO] [stderr]    Compiling libsqlite3-sys v0.38.1
[INFO] [stderr]    Compiling getrandom v0.2.17
[INFO] [stderr]    Compiling getrandom v0.4.3
[INFO] [stderr]    Compiling uuid v1.23.4
[INFO] [stderr]    Compiling rand_core v0.6.4
[INFO] [stderr]    Compiling crypto-common v0.1.7
[INFO] [stderr]    Compiling inout v0.1.4
[INFO] [stderr]    Compiling universal-hash v0.5.1
[INFO] [stderr]    Compiling aead v0.5.2
[INFO] [stderr]    Compiling cipher v0.4.4
[INFO] [stderr]    Compiling polyval v0.6.2
[INFO] [stderr]    Compiling ghash v0.5.1
[INFO] [stderr]    Compiling ctr v0.9.2
[INFO] [stderr]    Compiling aes v0.8.4
[INFO] [stderr]    Compiling aes-gcm v0.10.3
[INFO] [stderr]    Compiling serde_derive v1.0.228
[INFO] [stderr]    Compiling thiserror-impl v2.0.18
[INFO] [stderr]    Compiling tracing-attributes v0.1.31
[INFO] [stderr]    Compiling async-trait v0.1.89
[INFO] [stderr]    Compiling tracing v0.1.44
[INFO] [stderr]    Compiling thiserror v2.0.18
[INFO] [stderr]    Compiling serde v1.0.228
[INFO] [stderr]    Compiling chrono v0.4.45
[INFO] [stderr]    Compiling rusqlite v0.40.1
[INFO] [stderr]    Compiling conxian-core v0.1.4 (/opt/rustwide/workdir)
[INFO] [stderr]     Finished `release` profile [optimized] target(s) in 1m 43s
[INFO] running `Command { std: "docker" "inspect" "287faa5aa3177e4270f08e7f55f57435616b4559b03e628d54540b89c2832a7b", kill_on_drop: false }`
[INFO] running `Command { std: "docker" "exec" "-e" "SOURCE_DIR=/opt/rustwide/workdir" "-e" "CARGO_HOME=/opt/rustwide/cargo-home" "-e" "RUSTUP_HOME=/opt/rustwide/rustup-home" "-e" "CARGO_TARGET_DIR=/opt/rustwide/target" "-e" "CARGO_INCREMENTAL=0" "-e" "RUST_BACKTRACE=full" "-e" "RUSTFLAGS=--cap-lints=warn" "-e" "RUSTDOCFLAGS=--cap-lints=warn" "-w" "/opt/rustwide/workdir" "--user" "0:0" "287faa5aa3177e4270f08e7f55f57435616b4559b03e628d54540b89c2832a7b" "/opt/rustwide/cargo-home/bin/cargo" "+1.99.0-beta.8" "test" "--frozen" "--no-run" "--message-format=json" "--release", kill_on_drop: false }`
[INFO] [stderr]    Compiling conxian-core v0.1.4 (/opt/rustwide/workdir)
[INFO] [stderr]     Finished `release` profile [optimized] target(s) in 4.71s
[INFO] running `Command { std: "docker" "inspect" "287faa5aa3177e4270f08e7f55f57435616b4559b03e628d54540b89c2832a7b", kill_on_drop: false }`
[INFO] running `Command { std: "docker" "exec" "-e" "SOURCE_DIR=/opt/rustwide/workdir" "-e" "CARGO_HOME=/opt/rustwide/cargo-home" "-e" "RUSTUP_HOME=/opt/rustwide/rustup-home" "-e" "CARGO_TARGET_DIR=/opt/rustwide/target" "-e" "CARGO_INCREMENTAL=0" "-e" "RUST_BACKTRACE=full" "-e" "RUSTFLAGS=--cap-lints=warn" "-e" "RUSTDOCFLAGS=--cap-lints=warn" "-w" "/opt/rustwide/workdir" "--user" "0:0" "287faa5aa3177e4270f08e7f55f57435616b4559b03e628d54540b89c2832a7b" "/opt/rustwide/cargo-home/bin/cargo" "+1.99.0-beta.8" "test" "--frozen" "--release", kill_on_drop: false }`
[INFO] [stderr]     Finished `release` profile [optimized] target(s) in 0.06s
[INFO] [stderr]      Running unittests src/lib.rs (/opt/rustwide/target/release/deps/conxian_core-0892a17617154ce5)
[INFO] [stdout] 
[INFO] [stdout] running 16 tests
[INFO] [stdout] test lightning::tests::test_payment_state_error_display ... ok
[INFO] [stdout] test lightning::tests::test_stuck_recovery_transitions ... ok
[INFO] [stdout] test trust_policy::tests::missing_metadata_fails_closed ... ok
[INFO] [stdout] test lightning::tests::test_payment_event_model ... ok
[INFO] [stdout] test trust_policy::tests::t2_allows_supported_systems ... ok
[INFO] [stdout] test trust_policy::tests::t1_allows_ibc_only ... ok
[INFO] [stdout] test trust_policy::tests::t3_allows_ibc_when_explicitly_listed ... ok
[INFO] [stdout] test lightning::tests::test_payment_state_transitions ... ok
[INFO] [stdout] test lightning::tests::test_display_implementations ... ok
[INFO] [stdout] test lightning::tests::test_failure_taxonomy_serialization ... ok
[INFO] [stdout] test trust_policy::tests::invalid_metadata_fails_closed ... ok
[INFO] [stdout] test trust_policy::tests::stale_metadata_fails_closed ... ok
[INFO] [stdout] test trust_policy::tests::t3_blocks_ibc_by_default ... ok
[INFO] [stdout] test persistence::tests::claim_replay_key_rejects_duplicate_until_expiry ... FAILED
[INFO] [stdout] test persistence::tests::claim_replay_key_allows_distinct_keys ... FAILED
[INFO] [stdout] test trust_policy::tests::t4_is_always_blocked ... ok
[INFO] [stdout] 
[INFO] [stdout] failures:
[INFO] [stdout] 
[INFO] [stdout] ---- persistence::tests::claim_replay_key_rejects_duplicate_until_expiry stdout ----
[INFO] [stdout] 
[INFO] [stdout] thread 'persistence::tests::claim_replay_key_rejects_duplicate_until_expiry' (822) panicked at src/persistence.rs:252:69:
[INFO] [stdout] called `Result::unwrap()` on an `Err` value: Io("Failed to open SQLite: unable to open database file: replay_claim_1792305261351765390.db")
[INFO] [stdout] stack backtrace:
[INFO] [stdout]    0:     0x5b6458ec5931 - <<std[70759c8f55707aa4]::sys::backtrace::BacktraceLock>::print::DisplayBacktrace as core[df12db4294e9bfd3]::fmt::Display>::fmt
[INFO] [stdout]    1:     0x5b6458eda7da - core[df12db4294e9bfd3]::fmt::write
[INFO] [stdout]    2:     0x5b6458ec9dec - <alloc[2182bb758b4b3781]::vec::Vec<u8> as core[df12db4294e9bfd3]::io::write::Write>::write_fmt
[INFO] [stdout]    3:     0x5b6458ea1d96 - std[70759c8f55707aa4]::panicking::default_hook::{closure#0}
[INFO] [stdout]    4:     0x5b6458ebdf09 - std[70759c8f55707aa4]::panicking::default_hook
[INFO] [stdout]    5:     0x5b6458cae890 - test[9d35eded1c95d3be]::test_main_inner::<test[9d35eded1c95d3be]::test_main_static::{closure#0}>::{closure#0}
[INFO] [stdout]    6:     0x5b6458ebe0c2 - std[70759c8f55707aa4]::panicking::panic_with_hook
[INFO] [stdout]    7:     0x5b6458ea1e42 - std[70759c8f55707aa4]::panicking::panic_handler::{closure#0}
[INFO] [stdout]    8:     0x5b6458e9ab19 - std[70759c8f55707aa4]::sys::backtrace::__rust_end_short_backtrace::<std[70759c8f55707aa4]::panicking::panic_handler::{closure#0}, !>
[INFO] [stdout]    9:     0x5b6458ea2a3d - __rustc[8fa7c3cbc660c2b3]::rust_begin_unwind
[INFO] [stdout]   10:     0x5b6458edaf3c - core[df12db4294e9bfd3]::panicking::panic_fmt
[INFO] [stdout]   11:     0x5b6458edad12 - core[df12db4294e9bfd3]::result::unwrap_failed
[INFO] [stdout]   12:     0x5b6458c953a5 - conxian_core[53c9ab812401a461]::persistence::tests::claim_replay_key_rejects_duplicate_until_expiry
[INFO] [stdout]   13:     0x5b6458c97a29 - <conxian_core[53c9ab812401a461]::persistence::tests::claim_replay_key_rejects_duplicate_until_expiry::{closure#0} as core[df12db4294e9bfd3]::ops::function::FnOnce<()>>::call_once
[INFO] [stdout]   14:     0x5b6458ca1b7b - test[9d35eded1c95d3be]::__rust_begin_short_backtrace::<core[df12db4294e9bfd3]::result::Result<(), alloc[2182bb758b4b3781]::string::String>, fn() -> core[df12db4294e9bfd3]::result::Result<(), alloc[2182bb758b4b3781]::string::String>>
[INFO] [stdout]   15:     0x5b6458caf1e5 - test[9d35eded1c95d3be]::run_test::{closure#0}
[INFO] [stdout]   16:     0x5b6458ca8aa4 - std[70759c8f55707aa4]::sys::backtrace::__rust_begin_short_backtrace::<test[9d35eded1c95d3be]::run_test::{closure#1}, ()>
[INFO] [stdout]   17:     0x5b6458cb2342 - <std[70759c8f55707aa4]::thread::lifecycle::spawn_unchecked<test[9d35eded1c95d3be]::run_test::{closure#1}, ()>::{closure#1} as core[df12db4294e9bfd3]::ops::function::FnOnce<()>>::call_once::{shim:vtable#0}
[INFO] [stdout]   18:     0x5b6458ec5209 - <std[70759c8f55707aa4]::sys::thread::unix::Thread>::new::thread_start
[INFO] [stdout]   19:     0x7010ac0d5dfa - <unknown>
[INFO] [stdout]   20:     0x7010ac1693d4 - clone
[INFO] [stdout]   21:                0x0 - <unknown>
[INFO] [stdout] 
[INFO] [stdout] ---- persistence::tests::claim_replay_key_allows_distinct_keys stdout ----
[INFO] [stdout] 
[INFO] [stdout] thread 'persistence::tests::claim_replay_key_allows_distinct_keys' (821) panicked at src/persistence.rs:266:69:
[INFO] [stdout] called `Result::unwrap()` on an `Err` value: Io("Failed to open SQLite: unable to open database file: replay_distinct_1792305261353507840.db")
[INFO] [stdout] stack backtrace:
[INFO] [stdout]    0:     0x5b6458ec5931 - <<std[70759c8f55707aa4]::sys::backtrace::BacktraceLock>::print::DisplayBacktrace as core[df12db4294e9bfd3]::fmt::Display>::fmt
[INFO] [stdout]    1:     0x5b6458eda7da - core[df12db4294e9bfd3]::fmt::write
[INFO] [stdout]    2:     0x5b6458ec9dec - <alloc[2182bb758b4b3781]::vec::Vec<u8> as core[df12db4294e9bfd3]::io::write::Write>::write_fmt
[INFO] [stdout]    3:     0x5b6458ea1d96 - std[70759c8f55707aa4]::panicking::default_hook::{closure#0}
[INFO] [stdout]    4:     0x5b6458ebdf09 - std[70759c8f55707aa4]::panicking::default_hook
[INFO] [stdout]    5:     0x5b6458cae890 - test[9d35eded1c95d3be]::test_main_inner::<test[9d35eded1c95d3be]::test_main_static::{closure#0}>::{closure#0}
[INFO] [stdout]    6:     0x5b6458ebe0c2 - std[70759c8f55707aa4]::panicking::panic_with_hook
[INFO] [stdout]    7:     0x5b6458ea1e42 - std[70759c8f55707aa4]::panicking::panic_handler::{closure#0}
[INFO] [stdout]    8:     0x5b6458e9ab19 - std[70759c8f55707aa4]::sys::backtrace::__rust_end_short_backtrace::<std[70759c8f55707aa4]::panicking::panic_handler::{closure#0}, !>
[INFO] [stdout]    9:     0x5b6458ea2a3d - __rustc[8fa7c3cbc660c2b3]::rust_begin_unwind
[INFO] [stdout]   10:     0x5b6458edaf3c - core[df12db4294e9bfd3]::panicking::panic_fmt
[INFO] [stdout]   11:     0x5b6458edad12 - core[df12db4294e9bfd3]::result::unwrap_failed
[INFO] [stdout]   12:     0x5b6458c9503d - conxian_core[53c9ab812401a461]::persistence::tests::claim_replay_key_allows_distinct_keys
[INFO] [stdout]   13:     0x5b6458c97a09 - <conxian_core[53c9ab812401a461]::persistence::tests::claim_replay_key_allows_distinct_keys::{closure#0} as core[df12db4294e9bfd3]::ops::function::FnOnce<()>>::call_once
[INFO] [stdout]   14:     0x5b6458ca1b7b - test[9d35eded1c95d3be]::__rust_begin_short_backtrace::<core[df12db4294e9bfd3]::result::Result<(), alloc[2182bb758b4b3781]::string::String>, fn() -> core[df12db4294e9bfd3]::result::Result<(), alloc[2182bb758b4b3781]::string::String>>
[INFO] [stdout]   15:     0x5b6458caf1e5 - test[9d35eded1c95d3be]::run_test::{closure#0}
[INFO] [stdout]   16:     0x5b6458ca8aa4 - std[70759c8f55707aa4]::sys::backtrace::__rust_begin_short_backtrace::<test[9d35eded1c95d3be]::run_test::{closure#1}, ()>
[INFO] [stdout]   17:     0x5b6458cb2342 - <std[70759c8f55707aa4]::thread::lifecycle::spawn_unchecked<test[9d35eded1c95d3be]::run_test::{closure#1}, ()>::{closure#1} as core[df12db4294e9bfd3]::ops::function::FnOnce<()>>::call_once::{shim:vtable#0}
[INFO] [stdout]   18:     0x5b6458ec5209 - <std[70759c8f55707aa4]::sys::thread::unix::Thread>::new::thread_start
[INFO] [stdout]   19:     0x7010ac0d5dfa - <unknown>
[INFO] [stdout]   20:     0x7010ac1693d4 - clone
[INFO] [stdout]   21:                0x0 - <unknown>
[INFO] [stdout] 
[INFO] [stdout] 
[INFO] [stdout] failures:
[INFO] [stdout]     persistence::tests::claim_replay_key_allows_distinct_keys
[INFO] [stdout]     persistence::tests::claim_replay_key_rejects_duplicate_until_expiry
[INFO] [stdout] 
[INFO] [stdout] test result: FAILED. 14 passed; 2 failed; 0 ignored; 0 measured; 0 filtered out; finished in 0.01s
[INFO] [stdout] 
[INFO] [stderr] error: test failed, to rerun pass `--lib`
[INFO] running `Command { std: "docker" "inspect" "287faa5aa3177e4270f08e7f55f57435616b4559b03e628d54540b89c2832a7b", kill_on_drop: false }`
[INFO] running `Command { std: "docker" "rm" "-f" "287faa5aa3177e4270f08e7f55f57435616b4559b03e628d54540b89c2832a7b", kill_on_drop: false }`
[INFO] [stdout] 287faa5aa3177e4270f08e7f55f57435616b4559b03e628d54540b89c2832a7b
