[INFO] fetching crate convexhull3d 0.5.0...
[INFO] testing convexhull3d-0.5.0 against 1.100.0-beta.1+cargoflags=--release for beta-release-1.100-2
[INFO] extracting crate convexhull3d 0.5.0 into /workspace/builds/worker-0-tc2/source
[INFO] started tweaking crates.io crate convexhull3d 0.5.0
[INFO] removed 0 missing tests
[INFO] finished tweaking crates.io crate convexhull3d 0.5.0
[INFO] tweaked toml for crates.io crate convexhull3d 0.5.0 written to /workspace/builds/worker-0-tc2/source/Cargo.toml
[INFO] validating manifest of crates.io crate convexhull3d 0.5.0 on toolchain 1.100.0-beta.1
[INFO] running `Command { std: CARGO_HOME="/workspace/cargo-home" RUSTUP_HOME="/workspace/rustup-home" "/workspace/cargo-home/bin/cargo" "+1.100.0-beta.1" "metadata" "--manifest-path" "Cargo.toml" "--no-deps", kill_on_drop: false }`
[INFO] crate crates.io crate convexhull3d 0.5.0 already has a lockfile, it will not be regenerated
[INFO] running `Command { std: CARGO_HOME="/workspace/cargo-home" RUSTUP_HOME="/workspace/rustup-home" "/workspace/cargo-home/bin/cargo" "+1.100.0-beta.1" "fetch" "--manifest-path" "Cargo.toml", kill_on_drop: false }`
[INFO] running `Command { std: "docker" "create" "-v" "/var/lib/crater-agent-workspace/builds/worker-0-tc2/source:/opt/rustwide/workdir:ro,Z" "-v" "/var/lib/crater-agent-workspace/builds/worker-0-tc2/target:/opt/rustwide/target:rw,Z" "-v" "/var/lib/crater-agent-workspace/cargo-home:/opt/rustwide/cargo-home:ro,Z" "-v" "/var/lib/crater-agent-workspace/rustup-home:/opt/rustwide/rustup-home:ro,Z" "-m" "1610612736" "--network" "none" "ghcr.io/rust-lang/crates-build-env/linux@sha256:77db811e55d90add9212f6832c23229e3de5f1c1f9905e8cb07319ea15df73ac" "sleep" "infinity", kill_on_drop: false }`
[INFO] [stdout] f47de2a4ba5042e79ede8c8f01d8c3278765715654cc38ba91d068925e3831ad
[INFO] running `Command { std: "docker" "start" "f47de2a4ba5042e79ede8c8f01d8c3278765715654cc38ba91d068925e3831ad", kill_on_drop: false }`
[INFO] running `Command { std: "docker" "inspect" "f47de2a4ba5042e79ede8c8f01d8c3278765715654cc38ba91d068925e3831ad", kill_on_drop: false }`
[INFO] running `Command { std: "docker" "exec" "-e" "SOURCE_DIR=/opt/rustwide/workdir" "-e" "CARGO_HOME=/opt/rustwide/cargo-home" "-e" "RUSTUP_HOME=/opt/rustwide/rustup-home" "-e" "CARGO_TARGET_DIR=/opt/rustwide/target" "-w" "/opt/rustwide/workdir" "--user" "0:0" "f47de2a4ba5042e79ede8c8f01d8c3278765715654cc38ba91d068925e3831ad" "/opt/rustwide/cargo-home/bin/cargo" "+1.100.0-beta.1" "metadata" "--no-deps" "--format-version=1", kill_on_drop: false }`
[INFO] running `Command { std: "docker" "inspect" "f47de2a4ba5042e79ede8c8f01d8c3278765715654cc38ba91d068925e3831ad", kill_on_drop: false }`
[INFO] running `Command { std: "docker" "exec" "-e" "SOURCE_DIR=/opt/rustwide/workdir" "-e" "CARGO_HOME=/opt/rustwide/cargo-home" "-e" "RUSTUP_HOME=/opt/rustwide/rustup-home" "-e" "CARGO_TARGET_DIR=/opt/rustwide/target" "-e" "CARGO_INCREMENTAL=0" "-e" "RUST_BACKTRACE=full" "-e" "RUSTFLAGS=--cap-lints=warn" "-e" "RUSTDOCFLAGS=--cap-lints=warn" "-w" "/opt/rustwide/workdir" "--user" "0:0" "f47de2a4ba5042e79ede8c8f01d8c3278765715654cc38ba91d068925e3831ad" "/opt/rustwide/cargo-home/bin/cargo" "+1.100.0-beta.1" "build" "--frozen" "--message-format=json" "--release", kill_on_drop: false }`
[INFO] [stderr]    Compiling libc v0.2.177
[INFO] [stderr]    Compiling syn v2.0.110
[INFO] [stderr]    Compiling matrixmultiply v0.3.10
[INFO] [stderr]    Compiling serde v1.0.228
[INFO] [stderr]    Compiling rawpointer v0.2.1
[INFO] [stderr]    Compiling log v0.4.28
[INFO] [stderr]    Compiling ppv-lite86 v0.2.21
[INFO] [stderr]    Compiling num-integer v0.1.46
[INFO] [stderr]    Compiling num-complex v0.4.6
[INFO] [stderr]    Compiling serde_json v1.0.145
[INFO] [stderr]    Compiling getrandom v0.3.4
[INFO] [stderr]    Compiling rand_core v0.9.3
[INFO] [stderr]    Compiling rand_chacha v0.9.0
[INFO] [stderr]    Compiling rand v0.9.2
[INFO] [stderr]    Compiling serde_derive v1.0.228
[INFO] [stderr]    Compiling thiserror-impl v2.0.17
[INFO] [stderr]    Compiling thiserror v2.0.17
[INFO] [stderr]    Compiling ndarray v0.16.1
[INFO] [stderr]    Compiling convexhull3d v0.5.0 (/opt/rustwide/workdir)
[INFO] [stdout] warning: use of deprecated function `rand::thread_rng`: Renamed to `rng`
[INFO] [stdout]   --> src/types.rs:97:29
[INFO] [stdout]    |
[INFO] [stdout] 97 |         let mut rng = rand::thread_rng();
[INFO] [stdout]    |                             ^^^^^^^^^^
[INFO] [stdout]    |
[INFO] [stdout]    = note: `#[warn(deprecated)]` on by default
[INFO] [stdout] 
[INFO] [stdout] 
[INFO] [stdout] warning: use of deprecated function `rand::thread_rng`: Renamed to `rng`
[INFO] [stdout]   --> src/testdata.rs:14:25
[INFO] [stdout]    |
[INFO] [stdout] 14 |     let mut rng = rand::thread_rng();
[INFO] [stdout]    |                         ^^^^^^^^^^
[INFO] [stdout] 
[INFO] [stdout] 
[INFO] [stdout] warning: use of deprecated function `rand::thread_rng`: Renamed to `rng`
[INFO] [stdout]   --> src/testdata.rs:80:25
[INFO] [stdout]    |
[INFO] [stdout] 80 |     let mut rng = rand::thread_rng();
[INFO] [stdout]    |                         ^^^^^^^^^^
[INFO] [stdout] 
[INFO] [stdout] 
[INFO] [stdout] warning: function `det3` is never used
[INFO] [stdout]  --> src/geometry.rs:6:8
[INFO] [stdout]   |
[INFO] [stdout] 6 | pub fn det3(a: &[f64; 3], b: &[f64; 3], c: &[f64; 3]) -> f64 {
[INFO] [stdout]   |        ^^^^
[INFO] [stdout]   |
[INFO] [stdout]   = note: `#[warn(dead_code)]` (part of `#[warn(unused)]`) on by default
[INFO] [stdout] 
[INFO] [stdout] 
[INFO] [stdout] warning: function `furthest_point_from_plane` is never used
[INFO] [stdout]   --> src/geometry.rs:26:8
[INFO] [stdout]    |
[INFO] [stdout] 26 | pub fn furthest_point_from_plane(
[INFO] [stdout]    |        ^^^^^^^^^^^^^^^^^^^^^^^^^
[INFO] [stdout] 
[INFO] [stdout] 
[INFO] [stdout] warning: function `centroid` is never used
[INFO] [stdout]   --> src/geometry.rs:83:8
[INFO] [stdout]    |
[INFO] [stdout] 83 | pub fn centroid(vertices: &[Vertex]) -> Vertex {
[INFO] [stdout]    |        ^^^^^^^^
[INFO] [stdout] 
[INFO] [stdout] 
[INFO] [stdout] warning: field `centroid` is never read
[INFO] [stdout]   --> src/quickhull.rs:19:5
[INFO] [stdout]    |
[INFO] [stdout] 16 | struct HullFace {
[INFO] [stdout]    |        -------- field in this struct
[INFO] [stdout] ...
[INFO] [stdout] 19 |     centroid: Vertex,
[INFO] [stdout]    |     ^^^^^^^^
[INFO] [stdout]    |
[INFO] [stdout]    = note: `HullFace` has derived impls for the traits `Clone` and `Debug`, but these are intentionally ignored during dead code analysis
[INFO] [stdout] 
[INFO] [stdout] 
[INFO] [stderr] warning: unused dependency `ndarray`
[INFO] [stderr]  --> Cargo.toml:4:15
[INFO] [stderr]   |
[INFO] [stderr] 4 | [dependencies.ndarray]
[INFO] [stderr]   |               ^^^^^^^^
[INFO] [stderr]   |
[INFO] [stderr]   = note: `cargo::unused_dependencies` is set to `warn` by default
[INFO] [stderr] help: consider removing the dependency on `ndarray`
[INFO] [stderr] warning: unused dependency `serde_json`
[INFO] [stderr]   --> Cargo.toml:16:15
[INFO] [stderr]    |
[INFO] [stderr] 16 | [dependencies.serde_json]
[INFO] [stderr]    |               ^^^^^^^^^^^
[INFO] [stderr]    |
[INFO] [stderr] help: consider removing the dependency on `serde_json`
[INFO] [stderr] warning: `convexhull3d` (manifest) generated 2 warnings
[INFO] [stderr]     Finished `release` profile [optimized] target(s) in 17.38s
[INFO] running `Command { std: "docker" "inspect" "f47de2a4ba5042e79ede8c8f01d8c3278765715654cc38ba91d068925e3831ad", kill_on_drop: false }`
[INFO] running `Command { std: "docker" "exec" "-e" "SOURCE_DIR=/opt/rustwide/workdir" "-e" "CARGO_HOME=/opt/rustwide/cargo-home" "-e" "RUSTUP_HOME=/opt/rustwide/rustup-home" "-e" "CARGO_TARGET_DIR=/opt/rustwide/target" "-e" "CARGO_INCREMENTAL=0" "-e" "RUST_BACKTRACE=full" "-e" "RUSTFLAGS=--cap-lints=warn" "-e" "RUSTDOCFLAGS=--cap-lints=warn" "-w" "/opt/rustwide/workdir" "--user" "0:0" "f47de2a4ba5042e79ede8c8f01d8c3278765715654cc38ba91d068925e3831ad" "/opt/rustwide/cargo-home/bin/cargo" "+1.100.0-beta.1" "test" "--frozen" "--no-run" "--message-format=json" "--release", kill_on_drop: false }`
[INFO] [stderr]    Compiling rustix v1.1.2
[INFO] [stderr]    Compiling once_cell v1.21.3
[INFO] [stdout] warning: use of deprecated function `rand::thread_rng`: Renamed to `rng`
[INFO] [stdout]   --> src/types.rs:97:29
[INFO] [stdout]    |
[INFO] [stdout] 97 |         let mut rng = rand::thread_rng();
[INFO] [stdout]    |                             ^^^^^^^^^^
[INFO] [stdout]    |
[INFO] [stdout]    = note: `#[warn(deprecated)]` on by default
[INFO] [stdout] 
[INFO] [stdout] 
[INFO] [stdout] warning: use of deprecated function `rand::thread_rng`: Renamed to `rng`
[INFO] [stdout]   --> src/testdata.rs:14:25
[INFO] [stdout]    |
[INFO] [stdout] 14 |     let mut rng = rand::thread_rng();
[INFO] [stdout]    |                         ^^^^^^^^^^
[INFO] [stdout] 
[INFO] [stdout] 
[INFO] [stdout] warning: use of deprecated function `rand::thread_rng`: Renamed to `rng`
[INFO] [stdout]   --> src/testdata.rs:80:25
[INFO] [stdout]    |
[INFO] [stdout] 80 |     let mut rng = rand::thread_rng();
[INFO] [stdout]    |                         ^^^^^^^^^^
[INFO] [stdout] 
[INFO] [stdout] 
[INFO] [stdout] warning: function `det3` is never used
[INFO] [stdout]  --> src/geometry.rs:6:8
[INFO] [stdout]   |
[INFO] [stdout] 6 | pub fn det3(a: &[f64; 3], b: &[f64; 3], c: &[f64; 3]) -> f64 {
[INFO] [stdout]   |        ^^^^
[INFO] [stdout]   |
[INFO] [stdout]   = note: `#[warn(dead_code)]` (part of `#[warn(unused)]`) on by default
[INFO] [stdout] 
[INFO] [stdout] 
[INFO] [stdout] warning: function `furthest_point_from_plane` is never used
[INFO] [stdout]   --> src/geometry.rs:26:8
[INFO] [stdout]    |
[INFO] [stdout] 26 | pub fn furthest_point_from_plane(
[INFO] [stdout]    |        ^^^^^^^^^^^^^^^^^^^^^^^^^
[INFO] [stdout] 
[INFO] [stdout] 
[INFO] [stdout] warning: function `centroid` is never used
[INFO] [stdout]   --> src/geometry.rs:83:8
[INFO] [stdout]    |
[INFO] [stdout] 83 | pub fn centroid(vertices: &[Vertex]) -> Vertex {
[INFO] [stdout]    |        ^^^^^^^^
[INFO] [stdout] 
[INFO] [stdout] 
[INFO] [stdout] warning: field `centroid` is never read
[INFO] [stdout]   --> src/quickhull.rs:19:5
[INFO] [stdout]    |
[INFO] [stdout] 16 | struct HullFace {
[INFO] [stdout]    |        -------- field in this struct
[INFO] [stdout] ...
[INFO] [stdout] 19 |     centroid: Vertex,
[INFO] [stdout]    |     ^^^^^^^^
[INFO] [stdout]    |
[INFO] [stdout]    = note: `HullFace` has derived impls for the traits `Clone` and `Debug`, but these are intentionally ignored during dead code analysis
[INFO] [stdout] 
[INFO] [stdout] 
[INFO] [stderr]    Compiling tempfile v3.23.0
[INFO] [stderr]    Compiling convexhull3d v0.5.0 (/opt/rustwide/workdir)
[INFO] [stdout] warning: use of deprecated function `rand::thread_rng`: Renamed to `rng`
[INFO] [stdout]   --> src/types.rs:97:29
[INFO] [stdout]    |
[INFO] [stdout] 97 |         let mut rng = rand::thread_rng();
[INFO] [stdout]    |                             ^^^^^^^^^^
[INFO] [stdout]    |
[INFO] [stdout]    = note: `#[warn(deprecated)]` on by default
[INFO] [stdout] 
[INFO] [stdout] 
[INFO] [stdout] warning: use of deprecated function `rand::thread_rng`: Renamed to `rng`
[INFO] [stdout]   --> src/testdata.rs:14:25
[INFO] [stdout]    |
[INFO] [stdout] 14 |     let mut rng = rand::thread_rng();
[INFO] [stdout]    |                         ^^^^^^^^^^
[INFO] [stdout] 
[INFO] [stdout] 
[INFO] [stdout] warning: use of deprecated function `rand::thread_rng`: Renamed to `rng`
[INFO] [stdout]   --> src/testdata.rs:80:25
[INFO] [stdout]    |
[INFO] [stdout] 80 |     let mut rng = rand::thread_rng();
[INFO] [stdout]    |                         ^^^^^^^^^^
[INFO] [stdout] 
[INFO] [stdout] 
[INFO] [stdout] warning: function `det3` is never used
[INFO] [stdout]  --> src/geometry.rs:6:8
[INFO] [stdout]   |
[INFO] [stdout] 6 | pub fn det3(a: &[f64; 3], b: &[f64; 3], c: &[f64; 3]) -> f64 {
[INFO] [stdout]   |        ^^^^
[INFO] [stdout]   |
[INFO] [stdout]   = note: `#[warn(dead_code)]` (part of `#[warn(unused)]`) on by default
[INFO] [stdout] 
[INFO] [stdout] 
[INFO] [stdout] warning: function `furthest_point_from_plane` is never used
[INFO] [stdout]   --> src/geometry.rs:26:8
[INFO] [stdout]    |
[INFO] [stdout] 26 | pub fn furthest_point_from_plane(
[INFO] [stdout]    |        ^^^^^^^^^^^^^^^^^^^^^^^^^
[INFO] [stdout] 
[INFO] [stdout] 
[INFO] [stdout] warning: function `centroid` is never used
[INFO] [stdout]   --> src/geometry.rs:83:8
[INFO] [stdout]    |
[INFO] [stdout] 83 | pub fn centroid(vertices: &[Vertex]) -> Vertex {
[INFO] [stdout]    |        ^^^^^^^^
[INFO] [stdout] 
[INFO] [stdout] 
[INFO] [stdout] warning: field `centroid` is never read
[INFO] [stdout]   --> src/quickhull.rs:19:5
[INFO] [stdout]    |
[INFO] [stdout] 16 | struct HullFace {
[INFO] [stdout]    |        -------- field in this struct
[INFO] [stdout] ...
[INFO] [stdout] 19 |     centroid: Vertex,
[INFO] [stdout]    |     ^^^^^^^^
[INFO] [stdout]    |
[INFO] [stdout]    = note: `HullFace` has derived impls for the traits `Clone` and `Debug`, but these are intentionally ignored during dead code analysis
[INFO] [stdout] 
[INFO] [stdout] 
[INFO] [stderr] warning: unused dependency `ndarray`
[INFO] [stderr]  --> Cargo.toml:4:15
[INFO] [stderr]   |
[INFO] [stderr] 4 | [dependencies.ndarray]
[INFO] [stderr]   |               ^^^^^^^^
[INFO] [stderr]   |
[INFO] [stderr]   = note: `cargo::unused_dependencies` is set to `warn` by default
[INFO] [stderr] help: consider removing the dependency on `ndarray`
[INFO] [stderr] warning: unused dependency `serde_json`
[INFO] [stderr]   --> Cargo.toml:16:15
[INFO] [stderr]    |
[INFO] [stderr] 16 | [dependencies.serde_json]
[INFO] [stderr]    |               ^^^^^^^^^^^
[INFO] [stderr]    |
[INFO] [stderr] help: consider removing the dependency on `serde_json`
[INFO] [stderr] warning: `convexhull3d` (manifest) generated 2 warnings
[INFO] [stderr]     Finished `release` profile [optimized] target(s) in 6.14s
[INFO] running `Command { std: "docker" "inspect" "f47de2a4ba5042e79ede8c8f01d8c3278765715654cc38ba91d068925e3831ad", kill_on_drop: false }`
[INFO] running `Command { std: "docker" "exec" "-e" "SOURCE_DIR=/opt/rustwide/workdir" "-e" "CARGO_HOME=/opt/rustwide/cargo-home" "-e" "RUSTUP_HOME=/opt/rustwide/rustup-home" "-e" "CARGO_TARGET_DIR=/opt/rustwide/target" "-e" "CARGO_INCREMENTAL=0" "-e" "RUST_BACKTRACE=full" "-e" "RUSTFLAGS=--cap-lints=warn" "-e" "RUSTDOCFLAGS=--cap-lints=warn" "-w" "/opt/rustwide/workdir" "--user" "0:0" "f47de2a4ba5042e79ede8c8f01d8c3278765715654cc38ba91d068925e3831ad" "/opt/rustwide/cargo-home/bin/cargo" "+1.100.0-beta.1" "test" "--frozen" "--release", kill_on_drop: false }`
[INFO] [stderr] warning: use of deprecated function `rand::thread_rng`: Renamed to `rng`
[INFO] [stderr]   --> src/types.rs:97:29
[INFO] [stderr]    |
[INFO] [stderr] 97 |         let mut rng = rand::thread_rng();
[INFO] [stderr]    |                             ^^^^^^^^^^
[INFO] [stderr]    |
[INFO] [stderr]    = note: `#[warn(deprecated)]` on by default
[INFO] [stderr] 
[INFO] [stderr] warning: use of deprecated function `rand::thread_rng`: Renamed to `rng`
[INFO] [stderr]   --> src/testdata.rs:14:25
[INFO] [stderr]    |
[INFO] [stderr] 14 |     let mut rng = rand::thread_rng();
[INFO] [stderr]    |                         ^^^^^^^^^^
[INFO] [stderr] 
[INFO] [stderr] warning: use of deprecated function `rand::thread_rng`: Renamed to `rng`
[INFO] [stderr]   --> src/testdata.rs:80:25
[INFO] [stderr]    |
[INFO] [stderr] 80 |     let mut rng = rand::thread_rng();
[INFO] [stderr]    |                         ^^^^^^^^^^
[INFO] [stderr] 
[INFO] [stderr] warning: function `det3` is never used
[INFO] [stderr]  --> src/geometry.rs:6:8
[INFO] [stderr]   |
[INFO] [stderr] 6 | pub fn det3(a: &[f64; 3], b: &[f64; 3], c: &[f64; 3]) -> f64 {
[INFO] [stderr]   |        ^^^^
[INFO] [stderr]   |
[INFO] [stderr]   = note: `#[warn(dead_code)]` (part of `#[warn(unused)]`) on by default
[INFO] [stderr] 
[INFO] [stderr] warning: function `furthest_point_from_plane` is never used
[INFO] [stderr]   --> src/geometry.rs:26:8
[INFO] [stderr]    |
[INFO] [stderr] 26 | pub fn furthest_point_from_plane(
[INFO] [stderr]    |        ^^^^^^^^^^^^^^^^^^^^^^^^^
[INFO] [stderr] 
[INFO] [stderr] warning: function `centroid` is never used
[INFO] [stderr]   --> src/geometry.rs:83:8
[INFO] [stderr]    |
[INFO] [stderr] 83 | pub fn centroid(vertices: &[Vertex]) -> Vertex {
[INFO] [stderr]    |        ^^^^^^^^
[INFO] [stderr] 
[INFO] [stderr] warning: field `centroid` is never read
[INFO] [stderr]   --> src/quickhull.rs:19:5
[INFO] [stderr]    |
[INFO] [stderr] 16 | struct HullFace {
[INFO] [stderr]    |        -------- field in this struct
[INFO] [stderr] ...
[INFO] [stderr] 19 |     centroid: Vertex,
[INFO] [stderr]    |     ^^^^^^^^
[INFO] [stderr]    |
[INFO] [stderr]    = note: `HullFace` has derived impls for the traits `Clone` and `Debug`, but these are intentionally ignored during dead code analysis
[INFO] [stderr] 
[INFO] [stderr] warning: `convexhull3d` (lib) generated 7 warnings
[INFO] [stderr] warning: `convexhull3d` (lib test) generated 7 warnings (7 duplicates)
[INFO] [stderr] warning: unused dependency `ndarray`
[INFO] [stderr]  --> Cargo.toml:4:15
[INFO] [stderr]   |
[INFO] [stderr] 4 | [dependencies.ndarray]
[INFO] [stderr]   |               ^^^^^^^^
[INFO] [stderr]   |
[INFO] [stderr]   = note: `cargo::unused_dependencies` is set to `warn` by default
[INFO] [stderr] help: consider removing the dependency on `ndarray`
[INFO] [stderr] warning: unused dependency `serde_json`
[INFO] [stderr]   --> Cargo.toml:16:15
[INFO] [stderr]    |
[INFO] [stderr] 16 | [dependencies.serde_json]
[INFO] [stderr]    |               ^^^^^^^^^^^
[INFO] [stderr]    |
[INFO] [stderr] help: consider removing the dependency on `serde_json`
[INFO] [stderr] warning: `convexhull3d` (manifest) generated 2 warnings
[INFO] [stderr]     Finished `release` profile [optimized] target(s) in 0.06s
[INFO] [stderr]      Running unittests src/lib.rs (/opt/rustwide/target/release/build/convexhull3d/606cc86c3c09a589/out/convexhull3d-606cc86c3c09a589)
[INFO] [stdout] 
[INFO] [stdout] running 8 tests
[INFO] [stdout] test geometry::tests::test_tetrahedron_volume ... ok
[INFO] [stdout] test quickhull::tests::test_insufficient_vertices ... ok
[INFO] [stdout] test quickhull::tests::test_simple_tetrahedron ... ok
[INFO] [stdout] test testdata::tests::test_random_sphere_points ... ok
[INFO] [stdout] test quickhull::tests::test_cube ... ok
[INFO] [stdout] test testdata::tests::test_fibonacci_sphere_points ... ok
[INFO] [stdout] test geometry::tests::test_coplanarity ... ok
[INFO] [stdout] test testdata::tests::test_cube_vertices ... ok
[INFO] [stderr]      Running tests/integration_tests.rs (/opt/rustwide/target/release/build/convexhull3d/a2bc427796d5601c/out/integration_tests-a2bc427796d5601c)
[INFO] [stdout] 
[INFO] [stdout] test result: ok. 8 passed; 0 failed; 0 ignored; 0 measured; 0 filtered out; finished in 0.02s
[INFO] [stdout] 
[INFO] [stdout] 
[INFO] [stdout] running 15 tests
[INFO] [stdout] test test_volume_calculation ... ok
[INFO] [stdout] test test_tetrahedron ... FAILED
[INFO] [stdout] test test_process_all_obj_files ... FAILED
[INFO] [stdout] test test_volume_tetrahedron ... ok
[INFO] [stdout] test test_icosahedron ... FAILED
[INFO] [stdout] test test_surface_area_cube ... ok
[INFO] [stdout] test test_cube ... FAILED
[INFO] [stdout] test test_cube_with_interior_100 ... FAILED
[INFO] [stdout] test test_octahedron ... FAILED
[INFO] [stdout] test test_tdesign_180_sphere ... FAILED
[INFO] [stdout] test test_random_sphere_936 ... FAILED
[INFO] [stdout] test test_cube_with_interior_1000 ... FAILED
[INFO] [stdout] test test_tdesign_840_sphere ... FAILED
[INFO] [stdout] test test_all_tests_summary ... ok
[INFO] [stdout] test test_tdesign_5100_sphere ... FAILED
[INFO] [stdout] 
[INFO] [stdout] failures:
[INFO] [stdout] 
[INFO] [stdout] ---- test_tetrahedron stdout ----
[INFO] [stdout] 
[INFO] [stdout] === Test: tetrahedron ===
[INFO] [stdout] Input vertices: 4
[INFO] [stdout] Output faces: 4
[INFO] [stdout] Output vertices: 4
[INFO] [stdout] Volume: 0.117851
[INFO] [stdout] Surface area: 1.732051
[INFO] [stdout] 
[INFO] [stdout] thread 'test_tetrahedron' (634) panicked at tests/integration_tests.rs:46:37:
[INFO] [stdout] called `Result::unwrap()` on an `Err` value: Os { code: 30, kind: ReadOnlyFilesystem, message: "Read-only file system" }
[INFO] [stdout] stack backtrace:
[INFO] [stdout]    0:     0x5978dd8934d1 - <<std[617be2ca0a6fd877]::sys::backtrace::BacktraceLock>::print::DisplayBacktrace as core[a373ad73a504971]::fmt::Display>::fmt
[INFO] [stdout]    1:     0x5978dd8a84ba - core[a373ad73a504971]::fmt::write
[INFO] [stdout]    2:     0x5978dd8979bc - <alloc[2e1b2a31b91974c5]::vec::Vec<u8> as core[a373ad73a504971]::io::write::Write>::write_fmt
[INFO] [stdout]    3:     0x5978dd86eb16 - std[617be2ca0a6fd877]::panicking::default_hook::{closure#0}
[INFO] [stdout]    4:     0x5978dd88b959 - std[617be2ca0a6fd877]::panicking::default_hook
[INFO] [stdout]    5:     0x5978dd81cf90 - test[aada8e7e76ba119b]::test_main_inner::{closure#0}
[INFO] [stdout]    6:     0x5978dd88bb12 - std[617be2ca0a6fd877]::panicking::panic_with_hook
[INFO] [stdout]    7:     0x5978dd86ebc2 - std[617be2ca0a6fd877]::panicking::panic_handler::{closure#0}
[INFO] [stdout]    8:     0x5978dd867719 - std[617be2ca0a6fd877]::sys::backtrace::__rust_end_short_backtrace::<std[617be2ca0a6fd877]::panicking::panic_handler::{closure#0}, !>
[INFO] [stdout]    9:     0x5978dd86f7cd - __rustc[ea4f61d10b84890b]::rust_begin_unwind
[INFO] [stdout]   10:     0x5978dd8a8bec - core[a373ad73a504971]::panicking::panic_fmt
[INFO] [stdout]   11:     0x5978dd8a89c2 - core[a373ad73a504971]::result::unwrap_failed
[INFO] [stdout]   12:     0x5978dd8085e5 - integration_tests[5540becdca5e4bf8]::run_test_with_visualization
[INFO] [stdout]   13:     0x5978dd808e11 - <integration_tests[5540becdca5e4bf8]::test_tetrahedron::{closure#0} as core[a373ad73a504971]::ops::function::FnOnce<()>>::call_once
[INFO] [stdout]   14:     0x5978dd8103db - test[aada8e7e76ba119b]::__rust_begin_short_backtrace::<core[a373ad73a504971]::result::Result<(), alloc[2e1b2a31b91974c5]::string::String>, fn() -> core[a373ad73a504971]::result::Result<(), alloc[2e1b2a31b91974c5]::string::String>>
[INFO] [stdout]   15:     0x5978dd81d5b5 - test[aada8e7e76ba119b]::run_test::{closure#0}
[INFO] [stdout]   16:     0x5978dd816ea4 - std[617be2ca0a6fd877]::sys::backtrace::__rust_begin_short_backtrace::<test[aada8e7e76ba119b]::run_test::{closure#1}, ()>
[INFO] [stdout]   17:     0x5978dd820642 - <std[617be2ca0a6fd877]::thread::lifecycle::spawn_unchecked<test[aada8e7e76ba119b]::run_test::{closure#1}, ()>::{closure#1} as core[a373ad73a504971]::ops::function::FnOnce<()>>::call_once::{shim:vtable#0}
[INFO] [stdout]   18:     0x5978dd892d2f - <std[617be2ca0a6fd877]::sys::thread::unix::Thread>::new::thread_start
[INFO] [stdout]   19:     0x7dfd666dcdfa - <unknown>
[INFO] [stdout]   20:     0x7dfd667703d4 - clone
[INFO] [stdout]   21:                0x0 - <unknown>
[INFO] [stdout] 
[INFO] [stdout] ---- test_process_all_obj_files stdout ----
[INFO] [stdout] 
[INFO] [stdout] ========================================
[INFO] [stdout] PROCESSING ALL OBJ TEST FILES
[INFO] [stdout] ========================================
[INFO] [stdout] 
[INFO] [stdout] thread 'test_process_all_obj_files' (628) panicked at tests/integration_tests.rs:284:10:
[INFO] [stdout] Failed to read obj_files directory: Os { code: 2, kind: NotFound, message: "No such file or directory" }
[INFO] [stdout] stack backtrace:
[INFO] [stdout]    0:     0x5978dd8934d1 - <<std[617be2ca0a6fd877]::sys::backtrace::BacktraceLock>::print::DisplayBacktrace as core[a373ad73a504971]::fmt::Display>::fmt
[INFO] [stdout]    1:     0x5978dd8a84ba - core[a373ad73a504971]::fmt::write
[INFO] [stdout]    2:     0x5978dd8979bc - <alloc[2e1b2a31b91974c5]::vec::Vec<u8> as core[a373ad73a504971]::io::write::Write>::write_fmt
[INFO] [stdout]    3:     0x5978dd86eb16 - std[617be2ca0a6fd877]::panicking::default_hook::{closure#0}
[INFO] [stdout]    4:     0x5978dd88b959 - std[617be2ca0a6fd877]::panicking::default_hook
[INFO] [stdout]    5:     0x5978dd81cf90 - test[aada8e7e76ba119b]::test_main_inner::{closure#0}
[INFO] [stdout]    6:     0x5978dd88bb12 - std[617be2ca0a6fd877]::panicking::panic_with_hook
[INFO] [stdout]    7:     0x5978dd86ebc2 - std[617be2ca0a6fd877]::panicking::panic_handler::{closure#0}
[INFO] [stdout]    8:     0x5978dd867719 - std[617be2ca0a6fd877]::sys::backtrace::__rust_end_short_backtrace::<std[617be2ca0a6fd877]::panicking::panic_handler::{closure#0}, !>
[INFO] [stdout]    9:     0x5978dd86f7cd - __rustc[ea4f61d10b84890b]::rust_begin_unwind
[INFO] [stdout]   10:     0x5978dd8a8bec - core[a373ad73a504971]::panicking::panic_fmt
[INFO] [stdout]   11:     0x5978dd8a89c2 - core[a373ad73a504971]::result::unwrap_failed
[INFO] [stdout]   12:     0x5978dd80a9c1 - <integration_tests[5540becdca5e4bf8]::test_process_all_obj_files::{closure#0} as core[a373ad73a504971]::ops::function::FnOnce<()>>::call_once
[INFO] [stdout]   13:     0x5978dd8103db - test[aada8e7e76ba119b]::__rust_begin_short_backtrace::<core[a373ad73a504971]::result::Result<(), alloc[2e1b2a31b91974c5]::string::String>, fn() -> core[a373ad73a504971]::result::Result<(), alloc[2e1b2a31b91974c5]::string::String>>
[INFO] [stdout]   14:     0x5978dd81d5b5 - test[aada8e7e76ba119b]::run_test::{closure#0}
[INFO] [stdout]   15:     0x5978dd816ea4 - std[617be2ca0a6fd877]::sys::backtrace::__rust_begin_short_backtrace::<test[aada8e7e76ba119b]::run_test::{closure#1}, ()>
[INFO] [stdout]   16:     0x5978dd820642 - <std[617be2ca0a6fd877]::thread::lifecycle::spawn_unchecked<test[aada8e7e76ba119b]::run_test::{closure#1}, ()>::{closure#1} as core[a373ad73a504971]::ops::function::FnOnce<()>>::call_once::{shim:vtable#0}
[INFO] [stdout]   17:     0x5978dd892d2f - <std[617be2ca0a6fd877]::sys::thread::unix::Thread>::new::thread_start
[INFO] [stdout]   18:     0x7dfd666dcdfa - <unknown>
[INFO] [stdout]   19:     0x7dfd667703d4 - clone
[INFO] [stdout]   20:                0x0 - <unknown>
[INFO] [stdout] 
[INFO] [stdout] ---- test_icosahedron stdout ----
[INFO] [stdout] 
[INFO] [stdout] === Test: icosahedron ===
[INFO] [stdout] Input vertices: 12
[INFO] [stdout] Output faces: 20
[INFO] [stdout] Output vertices: 12
[INFO] [stdout] Volume: 17.453560
[INFO] [stdout] Surface area: 34.641016
[INFO] [stdout] 
[INFO] [stdout] thread 'test_icosahedron' (626) panicked at tests/integration_tests.rs:46:37:
[INFO] [stdout] called `Result::unwrap()` on an `Err` value: Os { code: 30, kind: ReadOnlyFilesystem, message: "Read-only file system" }
[INFO] [stdout] stack backtrace:
[INFO] [stdout]    0:     0x5978dd8934d1 - <<std[617be2ca0a6fd877]::sys::backtrace::BacktraceLock>::print::DisplayBacktrace as core[a373ad73a504971]::fmt::Display>::fmt
[INFO] [stdout]    1:     0x5978dd8a84ba - core[a373ad73a504971]::fmt::write
[INFO] [stdout]    2:     0x5978dd8979bc - <alloc[2e1b2a31b91974c5]::vec::Vec<u8> as core[a373ad73a504971]::io::write::Write>::write_fmt
[INFO] [stdout]    3:     0x5978dd86eb16 - std[617be2ca0a6fd877]::panicking::default_hook::{closure#0}
[INFO] [stdout]    4:     0x5978dd88b959 - std[617be2ca0a6fd877]::panicking::default_hook
[INFO] [stdout]    5:     0x5978dd81cf90 - test[aada8e7e76ba119b]::test_main_inner::{closure#0}
[INFO] [stdout]    6:     0x5978dd88bb12 - std[617be2ca0a6fd877]::panicking::panic_with_hook
[INFO] [stdout]    7:     0x5978dd86ebc2 - std[617be2ca0a6fd877]::panicking::panic_handler::{closure#0}
[INFO] [stdout]    8:     0x5978dd867719 - std[617be2ca0a6fd877]::sys::backtrace::__rust_end_short_backtrace::<std[617be2ca0a6fd877]::panicking::panic_handler::{closure#0}, !>
[INFO] [stdout]    9:     0x5978dd86f7cd - __rustc[ea4f61d10b84890b]::rust_begin_unwind
[INFO] [stdout]   10:     0x5978dd8a8bec - core[a373ad73a504971]::panicking::panic_fmt
[INFO] [stdout]   11:     0x5978dd8a89c2 - core[a373ad73a504971]::result::unwrap_failed
[INFO] [stdout]   12:     0x5978dd8085e5 - integration_tests[5540becdca5e4bf8]::run_test_with_visualization
[INFO] [stdout]   13:     0x5978dd808d81 - <integration_tests[5540becdca5e4bf8]::test_icosahedron::{closure#0} as core[a373ad73a504971]::ops::function::FnOnce<()>>::call_once
[INFO] [stdout]   14:     0x5978dd8103db - test[aada8e7e76ba119b]::__rust_begin_short_backtrace::<core[a373ad73a504971]::result::Result<(), alloc[2e1b2a31b91974c5]::string::String>, fn() -> core[a373ad73a504971]::result::Result<(), alloc[2e1b2a31b91974c5]::string::String>>
[INFO] [stdout]   15:     0x5978dd81d5b5 - test[aada8e7e76ba119b]::run_test::{closure#0}
[INFO] [stdout]   16:     0x5978dd816ea4 - std[617be2ca0a6fd877]::sys::backtrace::__rust_begin_short_backtrace::<test[aada8e7e76ba119b]::run_test::{closure#1}, ()>
[INFO] [stdout]   17:     0x5978dd820642 - <std[617be2ca0a6fd877]::thread::lifecycle::spawn_unchecked<test[aada8e7e76ba119b]::run_test::{closure#1}, ()>::{closure#1} as core[a373ad73a504971]::ops::function::FnOnce<()>>::call_once::{shim:vtable#0}
[INFO] [stdout]   18:     0x5978dd892d2f - <std[617be2ca0a6fd877]::sys::thread::unix::Thread>::new::thread_start
[INFO] [stdout]   19:     0x7dfd666dcdfa - <unknown>
[INFO] [stdout]   20:     0x7dfd667703d4 - clone
[INFO] [stdout]   21:                0x0 - <unknown>
[INFO] [stdout] 
[INFO] [stdout] ---- test_cube stdout ----
[INFO] [stdout] 
[INFO] [stdout] === Test: cube ===
[INFO] [stdout] Input vertices: 8
[INFO] [stdout] Output faces: 12
[INFO] [stdout] Output vertices: 8
[INFO] [stdout] Volume: 8.000000
[INFO] [stdout] Surface area: 24.000000
[INFO] [stdout] 
[INFO] [stdout] thread 'test_cube' (623) panicked at tests/integration_tests.rs:46:37:
[INFO] [stdout] called `Result::unwrap()` on an `Err` value: Os { code: 30, kind: ReadOnlyFilesystem, message: "Read-only file system" }
[INFO] [stdout] stack backtrace:
[INFO] [stdout]    0:     0x5978dd8934d1 - <<std[617be2ca0a6fd877]::sys::backtrace::BacktraceLock>::print::DisplayBacktrace as core[a373ad73a504971]::fmt::Display>::fmt
[INFO] [stdout]    1:     0x5978dd8a84ba - core[a373ad73a504971]::fmt::write
[INFO] [stdout]    2:     0x5978dd8979bc - <alloc[2e1b2a31b91974c5]::vec::Vec<u8> as core[a373ad73a504971]::io::write::Write>::write_fmt
[INFO] [stdout]    3:     0x5978dd86eb16 - std[617be2ca0a6fd877]::panicking::default_hook::{closure#0}
[INFO] [stdout]    4:     0x5978dd88b959 - std[617be2ca0a6fd877]::panicking::default_hook
[INFO] [stdout]    5:     0x5978dd81cf90 - test[aada8e7e76ba119b]::test_main_inner::{closure#0}
[INFO] [stdout]    6:     0x5978dd88bb12 - std[617be2ca0a6fd877]::panicking::panic_with_hook
[INFO] [stdout]    7:     0x5978dd86ebc2 - std[617be2ca0a6fd877]::panicking::panic_handler::{closure#0}
[INFO] [stdout]    8:     0x5978dd867719 - std[617be2ca0a6fd877]::sys::backtrace::__rust_end_short_backtrace::<std[617be2ca0a6fd877]::panicking::panic_handler::{closure#0}, !>
[INFO] [stdout]    9:     0x5978dd86f7cd - __rustc[ea4f61d10b84890b]::rust_begin_unwind
[INFO] [stdout]   10:     0x5978dd8a8bec - core[a373ad73a504971]::panicking::panic_fmt
[INFO] [stdout]   11:     0x5978dd8a89c2 - core[a373ad73a504971]::result::unwrap_failed
[INFO] [stdout]   12:     0x5978dd8085e5 - integration_tests[5540becdca5e4bf8]::run_test_with_visualization
[INFO] [stdout]   13:     0x5978dd80ae49 - <integration_tests[5540becdca5e4bf8]::test_cube::{closure#0} as core[a373ad73a504971]::ops::function::FnOnce<()>>::call_once
[INFO] [stdout]   14:     0x5978dd8103db - test[aada8e7e76ba119b]::__rust_begin_short_backtrace::<core[a373ad73a504971]::result::Result<(), alloc[2e1b2a31b91974c5]::string::String>, fn() -> core[a373ad73a504971]::result::Result<(), alloc[2e1b2a31b91974c5]::string::String>>
[INFO] [stdout]   15:     0x5978dd81d5b5 - test[aada8e7e76ba119b]::run_test::{closure#0}
[INFO] [stdout]   16:     0x5978dd816ea4 - std[617be2ca0a6fd877]::sys::backtrace::__rust_begin_short_backtrace::<test[aada8e7e76ba119b]::run_test::{closure#1}, ()>
[INFO] [stdout]   17:     0x5978dd820642 - <std[617be2ca0a6fd877]::thread::lifecycle::spawn_unchecked<test[aada8e7e76ba119b]::run_test::{closure#1}, ()>::{closure#1} as core[a373ad73a504971]::ops::function::FnOnce<()>>::call_once::{shim:vtable#0}
[INFO] [stdout]   18:     0x5978dd892d2f - <std[617be2ca0a6fd877]::sys::thread::unix::Thread>::new::thread_start
[INFO] [stdout]   19:     0x7dfd666dcdfa - <unknown>
[INFO] [stdout]   20:     0x7dfd667703d4 - clone
[INFO] [stdout]   21:                0x0 - <unknown>
[INFO] [stdout] 
[INFO] [stdout] ---- test_cube_with_interior_100 stdout ----
[INFO] [stdout] 
[INFO] [stdout] === Test: cube_interior_100 ===
[INFO] [stdout] Input vertices: 108
[INFO] [stdout] Output faces: 12
[INFO] [stdout] Output vertices: 108
[INFO] [stdout] Volume: 8.000000
[INFO] [stdout] Surface area: 24.000000
[INFO] [stdout] 
[INFO] [stdout] thread 'test_cube_with_interior_100' (624) panicked at tests/integration_tests.rs:46:37:
[INFO] [stdout] called `Result::unwrap()` on an `Err` value: Os { code: 30, kind: ReadOnlyFilesystem, message: "Read-only file system" }
[INFO] [stdout] stack backtrace:
[INFO] [stdout]    0:     0x5978dd8934d1 - <<std[617be2ca0a6fd877]::sys::backtrace::BacktraceLock>::print::DisplayBacktrace as core[a373ad73a504971]::fmt::Display>::fmt
[INFO] [stdout]    1:     0x5978dd8a84ba - core[a373ad73a504971]::fmt::write
[INFO] [stdout]    2:     0x5978dd8979bc - <alloc[2e1b2a31b91974c5]::vec::Vec<u8> as core[a373ad73a504971]::io::write::Write>::write_fmt
[INFO] [stdout]    3:     0x5978dd86eb16 - std[617be2ca0a6fd877]::panicking::default_hook::{closure#0}
[INFO] [stdout]    4:     0x5978dd88b959 - std[617be2ca0a6fd877]::panicking::default_hook
[INFO] [stdout]    5:     0x5978dd81cf90 - test[aada8e7e76ba119b]::test_main_inner::{closure#0}
[INFO] [stdout]    6:     0x5978dd88bb12 - std[617be2ca0a6fd877]::panicking::panic_with_hook
[INFO] [stdout]    7:     0x5978dd86ebc2 - std[617be2ca0a6fd877]::panicking::panic_handler::{closure#0}
[INFO] [stdout]    8:     0x5978dd867719 - std[617be2ca0a6fd877]::sys::backtrace::__rust_end_short_backtrace::<std[617be2ca0a6fd877]::panicking::panic_handler::{closure#0}, !>
[INFO] [stdout]    9:     0x5978dd86f7cd - __rustc[ea4f61d10b84890b]::rust_begin_unwind
[INFO] [stdout]   10:     0x5978dd8a8bec - core[a373ad73a504971]::panicking::panic_fmt
[INFO] [stdout]   11:     0x5978dd8a89c2 - core[a373ad73a504971]::result::unwrap_failed
[INFO] [stdout]   12:     0x5978dd8085e5 - integration_tests[5540becdca5e4bf8]::run_test_with_visualization
[INFO] [stdout]   13:     0x5978dd80ad2e - <integration_tests[5540becdca5e4bf8]::test_cube_with_interior_100::{closure#0} as core[a373ad73a504971]::ops::function::FnOnce<()>>::call_once
[INFO] [stdout]   14:     0x5978dd8103db - test[aada8e7e76ba119b]::__rust_begin_short_backtrace::<core[a373ad73a504971]::result::Result<(), alloc[2e1b2a31b91974c5]::string::String>, fn() -> core[a373ad73a504971]::result::Result<(), alloc[2e1b2a31b91974c5]::string::String>>
[INFO] [stdout]   15:     0x5978dd81d5b5 - test[aada8e7e76ba119b]::run_test::{closure#0}
[INFO] [stdout]   16:     0x5978dd816ea4 - std[617be2ca0a6fd877]::sys::backtrace::__rust_begin_short_backtrace::<test[aada8e7e76ba119b]::run_test::{closure#1}, ()>
[INFO] [stdout]   17:     0x5978dd820642 - <std[617be2ca0a6fd877]::thread::lifecycle::spawn_unchecked<test[aada8e7e76ba119b]::run_test::{closure#1}, ()>::{closure#1} as core[a373ad73a504971]::ops::function::FnOnce<()>>::call_once::{shim:vtable#0}
[INFO] [stdout]   18:     0x5978dd892d2f - <std[617be2ca0a6fd877]::sys::thread::unix::Thread>::new::thread_start
[INFO] [stdout]   19:     0x7dfd666dcdfa - <unknown>
[INFO] [stdout]   20:     0x7dfd667703d4 - clone
[INFO] [stdout]   21:                0x0 - <unknown>
[INFO] [stdout] 
[INFO] [stdout] ---- test_octahedron stdout ----
[INFO] [stdout] 
[INFO] [stdout] === Test: octahedron ===
[INFO] [stdout] Input vertices: 6
[INFO] [stdout] Output faces: 8
[INFO] [stdout] Output vertices: 6
[INFO] [stdout] Volume: 1.333333
[INFO] [stdout] Surface area: 6.928203
[INFO] [stdout] 
[INFO] [stdout] thread 'test_octahedron' (627) panicked at tests/integration_tests.rs:46:37:
[INFO] [stdout] called `Result::unwrap()` on an `Err` value: Os { code: 30, kind: ReadOnlyFilesystem, message: "Read-only file system" }
[INFO] [stdout] stack backtrace:
[INFO] [stdout]    0:     0x5978dd8934d1 - <<std[617be2ca0a6fd877]::sys::backtrace::BacktraceLock>::print::DisplayBacktrace as core[a373ad73a504971]::fmt::Display>::fmt
[INFO] [stdout]    1:     0x5978dd8a84ba - core[a373ad73a504971]::fmt::write
[INFO] [stdout]    2:     0x5978dd8979bc - <alloc[2e1b2a31b91974c5]::vec::Vec<u8> as core[a373ad73a504971]::io::write::Write>::write_fmt
[INFO] [stdout]    3:     0x5978dd86eb16 - std[617be2ca0a6fd877]::panicking::default_hook::{closure#0}
[INFO] [stdout]    4:     0x5978dd88b959 - std[617be2ca0a6fd877]::panicking::default_hook
[INFO] [stdout]    5:     0x5978dd81cf90 - test[aada8e7e76ba119b]::test_main_inner::{closure#0}
[INFO] [stdout]    6:     0x5978dd88bb12 - std[617be2ca0a6fd877]::panicking::panic_with_hook
[INFO] [stdout]    7:     0x5978dd86ebc2 - std[617be2ca0a6fd877]::panicking::panic_handler::{closure#0}
[INFO] [stdout]    8:     0x5978dd867719 - std[617be2ca0a6fd877]::sys::backtrace::__rust_end_short_backtrace::<std[617be2ca0a6fd877]::panicking::panic_handler::{closure#0}, !>
[INFO] [stdout]    9:     0x5978dd86f7cd - __rustc[ea4f61d10b84890b]::rust_begin_unwind
[INFO] [stdout]   10:     0x5978dd8a8bec - core[a373ad73a504971]::panicking::panic_fmt
[INFO] [stdout]   11:     0x5978dd8a89c2 - core[a373ad73a504971]::result::unwrap_failed
[INFO] [stdout]   12:     0x5978dd8085e5 - integration_tests[5540becdca5e4bf8]::run_test_with_visualization
[INFO] [stdout]   13:     0x5978dd808cf1 - <integration_tests[5540becdca5e4bf8]::test_octahedron::{closure#0} as core[a373ad73a504971]::ops::function::FnOnce<()>>::call_once
[INFO] [stdout]   14:     0x5978dd8103db - test[aada8e7e76ba119b]::__rust_begin_short_backtrace::<core[a373ad73a504971]::result::Result<(), alloc[2e1b2a31b91974c5]::string::String>, fn() -> core[a373ad73a504971]::result::Result<(), alloc[2e1b2a31b91974c5]::string::String>>
[INFO] [stdout]   15:     0x5978dd81d5b5 - test[aada8e7e76ba119b]::run_test::{closure#0}
[INFO] [stdout]   16:     0x5978dd816ea4 - std[617be2ca0a6fd877]::sys::backtrace::__rust_begin_short_backtrace::<test[aada8e7e76ba119b]::run_test::{closure#1}, ()>
[INFO] [stdout]   17:     0x5978dd820642 - <std[617be2ca0a6fd877]::thread::lifecycle::spawn_unchecked<test[aada8e7e76ba119b]::run_test::{closure#1}, ()>::{closure#1} as core[a373ad73a504971]::ops::function::FnOnce<()>>::call_once::{shim:vtable#0}
[INFO] [stdout]   18:     0x5978dd892d2f - <std[617be2ca0a6fd877]::sys::thread::unix::Thread>::new::thread_start
[INFO] [stdout]   19:     0x7dfd666dcdfa - <unknown>
[INFO] [stdout]   20:     0x7dfd667703d4 - clone
[INFO] [stdout]   21:                0x0 - <unknown>
[INFO] [stdout] 
[INFO] [stdout] ---- test_tdesign_180_sphere stdout ----
[INFO] [stdout] 
[INFO] [stdout] === Test: tdesign_180_sph ===
[INFO] [stdout] Input vertices: 180
[INFO] [stdout] Output faces: 356
[INFO] [stdout] Output vertices: 180
[INFO] [stdout] Volume: 4.053303
[INFO] [stdout] Surface area: 12.348799
[INFO] [stdout] 
[INFO] [stdout] thread 'test_tdesign_180_sphere' (631) panicked at tests/integration_tests.rs:46:37:
[INFO] [stdout] called `Result::unwrap()` on an `Err` value: Os { code: 30, kind: ReadOnlyFilesystem, message: "Read-only file system" }
[INFO] [stdout] stack backtrace:
[INFO] [stdout]    0:     0x5978dd8934d1 - <<std[617be2ca0a6fd877]::sys::backtrace::BacktraceLock>::print::DisplayBacktrace as core[a373ad73a504971]::fmt::Display>::fmt
[INFO] [stdout]    1:     0x5978dd8a84ba - core[a373ad73a504971]::fmt::write
[INFO] [stdout]    2:     0x5978dd8979bc - <alloc[2e1b2a31b91974c5]::vec::Vec<u8> as core[a373ad73a504971]::io::write::Write>::write_fmt
[INFO] [stdout]    3:     0x5978dd86eb16 - std[617be2ca0a6fd877]::panicking::default_hook::{closure#0}
[INFO] [stdout]    4:     0x5978dd88b959 - std[617be2ca0a6fd877]::panicking::default_hook
[INFO] [stdout]    5:     0x5978dd81cf90 - test[aada8e7e76ba119b]::test_main_inner::{closure#0}
[INFO] [stdout]    6:     0x5978dd88bb12 - std[617be2ca0a6fd877]::panicking::panic_with_hook
[INFO] [stdout]    7:     0x5978dd86ebc2 - std[617be2ca0a6fd877]::panicking::panic_handler::{closure#0}
[INFO] [stdout]    8:     0x5978dd867719 - std[617be2ca0a6fd877]::sys::backtrace::__rust_end_short_backtrace::<std[617be2ca0a6fd877]::panicking::panic_handler::{closure#0}, !>
[INFO] [stdout]    9:     0x5978dd86f7cd - __rustc[ea4f61d10b84890b]::rust_begin_unwind
[INFO] [stdout]   10:     0x5978dd8a8bec - core[a373ad73a504971]::panicking::panic_fmt
[INFO] [stdout]   11:     0x5978dd8a89c2 - core[a373ad73a504971]::result::unwrap_failed
[INFO] [stdout]   12:     0x5978dd8085e5 - integration_tests[5540becdca5e4bf8]::run_test_with_visualization
[INFO] [stdout]   13:     0x5978dd80971f - <integration_tests[5540becdca5e4bf8]::test_tdesign_180_sphere::{closure#0} as core[a373ad73a504971]::ops::function::FnOnce<()>>::call_once
[INFO] [stdout]   14:     0x5978dd8103db - test[aada8e7e76ba119b]::__rust_begin_short_backtrace::<core[a373ad73a504971]::result::Result<(), alloc[2e1b2a31b91974c5]::string::String>, fn() -> core[a373ad73a504971]::result::Result<(), alloc[2e1b2a31b91974c5]::string::String>>
[INFO] [stdout]   15:     0x5978dd81d5b5 - test[aada8e7e76ba119b]::run_test::{closure#0}
[INFO] [stdout]   16:     0x5978dd816ea4 - std[617be2ca0a6fd877]::sys::backtrace::__rust_begin_short_backtrace::<test[aada8e7e76ba119b]::run_test::{closure#1}, ()>
[INFO] [stdout]   17:     0x5978dd820642 - <std[617be2ca0a6fd877]::thread::lifecycle::spawn_unchecked<test[aada8e7e76ba119b]::run_test::{closure#1}, ()>::{closure#1} as core[a373ad73a504971]::ops::function::FnOnce<()>>::call_once::{shim:vtable#0}
[INFO] [stdout]   18:     0x5978dd892d2f - <std[617be2ca0a6fd877]::sys::thread::unix::Thread>::new::thread_start
[INFO] [stdout]   19:     0x7dfd666dcdfa - <unknown>
[INFO] [stdout]   20:     0x7dfd667703d4 - clone
[INFO] [stdout]   21:                0x0 - <unknown>
[INFO] [stdout] 
[INFO] [stdout] ---- test_random_sphere_936 stdout ----
[INFO] [stdout] 
[INFO] [stdout] === Test: rand_sph_936 ===
[INFO] [stdout] Input vertices: 936
[INFO] [stdout] Output faces: 376
[INFO] [stdout] Output vertices: 936
[INFO] [stdout] Volume: 4.990106
[INFO] [stdout] Surface area: 14.266112
[INFO] [stdout] 
[INFO] [stdout] thread 'test_random_sphere_936' (629) panicked at tests/integration_tests.rs:46:37:
[INFO] [stdout] called `Result::unwrap()` on an `Err` value: Os { code: 30, kind: ReadOnlyFilesystem, message: "Read-only file system" }
[INFO] [stdout] stack backtrace:
[INFO] [stdout]    0:     0x5978dd8934d1 - <<std[617be2ca0a6fd877]::sys::backtrace::BacktraceLock>::print::DisplayBacktrace as core[a373ad73a504971]::fmt::Display>::fmt
[INFO] [stdout]    1:     0x5978dd8a84ba - core[a373ad73a504971]::fmt::write
[INFO] [stdout]    2:     0x5978dd8979bc - <alloc[2e1b2a31b91974c5]::vec::Vec<u8> as core[a373ad73a504971]::io::write::Write>::write_fmt
[INFO] [stdout]    3:     0x5978dd86eb16 - std[617be2ca0a6fd877]::panicking::default_hook::{closure#0}
[INFO] [stdout]    4:     0x5978dd88b959 - std[617be2ca0a6fd877]::panicking::default_hook
[INFO] [stdout]    5:     0x5978dd81cf90 - test[aada8e7e76ba119b]::test_main_inner::{closure#0}
[INFO] [stdout]    6:     0x5978dd88bb12 - std[617be2ca0a6fd877]::panicking::panic_with_hook
[INFO] [stdout]    7:     0x5978dd86ebc2 - std[617be2ca0a6fd877]::panicking::panic_handler::{closure#0}
[INFO] [stdout]    8:     0x5978dd867719 - std[617be2ca0a6fd877]::sys::backtrace::__rust_end_short_backtrace::<std[617be2ca0a6fd877]::panicking::panic_handler::{closure#0}, !>
[INFO] [stdout]    9:     0x5978dd86f7cd - __rustc[ea4f61d10b84890b]::rust_begin_unwind
[INFO] [stdout]   10:     0x5978dd8a8bec - core[a373ad73a504971]::panicking::panic_fmt
[INFO] [stdout]   11:     0x5978dd8a89c2 - core[a373ad73a504971]::result::unwrap_failed
[INFO] [stdout]   12:     0x5978dd8085e5 - integration_tests[5540becdca5e4bf8]::run_test_with_visualization
[INFO] [stdout]   13:     0x5978dd80951c - <integration_tests[5540becdca5e4bf8]::test_random_sphere_936::{closure#0} as core[a373ad73a504971]::ops::function::FnOnce<()>>::call_once
[INFO] [stdout]   14:     0x5978dd8103db - test[aada8e7e76ba119b]::__rust_begin_short_backtrace::<core[a373ad73a504971]::result::Result<(), alloc[2e1b2a31b91974c5]::string::String>, fn() -> core[a373ad73a504971]::result::Result<(), alloc[2e1b2a31b91974c5]::string::String>>
[INFO] [stdout]   15:     0x5978dd81d5b5 - test[aada8e7e76ba119b]::run_test::{closure#0}
[INFO] [stdout]   16:     0x5978dd816ea4 - std[617be2ca0a6fd877]::sys::backtrace::__rust_begin_short_backtrace::<test[aada8e7e76ba119b]::run_test::{closure#1}, ()>
[INFO] [stdout]   17:     0x5978dd820642 - <std[617be2ca0a6fd877]::thread::lifecycle::spawn_unchecked<test[aada8e7e76ba119b]::run_test::{closure#1}, ()>::{closure#1} as core[a373ad73a504971]::ops::function::FnOnce<()>>::call_once::{shim:vtable#0}
[INFO] [stdout]   18:     0x5978dd892d2f - <std[617be2ca0a6fd877]::sys::thread::unix::Thread>::new::thread_start
[INFO] [stdout]   19:     0x7dfd666dcdfa - <unknown>
[INFO] [stdout]   20:     0x7dfd667703d4 - clone
[INFO] [stdout]   21:                0x0 - <unknown>
[INFO] [stdout] 
[INFO] [stdout] ---- test_cube_with_interior_1000 stdout ----
[INFO] [stdout] 
[INFO] [stdout] === Test: cube_interior_1000 ===
[INFO] [stdout] Input vertices: 1008
[INFO] [stdout] Output faces: 12
[INFO] [stdout] Output vertices: 1008
[INFO] [stdout] Volume: 8.000000
[INFO] [stdout] Surface area: 24.000000
[INFO] [stdout] 
[INFO] [stdout] thread 'test_cube_with_interior_1000' (625) panicked at tests/integration_tests.rs:46:37:
[INFO] [stdout] called `Result::unwrap()` on an `Err` value: Os { code: 30, kind: ReadOnlyFilesystem, message: "Read-only file system" }
[INFO] [stdout] stack backtrace:
[INFO] [stdout]    0:     0x5978dd8934d1 - <<std[617be2ca0a6fd877]::sys::backtrace::BacktraceLock>::print::DisplayBacktrace as core[a373ad73a504971]::fmt::Display>::fmt
[INFO] [stdout]    1:     0x5978dd8a84ba - core[a373ad73a504971]::fmt::write
[INFO] [stdout]    2:     0x5978dd8979bc - <alloc[2e1b2a31b91974c5]::vec::Vec<u8> as core[a373ad73a504971]::io::write::Write>::write_fmt
[INFO] [stdout]    3:     0x5978dd86eb16 - std[617be2ca0a6fd877]::panicking::default_hook::{closure#0}
[INFO] [stdout]    4:     0x5978dd88b959 - std[617be2ca0a6fd877]::panicking::default_hook
[INFO] [stdout]    5:     0x5978dd81cf90 - test[aada8e7e76ba119b]::test_main_inner::{closure#0}
[INFO] [stdout]    6:     0x5978dd88bb12 - std[617be2ca0a6fd877]::panicking::panic_with_hook
[INFO] [stdout]    7:     0x5978dd86ebc2 - std[617be2ca0a6fd877]::panicking::panic_handler::{closure#0}
[INFO] [stdout]    8:     0x5978dd867719 - std[617be2ca0a6fd877]::sys::backtrace::__rust_end_short_backtrace::<std[617be2ca0a6fd877]::panicking::panic_handler::{closure#0}, !>
[INFO] [stdout]    9:     0x5978dd86f7cd - __rustc[ea4f61d10b84890b]::rust_begin_unwind
[INFO] [stdout]   10:     0x5978dd8a8bec - core[a373ad73a504971]::panicking::panic_fmt
[INFO] [stdout]   11:     0x5978dd8a89c2 - core[a373ad73a504971]::result::unwrap_failed
[INFO] [stdout]   12:     0x5978dd8085e5 - integration_tests[5540becdca5e4bf8]::run_test_with_visualization
[INFO] [stdout]   13:     0x5978dd80adbe - <integration_tests[5540becdca5e4bf8]::test_cube_with_interior_1000::{closure#0} as core[a373ad73a504971]::ops::function::FnOnce<()>>::call_once
[INFO] [stdout]   14:     0x5978dd8103db - test[aada8e7e76ba119b]::__rust_begin_short_backtrace::<core[a373ad73a504971]::result::Result<(), alloc[2e1b2a31b91974c5]::string::String>, fn() -> core[a373ad73a504971]::result::Result<(), alloc[2e1b2a31b91974c5]::string::String>>
[INFO] [stdout]   15:     0x5978dd81d5b5 - test[aada8e7e76ba119b]::run_test::{closure#0}
[INFO] [stdout]   16:     0x5978dd816ea4 - std[617be2ca0a6fd877]::sys::backtrace::__rust_begin_short_backtrace::<test[aada8e7e76ba119b]::run_test::{closure#1}, ()>
[INFO] [stdout]   17:     0x5978dd820642 - <std[617be2ca0a6fd877]::thread::lifecycle::spawn_unchecked<test[aada8e7e76ba119b]::run_test::{closure#1}, ()>::{closure#1} as core[a373ad73a504971]::ops::function::FnOnce<()>>::call_once::{shim:vtable#0}
[INFO] [stdout]   18:     0x5978dd892d2f - <std[617be2ca0a6fd877]::sys::thread::unix::Thread>::new::thread_start
[INFO] [stdout]   19:     0x7dfd666dcdfa - <unknown>
[INFO] [stdout]   20:     0x7dfd667703d4 - clone
[INFO] [stdout]   21:                0x0 - <unknown>
[INFO] [stdout] 
[INFO] [stdout] ---- test_tdesign_840_sphere stdout ----
[INFO] [stdout] 
[INFO] [stdout] === Test: tdesign_840_sph ===
[INFO] [stdout] Input vertices: 840
[INFO] [stdout] Output faces: 1676
[INFO] [stdout] Output vertices: 840
[INFO] [stdout] Volume: 4.160022
[INFO] [stdout] Surface area: 12.519869
[INFO] [stdout] 
[INFO] [stdout] thread 'test_tdesign_840_sphere' (633) panicked at tests/integration_tests.rs:46:37:
[INFO] [stdout] called `Result::unwrap()` on an `Err` value: Os { code: 30, kind: ReadOnlyFilesystem, message: "Read-only file system" }
[INFO] [stdout] stack backtrace:
[INFO] [stdout]    0:     0x5978dd8934d1 - <<std[617be2ca0a6fd877]::sys::backtrace::BacktraceLock>::print::DisplayBacktrace as core[a373ad73a504971]::fmt::Display>::fmt
[INFO] [stdout]    1:     0x5978dd8a84ba - core[a373ad73a504971]::fmt::write
[INFO] [stdout]    2:     0x5978dd8979bc - <alloc[2e1b2a31b91974c5]::vec::Vec<u8> as core[a373ad73a504971]::io::write::Write>::write_fmt
[INFO] [stdout]    3:     0x5978dd86eb16 - std[617be2ca0a6fd877]::panicking::default_hook::{closure#0}
[INFO] [stdout]    4:     0x5978dd88b959 - std[617be2ca0a6fd877]::panicking::default_hook
[INFO] [stdout]    5:     0x5978dd81cf90 - test[aada8e7e76ba119b]::test_main_inner::{closure#0}
[INFO] [stdout]    6:     0x5978dd88bb12 - std[617be2ca0a6fd877]::panicking::panic_with_hook
[INFO] [stdout]    7:     0x5978dd86ebc2 - std[617be2ca0a6fd877]::panicking::panic_handler::{closure#0}
[INFO] [stdout]    8:     0x5978dd867719 - std[617be2ca0a6fd877]::sys::backtrace::__rust_end_short_backtrace::<std[617be2ca0a6fd877]::panicking::panic_handler::{closure#0}, !>
[INFO] [stdout]    9:     0x5978dd86f7cd - __rustc[ea4f61d10b84890b]::rust_begin_unwind
[INFO] [stdout]   10:     0x5978dd8a8bec - core[a373ad73a504971]::panicking::panic_fmt
[INFO] [stdout]   11:     0x5978dd8a89c2 - core[a373ad73a504971]::result::unwrap_failed
[INFO] [stdout]   12:     0x5978dd8085e5 - integration_tests[5540becdca5e4bf8]::run_test_with_visualization
[INFO] [stdout]   13:     0x5978dd80976f - <integration_tests[5540becdca5e4bf8]::test_tdesign_840_sphere::{closure#0} as core[a373ad73a504971]::ops::function::FnOnce<()>>::call_once
[INFO] [stdout]   14:     0x5978dd8103db - test[aada8e7e76ba119b]::__rust_begin_short_backtrace::<core[a373ad73a504971]::result::Result<(), alloc[2e1b2a31b91974c5]::string::String>, fn() -> core[a373ad73a504971]::result::Result<(), alloc[2e1b2a31b91974c5]::string::String>>
[INFO] [stdout]   15:     0x5978dd81d5b5 - test[aada8e7e76ba119b]::run_test::{closure#0}
[INFO] [stdout]   16:     0x5978dd816ea4 - std[617be2ca0a6fd877]::sys::backtrace::__rust_begin_short_backtrace::<test[aada8e7e76ba119b]::run_test::{closure#1}, ()>
[INFO] [stdout]   17:     0x5978dd820642 - <std[617be2ca0a6fd877]::thread::lifecycle::spawn_unchecked<test[aada8e7e76ba119b]::run_test::{closure#1}, ()>::{closure#1} as core[a373ad73a504971]::ops::function::FnOnce<()>>::call_once::{shim:vtable#0}
[INFO] [stdout]   18:     0x5978dd892d2f - <std[617be2ca0a6fd877]::sys::thread::unix::Thread>::new::thread_start
[INFO] [stdout]   19:     0x7dfd666dcdfa - <unknown>
[INFO] [stdout]   20:     0x7dfd667703d4 - clone
[INFO] [stdout]   21:                0x0 - <unknown>
[INFO] [stdout] 
[INFO] [stdout] ---- test_tdesign_5100_sphere stdout ----
[INFO] [stdout] 
[INFO] [stdout] === Test: tdesign_5100_sph ===
[INFO] [stdout] Input vertices: 5100
[INFO] [stdout] Output faces: 10196
[INFO] [stdout] Output vertices: 5100
[INFO] [stdout] Volume: 4.184012
[INFO] [stdout] Surface area: 12.558701
[INFO] [stdout] 
[INFO] [stdout] thread 'test_tdesign_5100_sphere' (632) panicked at tests/integration_tests.rs:46:37:
[INFO] [stdout] called `Result::unwrap()` on an `Err` value: Os { code: 30, kind: ReadOnlyFilesystem, message: "Read-only file system" }
[INFO] [stdout] stack backtrace:
[INFO] [stdout]    0:     0x5978dd8934d1 - <<std[617be2ca0a6fd877]::sys::backtrace::BacktraceLock>::print::DisplayBacktrace as core[a373ad73a504971]::fmt::Display>::fmt
[INFO] [stdout]    1:     0x5978dd8a84ba - core[a373ad73a504971]::fmt::write
[INFO] [stdout]    2:     0x5978dd8979bc - <alloc[2e1b2a31b91974c5]::vec::Vec<u8> as core[a373ad73a504971]::io::write::Write>::write_fmt
[INFO] [stdout]    3:     0x5978dd86eb16 - std[617be2ca0a6fd877]::panicking::default_hook::{closure#0}
[INFO] [stdout]    4:     0x5978dd88b959 - std[617be2ca0a6fd877]::panicking::default_hook
[INFO] [stdout]    5:     0x5978dd81cf90 - test[aada8e7e76ba119b]::test_main_inner::{closure#0}
[INFO] [stdout]    6:     0x5978dd88bb12 - std[617be2ca0a6fd877]::panicking::panic_with_hook
[INFO] [stdout]    7:     0x5978dd86ebc2 - std[617be2ca0a6fd877]::panicking::panic_handler::{closure#0}
[INFO] [stdout]    8:     0x5978dd867719 - std[617be2ca0a6fd877]::sys::backtrace::__rust_end_short_backtrace::<std[617be2ca0a6fd877]::panicking::panic_handler::{closure#0}, !>
[INFO] [stdout]    9:     0x5978dd86f7cd - __rustc[ea4f61d10b84890b]::rust_begin_unwind
[INFO] [stdout]   10:     0x5978dd8a8bec - core[a373ad73a504971]::panicking::panic_fmt
[INFO] [stdout]   11:     0x5978dd8a89c2 - core[a373ad73a504971]::result::unwrap_failed
[INFO] [stdout]   12:     0x5978dd8085e5 - integration_tests[5540becdca5e4bf8]::run_test_with_visualization
[INFO] [stdout]   13:     0x5978dd809b7f - <integration_tests[5540becdca5e4bf8]::test_tdesign_5100_sphere::{closure#0} as core[a373ad73a504971]::ops::function::FnOnce<()>>::call_once
[INFO] [stdout]   14:     0x5978dd8103db - test[aada8e7e76ba119b]::__rust_begin_short_backtrace::<core[a373ad73a504971]::result::Result<(), alloc[2e1b2a31b91974c5]::string::String>, fn() -> core[a373ad73a504971]::result::Result<(), alloc[2e1b2a31b91974c5]::string::String>>
[INFO] [stdout]   15:     0x5978dd81d5b5 - test[aada8e7e76ba119b]::run_test::{closure#0}
[INFO] [stdout]   16:     0x5978dd816ea4 - std[617be2ca0a6fd877]::sys::backtrace::__rust_begin_short_backtrace::<test[aada8e7e76ba119b]::run_test::{closure#1}, ()>
[INFO] [stdout]   17:     0x5978dd820642 - <std[617be2ca0a6fd877]::thread::lifecycle::spawn_unchecked<test[aada8e7e76ba119b]::run_test::{closure#1}, ()>::{closure#1} as core[a373ad73a504971]::ops::function::FnOnce<()>>::call_once::{shim:vtable#0}
[INFO] [stdout]   18:     0x5978dd892d2f - <std[617be2ca0a6fd877]::sys::thread::unix::Thread>::new::thread_start
[INFO] [stdout]   19:     0x7dfd666dcdfa - <unknown>
[INFO] [stdout]   20:     0x7dfd667703d4 - clone
[INFO] [stdout]   21:                0x0 - <unknown>
[INFO] [stdout] 
[INFO] [stdout] 
[INFO] [stderr] error: test failed, to rerun pass `--test integration_tests`
[INFO] [stdout] failures:
[INFO] [stdout]     test_cube
[INFO] [stdout]     test_cube_with_interior_100
[INFO] [stdout]     test_cube_with_interior_1000
[INFO] [stdout]     test_icosahedron
[INFO] [stdout]     test_octahedron
[INFO] [stdout]     test_process_all_obj_files
[INFO] [stdout]     test_random_sphere_936
[INFO] [stdout]     test_tdesign_180_sphere
[INFO] [stdout]     test_tdesign_5100_sphere
[INFO] [stdout]     test_tdesign_840_sphere
[INFO] [stdout]     test_tetrahedron
[INFO] [stdout] 
[INFO] [stdout] test result: FAILED. 4 passed; 11 failed; 0 ignored; 0 measured; 0 filtered out; finished in 0.40s
[INFO] [stdout] 
[INFO] running `Command { std: "docker" "inspect" "f47de2a4ba5042e79ede8c8f01d8c3278765715654cc38ba91d068925e3831ad", kill_on_drop: false }`
[INFO] running `Command { std: "docker" "rm" "-f" "f47de2a4ba5042e79ede8c8f01d8c3278765715654cc38ba91d068925e3831ad", kill_on_drop: false }`
[INFO] [stdout] f47de2a4ba5042e79ede8c8f01d8c3278765715654cc38ba91d068925e3831ad
