[INFO] fetching crate convex-autobackup-core 0.1.0-beta.7...
[INFO] testing convex-autobackup-core-0.1.0-beta.7 against 1.99.0-beta.8+cargoflags=--release for beta-release-1.100-2
[INFO] extracting crate convex-autobackup-core 0.1.0-beta.7 into /workspace/builds/worker-1-tc1/source
[INFO] started tweaking crates.io crate convex-autobackup-core 0.1.0-beta.7
[INFO] finished tweaking crates.io crate convex-autobackup-core 0.1.0-beta.7
[INFO] tweaked toml for crates.io crate convex-autobackup-core 0.1.0-beta.7 written to /workspace/builds/worker-1-tc1/source/Cargo.toml
[INFO] validating manifest of crates.io crate convex-autobackup-core 0.1.0-beta.7 on toolchain 1.99.0-beta.8
[INFO] running `Command { std: CARGO_HOME="/workspace/cargo-home" RUSTUP_HOME="/workspace/rustup-home" "/workspace/cargo-home/bin/cargo" "+1.99.0-beta.8" "metadata" "--manifest-path" "Cargo.toml" "--no-deps", kill_on_drop: false }`
[INFO] crate crates.io crate convex-autobackup-core 0.1.0-beta.7 already has a lockfile, it will not be regenerated
[INFO] running `Command { std: CARGO_HOME="/workspace/cargo-home" RUSTUP_HOME="/workspace/rustup-home" "/workspace/cargo-home/bin/cargo" "+1.99.0-beta.8" "fetch" "--manifest-path" "Cargo.toml", kill_on_drop: false }`
[INFO] [stderr]     Updating crates.io index
[INFO] [stderr]  Downloading crates ...
[INFO] [stderr]   Downloaded hashlink v0.12.0
[INFO] [stderr]   Downloaded firstparty-error v0.1.0-beta.7
[INFO] [stderr]   Downloaded rust-embed-utils v8.13.0
[INFO] [stderr]   Downloaded rust-embed-impl v8.13.0
[INFO] [stderr]   Downloaded proc-macro-error-attr3 v3.1.1
[INFO] [stderr]   Downloaded proc-macro-error3 v3.1.1
[INFO] [stderr]   Downloaded rust-embed v8.13.0
[INFO] [stderr]   Downloaded aes-gcm v0.11.0
[INFO] [stderr]   Downloaded polyval v0.7.1
[INFO] [stderr]   Downloaded universal-hash v0.6.1
[INFO] [stderr]   Downloaded ghash v0.6.0
[INFO] [stderr]   Downloaded ctr v0.10.1
[INFO] [stderr]   Downloaded aes v0.9.1
[INFO] [stderr]   Downloaded aead v0.6.1
[INFO] running `Command { std: "docker" "create" "-v" "/var/lib/crater-agent-workspace/builds/worker-1-tc1/source:/opt/rustwide/workdir:ro,Z" "-v" "/var/lib/crater-agent-workspace/builds/worker-1-tc1/target:/opt/rustwide/target:rw,Z" "-v" "/var/lib/crater-agent-workspace/cargo-home:/opt/rustwide/cargo-home:ro,Z" "-v" "/var/lib/crater-agent-workspace/rustup-home:/opt/rustwide/rustup-home:ro,Z" "-m" "1610612736" "--network" "none" "ghcr.io/rust-lang/crates-build-env/linux@sha256:77db811e55d90add9212f6832c23229e3de5f1c1f9905e8cb07319ea15df73ac" "sleep" "infinity", kill_on_drop: false }`
[INFO] [stdout] 90866abbc65bfb87c8dbff0c1ff34d7ccf0e025fb5d421d3170aff3c52e54efc
[INFO] running `Command { std: "docker" "start" "90866abbc65bfb87c8dbff0c1ff34d7ccf0e025fb5d421d3170aff3c52e54efc", kill_on_drop: false }`
[INFO] running `Command { std: "docker" "inspect" "90866abbc65bfb87c8dbff0c1ff34d7ccf0e025fb5d421d3170aff3c52e54efc", kill_on_drop: false }`
[INFO] running `Command { std: "docker" "exec" "-e" "SOURCE_DIR=/opt/rustwide/workdir" "-e" "CARGO_HOME=/opt/rustwide/cargo-home" "-e" "RUSTUP_HOME=/opt/rustwide/rustup-home" "-e" "CARGO_TARGET_DIR=/opt/rustwide/target" "-w" "/opt/rustwide/workdir" "--user" "0:0" "90866abbc65bfb87c8dbff0c1ff34d7ccf0e025fb5d421d3170aff3c52e54efc" "/opt/rustwide/cargo-home/bin/cargo" "+1.99.0-beta.8" "metadata" "--no-deps" "--format-version=1", kill_on_drop: false }`
[INFO] running `Command { std: "docker" "inspect" "90866abbc65bfb87c8dbff0c1ff34d7ccf0e025fb5d421d3170aff3c52e54efc", kill_on_drop: false }`
[INFO] running `Command { std: "docker" "exec" "-e" "SOURCE_DIR=/opt/rustwide/workdir" "-e" "CARGO_HOME=/opt/rustwide/cargo-home" "-e" "RUSTUP_HOME=/opt/rustwide/rustup-home" "-e" "CARGO_TARGET_DIR=/opt/rustwide/target" "-e" "CARGO_INCREMENTAL=0" "-e" "RUST_BACKTRACE=full" "-e" "RUSTFLAGS=--cap-lints=warn" "-e" "RUSTDOCFLAGS=--cap-lints=warn" "-w" "/opt/rustwide/workdir" "--user" "0:0" "90866abbc65bfb87c8dbff0c1ff34d7ccf0e025fb5d421d3170aff3c52e54efc" "/opt/rustwide/cargo-home/bin/cargo" "+1.99.0-beta.8" "build" "--frozen" "--message-format=json" "--release", kill_on_drop: false }`
[INFO] [stderr]    Compiling syn v2.0.118
[INFO] [stderr]    Compiling typenum v1.20.1
[INFO] [stderr]    Compiling generic-array v0.14.9
[INFO] [stderr]    Compiling getrandom v0.4.3
[INFO] [stderr]    Compiling jobserver v0.1.34
[INFO] [stderr]    Compiling memchr v2.8.2
[INFO] [stderr]    Compiling futures-sink v0.3.34
[INFO] [stderr]    Compiling fs_extra v1.3.0
[INFO] [stderr]    Compiling futures-channel v0.3.32
[INFO] [stderr]    Compiling cc v1.2.65
[INFO] [stderr]    Compiling dunce v1.0.5
[INFO] [stderr]    Compiling futures-io v0.3.34
[INFO] [stderr]    Compiling bytes v1.12.0
[INFO] [stderr]    Compiling const-oid v0.10.2
[INFO] [stderr]    Compiling unicase v2.10.0
[INFO] [stderr]    Compiling aws-lc-rs v1.18.1
[INFO] [stderr]    Compiling mime_guess v2.0.5
[INFO] [stderr]    Compiling mio v1.2.1
[INFO] [stderr]    Compiling cmake v0.1.58
[INFO] [stderr]    Compiling hybrid-array v0.4.13
[INFO] [stderr]    Compiling socket2 v0.6.4
[INFO] [stderr]    Compiling http v1.4.2
[INFO] [stderr]    Compiling mime v0.3.17
[INFO] [stderr]    Compiling thiserror v2.0.18
[INFO] [stderr]    Compiling ff v0.13.1
[INFO] [stderr]    Compiling aws-lc-sys v0.45.0
[INFO] [stderr]    Compiling base16ct v0.2.0
[INFO] [stderr]    Compiling crypto-common v0.2.2
[INFO] [stderr]    Compiling block-buffer v0.12.1
[INFO] [stderr]    Compiling rustls v0.23.45
[INFO] [stderr]    Compiling zerocopy v0.8.52
[INFO] [stderr]    Compiling rustc-hash v2.1.3
[INFO] [stderr]    Compiling smallvec v1.15.2
[INFO] [stderr]    Compiling type-map v0.5.1
[INFO] [stderr]    Compiling group v0.13.0
[INFO] [stderr]    Compiling semver v1.0.28
[INFO] [stderr]    Compiling http-body v1.0.1
[INFO] [stderr]    Compiling rustc_version v0.4.1
[INFO] [stderr]    Compiling digest v0.11.3
[INFO] [stderr]    Compiling sha2 v0.11.0
[INFO] [stderr]    Compiling hashbrown v0.17.1
[INFO] [stderr]    Compiling inout v0.2.2
[INFO] [stderr]    Compiling cmov v0.5.4
[INFO] [stderr]    Compiling self_cell v1.3.0
[INFO] [stderr]    Compiling libsqlite3-sys v0.38.1
[INFO] [stderr]    Compiling crc32fast v1.5.0
[INFO] [stderr]    Compiling parking_lot_core v0.9.12
[INFO] [stderr]    Compiling ctutils v0.4.2
[INFO] [stderr]    Compiling tracing v0.1.44
[INFO] [stderr]    Compiling rust-embed-utils v8.13.0
[INFO] [stderr]    Compiling curve25519-dalek v4.1.3
[INFO] [stderr]    Compiling simd-adler32 v0.3.10
[INFO] [stderr]    Compiling cpubits v0.1.1
[INFO] [stderr]    Compiling bitflags v2.13.0
[INFO] [stderr]    Compiling universal-hash v0.6.1
[INFO] [stderr]    Compiling parking_lot v0.12.5
[INFO] [stderr]    Compiling cipher v0.5.2
[INFO] [stderr]    Compiling arc-swap v1.9.2
[INFO] [stderr]    Compiling proc-macro-error-attr3 v3.1.1
[INFO] [stderr]    Compiling syn v3.0.6
[INFO] [stderr]    Compiling synstructure v0.13.2
[INFO] [stderr]    Compiling keccak v0.1.6
[INFO] [stderr]    Compiling miniz_oxide v0.8.9
[INFO] [stderr]    Compiling proc-macro-error3 v3.1.1
[INFO] [stderr]    Compiling polyval v0.7.1
[INFO] [stderr]    Compiling hashlink v0.12.0
[INFO] [stderr]    Compiling http-body-util v0.1.3
[INFO] [stderr]    Compiling uuid v1.23.4
[INFO] [stderr]    Compiling hybrid-array v0.2.3
[INFO] [stderr]    Compiling nom v8.0.0
[INFO] [stderr]    Compiling io_tee v0.1.1
[INFO] [stderr]    Compiling bumpalo v3.20.3
[INFO] [stderr]    Compiling zeroize_derive v1.5.0
[INFO] [stderr]    Compiling displaydoc v0.2.6
[INFO] [stderr]    Compiling zerofrom-derive v0.1.7
[INFO] [stderr]    Compiling zeroize v1.9.0
[INFO] [stderr]    Compiling yoke-derive v0.8.2
[INFO] [stderr]    Compiling zerovec-derive v0.11.3
[INFO] [stderr]    Compiling zerofrom v0.1.8
[INFO] [stderr]    Compiling crypto-common v0.1.6
[INFO] [stderr]    Compiling serde_derive v1.0.228
[INFO] [stderr]    Compiling block-buffer v0.10.4
[INFO] [stderr]    Compiling digest v0.10.7
[INFO] [stderr]    Compiling tinystr v0.8.3
[INFO] [stderr]    Compiling thiserror-impl v2.0.18
[INFO] [stderr]    Compiling yoke v0.8.3
[INFO] [stderr]    Compiling futures-macro v0.3.32
[INFO] [stderr]    Compiling inout v0.1.4
[INFO] [stderr]    Compiling zerovec v0.11.6
[INFO] [stderr]    Compiling cipher v0.4.4
[INFO] [stderr]    Compiling zerotrie v0.2.4
[INFO] [stderr]    Compiling hmac v0.12.1
[INFO] [stderr]    Compiling futures-util v0.3.32
[INFO] [stderr]    Compiling tokio-macros v2.7.0
[INFO] [stderr]    Compiling tokio v1.52.3
[INFO] [stderr]    Compiling universal-hash v0.5.1
[INFO] [stderr]    Compiling rustls-pki-types v1.15.0
[INFO] [stderr]    Compiling icu_locale_core v2.2.0
[INFO] [stderr]    Compiling potential_utf v0.1.5
[INFO] [stderr]    Compiling icu_collections v2.2.0
[INFO] [stderr]    Compiling unic-langid-impl v0.9.6
[INFO] [stderr]    Compiling thiserror-impl v1.0.69
[INFO] [stderr]    Compiling serde v1.0.228
[INFO] [stderr]    Compiling icu_provider v2.2.0
[INFO] [stderr]    Compiling unic-langid v0.9.6
[INFO] [stderr]    Compiling der v0.7.10
[INFO] [stderr]    Compiling thiserror v1.0.69
[INFO] [stderr]    Compiling icu_normalizer v2.2.0
[INFO] [stderr]    Compiling icu_properties v2.2.0
[INFO] [stderr]    Compiling toml v0.5.11
[INFO] [stderr]    Compiling sec1 v0.7.3
[INFO] [stderr]    Compiling basic-toml v0.1.10
[INFO] [stderr]    Compiling hkdf v0.12.4
[INFO] [stderr]    Compiling crypto-bigint v0.5.5
[INFO] [stderr]    Compiling rust-embed-impl v8.13.0
[INFO] [stderr]    Compiling fluent-syntax v0.12.0
[INFO] [stderr]    Compiling i18n-config v0.4.8
[INFO] [stderr]    Compiling idna_adapter v1.2.2
[INFO] [stderr]    Compiling find-crate v0.6.3
[INFO] [stderr]    Compiling fluent-langneg v0.13.1
[INFO] [stderr]    Compiling intl_pluralrules v7.0.2
[INFO] [stderr]    Compiling intl-memoizer v0.5.3
[INFO] [stderr]    Compiling polyval v0.6.2
[INFO] [stderr]    Compiling aead v0.5.2
[INFO] [stderr]    Compiling ghash v0.5.1
[INFO] [stderr]    Compiling idna v1.1.0
[INFO] [stderr]    Compiling fluent-bundle v0.16.0
[INFO] [stderr]    Compiling i18n-embed-impl v0.8.4
[INFO] [stderr]    Compiling futures-executor v0.3.32
[INFO] [stderr]    Compiling elliptic-curve v0.13.8
[INFO] [stderr]    Compiling hyper v1.10.1
[INFO] [stderr]    Compiling primeorder v0.13.6
[INFO] [stderr]    Compiling poly1305 v0.8.0
[INFO] [stderr]    Compiling ctr v0.9.2
[INFO] [stderr]    Compiling aes v0.8.4
[INFO] [stderr]    Compiling chacha20 v0.9.1
[INFO] [stderr]    Compiling sha2 v0.10.9
[INFO] [stderr]    Compiling ppv-lite86 v0.2.21
[INFO] [stderr]    Compiling chacha20poly1305 v0.10.1
[INFO] [stderr]    Compiling aes-gcm v0.10.3
[INFO] [stderr]    Compiling hyper-util v0.1.20
[INFO] [stderr]    Compiling rand_chacha v0.3.1
[INFO] [stderr]    Compiling p256 v0.13.2
[INFO] [stderr]    Compiling fluent v0.17.0
[INFO] [stderr]    Compiling futures v0.3.32
[INFO] [stderr]    Compiling tower v0.5.3
[INFO] [stderr]    Compiling url v2.5.8
[INFO] [stderr]    Compiling rust-embed v8.13.0
[INFO] [stderr]    Compiling rustls-native-certs v0.8.4
[INFO] [stderr]    Compiling curve25519-dalek-derive v0.1.1
[INFO] [stderr]    Compiling chrono v0.4.45
[INFO] [stderr]    Compiling tower-http v0.6.11
[INFO] [stderr]    Compiling i18n-embed v0.16.0
[INFO] [stderr]    Compiling cookie-factory v0.3.3
[INFO] [stderr]    Compiling hpke v0.12.0
[INFO] [stderr]    Compiling rand v0.8.8
[INFO] [stderr]    Compiling pbkdf2 v0.12.2
[INFO] [stderr]    Compiling salsa20 v0.10.2
[INFO] [stderr]    Compiling sha3 v0.10.9
[INFO] [stderr]    Compiling kem v0.3.0-pre.0
[INFO] [stderr]    Compiling secrecy v0.10.3
[INFO] [stderr]    Compiling pin-project-internal v1.1.13
[INFO] [stderr]    Compiling fallible-iterator v0.3.0
[INFO] [stderr]    Compiling bech32 v0.11.1
[INFO] [stderr]    Compiling zip v2.4.2
[INFO] [stderr]    Compiling base64ct v1.8.3
[INFO] [stderr]    Compiling fallible-streaming-iterator v0.1.9
[INFO] [stderr]    Compiling password-hash v0.5.0
[INFO] [stderr]    Compiling age-core v0.12.0
[INFO] [stderr]    Compiling pin-project v1.1.13
[INFO] [stderr]    Compiling indexmap v2.14.0
[INFO] [stderr]    Compiling i18n-embed-fl v0.10.1
[INFO] [stderr]    Compiling ml-kem v0.2.3
[INFO] [stderr]    Compiling scrypt v0.11.0
[INFO] [stderr]    Compiling x25519-dalek v2.0.1
[INFO] [stderr]    Compiling blake2 v0.10.6
[INFO] [stderr]    Compiling zopfli v0.8.3
[INFO] [stderr]    Compiling serde_json v1.0.150
[INFO] [stderr]    Compiling ghash v0.6.0
[INFO] [stderr]    Compiling flate2 v1.1.9
[INFO] [stderr]    Compiling ctr v0.10.1
[INFO] [stderr]    Compiling aes v0.9.1
[INFO] [stderr]    Compiling aead v0.6.1
[INFO] [stderr]    Compiling age v0.12.1
[INFO] [stderr]    Compiling aes-gcm v0.11.0
[INFO] [stderr]    Compiling argon2 v0.5.3
[INFO] [stderr]    Compiling rustls-webpki v0.103.15
[INFO] [stderr]    Compiling tokio-rustls v0.26.4
[INFO] [stderr]    Compiling rustls-platform-verifier v0.7.0
[INFO] [stderr]    Compiling hyper-rustls v0.27.9
[INFO] [stderr]    Compiling reqwest v0.13.4
[INFO] [stderr]    Compiling rusqlite v0.40.1
[INFO] [stderr]    Compiling firstparty-error v0.1.0-beta.7
[INFO] [stderr]    Compiling convex-autobackup-core v0.1.0-beta.7 (/opt/rustwide/workdir)
[INFO] [stderr]     Finished `release` profile [optimized] target(s) in 6m 15s
[INFO] running `Command { std: "docker" "inspect" "90866abbc65bfb87c8dbff0c1ff34d7ccf0e025fb5d421d3170aff3c52e54efc", kill_on_drop: false }`
[INFO] running `Command { std: "docker" "exec" "-e" "SOURCE_DIR=/opt/rustwide/workdir" "-e" "CARGO_HOME=/opt/rustwide/cargo-home" "-e" "RUSTUP_HOME=/opt/rustwide/rustup-home" "-e" "CARGO_TARGET_DIR=/opt/rustwide/target" "-e" "CARGO_INCREMENTAL=0" "-e" "RUST_BACKTRACE=full" "-e" "RUSTFLAGS=--cap-lints=warn" "-e" "RUSTDOCFLAGS=--cap-lints=warn" "-w" "/opt/rustwide/workdir" "--user" "0:0" "90866abbc65bfb87c8dbff0c1ff34d7ccf0e025fb5d421d3170aff3c52e54efc" "/opt/rustwide/cargo-home/bin/cargo" "+1.99.0-beta.8" "test" "--frozen" "--no-run" "--message-format=json" "--release", kill_on_drop: false }`
[INFO] [stderr]    Compiling bitflags v2.13.0
[INFO] [stderr]    Compiling tower-http v0.6.11
[INFO] [stderr]    Compiling rusqlite v0.40.1
[INFO] [stderr]    Compiling rustix v1.1.4
[INFO] [stderr]    Compiling reqwest v0.13.4
[INFO] [stderr]    Compiling firstparty-error v0.1.0-beta.7
[INFO] [stderr]    Compiling tempfile v3.27.0
[INFO] [stderr]    Compiling convex-autobackup-core v0.1.0-beta.7 (/opt/rustwide/workdir)
[INFO] [stderr]     Finished `release` profile [optimized] target(s) in 1m 04s
[INFO] running `Command { std: "docker" "inspect" "90866abbc65bfb87c8dbff0c1ff34d7ccf0e025fb5d421d3170aff3c52e54efc", kill_on_drop: false }`
[INFO] running `Command { std: "docker" "exec" "-e" "SOURCE_DIR=/opt/rustwide/workdir" "-e" "CARGO_HOME=/opt/rustwide/cargo-home" "-e" "RUSTUP_HOME=/opt/rustwide/rustup-home" "-e" "CARGO_TARGET_DIR=/opt/rustwide/target" "-e" "CARGO_INCREMENTAL=0" "-e" "RUST_BACKTRACE=full" "-e" "RUSTFLAGS=--cap-lints=warn" "-e" "RUSTDOCFLAGS=--cap-lints=warn" "-w" "/opt/rustwide/workdir" "--user" "0:0" "90866abbc65bfb87c8dbff0c1ff34d7ccf0e025fb5d421d3170aff3c52e54efc" "/opt/rustwide/cargo-home/bin/cargo" "+1.99.0-beta.8" "test" "--frozen" "--release", kill_on_drop: false }`
[INFO] [stderr]     Finished `release` profile [optimized] target(s) in 0.30s
[INFO] [stderr]      Running unittests src/lib.rs (/opt/rustwide/target/release/deps/convex_autobackup_core-48bbaf5615e84187)
[INFO] [stdout] 
[INFO] [stdout] running 43 tests
[INFO] [stdout] test convex::tests::cloud_export_command_includes_deployment_and_file_storage ... ok
[INFO] [stdout] test convex::tests::cloud_import_command_requires_replace_and_deployment ... ok
[INFO] [stdout] test crypto::tests::short_passphrase_rejected ... ok
[INFO] [stdout] test db::tests::database_persists_and_finds_due_schedules ... ok
[INFO] [stdout] test backup::tests::backup_engine_runs_job_and_persists_successful_manifest ... FAILED
[INFO] [stdout] test backup::tests::failed_copy_marks_run_partial_and_other_copy_still_verifies ... FAILED
[INFO] [stdout] test manifest::tests::manifest_records_checksum_size_and_duration ... ok
[INFO] [stdout] test backup::tests::encrypted_fan_out_writes_every_destination_and_verifies ... FAILED
[INFO] [stdout] test paths::tests::builds_safe_project_deployment_path ... ok
[INFO] [stdout] test paths::tests::rejects_absolute_path ... ok
[INFO] [stdout] test manifest::tests::schema_v1_manifest_still_parses ... ok
[INFO] [stdout] test paths::tests::rejects_parent_directory_escape ... ok
[INFO] [stdout] test paths::tests::rejects_unsafe_segments ... ok
[INFO] [stdout] test paths::tests::rejects_empty_and_non_ascii_segments ... ok
[INFO] [stdout] test runner::tests::explicit_data_dir_wins ... ok
[INFO] [stdout] test runner::tests::unix_uses_xdg_then_home_fallback ... ok
[INFO] [stdout] test schedule::tests::catch_up_policy_detects_missed_due_time ... ok
[INFO] [stdout] test schedule::tests::cron_schedule_parses_standard_six_field_expression ... ok
[INFO] [stdout] test schedule::tests::cron_schedule_rejects_invalid_expressions ... ok
[INFO] [stdout] test schedule::tests::cron_schedule_supports_steps_lists_ranges_and_names ... ok
[INFO] [stdout] test schedule::tests::daily_schedule_rolls_to_tomorrow_after_time_passes ... ok
[INFO] [stdout] test schedule::tests::daily_schedule_uses_today_when_time_is_future ... ok
[INFO] [stdout] test schedule::tests::interval_schedule_rejects_zero_minutes ... ok
[INFO] [stdout] test schedule::tests::interval_schedule_returns_next_due_time ... ok
[INFO] [stdout] test schedule::tests::weekly_schedule_finds_next_named_day ... ok
[INFO] [stdout] test auth::tests::creates_one_time_api_token_and_authenticates_it ... ok
[INFO] [stdout] test dr::tests::empty_database_reports_no_backups ... ok
[INFO] [stdout] test storage::tests::canonical_query_sorts_and_encodes ... ok
[INFO] [stdout] test storage::tests::encrypted_manifest_files_omit_inventory ... ok
[INFO] [stdout] test db::tests::database_persists_project_destination_target_and_job ... ok
[INFO] [stdout] test storage::tests::local_retention_prunes_old_archive_manifest_pairs ... ok
[INFO] [stdout] test storage::tests::local_storage_writes_archive_and_manifest ... ok
[INFO] [stdout] test storage::tests::parses_list_objects_v2_page ... ok
[INFO] [stdout] test storage::tests::prune_selection_keeps_newest_manifests ... ok
[INFO] [stdout] test secrets::tests::stores_and_decrypts_secret_without_exposing_plaintext_in_database ... ok
[INFO] [stdout] test storage::tests::local_destination_probe_round_trips ... ok
[INFO] [stdout] test restore::tests::restore_requires_confirmation_and_verified_archive ... FAILED
[INFO] [stdout] test auth::tests::creates_user_and_verifies_password ... ok
[INFO] [stdout] test storage::tests::r2_urls_are_path_style ... ok
[INFO] [stdout] test scheduler::tests::scheduler_runs_due_jobs_and_advances_schedule ... ok
[INFO] [stdout] test crypto::tests::passphrase_round_trip ... ok
[INFO] [stdout] test verify::tests::verifies_successful_local_backup ... FAILED
[INFO] [stdout] test crypto::tests::wrong_passphrase_fails ... ok
[INFO] [stdout] 
[INFO] [stdout] failures:
[INFO] [stdout] 
[INFO] [stdout] ---- backup::tests::backup_engine_runs_job_and_persists_successful_manifest stdout ----
[INFO] [stdout] 
[INFO] [stdout] thread 'backup::tests::backup_engine_runs_job_and_persists_successful_manifest' (4399) panicked at src/backup.rs:292:9:
[INFO] [stdout] assertion `left == right` failed
[INFO] [stdout]   left: Failed
[INFO] [stdout]  right: Succeeded
[INFO] [stdout] stack backtrace:
[INFO] [stdout]    0:     0x6476aecf8231 - <<std[70759c8f55707aa4]::sys::backtrace::BacktraceLock>::print::DisplayBacktrace as core[df12db4294e9bfd3]::fmt::Display>::fmt
[INFO] [stdout]    1:     0x6476aed1044a - core[df12db4294e9bfd3]::fmt::write
[INFO] [stdout]    2:     0x6476aecfd1cc - <alloc[2182bb758b4b3781]::vec::Vec<u8> as core[df12db4294e9bfd3]::io::write::Write>::write_fmt
[INFO] [stdout]    3:     0x6476aecd0236 - std[70759c8f55707aa4]::panicking::default_hook::{closure#0}
[INFO] [stdout]    4:     0x6476aecee719 - std[70759c8f55707aa4]::panicking::default_hook
[INFO] [stdout]    5:     0x6476ae6d7370 - test[9d35eded1c95d3be]::test_main_inner::<test[9d35eded1c95d3be]::test_main_static::{closure#0}>::{closure#0}
[INFO] [stdout]    6:     0x6476aeceea42 - std[70759c8f55707aa4]::panicking::panic_with_hook
[INFO] [stdout]    7:     0x6476aecd02e2 - std[70759c8f55707aa4]::panicking::panic_handler::{closure#0}
[INFO] [stdout]    8:     0x6476aecc8a49 - std[70759c8f55707aa4]::sys::backtrace::__rust_end_short_backtrace::<std[70759c8f55707aa4]::panicking::panic_handler::{closure#0}, !>
[INFO] [stdout]    9:     0x6476aecd125d - __rustc[8fa7c3cbc660c2b3]::rust_begin_unwind
[INFO] [stdout]   10:     0x6476aed10bac - core[df12db4294e9bfd3]::panicking::panic_fmt
[INFO] [stdout]   11:     0x6476aed10ac3 - core[df12db4294e9bfd3]::panicking::assert_failed_inner
[INFO] [stdout]   12:     0x6476ae69fae4 - core[df12db4294e9bfd3]::panicking::assert_failed::<convex_autobackup_core[d99265e3c7edfe16]::models::JobStatus, convex_autobackup_core[d99265e3c7edfe16]::models::JobStatus>
[INFO] [stdout]   13:     0x6476ae5f930b - convex_autobackup_core[d99265e3c7edfe16]::backup::tests::backup_engine_runs_job_and_persists_successful_manifest::{closure#0}
[INFO] [stdout]   14:     0x6476ae6b1ae3 - <tokio[2895194b07055ac2]::runtime::scheduler::current_thread::Context>::enter::<core[df12db4294e9bfd3]::task::poll::Poll<()>, <tokio[2895194b07055ac2]::runtime::scheduler::current_thread::CoreGuard>::block_on<core[df12db4294e9bfd3]::pin::Pin<&mut core[df12db4294e9bfd3]::pin::Pin<&mut dyn core[df12db4294e9bfd3]::future::future::Future<Output = ()>>>>::{closure#0}::{closure#0}>
[INFO] [stdout]   15:     0x6476ae6a7d5c - <tokio[2895194b07055ac2]::runtime::context::scoped::Scoped<tokio[2895194b07055ac2]::runtime::scheduler::Context>>::set::<<tokio[2895194b07055ac2]::runtime::scheduler::current_thread::CoreGuard>::enter<<tokio[2895194b07055ac2]::runtime::scheduler::current_thread::CoreGuard>::block_on<core[df12db4294e9bfd3]::pin::Pin<&mut core[df12db4294e9bfd3]::pin::Pin<&mut dyn core[df12db4294e9bfd3]::future::future::Future<Output = ()>>>>::{closure#0}, core[df12db4294e9bfd3]::option::Option<()>>::{closure#0}, (alloc[2182bb758b4b3781]::boxed::Box<tokio[2895194b07055ac2]::runtime::scheduler::current_thread::Core>, core[df12db4294e9bfd3]::option::Option<()>)>
[INFO] [stdout]   16:     0x6476ae6b170c - <tokio[2895194b07055ac2]::runtime::runtime::Runtime>::block_on::<core[df12db4294e9bfd3]::pin::Pin<&mut dyn core[df12db4294e9bfd3]::future::future::Future<Output = ()>>>
[INFO] [stdout]   17:     0x6476ae5fe16a - convex_autobackup_core[d99265e3c7edfe16]::backup::tests::backup_engine_runs_job_and_persists_successful_manifest
[INFO] [stdout]   18:     0x6476ae6669c9 - <convex_autobackup_core[d99265e3c7edfe16]::backup::tests::backup_engine_runs_job_and_persists_successful_manifest::{closure#0} as core[df12db4294e9bfd3]::ops::function::FnOnce<()>>::call_once
[INFO] [stdout]   19:     0x6476ae6ca65b - test[9d35eded1c95d3be]::__rust_begin_short_backtrace::<core[df12db4294e9bfd3]::result::Result<(), alloc[2182bb758b4b3781]::string::String>, fn() -> core[df12db4294e9bfd3]::result::Result<(), alloc[2182bb758b4b3781]::string::String>>
[INFO] [stdout]   20:     0x6476ae6d7cc5 - test[9d35eded1c95d3be]::run_test::{closure#0}
[INFO] [stdout]   21:     0x6476ae6d1584 - std[70759c8f55707aa4]::sys::backtrace::__rust_begin_short_backtrace::<test[9d35eded1c95d3be]::run_test::{closure#1}, ()>
[INFO] [stdout]   22:     0x6476ae6dae22 - <std[70759c8f55707aa4]::thread::lifecycle::spawn_unchecked<test[9d35eded1c95d3be]::run_test::{closure#1}, ()>::{closure#1} as core[df12db4294e9bfd3]::ops::function::FnOnce<()>>::call_once::{shim:vtable#0}
[INFO] [stdout]   23:     0x6476aecf6ed9 - <std[70759c8f55707aa4]::sys::thread::unix::Thread>::new::thread_start
[INFO] [stdout]   24:     0x70c7dd7afdfa - <unknown>
[INFO] [stdout]   25:     0x70c7dd8433d4 - clone
[INFO] [stdout]   26:                0x0 - <unknown>
[INFO] [stdout] 
[INFO] [stdout] ---- backup::tests::failed_copy_marks_run_partial_and_other_copy_still_verifies stdout ----
[INFO] [stdout] 
[INFO] [stdout] thread 'backup::tests::failed_copy_marks_run_partial_and_other_copy_still_verifies' (4401) panicked at src/backup.rs:502:9:
[INFO] [stdout] assertion `left == right` failed
[INFO] [stdout]   left: Failed
[INFO] [stdout]  right: Partial
[INFO] [stdout] stack backtrace:
[INFO] [stdout]    0:     0x6476aecf8231 - <<std[70759c8f55707aa4]::sys::backtrace::BacktraceLock>::print::DisplayBacktrace as core[df12db4294e9bfd3]::fmt::Display>::fmt
[INFO] [stdout]    1:     0x6476aed1044a - core[df12db4294e9bfd3]::fmt::write
[INFO] [stdout]    2:     0x6476aecfd1cc - <alloc[2182bb758b4b3781]::vec::Vec<u8> as core[df12db4294e9bfd3]::io::write::Write>::write_fmt
[INFO] [stdout]    3:     0x6476aecd0236 - std[70759c8f55707aa4]::panicking::default_hook::{closure#0}
[INFO] [stdout]    4:     0x6476aecee719 - std[70759c8f55707aa4]::panicking::default_hook
[INFO] [stdout]    5:     0x6476ae6d7370 - test[9d35eded1c95d3be]::test_main_inner::<test[9d35eded1c95d3be]::test_main_static::{closure#0}>::{closure#0}
[INFO] [stdout]    6:     0x6476aeceea42 - std[70759c8f55707aa4]::panicking::panic_with_hook
[INFO] [stdout]    7:     0x6476aecd02e2 - std[70759c8f55707aa4]::panicking::panic_handler::{closure#0}
[INFO] [stdout]    8:     0x6476aecc8a49 - std[70759c8f55707aa4]::sys::backtrace::__rust_end_short_backtrace::<std[70759c8f55707aa4]::panicking::panic_handler::{closure#0}, !>
[INFO] [stdout]    9:     0x6476aecd125d - __rustc[8fa7c3cbc660c2b3]::rust_begin_unwind
[INFO] [stdout]   10:     0x6476aed10bac - core[df12db4294e9bfd3]::panicking::panic_fmt
[INFO] [stdout]   11:     0x6476aed10ac3 - core[df12db4294e9bfd3]::panicking::assert_failed_inner
[INFO] [stdout]   12:     0x6476ae69fae4 - core[df12db4294e9bfd3]::panicking::assert_failed::<convex_autobackup_core[d99265e3c7edfe16]::models::JobStatus, convex_autobackup_core[d99265e3c7edfe16]::models::JobStatus>
[INFO] [stdout]   13:     0x6476ae5fd157 - convex_autobackup_core[d99265e3c7edfe16]::backup::tests::failed_copy_marks_run_partial_and_other_copy_still_verifies::{closure#0}
[INFO] [stdout]   14:     0x6476ae6b1ae3 - <tokio[2895194b07055ac2]::runtime::scheduler::current_thread::Context>::enter::<core[df12db4294e9bfd3]::task::poll::Poll<()>, <tokio[2895194b07055ac2]::runtime::scheduler::current_thread::CoreGuard>::block_on<core[df12db4294e9bfd3]::pin::Pin<&mut core[df12db4294e9bfd3]::pin::Pin<&mut dyn core[df12db4294e9bfd3]::future::future::Future<Output = ()>>>>::{closure#0}::{closure#0}>
[INFO] [stdout]   15:     0x6476ae6a7d5c - <tokio[2895194b07055ac2]::runtime::context::scoped::Scoped<tokio[2895194b07055ac2]::runtime::scheduler::Context>>::set::<<tokio[2895194b07055ac2]::runtime::scheduler::current_thread::CoreGuard>::enter<<tokio[2895194b07055ac2]::runtime::scheduler::current_thread::CoreGuard>::block_on<core[df12db4294e9bfd3]::pin::Pin<&mut core[df12db4294e9bfd3]::pin::Pin<&mut dyn core[df12db4294e9bfd3]::future::future::Future<Output = ()>>>>::{closure#0}, core[df12db4294e9bfd3]::option::Option<()>>::{closure#0}, (alloc[2182bb758b4b3781]::boxed::Box<tokio[2895194b07055ac2]::runtime::scheduler::current_thread::Core>, core[df12db4294e9bfd3]::option::Option<()>)>
[INFO] [stdout]   16:     0x6476ae6b170c - <tokio[2895194b07055ac2]::runtime::runtime::Runtime>::block_on::<core[df12db4294e9bfd3]::pin::Pin<&mut dyn core[df12db4294e9bfd3]::future::future::Future<Output = ()>>>
[INFO] [stdout]   17:     0x6476ae5fe42a - convex_autobackup_core[d99265e3c7edfe16]::backup::tests::failed_copy_marks_run_partial_and_other_copy_still_verifies
[INFO] [stdout]   18:     0x6476ae666a09 - <convex_autobackup_core[d99265e3c7edfe16]::backup::tests::failed_copy_marks_run_partial_and_other_copy_still_verifies::{closure#0} as core[df12db4294e9bfd3]::ops::function::FnOnce<()>>::call_once
[INFO] [stdout]   19:     0x6476ae6ca65b - test[9d35eded1c95d3be]::__rust_begin_short_backtrace::<core[df12db4294e9bfd3]::result::Result<(), alloc[2182bb758b4b3781]::string::String>, fn() -> core[df12db4294e9bfd3]::result::Result<(), alloc[2182bb758b4b3781]::string::String>>
[INFO] [stdout]   20:     0x6476ae6d7cc5 - test[9d35eded1c95d3be]::run_test::{closure#0}
[INFO] [stdout]   21:     0x6476ae6d1584 - std[70759c8f55707aa4]::sys::backtrace::__rust_begin_short_backtrace::<test[9d35eded1c95d3be]::run_test::{closure#1}, ()>
[INFO] [stdout]   22:     0x6476ae6dae22 - <std[70759c8f55707aa4]::thread::lifecycle::spawn_unchecked<test[9d35eded1c95d3be]::run_test::{closure#1}, ()>::{closure#1} as core[df12db4294e9bfd3]::ops::function::FnOnce<()>>::call_once::{shim:vtable#0}
[INFO] [stdout]   23:     0x6476aecf6ed9 - <std[70759c8f55707aa4]::sys::thread::unix::Thread>::new::thread_start
[INFO] [stdout]   24:     0x70c7dd7afdfa - <unknown>
[INFO] [stdout]   25:     0x70c7dd8433d4 - clone
[INFO] [stdout]   26:                0x0 - <unknown>
[INFO] [stdout] 
[INFO] [stdout] ---- backup::tests::encrypted_fan_out_writes_every_destination_and_verifies stdout ----
[INFO] [stdout] 
[INFO] [stdout] thread 'backup::tests::encrypted_fan_out_writes_every_destination_and_verifies' (4400) panicked at src/backup.rs:389:13:
[INFO] [stdout] assertion `left == right` failed: Some("Deploy Key Mismatch Error: The provided Deploy Key is issued for deployment '/usr/local/sbin:/usr/local/bin:/usr/sbin:/usr/bin:/sbin:/bin', but target is configured for 'careful-otter-123'. Execution aborted to prevent cross-deployment data contamination.")
[INFO] [stdout]   left: Failed
[INFO] [stdout]  right: Succeeded
[INFO] [stdout] stack backtrace:
[INFO] [stdout]    0:     0x6476aecf8231 - <<std[70759c8f55707aa4]::sys::backtrace::BacktraceLock>::print::DisplayBacktrace as core[df12db4294e9bfd3]::fmt::Display>::fmt
[INFO] [stdout]    1:     0x6476aed1044a - core[df12db4294e9bfd3]::fmt::write
[INFO] [stdout]    2:     0x6476aecfd1cc - <alloc[2182bb758b4b3781]::vec::Vec<u8> as core[df12db4294e9bfd3]::io::write::Write>::write_fmt
[INFO] [stdout]    3:     0x6476aecd0236 - std[70759c8f55707aa4]::panicking::default_hook::{closure#0}
[INFO] [stdout]    4:     0x6476aecee719 - std[70759c8f55707aa4]::panicking::default_hook
[INFO] [stdout]    5:     0x6476ae6d7370 - test[9d35eded1c95d3be]::test_main_inner::<test[9d35eded1c95d3be]::test_main_static::{closure#0}>::{closure#0}
[INFO] [stdout]    6:     0x6476aeceea42 - std[70759c8f55707aa4]::panicking::panic_with_hook
[INFO] [stdout]    7:     0x6476aecd02e2 - std[70759c8f55707aa4]::panicking::panic_handler::{closure#0}
[INFO] [stdout]    8:     0x6476aecc8a49 - std[70759c8f55707aa4]::sys::backtrace::__rust_end_short_backtrace::<std[70759c8f55707aa4]::panicking::panic_handler::{closure#0}, !>
[INFO] [stdout]    9:     0x6476aecd125d - __rustc[8fa7c3cbc660c2b3]::rust_begin_unwind
[INFO] [stdout]   10:     0x6476aed10bac - core[df12db4294e9bfd3]::panicking::panic_fmt
[INFO] [stdout]   11:     0x6476aed10b23 - core[df12db4294e9bfd3]::panicking::assert_failed_inner
[INFO] [stdout]   12:     0x6476ae69fae4 - core[df12db4294e9bfd3]::panicking::assert_failed::<convex_autobackup_core[d99265e3c7edfe16]::models::JobStatus, convex_autobackup_core[d99265e3c7edfe16]::models::JobStatus>
[INFO] [stdout]   13:     0x6476ae5fbc58 - convex_autobackup_core[d99265e3c7edfe16]::backup::tests::encrypted_fan_out_writes_every_destination_and_verifies::{closure#0}
[INFO] [stdout]   14:     0x6476ae6b1ae3 - <tokio[2895194b07055ac2]::runtime::scheduler::current_thread::Context>::enter::<core[df12db4294e9bfd3]::task::poll::Poll<()>, <tokio[2895194b07055ac2]::runtime::scheduler::current_thread::CoreGuard>::block_on<core[df12db4294e9bfd3]::pin::Pin<&mut core[df12db4294e9bfd3]::pin::Pin<&mut dyn core[df12db4294e9bfd3]::future::future::Future<Output = ()>>>>::{closure#0}::{closure#0}>
[INFO] [stdout]   15:     0x6476ae6a7d5c - <tokio[2895194b07055ac2]::runtime::context::scoped::Scoped<tokio[2895194b07055ac2]::runtime::scheduler::Context>>::set::<<tokio[2895194b07055ac2]::runtime::scheduler::current_thread::CoreGuard>::enter<<tokio[2895194b07055ac2]::runtime::scheduler::current_thread::CoreGuard>::block_on<core[df12db4294e9bfd3]::pin::Pin<&mut core[df12db4294e9bfd3]::pin::Pin<&mut dyn core[df12db4294e9bfd3]::future::future::Future<Output = ()>>>>::{closure#0}, core[df12db4294e9bfd3]::option::Option<()>>::{closure#0}, (alloc[2182bb758b4b3781]::boxed::Box<tokio[2895194b07055ac2]::runtime::scheduler::current_thread::Core>, core[df12db4294e9bfd3]::option::Option<()>)>
[INFO] [stdout]   16:     0x6476ae6b170c - <tokio[2895194b07055ac2]::runtime::runtime::Runtime>::block_on::<core[df12db4294e9bfd3]::pin::Pin<&mut dyn core[df12db4294e9bfd3]::future::future::Future<Output = ()>>>
[INFO] [stdout]   17:     0x6476ae5fe2ca - convex_autobackup_core[d99265e3c7edfe16]::backup::tests::encrypted_fan_out_writes_every_destination_and_verifies
[INFO] [stdout]   18:     0x6476ae6669e9 - <convex_autobackup_core[d99265e3c7edfe16]::backup::tests::encrypted_fan_out_writes_every_destination_and_verifies::{closure#0} as core[df12db4294e9bfd3]::ops::function::FnOnce<()>>::call_once
[INFO] [stdout]   19:     0x6476ae6ca65b - test[9d35eded1c95d3be]::__rust_begin_short_backtrace::<core[df12db4294e9bfd3]::result::Result<(), alloc[2182bb758b4b3781]::string::String>, fn() -> core[df12db4294e9bfd3]::result::Result<(), alloc[2182bb758b4b3781]::string::String>>
[INFO] [stdout]   20:     0x6476ae6d7cc5 - test[9d35eded1c95d3be]::run_test::{closure#0}
[INFO] [stdout]   21:     0x6476ae6d1584 - std[70759c8f55707aa4]::sys::backtrace::__rust_begin_short_backtrace::<test[9d35eded1c95d3be]::run_test::{closure#1}, ()>
[INFO] [stdout]   22:     0x6476ae6dae22 - <std[70759c8f55707aa4]::thread::lifecycle::spawn_unchecked<test[9d35eded1c95d3be]::run_test::{closure#1}, ()>::{closure#1} as core[df12db4294e9bfd3]::ops::function::FnOnce<()>>::call_once::{shim:vtable#0}
[INFO] [stdout]   23:     0x6476aecf6ed9 - <std[70759c8f55707aa4]::sys::thread::unix::Thread>::new::thread_start
[INFO] [stdout]   24:     0x70c7dd7afdfa - <unknown>
[INFO] [stdout]   25:     0x70c7dd8433d4 - clone
[INFO] [stdout]   26:                0x0 - <unknown>
[INFO] [stdout] 
[INFO] [stdout] ---- restore::tests::restore_requires_confirmation_and_verified_archive stdout ----
[INFO] [stdout] 
[INFO] [stdout] thread 'restore::tests::restore_requires_confirmation_and_verified_archive' (4417) panicked at src/restore.rs:238:14:
[INFO] [stdout] called `Result::unwrap()` on an `Err` value: Message("run 01a14dbc-d064-74a0-9f29-3e1f23565684 does not have a manifest")
[INFO] [stdout] stack backtrace:
[INFO] [stdout]    0:     0x6476aecf8231 - <<std[70759c8f55707aa4]::sys::backtrace::BacktraceLock>::print::DisplayBacktrace as core[df12db4294e9bfd3]::fmt::Display>::fmt
[INFO] [stdout]    1:     0x6476aed1044a - core[df12db4294e9bfd3]::fmt::write
[INFO] [stdout]    2:     0x6476aecfd1cc - <alloc[2182bb758b4b3781]::vec::Vec<u8> as core[df12db4294e9bfd3]::io::write::Write>::write_fmt
[INFO] [stdout]    3:     0x6476aecd0236 - std[70759c8f55707aa4]::panicking::default_hook::{closure#0}
[INFO] [stdout]    4:     0x6476aecee719 - std[70759c8f55707aa4]::panicking::default_hook
[INFO] [stdout]    5:     0x6476ae6d7370 - test[9d35eded1c95d3be]::test_main_inner::<test[9d35eded1c95d3be]::test_main_static::{closure#0}>::{closure#0}
[INFO] [stdout]    6:     0x6476aeceea42 - std[70759c8f55707aa4]::panicking::panic_with_hook
[INFO] [stdout]    7:     0x6476aecd02e2 - std[70759c8f55707aa4]::panicking::panic_handler::{closure#0}
[INFO] [stdout]    8:     0x6476aecc8a49 - std[70759c8f55707aa4]::sys::backtrace::__rust_end_short_backtrace::<std[70759c8f55707aa4]::panicking::panic_handler::{closure#0}, !>
[INFO] [stdout]    9:     0x6476aecd125d - __rustc[8fa7c3cbc660c2b3]::rust_begin_unwind
[INFO] [stdout]   10:     0x6476aed10bac - core[df12db4294e9bfd3]::panicking::panic_fmt
[INFO] [stdout]   11:     0x6476aed10982 - core[df12db4294e9bfd3]::result::unwrap_failed
[INFO] [stdout]   12:     0x6476ae642bc8 - convex_autobackup_core[d99265e3c7edfe16]::restore::tests::restore_requires_confirmation_and_verified_archive::{closure#0}
[INFO] [stdout]   13:     0x6476ae6b1ae3 - <tokio[2895194b07055ac2]::runtime::scheduler::current_thread::Context>::enter::<core[df12db4294e9bfd3]::task::poll::Poll<()>, <tokio[2895194b07055ac2]::runtime::scheduler::current_thread::CoreGuard>::block_on<core[df12db4294e9bfd3]::pin::Pin<&mut core[df12db4294e9bfd3]::pin::Pin<&mut dyn core[df12db4294e9bfd3]::future::future::Future<Output = ()>>>>::{closure#0}::{closure#0}>
[INFO] [stdout]   14:     0x6476ae6a7d5c - <tokio[2895194b07055ac2]::runtime::context::scoped::Scoped<tokio[2895194b07055ac2]::runtime::scheduler::Context>>::set::<<tokio[2895194b07055ac2]::runtime::scheduler::current_thread::CoreGuard>::enter<<tokio[2895194b07055ac2]::runtime::scheduler::current_thread::CoreGuard>::block_on<core[df12db4294e9bfd3]::pin::Pin<&mut core[df12db4294e9bfd3]::pin::Pin<&mut dyn core[df12db4294e9bfd3]::future::future::Future<Output = ()>>>>::{closure#0}, core[df12db4294e9bfd3]::option::Option<()>>::{closure#0}, (alloc[2182bb758b4b3781]::boxed::Box<tokio[2895194b07055ac2]::runtime::scheduler::current_thread::Core>, core[df12db4294e9bfd3]::option::Option<()>)>
[INFO] [stdout]   15:     0x6476ae6b170c - <tokio[2895194b07055ac2]::runtime::runtime::Runtime>::block_on::<core[df12db4294e9bfd3]::pin::Pin<&mut dyn core[df12db4294e9bfd3]::future::future::Future<Output = ()>>>
[INFO] [stdout]   16:     0x6476ae64800a - convex_autobackup_core[d99265e3c7edfe16]::restore::tests::restore_requires_confirmation_and_verified_archive
[INFO] [stdout]   17:     0x6476ae666b29 - <convex_autobackup_core[d99265e3c7edfe16]::restore::tests::restore_requires_confirmation_and_verified_archive::{closure#0} as core[df12db4294e9bfd3]::ops::function::FnOnce<()>>::call_once
[INFO] [stdout]   18:     0x6476ae6ca65b - test[9d35eded1c95d3be]::__rust_begin_short_backtrace::<core[df12db4294e9bfd3]::result::Result<(), alloc[2182bb758b4b3781]::string::String>, fn() -> core[df12db4294e9bfd3]::result::Result<(), alloc[2182bb758b4b3781]::string::String>>
[INFO] [stdout]   19:     0x6476ae6d7cc5 - test[9d35eded1c95d3be]::run_test::{closure#0}
[INFO] [stdout]   20:     0x6476ae6d1584 - std[70759c8f55707aa4]::sys::backtrace::__rust_begin_short_backtrace::<test[9d35eded1c95d3be]::run_test::{closure#1}, ()>
[INFO] [stdout]   21:     0x6476ae6dae22 - <std[70759c8f55707aa4]::thread::lifecycle::spawn_unchecked<test[9d35eded1c95d3be]::run_test::{closure#1}, ()>::{closure#1} as core[df12db4294e9bfd3]::ops::function::FnOnce<()>>::call_once::{shim:vtable#0}
[INFO] [stdout]   22:     0x6476aecf6ed9 - <std[70759c8f55707aa4]::sys::thread::unix::Thread>::new::thread_start
[INFO] [stdout]   23:     0x70c7dd7afdfa - <unknown>
[INFO] [stdout]   24:     0x70c7dd8433d4 - clone
[INFO] [stdout]   25:                0x0 - <unknown>
[INFO] [stdout] 
[INFO] [stdout] ---- verify::tests::verifies_successful_local_backup stdout ----
[INFO] [stdout] 
[INFO] [stdout] thread 'verify::tests::verifies_successful_local_backup' (4439) panicked at src/verify.rs:184:62:
[INFO] [stdout] called `Result::unwrap()` on an `Err` value: Message("run 01a14dbc-d1e2-7e50-a31d-c5056636d628 does not have a manifest")
[INFO] [stdout] stack backtrace:
[INFO] [stdout]    0:     0x6476aecf8231 - <<std[70759c8f55707aa4]::sys::backtrace::BacktraceLock>::print::DisplayBacktrace as core[df12db4294e9bfd3]::fmt::Display>::fmt
[INFO] [stdout]    1:     0x6476aed1044a - core[df12db4294e9bfd3]::fmt::write
[INFO] [stdout]    2:     0x6476aecfd1cc - <alloc[2182bb758b4b3781]::vec::Vec<u8> as core[df12db4294e9bfd3]::io::write::Write>::write_fmt
[INFO] [stdout]    3:     0x6476aecd0236 - std[70759c8f55707aa4]::panicking::default_hook::{closure#0}
[INFO] [stdout]    4:     0x6476aecee719 - std[70759c8f55707aa4]::panicking::default_hook
[INFO] [stdout]    5:     0x6476ae6d7370 - test[9d35eded1c95d3be]::test_main_inner::<test[9d35eded1c95d3be]::test_main_static::{closure#0}>::{closure#0}
[INFO] [stdout]    6:     0x6476aeceea42 - std[70759c8f55707aa4]::panicking::panic_with_hook
[INFO] [stdout]    7:     0x6476aecd02e2 - std[70759c8f55707aa4]::panicking::panic_handler::{closure#0}
[INFO] [stdout]    8:     0x6476aecc8a49 - std[70759c8f55707aa4]::sys::backtrace::__rust_end_short_backtrace::<std[70759c8f55707aa4]::panicking::panic_handler::{closure#0}, !>
[INFO] [stdout]    9:     0x6476aecd125d - __rustc[8fa7c3cbc660c2b3]::rust_begin_unwind
[INFO] [stdout]   10:     0x6476aed10bac - core[df12db4294e9bfd3]::panicking::panic_fmt
[INFO] [stdout]   11:     0x6476aed10982 - core[df12db4294e9bfd3]::result::unwrap_failed
[INFO] [stdout]   12:     0x6476ae687d9b - convex_autobackup_core[d99265e3c7edfe16]::verify::tests::verifies_successful_local_backup::{closure#0}
[INFO] [stdout]   13:     0x6476ae6b1ae3 - <tokio[2895194b07055ac2]::runtime::scheduler::current_thread::Context>::enter::<core[df12db4294e9bfd3]::task::poll::Poll<()>, <tokio[2895194b07055ac2]::runtime::scheduler::current_thread::CoreGuard>::block_on<core[df12db4294e9bfd3]::pin::Pin<&mut core[df12db4294e9bfd3]::pin::Pin<&mut dyn core[df12db4294e9bfd3]::future::future::Future<Output = ()>>>>::{closure#0}::{closure#0}>
[INFO] [stdout]   14:     0x6476ae6a7d5c - <tokio[2895194b07055ac2]::runtime::context::scoped::Scoped<tokio[2895194b07055ac2]::runtime::scheduler::Context>>::set::<<tokio[2895194b07055ac2]::runtime::scheduler::current_thread::CoreGuard>::enter<<tokio[2895194b07055ac2]::runtime::scheduler::current_thread::CoreGuard>::block_on<core[df12db4294e9bfd3]::pin::Pin<&mut core[df12db4294e9bfd3]::pin::Pin<&mut dyn core[df12db4294e9bfd3]::future::future::Future<Output = ()>>>>::{closure#0}, core[df12db4294e9bfd3]::option::Option<()>>::{closure#0}, (alloc[2182bb758b4b3781]::boxed::Box<tokio[2895194b07055ac2]::runtime::scheduler::current_thread::Core>, core[df12db4294e9bfd3]::option::Option<()>)>
[INFO] [stdout]   15:     0x6476ae6b170c - <tokio[2895194b07055ac2]::runtime::runtime::Runtime>::block_on::<core[df12db4294e9bfd3]::pin::Pin<&mut dyn core[df12db4294e9bfd3]::future::future::Future<Output = ()>>>
[INFO] [stdout]   16:     0x6476ae68ceea - convex_autobackup_core[d99265e3c7edfe16]::verify::tests::verifies_successful_local_backup
[INFO] [stdout]   17:     0x6476ae666b09 - <convex_autobackup_core[d99265e3c7edfe16]::verify::tests::verifies_successful_local_backup::{closure#0} as core[df12db4294e9bfd3]::ops::function::FnOnce<()>>::call_once
[INFO] [stdout]   18:     0x6476ae6ca65b - test[9d35eded1c95d3be]::__rust_begin_short_backtrace::<core[df12db4294e9bfd3]::result::Result<(), alloc[2182bb758b4b3781]::string::String>, fn() -> core[df12db4294e9bfd3]::result::Result<(), alloc[2182bb758b4b3781]::string::String>>
[INFO] [stdout]   19:     0x6476ae6d7cc5 - test[9d35eded1c95d3be]::run_test::{closure#0}
[INFO] [stdout]   20:     0x6476ae6d1584 - std[70759c8f55707aa4]::sys::backtrace::__rust_begin_short_backtrace::<test[9d35eded1c95d3be]::run_test::{closure#1}, ()>
[INFO] [stdout]   21:     0x6476ae6dae22 - <std[70759c8f55707aa4]::thread::lifecycle::spawn_unchecked<test[9d35eded1c95d3be]::run_test::{closure#1}, ()>::{closure#1} as core[df12db4294e9bfd3]::ops::function::FnOnce<()>>::call_once::{shim:vtable#0}
[INFO] [stdout]   22:     0x6476aecf6ed9 - <std[70759c8f55707aa4]::sys::thread::unix::Thread>::new::thread_start
[INFO] [stdout]   23:     0x70c7dd7afdfa - <unknown>
[INFO] [stdout]   24:     0x70c7dd8433d4 - clone
[INFO] [stdout]   25:                0x0 - <unknown>
[INFO] [stdout] 
[INFO] [stdout] 
[INFO] [stdout] failures:
[INFO] [stdout]     backup::tests::backup_engine_runs_job_and_persists_successful_manifest
[INFO] [stdout]     backup::tests::encrypted_fan_out_writes_every_destination_and_verifies
[INFO] [stdout]     backup::tests::failed_copy_marks_run_partial_and_other_copy_still_verifies
[INFO] [stdout]     restore::tests::restore_requires_confirmation_and_verified_archive
[INFO] [stdout]     verify::tests::verifies_successful_local_backup
[INFO] [stdout] 
[INFO] [stdout] test result: FAILED. 38 passed; 5 failed; 0 ignored; 0 measured; 0 filtered out; finished in 2.24s
[INFO] [stdout] 
[INFO] [stderr] error: test failed, to rerun pass `--lib`
[INFO] running `Command { std: "docker" "inspect" "90866abbc65bfb87c8dbff0c1ff34d7ccf0e025fb5d421d3170aff3c52e54efc", kill_on_drop: false }`
[INFO] running `Command { std: "docker" "rm" "-f" "90866abbc65bfb87c8dbff0c1ff34d7ccf0e025fb5d421d3170aff3c52e54efc", kill_on_drop: false }`
[INFO] [stdout] 90866abbc65bfb87c8dbff0c1ff34d7ccf0e025fb5d421d3170aff3c52e54efc
