[INFO] fetching crate convert_case 0.12.0...
[INFO] testing convert_case-0.12.0 against 1.99.0-beta.8+cargoflags=--release for beta-release-1.100-2
[INFO] extracting crate convert_case 0.12.0 into /workspace/builds/worker-5-tc1/source
[INFO] removed /workspace/builds/worker-5-tc1/source/rust-toolchain.toml
[INFO] started tweaking crates.io crate convert_case 0.12.0
[INFO] removed 0 missing tests
[INFO] finished tweaking crates.io crate convert_case 0.12.0
[INFO] tweaked toml for crates.io crate convert_case 0.12.0 written to /workspace/builds/worker-5-tc1/source/Cargo.toml
[INFO] validating manifest of crates.io crate convert_case 0.12.0 on toolchain 1.99.0-beta.8
[INFO] running `Command { std: CARGO_HOME="/workspace/cargo-home" RUSTUP_HOME="/workspace/rustup-home" "/workspace/cargo-home/bin/cargo" "+1.99.0-beta.8" "metadata" "--manifest-path" "Cargo.toml" "--no-deps", kill_on_drop: false }`
[INFO] crate crates.io crate convert_case 0.12.0 already has a lockfile, it will not be regenerated
[INFO] running `Command { std: CARGO_HOME="/workspace/cargo-home" RUSTUP_HOME="/workspace/rustup-home" "/workspace/cargo-home/bin/cargo" "+1.99.0-beta.8" "fetch" "--manifest-path" "Cargo.toml", kill_on_drop: false }`
[INFO] [stderr]  Downloading crates ...
[INFO] [stderr]   Downloaded rstest v0.24.0
[INFO] [stderr]   Downloaded rstest_macros v0.24.0
[INFO] running `Command { std: "docker" "create" "-v" "/var/lib/crater-agent-workspace/builds/worker-5-tc1/source:/opt/rustwide/workdir:ro,Z" "-v" "/var/lib/crater-agent-workspace/builds/worker-5-tc1/target:/opt/rustwide/target:rw,Z" "-v" "/var/lib/crater-agent-workspace/cargo-home:/opt/rustwide/cargo-home:ro,Z" "-v" "/var/lib/crater-agent-workspace/rustup-home:/opt/rustwide/rustup-home:ro,Z" "-m" "1610612736" "--network" "none" "ghcr.io/rust-lang/crates-build-env/linux@sha256:77db811e55d90add9212f6832c23229e3de5f1c1f9905e8cb07319ea15df73ac" "sleep" "infinity", kill_on_drop: false }`
[INFO] [stdout] 5ba9a5b3a6cb737df10bd72778278586084b514150419bfc03336acaca1dff2e
[INFO] running `Command { std: "docker" "start" "5ba9a5b3a6cb737df10bd72778278586084b514150419bfc03336acaca1dff2e", kill_on_drop: false }`
[INFO] running `Command { std: "docker" "inspect" "5ba9a5b3a6cb737df10bd72778278586084b514150419bfc03336acaca1dff2e", kill_on_drop: false }`
[INFO] running `Command { std: "docker" "exec" "-e" "SOURCE_DIR=/opt/rustwide/workdir" "-e" "CARGO_HOME=/opt/rustwide/cargo-home" "-e" "RUSTUP_HOME=/opt/rustwide/rustup-home" "-e" "CARGO_TARGET_DIR=/opt/rustwide/target" "-w" "/opt/rustwide/workdir" "--user" "0:0" "5ba9a5b3a6cb737df10bd72778278586084b514150419bfc03336acaca1dff2e" "/opt/rustwide/cargo-home/bin/cargo" "+1.99.0-beta.8" "metadata" "--no-deps" "--format-version=1", kill_on_drop: false }`
[INFO] running `Command { std: "docker" "inspect" "5ba9a5b3a6cb737df10bd72778278586084b514150419bfc03336acaca1dff2e", kill_on_drop: false }`
[INFO] running `Command { std: "docker" "exec" "-e" "SOURCE_DIR=/opt/rustwide/workdir" "-e" "CARGO_HOME=/opt/rustwide/cargo-home" "-e" "RUSTUP_HOME=/opt/rustwide/rustup-home" "-e" "CARGO_TARGET_DIR=/opt/rustwide/target" "-e" "CARGO_INCREMENTAL=0" "-e" "RUST_BACKTRACE=full" "-e" "RUSTFLAGS=--cap-lints=warn" "-e" "RUSTDOCFLAGS=--cap-lints=warn" "-w" "/opt/rustwide/workdir" "--user" "0:0" "5ba9a5b3a6cb737df10bd72778278586084b514150419bfc03336acaca1dff2e" "/opt/rustwide/cargo-home/bin/cargo" "+1.99.0-beta.8" "build" "--frozen" "--message-format=json" "--release", kill_on_drop: false }`
[INFO] [stderr]    Compiling unicode-segmentation v1.9.0
[INFO] [stderr]    Compiling convert_case v0.12.0 (/opt/rustwide/workdir)
[INFO] [stderr]     Finished `release` profile [optimized] target(s) in 1.11s
[INFO] running `Command { std: "docker" "inspect" "5ba9a5b3a6cb737df10bd72778278586084b514150419bfc03336acaca1dff2e", kill_on_drop: false }`
[INFO] running `Command { std: "docker" "exec" "-e" "SOURCE_DIR=/opt/rustwide/workdir" "-e" "CARGO_HOME=/opt/rustwide/cargo-home" "-e" "RUSTUP_HOME=/opt/rustwide/rustup-home" "-e" "CARGO_TARGET_DIR=/opt/rustwide/target" "-e" "CARGO_INCREMENTAL=0" "-e" "RUST_BACKTRACE=full" "-e" "RUSTFLAGS=--cap-lints=warn" "-e" "RUSTDOCFLAGS=--cap-lints=warn" "-w" "/opt/rustwide/workdir" "--user" "0:0" "5ba9a5b3a6cb737df10bd72778278586084b514150419bfc03336acaca1dff2e" "/opt/rustwide/cargo-home/bin/cargo" "+1.99.0-beta.8" "test" "--frozen" "--no-run" "--message-format=json" "--release", kill_on_drop: false }`
[INFO] [stderr]    Compiling proc-macro2 v1.0.103
[INFO] [stderr]    Compiling quote v1.0.42
[INFO] [stderr]    Compiling crossbeam-utils v0.8.21
[INFO] [stderr]    Compiling zerocopy v0.8.27
[INFO] [stderr]    Compiling memchr v2.7.6
[INFO] [stderr]    Compiling rayon-core v1.13.0
[INFO] [stderr]    Compiling serde_json v1.0.145
[INFO] [stderr]    Compiling regex-syntax v0.8.8
[INFO] [stderr]    Compiling num-traits v0.2.19
[INFO] [stderr]    Compiling either v1.15.0
[INFO] [stderr]    Compiling serde_core v1.0.228
[INFO] [stderr]    Compiling cfg-if v1.0.4
[INFO] [stderr]    Compiling libc v0.2.177
[INFO] [stderr]    Compiling rstest_macros v0.24.0
[INFO] [stderr]    Compiling clap_lex v0.7.6
[INFO] [stderr]    Compiling anstyle v1.0.13
[INFO] [stderr]    Compiling plotters-backend v0.3.7
[INFO] [stderr]    Compiling itoa v1.0.15
[INFO] [stderr]    Compiling ryu v1.0.20
[INFO] [stderr]    Compiling ciborium-io v0.2.2
[INFO] [stderr]    Compiling clap_builder v4.5.51
[INFO] [stderr]    Compiling itertools v0.10.5
[INFO] [stderr]    Compiling proc-macro-crate v3.4.0
[INFO] [stderr]    Compiling futures-task v0.3.31
[INFO] [stderr]    Compiling slab v0.4.11
[INFO] [stderr]    Compiling cast v0.3.0
[INFO] [stderr]    Compiling same-file v1.0.6
[INFO] [stderr]    Compiling relative-path v1.9.3
[INFO] [stderr]    Compiling plotters-svg v0.3.7
[INFO] [stderr]    Compiling pin-project-lite v0.2.16
[INFO] [stderr]    Compiling crossbeam-epoch v0.9.18
[INFO] [stderr]    Compiling futures-core v0.3.31
[INFO] [stderr]    Compiling aho-corasick v1.1.4
[INFO] [stderr]    Compiling walkdir v2.5.0
[INFO] [stderr]    Compiling anes v0.1.6
[INFO] [stderr]    Compiling unicode-segmentation v1.9.0
[INFO] [stderr]    Compiling syn v2.0.110
[INFO] [stderr]    Compiling crossbeam-deque v0.8.6
[INFO] [stderr]    Compiling oorandom v11.1.5
[INFO] [stderr]    Compiling once_cell v1.21.3
[INFO] [stderr]    Compiling futures-timer v3.0.3
[INFO] [stderr]    Compiling convert_case v0.12.0 (/opt/rustwide/workdir)
[INFO] [stderr]    Compiling regex-automata v0.4.13
[INFO] [stderr]    Compiling plotters v0.3.7
[INFO] [stderr]    Compiling criterion-plot v0.5.0
[INFO] [stderr]    Compiling is-terminal v0.4.17
[INFO] [stderr]    Compiling clap v4.5.51
[INFO] [stderr]    Compiling rayon v1.11.0
[INFO] [stderr]    Compiling regex v1.12.2
[INFO] [stderr]    Compiling zerocopy-derive v0.8.27
[INFO] [stderr]    Compiling serde_derive v1.0.228
[INFO] [stderr]    Compiling futures-macro v0.3.31
[INFO] [stderr]    Compiling futures-util v0.3.31
[INFO] [stderr]    Compiling half v2.7.1
[INFO] [stderr]    Compiling ciborium-ll v0.2.2
[INFO] [stderr]    Compiling serde v1.0.228
[INFO] [stderr]    Compiling rstest v0.24.0
[INFO] [stderr]    Compiling ciborium v0.2.2
[INFO] [stderr]    Compiling tinytemplate v1.2.1
[INFO] [stderr]    Compiling criterion v0.5.1
[INFO] [stderr]     Finished `release` profile [optimized] target(s) in 1m 00s
[INFO] running `Command { std: "docker" "inspect" "5ba9a5b3a6cb737df10bd72778278586084b514150419bfc03336acaca1dff2e", kill_on_drop: false }`
[INFO] running `Command { std: "docker" "exec" "-e" "SOURCE_DIR=/opt/rustwide/workdir" "-e" "CARGO_HOME=/opt/rustwide/cargo-home" "-e" "RUSTUP_HOME=/opt/rustwide/rustup-home" "-e" "CARGO_TARGET_DIR=/opt/rustwide/target" "-e" "CARGO_INCREMENTAL=0" "-e" "RUST_BACKTRACE=full" "-e" "RUSTFLAGS=--cap-lints=warn" "-e" "RUSTDOCFLAGS=--cap-lints=warn" "-w" "/opt/rustwide/workdir" "--user" "0:0" "5ba9a5b3a6cb737df10bd72778278586084b514150419bfc03336acaca1dff2e" "/opt/rustwide/cargo-home/bin/cargo" "+1.99.0-beta.8" "test" "--frozen" "--release", kill_on_drop: false }`
[INFO] [stderr]     Finished `release` profile [optimized] target(s) in 0.11s
[INFO] [stderr]      Running unittests src/lib.rs (/opt/rustwide/target/release/deps/convert_case-dc08a236210dad3b)
[INFO] [stdout] 
[INFO] [stdout] running 42 tests
[INFO] [stdout] test boundary::tests::default_boundary_equality ... ok
[INFO] [stdout] test boundary::tests::boundaries_found_in_string ... ok
[INFO] [stdout] test boundary::tests::split_on_boundary::case_04 ... ok
[INFO] [stdout] test boundary::tests::split_on_boundary::case_07 ... ok
[INFO] [stdout] test boundary::tests::split_on_boundary::case_09 ... ok
[INFO] [stdout] test boundary::tests::split_on_boundary::case_05 ... ok
[INFO] [stdout] test boundary::tests::split_on_boundary::case_06 ... ok
[INFO] [stdout] test boundary::tests::split_on_multiple_delimiters ... ok
[INFO] [stdout] test converter::test::add_boundaries ... ok
[INFO] [stdout] test boundary::tests::split_on_boundary::case_02 ... ok
[INFO] [stdout] test boundary::tests::custom_boundary_inequality ... ok
[INFO] [stdout] test boundary::tests::split_on_boundary::case_03 ... ok
[INFO] [stdout] test converter::test::reuse_after_change ... ok
[INFO] [stdout] test boundary::tests::split_on_boundary::case_10 ... ok
[INFO] [stdout] test converter::test::no_delim ... ok
[INFO] [stdout] test converter::test::snake_converter_from_case ... ok
[INFO] [stdout] test boundary::tests::split_on_boundary::case_01 ... ok
[INFO] [stdout] test converter::test::custom_pattern ... ok
[INFO] [stdout] test converter::test::explicit_boundaries ... ok
[INFO] [stdout] test converter::test::twice ... ok
[INFO] [stdout] test converter::test::no_digit_boundaries ... ok
[INFO] [stdout] test pattern::test::filtering_with_remove_empty ... ok
[INFO] [stdout] test test::empty_string ... ok
[INFO] [stdout] test pattern::test::remove_empty_pattern ... ok
[INFO] [stdout] test test::leading_tailing_double_delimiters ... ok
[INFO] [stdout] test converter::test::remove_boundary ... ok
[INFO] [stdout] test test::lossless_against_lossless ... ok
[INFO] [stdout] test test::multiline_strings ... ok
[INFO] [stdout] test test::camel_case_acronyms ... ok
[INFO] [stdout] test test::late_word_boundaries ... ok
[INFO] [stdout] test pattern::test::mutate_empty_strings ... ok
[INFO] [stdout] test converter::test::snake_converter_from_scratch ... ok
[INFO] [stdout] test test::unicode_words ... ok
[INFO] [stdout] test test::with_boundaries ... ok
[INFO] [stdout] test test::appropriate_associated_boundaries ... ok
[INFO] [stdout] test test::default_all_boundaries ... ok
[INFO] [stdout] test test::early_word_boundaries ... ok
[INFO] [stdout] test test::obvious_default_parsing ... ok
[INFO] [stdout] test test::remove_boundaries ... ok
[INFO] [stderr]      Running tests/macros.rs (/opt/rustwide/target/release/deps/macros-2fac7320fe43242b)
[INFO] [stdout] test converter::test::custom_delim ... ok
[INFO] [stdout] test boundary::tests::split_on_boundary::case_08 ... ok
[INFO] [stdout] test converter::test::add_boundary ... ok
[INFO] [stdout] 
[INFO] [stdout] test result: ok. 42 passed; 0 failed; 0 ignored; 0 measured; 0 filtered out; finished in 0.02s
[INFO] [stdout] 
[INFO] [stdout] 
[INFO] [stdout] running 3 tests
[INFO] [stdout] test ccase_from_to_case ... ok
[INFO] [stdout] test separator_custom_delimiters ... ok
[INFO] [stdout] test ccase_to_case ... ok
[INFO] [stdout] 
[INFO] [stdout] test result: ok. 3 passed; 0 failed; 0 ignored; 0 measured; 0 filtered out; finished in 0.00s
[INFO] [stdout] 
[INFO] [stdout] 
[INFO] [stderr]      Running tests/string_types.rs (/opt/rustwide/target/release/deps/string_types-27d6abbb2da31f54)
[INFO] [stdout] running 5 tests
[INFO] [stdout] test arc_str_type ... ok
[INFO] [stdout] test string_type ... ok
[INFO] [stdout] test str_type ... ok
[INFO] [stdout] test rc_str_type ... ok
[INFO] [stdout] test string_ref_type ... ok
[INFO] [stdout] 
[INFO] [stdout] test result: ok. 5 passed; 0 failed; 0 ignored; 0 measured; 0 filtered out; finished in 0.00s
[INFO] [stdout] 
[INFO] [stderr]    Doc-tests convert_case
[INFO] [stdout] 
[INFO] [stdout] running 91 tests
[INFO] [stdout] test src/boundary.rs - boundary::Boundary::Space (line 187) ... FAILED
[INFO] [stdout] test src/boundary.rs - boundary::Boundary::digit_letter (line 404) ... FAILED
[INFO] [stdout] test src/boundary.rs - boundary::Boundary::UpperDigit (line 224) ... FAILED
[INFO] [stdout] test src/boundary.rs - boundary::Boundary (line 135) ... FAILED
[INFO] [stdout] test src/boundary.rs - boundary::Boundary::defaults_from (line 424) ... FAILED
[INFO] [stdout] test src/boundary.rs - boundary::Boundary::Underscore (line 177) ... FAILED
[INFO] [stdout] test src/boundary.rs - boundary::Boundary (line 113) ... FAILED
[INFO] [stdout] test src/boundary.rs - boundary::Boundary::DigitUpper (line 214) ... FAILED
[INFO] [stdout] test src/boundary.rs - boundary::Boundary::digits (line 367) ... FAILED
[INFO] [stdout] test src/boundary.rs - boundary::split (line 494) ... FAILED
[INFO] [stdout] test src/boundary.rs - boundary::Boundary::Hyphen (line 167) ... FAILED
[INFO] [stdout] test src/boundary.rs - boundary::Boundary::LowerUpper (line 204) ... FAILED
[INFO] [stdout] test src/boundary.rs - boundary::Boundary::UpperLower (line 198) ... FAILED
[INFO] [stdout] test src/boundary.rs - boundary::Boundary::Acronym (line 256) ... FAILED
[INFO] [stdout] test src/boundary.rs - boundary::Boundary::defaults (line 335) ... FAILED
[INFO] [stdout] test src/boundary.rs - boundary::Boundary::LowerDigit (line 244) ... FAILED
[INFO] [stdout] test src/boundary.rs - boundary::Boundary::DigitLower (line 234) ... ok
[INFO] [stdout] test src/case.rs - case::Case::Cobol (line 133) ... FAILED
[INFO] [stdout] test src/case.rs - case::Case::Custom (line 44) ... FAILED
[INFO] [stdout] test src/boundary.rs - boundary::Boundary::letter_digit (line 389) ... FAILED
[INFO] [stdout] test src/case.rs - case::Case::Camel (line 216) ... FAILED
[INFO] [stdout] test src/boundary.rs - boundary::separator (line 609) ... FAILED
[INFO] [stdout] test src/case.rs - case::Case (line 8) ... FAILED
[INFO] [stdout] test src/case.rs - case::Case::Constant (line 87) ... FAILED
[INFO] [stdout] test src/case.rs - case::Case::Ada (line 105) ... FAILED
[INFO] [stdout] test src/case.rs - case::Case::Lower (line 230) ... FAILED
[INFO] [stdout] test src/case.rs - case::Case::Flat (line 165) ... FAILED
[INFO] [stdout] test src/case.rs - case::Case::Train (line 151) ... FAILED
[INFO] [stdout] test src/case.rs - case::Case::Title (line 260) ... FAILED
[INFO] [stdout] test src/case.rs - case::Case::Kebab (line 119) ... FAILED
[INFO] [stdout] test src/case.rs - case::Case::Snake (line 73) ... FAILED
[INFO] [stdout] test src/case.rs - case::Case::Upper (line 244) ... FAILED
[INFO] [stdout] test src/case.rs - case::Case::Pascal (line 196) ... FAILED
[INFO] [stdout] test src/case.rs - case::Case::Sentence (line 275) ... FAILED
[INFO] [stdout] test src/converter.rs - converter::Converter (line 52) ... FAILED
[INFO] [stdout] test src/case.rs - case::Case::UpperFlat (line 179) ... FAILED
[INFO] [stdout] test src/converter.rs - converter::Converter::add_boundaries (line 175) ... FAILED
[INFO] [stdout] test src/converter.rs - converter::Converter (line 24) ... FAILED
[INFO] [stdout] test src/case.rs - case::Case<'_>::mutate (line 375) ... FAILED
[INFO] [stdout] test src/case.rs - case::Case<'_>::join (line 387) ... FAILED
[INFO] [stdout] test src/case.rs - case::Case<'_>::split (line 360) ... FAILED
[INFO] [stdout] test src/converter.rs - converter::Converter::add_patterns (line 267) ... FAILED
[INFO] [stdout] test src/converter.rs - converter::Converter::add_pattern (line 253) ... FAILED
[INFO] [stdout] test src/converter.rs - converter::Converter::from_case (line 135) ... FAILED
[INFO] [stdout] test src/converter.rs - converter::Converter::add_boundary (line 161) ... FAILED
[INFO] [stdout] test src/converter.rs - converter::Converter::remove_boundary (line 193) ... FAILED
[INFO] [stdout] test src/converter.rs - converter::Converter::new (line 85) ... FAILED
[INFO] [stdout] test src/converter.rs - converter::Converter::convert (line 95) ... FAILED
[INFO] [stdout] test src/converter.rs - converter::Converter::remove_boundaries (line 210) ... FAILED
[INFO] [stdout] test src/converter.rs - converter::Converter::remove_pattern (line 281) ... FAILED
[INFO] [stdout] test src/converter.rs - converter::Converter::remove_patterns (line 298) ... FAILED
[INFO] [stdout] test src/converter.rs - converter::Converter::set_delimiter (line 313) ... FAILED
[INFO] [stdout] test src/converter.rs - converter::Converter::set_pattern (line 225) ... FAILED
[INFO] [stdout] test src/converter.rs - converter::Converter::to_case (line 121) ... FAILED
[INFO] [stdout] test src/converter.rs - converter::Converter::set_boundaries (line 148) ... FAILED
[INFO] [stdout] test src/converter.rs - converter::Converter::set_patterns (line 239) ... FAILED
[INFO] [stdout] test src/lib.rs - (line 124) ... FAILED
[INFO] [stdout] test src/lib.rs - (line 103) ... FAILED
[INFO] [stdout] test src/lib.rs - (line 114) ... FAILED
[INFO] [stdout] test src/lib.rs - (line 146) ... FAILED
[INFO] [stdout] test src/lib.rs - (line 40) ... FAILED
[INFO] [stdout] test src/lib.rs - (line 135) ... FAILED
[INFO] [stdout] test src/lib.rs - (line 20) ... FAILED
[INFO] [stdout] test src/lib.rs - (line 236) ... FAILED
[INFO] [stdout] test src/lib.rs - (line 203) ... FAILED
[INFO] [stdout] test src/lib.rs - (line 52) ... FAILED
[INFO] [stdout] test src/lib.rs - (line 95) ... FAILED
[INFO] [stdout] test src/lib.rs - (line 66) ... FAILED
[INFO] [stdout] test src/lib.rs - (line 8) ... FAILED
[INFO] [stdout] test src/lib.rs - Casing::set_boundaries (line 315) ... FAILED
[INFO] [stdout] test src/lib.rs - (line 80) ... FAILED
[INFO] [stdout] test src/lib.rs - Casing::from_case (line 301) ... FAILED
[INFO] [stdout] test src/lib.rs - Casing::remove_boundaries (line 329) ... FAILED
[INFO] [stdout] test src/lib.rs - ccase (line 561) ... FAILED
[INFO] [stdout] test src/lib.rs - StateConverter<'a,T>::remove_boundaries (line 449) ... FAILED
[INFO] [stdout] test src/lib.rs - Casing::to_case (line 290) ... FAILED
[INFO] [stdout] test src/lib.rs - StateConverter<'a,T>::from_case (line 409) ... FAILED
[INFO] [stdout] test src/lib.rs - Casing::remove_empty (line 344) ... FAILED
[INFO] [stdout] test src/pattern.rs - pattern::Pattern::Camel (line 122) ... FAILED
[INFO] [stdout] test src/lib.rs - StateConverter (line 385) ... FAILED
[INFO] [stdout] test src/lib.rs - StateConverter<'a,T>::remove_empty (line 469) ... ok
[INFO] [stdout] test src/lib.rs - ccase (line 570) ... ok
[INFO] [stdout] test src/lib.rs - StateConverter<'a,T>::set_boundaries (line 429) ... ok
[INFO] [stdout] test src/lib.rs - StateConverter<'a,T>::to_case (line 487) ... ok
[INFO] [stdout] test src/pattern.rs - pattern::Pattern (line 36) ... ok
[INFO] [stdout] test src/pattern.rs - pattern::Pattern (line 58) ... ok
[INFO] [stdout] test src/pattern.rs - pattern::Pattern::RemoveEmpty (line 144) ... ok
[INFO] [stdout] test src/pattern.rs - pattern::Pattern::Uppercase (line 100) ... ok
[INFO] [stdout] test src/pattern.rs - pattern::Pattern::Lowercase (line 90) ... ok
[INFO] [stdout] test src/pattern.rs - pattern::Pattern::Capital (line 111) ... ok
[INFO] [stdout] test src/pattern.rs - pattern::Pattern::Sentence (line 133) ... ok
[INFO] [stdout] 
[INFO] [stdout] failures:
[INFO] [stdout] 
[INFO] [stdout] ---- src/boundary.rs - boundary::Boundary::Space (line 187) stdout ----
[INFO] [stdout] Couldn't compile the test.
[INFO] [stdout] ---- src/boundary.rs - boundary::Boundary::digit_letter (line 404) stdout ----
[INFO] [stdout] Couldn't compile the test.
[INFO] [stdout] ---- src/boundary.rs - boundary::Boundary::UpperDigit (line 224) stdout ----
[INFO] [stdout] Couldn't compile the test.
[INFO] [stdout] ---- src/boundary.rs - boundary::Boundary (line 135) stdout ----
[INFO] [stdout] Couldn't compile the test.
[INFO] [stdout] ---- src/boundary.rs - boundary::Boundary::defaults_from (line 424) stdout ----
[INFO] [stdout] Couldn't compile the test.
[INFO] [stdout] ---- src/boundary.rs - boundary::Boundary::Underscore (line 177) stdout ----
[INFO] [stdout] Couldn't compile the test.
[INFO] [stdout] ---- src/boundary.rs - boundary::Boundary (line 113) stdout ----
[INFO] [stdout] Couldn't compile the test.
[INFO] [stdout] ---- src/boundary.rs - boundary::Boundary::DigitUpper (line 214) stdout ----
[INFO] [stdout] Couldn't compile the test.
[INFO] [stdout] ---- src/boundary.rs - boundary::Boundary::digits (line 367) stdout ----
[INFO] [stdout] Couldn't compile the test.
[INFO] [stdout] ---- src/boundary.rs - boundary::split (line 494) stdout ----
[INFO] [stdout] Couldn't compile the test.
[INFO] [stdout] ---- src/boundary.rs - boundary::Boundary::Hyphen (line 167) stdout ----
[INFO] [stdout] Couldn't compile the test.
[INFO] [stdout] ---- src/boundary.rs - boundary::Boundary::LowerUpper (line 204) stdout ----
[INFO] [stdout] Couldn't compile the test.
[INFO] [stdout] ---- src/boundary.rs - boundary::Boundary::UpperLower (line 198) stdout ----
[INFO] [stdout] Couldn't compile the test.
[INFO] [stdout] ---- src/boundary.rs - boundary::Boundary::Acronym (line 256) stdout ----
[INFO] [stdout] Couldn't compile the test.
[INFO] [stdout] ---- src/boundary.rs - boundary::Boundary::defaults (line 335) stdout ----
[INFO] [stdout] Couldn't compile the test.
[INFO] [stdout] ---- src/boundary.rs - boundary::Boundary::LowerDigit (line 244) stdout ----
[INFO] [stdout] Couldn't compile the test.
[INFO] [stdout] ---- src/case.rs - case::Case::Cobol (line 133) stdout ----
[INFO] [stdout] Couldn't compile the test.
[INFO] [stdout] ---- src/case.rs - case::Case::Custom (line 44) stdout ----
[INFO] [stdout] Couldn't compile the test.
[INFO] [stdout] ---- src/boundary.rs - boundary::Boundary::letter_digit (line 389) stdout ----
[INFO] [stdout] Couldn't compile the test.
[INFO] [stdout] ---- src/case.rs - case::Case::Camel (line 216) stdout ----
[INFO] [stdout] Couldn't compile the test.
[INFO] [stdout] ---- src/boundary.rs - boundary::separator (line 609) stdout ----
[INFO] [stdout] Couldn't compile the test.
[INFO] [stdout] ---- src/case.rs - case::Case (line 8) stdout ----
[INFO] [stdout] Couldn't compile the test.
[INFO] [stdout] ---- src/case.rs - case::Case::Constant (line 87) stdout ----
[INFO] [stdout] Couldn't compile the test.
[INFO] [stdout] ---- src/case.rs - case::Case::Ada (line 105) stdout ----
[INFO] [stdout] warning: trailing semicolon in macro used in expression position
[INFO] [stdout]    --> src/case.rs:108:12
[INFO] [stdout]     |
[INFO] [stdout] 108 | assert_eq!(ccase!(ada, "My variable NAME"), "My_Variable_Name");
[INFO] [stdout]     |            ^^^^^^^^^^^^^^^^^^^^^^^^^^^^^^^
[INFO] [stdout]     |
[INFO] [stdout]     = warning: this was previously accepted by the compiler but is being phased out; it will become a hard error in a future release!
[INFO] [stdout]     = note: for more information, see issue #79813 <https://github.com/rust-lang/rust/issues/79813>
[INFO] [stdout]     = note: `#[warn(semicolon_in_expressions_from_non_local_macros)]` (part of `#[warn(future_incompatible)]`) on by default
[INFO] [stdout]     = note: this warning originates in the macro `convert_case::case` which comes from the expansion of the macro `ccase` (in Nightly builds, run with -Z macro-backtrace for more info)
[INFO] [stdout] 
[INFO] [stdout] Couldn't compile the test.
[INFO] [stdout] ---- src/case.rs - case::Case::Lower (line 230) stdout ----
[INFO] [stdout] Couldn't compile the test.
[INFO] [stdout] ---- src/case.rs - case::Case::Flat (line 165) stdout ----
[INFO] [stdout] Couldn't compile the test.
[INFO] [stdout] ---- src/case.rs - case::Case::Train (line 151) stdout ----
[INFO] [stdout] Couldn't compile the test.
[INFO] [stdout] ---- src/case.rs - case::Case::Title (line 260) stdout ----
[INFO] [stdout] Couldn't compile the test.
[INFO] [stdout] ---- src/case.rs - case::Case::Kebab (line 119) stdout ----
[INFO] [stdout] Couldn't compile the test.
[INFO] [stdout] ---- src/case.rs - case::Case::Snake (line 73) stdout ----
[INFO] [stdout] Couldn't compile the test.
[INFO] [stdout] ---- src/case.rs - case::Case::Upper (line 244) stdout ----
[INFO] [stdout] Couldn't compile the test.
[INFO] [stdout] ---- src/case.rs - case::Case::Pascal (line 196) stdout ----
[INFO] [stdout] Couldn't compile the test.
[INFO] [stdout] ---- src/case.rs - case::Case::Sentence (line 275) stdout ----
[INFO] [stdout] Couldn't compile the test.
[INFO] [stdout] ---- src/converter.rs - converter::Converter (line 52) stdout ----
[INFO] [stdout] Couldn't compile the test.
[INFO] [stdout] ---- src/case.rs - case::Case::UpperFlat (line 179) stdout ----
[INFO] [stdout] Couldn't compile the test.
[INFO] [stdout] ---- src/converter.rs - converter::Converter::add_boundaries (line 175) stdout ----
[INFO] [stdout] Couldn't compile the test.
[INFO] [stdout] ---- src/converter.rs - converter::Converter (line 24) stdout ----
[INFO] [stdout] Couldn't compile the test.
[INFO] [stdout] ---- src/case.rs - case::Case<'_>::mutate (line 375) stdout ----
[INFO] [stdout] Couldn't compile the test.
[INFO] [stdout] ---- src/case.rs - case::Case<'_>::join (line 387) stdout ----
[INFO] [stdout] Couldn't compile the test.
[INFO] [stdout] ---- src/case.rs - case::Case<'_>::split (line 360) stdout ----
[INFO] [stdout] Couldn't compile the test.
[INFO] [stdout] ---- src/converter.rs - converter::Converter::add_patterns (line 267) stdout ----
[INFO] [stdout] Couldn't compile the test.
[INFO] [stdout] ---- src/converter.rs - converter::Converter::add_pattern (line 253) stdout ----
[INFO] [stdout] Couldn't compile the test.
[INFO] [stdout] ---- src/converter.rs - converter::Converter::from_case (line 135) stdout ----
[INFO] [stdout] Couldn't compile the test.
[INFO] [stdout] ---- src/converter.rs - converter::Converter::add_boundary (line 161) stdout ----
[INFO] [stdout] Couldn't compile the test.
[INFO] [stdout] ---- src/converter.rs - converter::Converter::remove_boundary (line 193) stdout ----
[INFO] [stdout] Couldn't compile the test.
[INFO] [stdout] ---- src/converter.rs - converter::Converter::new (line 85) stdout ----
[INFO] [stdout] Couldn't compile the test.
[INFO] [stdout] ---- src/converter.rs - converter::Converter::convert (line 95) stdout ----
[INFO] [stdout] Couldn't compile the test.
[INFO] [stdout] ---- src/converter.rs - converter::Converter::remove_boundaries (line 210) stdout ----
[INFO] [stdout] Couldn't compile the test.
[INFO] [stdout] ---- src/converter.rs - converter::Converter::remove_pattern (line 281) stdout ----
[INFO] [stdout] Couldn't compile the test.
[INFO] [stdout] ---- src/converter.rs - converter::Converter::remove_patterns (line 298) stdout ----
[INFO] [stdout] Couldn't compile the test.
[INFO] [stdout] ---- src/converter.rs - converter::Converter::set_delimiter (line 313) stdout ----
[INFO] [stdout] Couldn't compile the test.
[INFO] [stdout] ---- src/converter.rs - converter::Converter::set_pattern (line 225) stdout ----
[INFO] [stdout] Couldn't compile the test.
[INFO] [stdout] ---- src/converter.rs - converter::Converter::to_case (line 121) stdout ----
[INFO] [stdout] Couldn't compile the test.
[INFO] [stdout] ---- src/converter.rs - converter::Converter::set_boundaries (line 148) stdout ----
[INFO] [stdout] Couldn't compile the test.
[INFO] [stdout] ---- src/converter.rs - converter::Converter::set_patterns (line 239) stdout ----
[INFO] [stdout] Couldn't compile the test.
[INFO] [stdout] ---- src/lib.rs - (line 124) stdout ----
[INFO] [stdout] Couldn't compile the test.
[INFO] [stdout] ---- src/lib.rs - (line 103) stdout ----
[INFO] [stdout] Couldn't compile the test.
[INFO] [stdout] ---- src/lib.rs - (line 114) stdout ----
[INFO] [stdout] Couldn't compile the test.
[INFO] [stdout] ---- src/lib.rs - (line 146) stdout ----
[INFO] [stdout] Couldn't compile the test.
[INFO] [stdout] ---- src/lib.rs - (line 40) stdout ----
[INFO] [stdout] Couldn't compile the test.
[INFO] [stdout] ---- src/lib.rs - (line 135) stdout ----
[INFO] [stdout] warning: trailing semicolon in macro used in expression position
[INFO] [stdout]    --> src/lib.rs:139:12
[INFO] [stdout]     |
[INFO] [stdout] 139 | assert_eq!(ccase!(ada, "trailing-dash-"), "Trailing_Dash_");
[INFO] [stdout]     |            ^^^^^^^^^^^^^^^^^^^^^^^^^^^^^
[INFO] [stdout]     |
[INFO] [stdout]     = warning: this was previously accepted by the compiler but is being phased out; it will become a hard error in a future release!
[INFO] [stdout]     = note: for more information, see issue #79813 <https://github.com/rust-lang/rust/issues/79813>
[INFO] [stdout]     = note: `#[warn(semicolon_in_expressions_from_non_local_macros)]` (part of `#[warn(future_incompatible)]`) on by default
[INFO] [stdout]     = note: this warning originates in the macro `convert_case::case` which comes from the expansion of the macro `ccase` (in Nightly builds, run with -Z macro-backtrace for more info)
[INFO] [stdout] 
[INFO] [stdout] Couldn't compile the test.
[INFO] [stdout] ---- src/lib.rs - (line 20) stdout ----
[INFO] [stdout] Couldn't compile the test.
[INFO] [stdout] ---- src/lib.rs - (line 236) stdout ----
[INFO] [stdout] Couldn't compile the test.
[INFO] [stdout] ---- src/lib.rs - (line 203) stdout ----
[INFO] [stdout] Couldn't compile the test.
[INFO] [stdout] ---- src/lib.rs - (line 52) stdout ----
[INFO] [stdout] Couldn't compile the test.
[INFO] [stdout] ---- src/lib.rs - (line 95) stdout ----
[INFO] [stdout] Couldn't compile the test.
[INFO] [stdout] ---- src/lib.rs - (line 66) stdout ----
[INFO] [stdout] Couldn't compile the test.
[INFO] [stdout] ---- src/lib.rs - (line 8) stdout ----
[INFO] [stdout] Couldn't compile the test.
[INFO] [stdout] ---- src/lib.rs - Casing::set_boundaries (line 315) stdout ----
[INFO] [stdout] Couldn't compile the test.
[INFO] [stdout] ---- src/lib.rs - (line 80) stdout ----
[INFO] [stdout] Couldn't compile the test.
[INFO] [stdout] ---- src/lib.rs - Casing::from_case (line 301) stdout ----
[INFO] [stdout] Couldn't compile the test.
[INFO] [stdout] ---- src/lib.rs - Casing::remove_boundaries (line 329) stdout ----
[INFO] [stdout] Couldn't compile the test.
[INFO] [stdout] ---- src/lib.rs - ccase (line 561) stdout ----
[INFO] [stdout] Couldn't compile the test.
[INFO] [stdout] ---- src/lib.rs - StateConverter<'a,T>::remove_boundaries (line 449) stdout ----
[INFO] [stdout] Couldn't compile the test.
[INFO] [stdout] ---- src/lib.rs - Casing::to_case (line 290) stdout ----
[INFO] [stdout] Couldn't compile the test.
[INFO] [stdout] ---- src/lib.rs - StateConverter<'a,T>::from_case (line 409) stdout ----
[INFO] [stdout] Couldn't compile the test.
[INFO] [stdout] ---- src/lib.rs - Casing::remove_empty (line 344) stdout ----
[INFO] [stdout] Couldn't compile the test.
[INFO] [stdout] ---- src/pattern.rs - pattern::Pattern::Camel (line 122) stdout ----
[INFO] [stdout] Couldn't compile the test.
[INFO] [stdout] ---- src/lib.rs - StateConverter (line 385) stdout ----
[INFO] [stdout] Couldn't compile the test.
[INFO] [stdout] 
[INFO] [stdout] failures:
[INFO] [stdout]     src/boundary.rs - boundary::Boundary (line 113)
[INFO] [stdout]     src/boundary.rs - boundary::Boundary (line 135)
[INFO] [stdout]     src/boundary.rs - boundary::Boundary::Acronym (line 256)
[INFO] [stdout]     src/boundary.rs - boundary::Boundary::DigitUpper (line 214)
[INFO] [stdout]     src/boundary.rs - boundary::Boundary::Hyphen (line 167)
[INFO] [stdout]     src/boundary.rs - boundary::Boundary::LowerDigit (line 244)
[INFO] [stdout]     src/boundary.rs - boundary::Boundary::LowerUpper (line 204)
[INFO] [stdout]     src/boundary.rs - boundary::Boundary::Space (line 187)
[INFO] [stdout]     src/boundary.rs - boundary::Boundary::Underscore (line 177)
[INFO] [stdout]     src/boundary.rs - boundary::Boundary::UpperDigit (line 224)
[INFO] [stdout]     src/boundary.rs - boundary::Boundary::UpperLower (line 198)
[INFO] [stdout]     src/boundary.rs - boundary::Boundary::defaults (line 335)
[INFO] [stdout]     src/boundary.rs - boundary::Boundary::defaults_from (line 424)
[INFO] [stdout]     src/boundary.rs - boundary::Boundary::digit_letter (line 404)
[INFO] [stdout]     src/boundary.rs - boundary::Boundary::digits (line 367)
[INFO] [stdout]     src/boundary.rs - boundary::Boundary::letter_digit (line 389)
[INFO] [stdout]     src/boundary.rs - boundary::separator (line 609)
[INFO] [stdout]     src/boundary.rs - boundary::split (line 494)
[INFO] [stdout]     src/case.rs - case::Case (line 8)
[INFO] [stdout]     src/case.rs - case::Case::Ada (line 105)
[INFO] [stdout]     src/case.rs - case::Case::Camel (line 216)
[INFO] [stdout]     src/case.rs - case::Case::Cobol (line 133)
[INFO] [stdout]     src/case.rs - case::Case::Constant (line 87)
[INFO] [stdout]     src/case.rs - case::Case::Custom (line 44)
[INFO] [stdout]     src/case.rs - case::Case::Flat (line 165)
[INFO] [stdout]     src/case.rs - case::Case::Kebab (line 119)
[INFO] [stdout]     src/case.rs - case::Case::Lower (line 230)
[INFO] [stdout]     src/case.rs - case::Case::Pascal (line 196)
[INFO] [stdout]     src/case.rs - case::Case::Sentence (line 275)
[INFO] [stdout]     src/case.rs - case::Case::Snake (line 73)
[INFO] [stdout]     src/case.rs - case::Case::Title (line 260)
[INFO] [stdout]     src/case.rs - case::Case::Train (line 151)
[INFO] [stdout]     src/case.rs - case::Case::Upper (line 244)
[INFO] [stdout]     src/case.rs - case::Case::UpperFlat (line 179)
[INFO] [stdout]     src/case.rs - case::Case<'_>::join (line 387)
[INFO] [stdout]     src/case.rs - case::Case<'_>::mutate (line 375)
[INFO] [stdout]     src/case.rs - case::Case<'_>::split (line 360)
[INFO] [stdout]     src/converter.rs - converter::Converter (line 24)
[INFO] [stdout]     src/converter.rs - converter::Converter (line 52)
[INFO] [stdout]     src/converter.rs - converter::Converter::add_boundaries (line 175)
[INFO] [stdout]     src/converter.rs - converter::Converter::add_boundary (line 161)
[INFO] [stdout]     src/converter.rs - converter::Converter::add_pattern (line 253)
[INFO] [stdout]     src/converter.rs - converter::Converter::add_patterns (line 267)
[INFO] [stdout]     src/converter.rs - converter::Converter::convert (line 95)
[INFO] [stdout]     src/converter.rs - converter::Converter::from_case (line 135)
[INFO] [stdout]     src/converter.rs - converter::Converter::new (line 85)
[INFO] [stdout]     src/converter.rs - converter::Converter::remove_boundaries (line 210)
[INFO] [stdout]     src/converter.rs - converter::Converter::remove_boundary (line 193)
[INFO] [stdout]     src/converter.rs - converter::Converter::remove_pattern (line 281)
[INFO] [stdout]     src/converter.rs - converter::Converter::remove_patterns (line 298)
[INFO] [stdout]     src/converter.rs - converter::Converter::set_boundaries (line 148)
[INFO] [stdout]     src/converter.rs - converter::Converter::set_delimiter (line 313)
[INFO] [stdout]     src/converter.rs - converter::Converter::set_pattern (line 225)
[INFO] [stdout]     src/converter.rs - converter::Converter::set_patterns (line 239)
[INFO] [stdout]     src/converter.rs - converter::Converter::to_case (line 121)
[INFO] [stdout]     src/lib.rs - (line 103)
[INFO] [stdout]     src/lib.rs - (line 114)
[INFO] [stdout]     src/lib.rs - (line 124)
[INFO] [stdout]     src/lib.rs - (line 135)
[INFO] [stdout]     src/lib.rs - (line 146)
[INFO] [stdout]     src/lib.rs - (line 20)
[INFO] [stdout]     src/lib.rs - (line 203)
[INFO] [stdout]     src/lib.rs - (line 236)
[INFO] [stdout]     src/lib.rs - (line 40)
[INFO] [stdout]     src/lib.rs - (line 52)
[INFO] [stdout]     src/lib.rs - (line 66)
[INFO] [stdout]     src/lib.rs - (line 8)
[INFO] [stdout]     src/lib.rs - (line 80)
[INFO] [stdout]     src/lib.rs - (line 95)
[INFO] [stdout]     src/lib.rs - Casing::from_case (line 301)
[INFO] [stdout]     src/lib.rs - Casing::remove_boundaries (line 329)
[INFO] [stdout]     src/lib.rs - Casing::remove_empty (line 344)
[INFO] [stdout]     src/lib.rs - Casing::set_boundaries (line 315)
[INFO] [stdout]     src/lib.rs - Casing::to_case (line 290)
[INFO] [stdout]     src/lib.rs - StateConverter (line 385)
[INFO] [stdout]     src/lib.rs - StateConverter<'a,T>::from_case (line 409)
[INFO] [stdout]     src/lib.rs - StateConverter<'a,T>::remove_boundaries (line 449)
[INFO] [stdout]     src/lib.rs - ccase (line 561)
[INFO] [stdout]     src/pattern.rs - pattern::Pattern::Camel (line 122)
[INFO] [stdout] 
[INFO] [stdout] test result: FAILED. 12 passed; 79 failed; 0 ignored; 0 measured; 0 filtered out; finished in 80.03s
[INFO] [stdout] 
[INFO] [stderr] error: doctest failed, to rerun pass `--doc`
[INFO] running `Command { std: "docker" "inspect" "5ba9a5b3a6cb737df10bd72778278586084b514150419bfc03336acaca1dff2e", kill_on_drop: false }`
[INFO] running `Command { std: "docker" "rm" "-f" "5ba9a5b3a6cb737df10bd72778278586084b514150419bfc03336acaca1dff2e", kill_on_drop: false }`
[INFO] [stdout] 5ba9a5b3a6cb737df10bd72778278586084b514150419bfc03336acaca1dff2e
