[INFO] fetching crate convergio-night-agents 0.1.5...
[INFO] testing convergio-night-agents-0.1.5 against 1.100.0-beta.1+cargoflags=--release for beta-release-1.100-2
[INFO] extracting crate convergio-night-agents 0.1.5 into /workspace/builds/worker-7-tc2/source
[INFO] started tweaking crates.io crate convergio-night-agents 0.1.5
[INFO] removed 0 missing tests
[INFO] finished tweaking crates.io crate convergio-night-agents 0.1.5
[INFO] tweaked toml for crates.io crate convergio-night-agents 0.1.5 written to /workspace/builds/worker-7-tc2/source/Cargo.toml
[INFO] validating manifest of crates.io crate convergio-night-agents 0.1.5 on toolchain 1.100.0-beta.1
[INFO] running `Command { std: CARGO_HOME="/workspace/cargo-home" RUSTUP_HOME="/workspace/rustup-home" "/workspace/cargo-home/bin/cargo" "+1.100.0-beta.1" "metadata" "--manifest-path" "Cargo.toml" "--no-deps", kill_on_drop: false }`
[INFO] crate crates.io crate convergio-night-agents 0.1.5 already has a lockfile, it will not be regenerated
[INFO] running `Command { std: CARGO_HOME="/workspace/cargo-home" RUSTUP_HOME="/workspace/rustup-home" "/workspace/cargo-home/bin/cargo" "+1.100.0-beta.1" "fetch" "--manifest-path" "Cargo.toml", kill_on_drop: false }`
[INFO] running `Command { std: "docker" "create" "-v" "/var/lib/crater-agent-workspace/builds/worker-7-tc2/source:/opt/rustwide/workdir:ro,Z" "-v" "/var/lib/crater-agent-workspace/builds/worker-7-tc2/target:/opt/rustwide/target:rw,Z" "-v" "/var/lib/crater-agent-workspace/cargo-home:/opt/rustwide/cargo-home:ro,Z" "-v" "/var/lib/crater-agent-workspace/rustup-home:/opt/rustwide/rustup-home:ro,Z" "-m" "1610612736" "--network" "none" "ghcr.io/rust-lang/crates-build-env/linux@sha256:77db811e55d90add9212f6832c23229e3de5f1c1f9905e8cb07319ea15df73ac" "sleep" "infinity", kill_on_drop: false }`
[INFO] [stdout] 76696e8c128e2283108a0c128557cb77a0b3d4b1d12182d9fca471c17c3bb1e8
[INFO] running `Command { std: "docker" "start" "76696e8c128e2283108a0c128557cb77a0b3d4b1d12182d9fca471c17c3bb1e8", kill_on_drop: false }`
[INFO] running `Command { std: "docker" "inspect" "76696e8c128e2283108a0c128557cb77a0b3d4b1d12182d9fca471c17c3bb1e8", kill_on_drop: false }`
[INFO] running `Command { std: "docker" "exec" "-e" "SOURCE_DIR=/opt/rustwide/workdir" "-e" "CARGO_HOME=/opt/rustwide/cargo-home" "-e" "RUSTUP_HOME=/opt/rustwide/rustup-home" "-e" "CARGO_TARGET_DIR=/opt/rustwide/target" "-w" "/opt/rustwide/workdir" "--user" "0:0" "76696e8c128e2283108a0c128557cb77a0b3d4b1d12182d9fca471c17c3bb1e8" "/opt/rustwide/cargo-home/bin/cargo" "+1.100.0-beta.1" "metadata" "--no-deps" "--format-version=1", kill_on_drop: false }`
[INFO] running `Command { std: "docker" "inspect" "76696e8c128e2283108a0c128557cb77a0b3d4b1d12182d9fca471c17c3bb1e8", kill_on_drop: false }`
[INFO] running `Command { std: "docker" "exec" "-e" "SOURCE_DIR=/opt/rustwide/workdir" "-e" "CARGO_HOME=/opt/rustwide/cargo-home" "-e" "RUSTUP_HOME=/opt/rustwide/rustup-home" "-e" "CARGO_TARGET_DIR=/opt/rustwide/target" "-e" "CARGO_INCREMENTAL=0" "-e" "RUST_BACKTRACE=full" "-e" "RUSTFLAGS=--cap-lints=warn" "-e" "RUSTDOCFLAGS=--cap-lints=warn" "-w" "/opt/rustwide/workdir" "--user" "0:0" "76696e8c128e2283108a0c128557cb77a0b3d4b1d12182d9fca471c17c3bb1e8" "/opt/rustwide/cargo-home/bin/cargo" "+1.100.0-beta.1" "build" "--frozen" "--message-format=json" "--release", kill_on_drop: false }`
[INFO] [stderr]    Compiling libc v0.2.184
[INFO] [stderr]    Compiling zerocopy v0.8.48
[INFO] [stderr]    Compiling cc v1.2.60
[INFO] [stderr]    Compiling futures-sink v0.3.32
[INFO] [stderr]    Compiling ahash v0.8.12
[INFO] [stderr]    Compiling futures-channel v0.3.32
[INFO] [stderr]    Compiling tokio-macros v2.7.0
[INFO] [stderr]    Compiling zerovec-derive v0.11.3
[INFO] [stderr]    Compiling zerofrom-derive v0.1.7
[INFO] [stderr]    Compiling yoke-derive v0.8.2
[INFO] [stderr]    Compiling tracing v0.1.44
[INFO] [stderr]    Compiling serde v1.0.228
[INFO] [stderr]    Compiling thiserror-impl v1.0.69
[INFO] [stderr]    Compiling serde_json v1.0.149
[INFO] [stderr]    Compiling getrandom v0.4.2
[INFO] [stderr]    Compiling rand_core v0.10.0
[INFO] [stderr]    Compiling futures-util v0.3.32
[INFO] [stderr]    Compiling multer v3.1.0
[INFO] [stderr]    Compiling rustls v0.23.37
[INFO] [stderr]    Compiling cpufeatures v0.3.0
[INFO] [stderr]    Compiling data-encoding v2.10.0
[INFO] [stderr]    Compiling spin v0.9.8
[INFO] [stderr]    Compiling chacha20 v0.10.0
[INFO] [stderr]    Compiling serde_path_to_error v0.1.20
[INFO] [stderr]    Compiling webpki-roots v1.0.6
[INFO] [stderr]    Compiling serde_urlencoded v0.7.1
[INFO] [stderr]    Compiling chrono v0.4.44
[INFO] [stderr]    Compiling zerofrom v0.1.7
[INFO] [stderr]    Compiling yoke v0.8.2
[INFO] [stderr]    Compiling thiserror v1.0.69
[INFO] [stderr]    Compiling ring v0.17.14
[INFO] [stderr]    Compiling libsqlite3-sys v0.30.1
[INFO] [stderr]    Compiling zerovec v0.11.6
[INFO] [stderr]    Compiling zerotrie v0.2.4
[INFO] [stderr]    Compiling getrandom v0.2.17
[INFO] [stderr]    Compiling errno v0.3.14
[INFO] [stderr]    Compiling mio v1.2.0
[INFO] [stderr]    Compiling socket2 v0.6.3
[INFO] [stderr]    Compiling parking_lot_core v0.9.12
[INFO] [stderr]    Compiling dirs-sys v0.5.0
[INFO] [stderr]    Compiling hostname v0.4.2
[INFO] [stderr]    Compiling signal-hook-registry v1.4.8
[INFO] [stderr]    Compiling dirs v6.0.0
[INFO] [stderr]    Compiling parking_lot v0.12.5
[INFO] [stderr]    Compiling rand_core v0.6.4
[INFO] [stderr]    Compiling rand v0.10.1
[INFO] [stderr]    Compiling tinystr v0.8.3
[INFO] [stderr]    Compiling potential_utf v0.1.5
[INFO] [stderr]    Compiling tokio v1.51.1
[INFO] [stderr]    Compiling icu_locale_core v2.2.0
[INFO] [stderr]    Compiling icu_collections v2.2.0
[INFO] [stderr]    Compiling scheduled-thread-pool v0.2.7
[INFO] [stderr]    Compiling r2d2 v0.8.10
[INFO] [stderr]    Compiling uuid v1.23.0
[INFO] [stderr]    Compiling axum-core v0.4.5
[INFO] [stderr]    Compiling icu_provider v2.2.0
[INFO] [stderr]    Compiling icu_normalizer v2.2.0
[INFO] [stderr]    Compiling icu_properties v2.2.0
[INFO] [stderr]    Compiling idna_adapter v1.2.1
[INFO] [stderr]    Compiling idna v1.1.0
[INFO] [stderr]    Compiling url v2.5.8
[INFO] [stderr]    Compiling ppv-lite86 v0.2.21
[INFO] [stderr]    Compiling hashbrown v0.14.5
[INFO] [stderr]    Compiling rand_chacha v0.3.1
[INFO] [stderr]    Compiling rand v0.8.5
[INFO] [stderr]    Compiling hashlink v0.9.1
[INFO] [stderr]    Compiling tungstenite v0.24.0
[INFO] [stderr]    Compiling hyper v1.9.0
[INFO] [stderr]    Compiling tower v0.5.3
[INFO] [stderr]    Compiling tokio-tungstenite v0.24.0
[INFO] [stderr]    Compiling tower-http v0.6.8
[INFO] [stderr]    Compiling hyper-util v0.1.20
[INFO] [stderr]    Compiling axum v0.7.9
[INFO] [stderr]    Compiling rustls-webpki v0.103.11
[INFO] [stderr]    Compiling convergio-types v0.1.10
[INFO] [stderr]    Compiling tokio-rustls v0.26.4
[INFO] [stderr]    Compiling hyper-rustls v0.27.8
[INFO] [stderr]    Compiling reqwest v0.12.28
[INFO] [stderr]    Compiling rusqlite v0.32.1
[INFO] [stderr]    Compiling r2d2_sqlite v0.25.0
[INFO] [stderr]    Compiling convergio-db v0.1.10
[INFO] [stderr]    Compiling convergio-night-agents v0.1.5 (/opt/rustwide/workdir)
[INFO] [stderr]     Finished `release` profile [optimized] target(s) in 2m 39s
[INFO] running `Command { std: "docker" "inspect" "76696e8c128e2283108a0c128557cb77a0b3d4b1d12182d9fca471c17c3bb1e8", kill_on_drop: false }`
[INFO] running `Command { std: "docker" "exec" "-e" "SOURCE_DIR=/opt/rustwide/workdir" "-e" "CARGO_HOME=/opt/rustwide/cargo-home" "-e" "RUSTUP_HOME=/opt/rustwide/rustup-home" "-e" "CARGO_TARGET_DIR=/opt/rustwide/target" "-e" "CARGO_INCREMENTAL=0" "-e" "RUST_BACKTRACE=full" "-e" "RUSTFLAGS=--cap-lints=warn" "-e" "RUSTDOCFLAGS=--cap-lints=warn" "-w" "/opt/rustwide/workdir" "--user" "0:0" "76696e8c128e2283108a0c128557cb77a0b3d4b1d12182d9fca471c17c3bb1e8" "/opt/rustwide/cargo-home/bin/cargo" "+1.100.0-beta.1" "test" "--frozen" "--no-run" "--message-format=json" "--release", kill_on_drop: false }`
[INFO] [stderr]    Compiling rusqlite v0.32.1
[INFO] [stderr]    Compiling linux-raw-sys v0.12.1
[INFO] [stderr]    Compiling rustix v1.1.4
[INFO] [stderr]    Compiling tower-http v0.6.8
[INFO] [stderr]    Compiling reqwest v0.12.28
[INFO] [stderr]    Compiling r2d2_sqlite v0.25.0
[INFO] [stderr]    Compiling convergio-db v0.1.10
[INFO] [stderr]    Compiling tempfile v3.27.0
[INFO] [stderr]    Compiling convergio-night-agents v0.1.5 (/opt/rustwide/workdir)
[INFO] [stderr]     Finished `release` profile [optimized] target(s) in 37.95s
[INFO] running `Command { std: "docker" "inspect" "76696e8c128e2283108a0c128557cb77a0b3d4b1d12182d9fca471c17c3bb1e8", kill_on_drop: false }`
[INFO] running `Command { std: "docker" "exec" "-e" "SOURCE_DIR=/opt/rustwide/workdir" "-e" "CARGO_HOME=/opt/rustwide/cargo-home" "-e" "RUSTUP_HOME=/opt/rustwide/rustup-home" "-e" "CARGO_TARGET_DIR=/opt/rustwide/target" "-e" "CARGO_INCREMENTAL=0" "-e" "RUST_BACKTRACE=full" "-e" "RUSTFLAGS=--cap-lints=warn" "-e" "RUSTDOCFLAGS=--cap-lints=warn" "-w" "/opt/rustwide/workdir" "--user" "0:0" "76696e8c128e2283108a0c128557cb77a0b3d4b1d12182d9fca471c17c3bb1e8" "/opt/rustwide/cargo-home/bin/cargo" "+1.100.0-beta.1" "test" "--frozen" "--release", kill_on_drop: false }`
[INFO] [stderr]     Finished `release` profile [optimized] target(s) in 0.22s
[INFO] [stderr]      Running unittests src/lib.rs (/opt/rustwide/target/release/build/convergio-night-agents/ba626010e48bbf2b/out/convergio_night_agents-ba626010e48bbf2b)
[INFO] [stdout] 
[INFO] [stdout] running 32 tests
[INFO] [stdout] test auto_config::tests::nextjs_project_gets_lighthouse ... ok
[INFO] [stdout] test ci_optimizer::tests::no_false_positive_with_cache ... ok
[INFO] [stdout] test ci_optimizer::tests::detects_missing_timeout ... ok
[INFO] [stdout] test auto_config::tests::python_project_gets_security_scanner ... ok
[INFO] [stdout] test ci_optimizer::tests::detects_missing_cache ... ok
[INFO] [stdout] test drift_detection::tests::same_hash_means_no_drift ... ok
[INFO] [stdout] test drift_detection::tests::detect_drift_with_files ... ok
[INFO] [stdout] test drift_detection::tests::detect_drift_empty_dir ... ok
[INFO] [stdout] test drift_detection::tests::is_source_file_works ... ok
[INFO] [stdout] test drift_detection::tests::drift_report_serializes ... ok
[INFO] [stdout] test auto_config::tests::rust_project_gets_security_scanner ... ok
[INFO] [stdout] test auto_config::tests::unknown_project_gets_universal_only ... ok
[INFO] [stdout] test drift_detection::tests::drift_routes_build ... ok
[INFO] [stdout] test memory_lint_checks::tests::extract_backtick_paths ... ok
[INFO] [stdout] test runner::tests::field_star_matches_any ... ok
[INFO] [stdout] test runner::tests::field_step_matches ... ok
[INFO] [stdout] test memory_lint::tests::discover_files_in_current_repo ... FAILED
[INFO] [stdout] test knowledge_helpers::tests::detect_languages_finds_rust ... ok
[INFO] [stdout] test drift_detection::tests::detect_drift_nonexistent_dir ... ok
[INFO] [stdout] test smart_spawner::tests::classify_agent_prompts ... ok
[INFO] [stdout] test memory_lint_rules::tests::duplicates_across_files ... ok
[INFO] [stdout] test memory_lint_rules::tests::stale_markers_detected ... ok
[INFO] [stdout] test memory_lint_checks::tests::extract_md_links ... ok
[INFO] [stdout] test smart_spawner::tests::classify_simple_prompts ... ok
[INFO] [stdout] test smart_spawner::tests::model_str_determines_complexity ... ok
[INFO] [stdout] test memory_lint_rules::tests::normalize_line_strips_punctuation ... ok
[INFO] [stdout] test runner::tests::field_range_matches ... ok
[INFO] [stdout] test memory_lint_checks::tests::looks_like_path_filters ... ok
[INFO] [stdout] test runner::tests::field_exact_matches ... ok
[INFO] [stdout] test smart_spawner::tests::resolve_mlx_model_has_default ... ok
[INFO] [stdout] test memory_lint_rules::tests::phase_refs_detected ... ok
[INFO] [stderr] error: test failed, to rerun pass `--lib`
[INFO] [stdout] test knowledge_helpers::tests::git_head_on_current_repo ... FAILED
[INFO] [stdout] 
[INFO] [stdout] failures:
[INFO] [stdout] 
[INFO] [stdout] ---- memory_lint::tests::discover_files_in_current_repo stdout ----
[INFO] [stdout] 
[INFO] [stdout] thread 'memory_lint::tests::discover_files_in_current_repo' (2368) panicked at src/memory_lint.rs:220:9:
[INFO] [stdout] should find AGENTS.md: []
[INFO] [stdout] stack backtrace:
[INFO] [stdout]    0:     0x6332ec0c8c51 - <<std[617be2ca0a6fd877]::sys::backtrace::BacktraceLock>::print::DisplayBacktrace as core[a373ad73a504971]::fmt::Display>::fmt
[INFO] [stdout]    1:     0x6332ec0de87a - core[a373ad73a504971]::fmt::write
[INFO] [stdout]    2:     0x6332ec0cd20c - <alloc[2e1b2a31b91974c5]::vec::Vec<u8> as core[a373ad73a504971]::io::write::Write>::write_fmt
[INFO] [stdout]    3:     0x6332ec0a3286 - std[617be2ca0a6fd877]::panicking::default_hook::{closure#0}
[INFO] [stdout]    4:     0x6332ec0c05e9 - std[617be2ca0a6fd877]::panicking::default_hook
[INFO] [stdout]    5:     0x6332ebea73a0 - test[aada8e7e76ba119b]::test_main_inner::{closure#0}
[INFO] [stdout]    6:     0x6332ec0c07a2 - std[617be2ca0a6fd877]::panicking::panic_with_hook
[INFO] [stdout]    7:     0x6332ec0a3332 - std[617be2ca0a6fd877]::panicking::panic_handler::{closure#0}
[INFO] [stdout]    8:     0x6332ec09be59 - std[617be2ca0a6fd877]::sys::backtrace::__rust_end_short_backtrace::<std[617be2ca0a6fd877]::panicking::panic_handler::{closure#0}, !>
[INFO] [stdout]    9:     0x6332ec0a40bd - __rustc[ea4f61d10b84890b]::rust_begin_unwind
[INFO] [stdout]   10:     0x6332ec0defdc - core[a373ad73a504971]::panicking::panic_fmt
[INFO] [stdout]   11:     0x6332ebe83605 - <convergio_night_agents[df2a600b0292760e]::memory_lint::tests::discover_files_in_current_repo::{closure#0} as core[a373ad73a504971]::ops::function::FnOnce<()>>::call_once
[INFO] [stdout]   12:     0x6332ebe9a7eb - test[aada8e7e76ba119b]::__rust_begin_short_backtrace::<core[a373ad73a504971]::result::Result<(), alloc[2e1b2a31b91974c5]::string::String>, fn() -> core[a373ad73a504971]::result::Result<(), alloc[2e1b2a31b91974c5]::string::String>>
[INFO] [stdout]   13:     0x6332ebea79c5 - test[aada8e7e76ba119b]::run_test::{closure#0}
[INFO] [stdout]   14:     0x6332ebea12b4 - std[617be2ca0a6fd877]::sys::backtrace::__rust_begin_short_backtrace::<test[aada8e7e76ba119b]::run_test::{closure#1}, ()>
[INFO] [stdout]   15:     0x6332ebeaaa52 - <std[617be2ca0a6fd877]::thread::lifecycle::spawn_unchecked<test[aada8e7e76ba119b]::run_test::{closure#1}, ()>::{closure#1} as core[a373ad73a504971]::ops::function::FnOnce<()>>::call_once::{shim:vtable#0}
[INFO] [stdout]   16:     0x6332ec0c829f - <std[617be2ca0a6fd877]::sys::thread::unix::Thread>::new::thread_start
[INFO] [stdout]   17:     0x75360db1bdfa - <unknown>
[INFO] [stdout]   18:     0x75360dbaf3d4 - clone
[INFO] [stdout]   19:                0x0 - <unknown>
[INFO] [stdout] 
[INFO] [stdout] ---- knowledge_helpers::tests::git_head_on_current_repo stdout ----
[INFO] [stdout] 
[INFO] [stdout] thread 'knowledge_helpers::tests::git_head_on_current_repo' (2367) panicked at src/knowledge_helpers.rs:180:9:
[INFO] [stdout] assertion failed: head.is_some()
[INFO] [stdout] stack backtrace:
[INFO] [stdout]    0:     0x6332ec0c8c51 - <<std[617be2ca0a6fd877]::sys::backtrace::BacktraceLock>::print::DisplayBacktrace as core[a373ad73a504971]::fmt::Display>::fmt
[INFO] [stdout]    1:     0x6332ec0de87a - core[a373ad73a504971]::fmt::write
[INFO] [stdout]    2:     0x6332ec0cd20c - <alloc[2e1b2a31b91974c5]::vec::Vec<u8> as core[a373ad73a504971]::io::write::Write>::write_fmt
[INFO] [stdout]    3:     0x6332ec0a3286 - std[617be2ca0a6fd877]::panicking::default_hook::{closure#0}
[INFO] [stdout]    4:     0x6332ec0c05e9 - std[617be2ca0a6fd877]::panicking::default_hook
[INFO] [stdout]    5:     0x6332ebea73a0 - test[aada8e7e76ba119b]::test_main_inner::{closure#0}
[INFO] [stdout]    6:     0x6332ec0c07a2 - std[617be2ca0a6fd877]::panicking::panic_with_hook
[INFO] [stdout]    7:     0x6332ec0a3364 - std[617be2ca0a6fd877]::panicking::panic_handler::{closure#0}
[INFO] [stdout]    8:     0x6332ec09be59 - std[617be2ca0a6fd877]::sys::backtrace::__rust_end_short_backtrace::<std[617be2ca0a6fd877]::panicking::panic_handler::{closure#0}, !>
[INFO] [stdout]    9:     0x6332ec0a40bd - __rustc[ea4f61d10b84890b]::rust_begin_unwind
[INFO] [stdout]   10:     0x6332ec0defdc - core[a373ad73a504971]::panicking::panic_fmt
[INFO] [stdout]   11:     0x6332ec0defa2 - core[a373ad73a504971]::panicking::panic
[INFO] [stdout]   12:     0x6332ebe70c4d - <convergio_night_agents[df2a600b0292760e]::knowledge_helpers::tests::git_head_on_current_repo::{closure#0} as core[a373ad73a504971]::ops::function::FnOnce<()>>::call_once
[INFO] [stdout]   13:     0x6332ebe9a7eb - test[aada8e7e76ba119b]::__rust_begin_short_backtrace::<core[a373ad73a504971]::result::Result<(), alloc[2e1b2a31b91974c5]::string::String>, fn() -> core[a373ad73a504971]::result::Result<(), alloc[2e1b2a31b91974c5]::string::String>>
[INFO] [stdout]   14:     0x6332ebea79c5 - test[aada8e7e76ba119b]::run_test::{closure#0}
[INFO] [stdout]   15:     0x6332ebea12b4 - std[617be2ca0a6fd877]::sys::backtrace::__rust_begin_short_backtrace::<test[aada8e7e76ba119b]::run_test::{closure#1}, ()>
[INFO] [stdout]   16:     0x6332ebeaaa52 - <std[617be2ca0a6fd877]::thread::lifecycle::spawn_unchecked<test[aada8e7e76ba119b]::run_test::{closure#1}, ()>::{closure#1} as core[a373ad73a504971]::ops::function::FnOnce<()>>::call_once::{shim:vtable#0}
[INFO] [stdout]   17:     0x6332ec0c829f - <std[617be2ca0a6fd877]::sys::thread::unix::Thread>::new::thread_start
[INFO] [stdout]   18:     0x75360db1bdfa - <unknown>
[INFO] [stdout]   19:     0x75360dbaf3d4 - clone
[INFO] [stdout]   20:                0x0 - <unknown>
[INFO] [stdout] 
[INFO] [stdout] 
[INFO] [stdout] failures:
[INFO] [stdout]     knowledge_helpers::tests::git_head_on_current_repo
[INFO] [stdout]     memory_lint::tests::discover_files_in_current_repo
[INFO] [stdout] 
[INFO] [stdout] test result: FAILED. 30 passed; 2 failed; 0 ignored; 0 measured; 0 filtered out; finished in 0.01s
[INFO] [stdout] 
[INFO] running `Command { std: "docker" "inspect" "76696e8c128e2283108a0c128557cb77a0b3d4b1d12182d9fca471c17c3bb1e8", kill_on_drop: false }`
[INFO] running `Command { std: "docker" "rm" "-f" "76696e8c128e2283108a0c128557cb77a0b3d4b1d12182d9fca471c17c3bb1e8", kill_on_drop: false }`
[INFO] [stdout] 76696e8c128e2283108a0c128557cb77a0b3d4b1d12182d9fca471c17c3bb1e8
