[INFO] fetching crate converge-model 3.9.3...
[INFO] testing converge-model-3.9.3 against 1.100.0-beta.1+cargoflags=--release for beta-release-1.100-2
[INFO] extracting crate converge-model 3.9.3 into /workspace/builds/worker-6-tc2/source
[INFO] started tweaking crates.io crate converge-model 3.9.3
[INFO] removed 0 missing tests
[INFO] finished tweaking crates.io crate converge-model 3.9.3
[INFO] tweaked toml for crates.io crate converge-model 3.9.3 written to /workspace/builds/worker-6-tc2/source/Cargo.toml
[INFO] validating manifest of crates.io crate converge-model 3.9.3 on toolchain 1.100.0-beta.1
[INFO] running `Command { std: CARGO_HOME="/workspace/cargo-home" RUSTUP_HOME="/workspace/rustup-home" "/workspace/cargo-home/bin/cargo" "+1.100.0-beta.1" "metadata" "--manifest-path" "Cargo.toml" "--no-deps", kill_on_drop: false }`
[INFO] crate crates.io crate converge-model 3.9.3 already has a lockfile, it will not be regenerated
[INFO] running `Command { std: CARGO_HOME="/workspace/cargo-home" RUSTUP_HOME="/workspace/rustup-home" "/workspace/cargo-home/bin/cargo" "+1.100.0-beta.1" "fetch" "--manifest-path" "Cargo.toml", kill_on_drop: false }`
[INFO] running `Command { std: "docker" "create" "-v" "/var/lib/crater-agent-workspace/builds/worker-6-tc2/source:/opt/rustwide/workdir:ro,Z" "-v" "/var/lib/crater-agent-workspace/builds/worker-6-tc2/target:/opt/rustwide/target:rw,Z" "-v" "/var/lib/crater-agent-workspace/cargo-home:/opt/rustwide/cargo-home:ro,Z" "-v" "/var/lib/crater-agent-workspace/rustup-home:/opt/rustwide/rustup-home:ro,Z" "-m" "1610612736" "--network" "none" "ghcr.io/rust-lang/crates-build-env/linux@sha256:77db811e55d90add9212f6832c23229e3de5f1c1f9905e8cb07319ea15df73ac" "sleep" "infinity", kill_on_drop: false }`
[INFO] [stdout] 4c52984eb75ee0ebe08c0b8a9234bdb288eb5d891913dd011090f4ff3aec6ef4
[INFO] running `Command { std: "docker" "start" "4c52984eb75ee0ebe08c0b8a9234bdb288eb5d891913dd011090f4ff3aec6ef4", kill_on_drop: false }`
[INFO] running `Command { std: "docker" "inspect" "4c52984eb75ee0ebe08c0b8a9234bdb288eb5d891913dd011090f4ff3aec6ef4", kill_on_drop: false }`
[INFO] running `Command { std: "docker" "exec" "-e" "SOURCE_DIR=/opt/rustwide/workdir" "-e" "CARGO_HOME=/opt/rustwide/cargo-home" "-e" "RUSTUP_HOME=/opt/rustwide/rustup-home" "-e" "CARGO_TARGET_DIR=/opt/rustwide/target" "-w" "/opt/rustwide/workdir" "--user" "0:0" "4c52984eb75ee0ebe08c0b8a9234bdb288eb5d891913dd011090f4ff3aec6ef4" "/opt/rustwide/cargo-home/bin/cargo" "+1.100.0-beta.1" "metadata" "--no-deps" "--format-version=1", kill_on_drop: false }`
[INFO] running `Command { std: "docker" "inspect" "4c52984eb75ee0ebe08c0b8a9234bdb288eb5d891913dd011090f4ff3aec6ef4", kill_on_drop: false }`
[INFO] running `Command { std: "docker" "exec" "-e" "SOURCE_DIR=/opt/rustwide/workdir" "-e" "CARGO_HOME=/opt/rustwide/cargo-home" "-e" "RUSTUP_HOME=/opt/rustwide/rustup-home" "-e" "CARGO_TARGET_DIR=/opt/rustwide/target" "-e" "CARGO_INCREMENTAL=0" "-e" "RUST_BACKTRACE=full" "-e" "RUSTFLAGS=--cap-lints=warn" "-e" "RUSTDOCFLAGS=--cap-lints=warn" "-w" "/opt/rustwide/workdir" "--user" "0:0" "4c52984eb75ee0ebe08c0b8a9234bdb288eb5d891913dd011090f4ff3aec6ef4" "/opt/rustwide/cargo-home/bin/cargo" "+1.100.0-beta.1" "build" "--frozen" "--message-format=json" "--release", kill_on_drop: false }`
[INFO] [stderr]    Compiling serde_json v1.0.150
[INFO] [stderr]    Compiling hybrid-array v0.4.12
[INFO] [stderr]    Compiling syn v2.0.117
[INFO] [stderr]    Compiling block-buffer v0.12.0
[INFO] [stderr]    Compiling crypto-common v0.2.1
[INFO] [stderr]    Compiling digest v0.11.3
[INFO] [stderr]    Compiling sha2 v0.11.0
[INFO] [stderr]    Compiling serde_derive v1.0.228
[INFO] [stderr]    Compiling thiserror-impl v2.0.18
[INFO] [stderr]    Compiling strum_macros v0.28.0
[INFO] [stderr]    Compiling typed-builder-macro v0.20.1
[INFO] [stderr]    Compiling tracing-attributes v0.1.31
[INFO] [stderr]    Compiling async-trait v0.1.89
[INFO] [stderr]    Compiling typed-builder v0.20.1
[INFO] [stderr]    Compiling tracing v0.1.44
[INFO] [stderr]    Compiling thiserror v2.0.18
[INFO] [stderr]    Compiling strum v0.28.0
[INFO] [stderr]    Compiling serde v1.0.228
[INFO] [stderr]    Compiling converge-provider v3.9.3
[INFO] [stderr]    Compiling converge-pack v3.9.3
[INFO] [stderr]    Compiling converge-core v3.9.3
[INFO] [stderr]    Compiling converge-model v3.9.3 (/opt/rustwide/workdir)
[INFO] [stderr]     Finished `release` profile [optimized] target(s) in 35.06s
[INFO] running `Command { std: "docker" "inspect" "4c52984eb75ee0ebe08c0b8a9234bdb288eb5d891913dd011090f4ff3aec6ef4", kill_on_drop: false }`
[INFO] running `Command { std: "docker" "exec" "-e" "SOURCE_DIR=/opt/rustwide/workdir" "-e" "CARGO_HOME=/opt/rustwide/cargo-home" "-e" "RUSTUP_HOME=/opt/rustwide/rustup-home" "-e" "CARGO_TARGET_DIR=/opt/rustwide/target" "-e" "CARGO_INCREMENTAL=0" "-e" "RUST_BACKTRACE=full" "-e" "RUSTFLAGS=--cap-lints=warn" "-e" "RUSTDOCFLAGS=--cap-lints=warn" "-w" "/opt/rustwide/workdir" "--user" "0:0" "4c52984eb75ee0ebe08c0b8a9234bdb288eb5d891913dd011090f4ff3aec6ef4" "/opt/rustwide/cargo-home/bin/cargo" "+1.100.0-beta.1" "test" "--frozen" "--no-run" "--message-format=json" "--release", kill_on_drop: false }`
[INFO] [stderr]    Compiling serde_json v1.0.150
[INFO] [stderr]    Compiling serde_spanned v1.1.1
[INFO] [stderr]    Compiling toml_datetime v1.1.1+spec-1.1.0
[INFO] [stderr]    Compiling ppv-lite86 v0.2.21
[INFO] [stderr]    Compiling serde v1.0.228
[INFO] [stderr]    Compiling toml_writer v1.1.1+spec-1.1.0
[INFO] [stderr]    Compiling target-triple v1.0.0
[INFO] [stderr]    Compiling toml v1.1.2+spec-1.1.0
[INFO] [stderr]    Compiling rand_chacha v0.9.0
[INFO] [stderr]    Compiling proptest v1.11.0
[INFO] [stderr]    Compiling converge-pack v3.9.3
[INFO] [stderr]    Compiling converge-provider v3.9.3
[INFO] [stderr]    Compiling trybuild v1.0.117
[INFO] [stderr]    Compiling converge-core v3.9.3
[INFO] [stderr]    Compiling converge-model v3.9.3 (/opt/rustwide/workdir)
[INFO] [stderr]     Finished `release` profile [optimized] target(s) in 53.10s
[INFO] running `Command { std: "docker" "inspect" "4c52984eb75ee0ebe08c0b8a9234bdb288eb5d891913dd011090f4ff3aec6ef4", kill_on_drop: false }`
[INFO] running `Command { std: "docker" "exec" "-e" "SOURCE_DIR=/opt/rustwide/workdir" "-e" "CARGO_HOME=/opt/rustwide/cargo-home" "-e" "RUSTUP_HOME=/opt/rustwide/rustup-home" "-e" "CARGO_TARGET_DIR=/opt/rustwide/target" "-e" "CARGO_INCREMENTAL=0" "-e" "RUST_BACKTRACE=full" "-e" "RUSTFLAGS=--cap-lints=warn" "-e" "RUSTDOCFLAGS=--cap-lints=warn" "-w" "/opt/rustwide/workdir" "--user" "0:0" "4c52984eb75ee0ebe08c0b8a9234bdb288eb5d891913dd011090f4ff3aec6ef4" "/opt/rustwide/cargo-home/bin/cargo" "+1.100.0-beta.1" "test" "--frozen" "--release", kill_on_drop: false }`
[INFO] [stderr]     Finished `release` profile [optimized] target(s) in 0.15s
[INFO] [stderr]      Running unittests src/lib.rs (/opt/rustwide/target/release/build/converge-model/4e32ffd611123567/out/converge_model-4e32ffd611123567)
[INFO] [stdout] 
[INFO] [stdout] running 7 tests
[INFO] [stdout] test formation::tests::catalog_prefers_more_specific_matching_template ... ok
[INFO] [stdout] test formation::tests::template_compiles_to_current_request_surface ... ok
[INFO] [stdout] test formation::tests::catalog_serde_roundtrip_preserves_templates ... ok
[INFO] [stdout] test formation::tests::profile_snapshot_serde_roundtrip ... ok
[INFO] [stdout] test formation::tests::profile_snapshot_captures_all_fields ... ok
[INFO] [stdout] test formation::tests::formation_request_and_plan_roundtrip ... ok
[INFO] [stdout] test formation::tests::catalog_register_replaces_existing_template_by_id ... ok
[INFO] [stdout] 
[INFO] [stdout] test result: ok. 7 passed; 0 failed; 0 ignored; 0 measured; 0 filtered out; finished in 0.01s
[INFO] [stdout] 
[INFO] [stderr]      Running tests/compile_fail.rs (/opt/rustwide/target/release/build/converge-model/075e237b14bac207/out/compile_fail-075e237b14bac207)
[INFO] [stdout] 
[INFO] [stdout] running 1 test
[INFO] [stderr]    Compiling proc-macro2 v1.0.106
[INFO] [stderr]    Compiling unicode-ident v1.0.24
[INFO] [stderr]    Compiling quote v1.0.45
[INFO] [stderr]     Checking cfg-if v1.0.4
[INFO] [stderr]    Compiling libc v0.2.186
[INFO] [stderr]     Checking typenum v1.20.0
[INFO] [stderr]    Compiling serde_core v1.0.228
[INFO] [stderr]     Checking once_cell v1.21.4
[INFO] [stderr]    Compiling zmij v1.0.21
[INFO] [stderr]    Compiling getrandom v0.3.4
[INFO] [stderr]     Checking equivalent v1.0.2
[INFO] [stderr]    Compiling serde_json v1.0.150
[INFO] [stderr]    Compiling serde v1.0.228
[INFO] [stderr]    Compiling thiserror v2.0.18
[INFO] [stderr]     Checking hashbrown v0.17.1
[INFO] [stderr]    Compiling rustix v1.1.4
[INFO] [stderr]     Checking itoa v1.0.18
[INFO] [stderr]    Compiling zerocopy v0.8.48
[INFO] [stderr]     Checking const-oid v0.10.2
[INFO] [stderr]    Compiling heck v0.5.0
[INFO] [stderr]    Compiling getrandom v0.4.2
[INFO] [stderr]     Checking memchr v2.8.0
[INFO] [stderr]     Checking bitflags v2.11.1
[INFO] [stderr]     Checking cpufeatures v0.3.0
[INFO] [stderr]     Checking linux-raw-sys v0.12.1
[INFO] [stderr]    Compiling autocfg v1.5.0
[INFO] [stderr]     Checking tracing-core v0.1.36
[INFO] [stderr]     Checking hex v0.4.3
[INFO] [stderr]     Checking pin-project-lite v0.2.17
[INFO] [stderr]     Checking fastrand v2.4.1
[INFO] [stderr]     Checking fnv v1.0.7
[INFO] [stderr]     Checking bit-vec v0.8.0
[INFO] [stderr]     Checking quick-error v1.2.3
[INFO] [stderr]     Checking unarray v0.1.4
[INFO] [stderr]     Checking regex-syntax v0.8.10
[INFO] [stderr]     Checking bit-set v0.8.0
[INFO] [stderr]    Compiling num-traits v0.2.19
[INFO] [stderr]     Checking indexmap v2.14.0
[INFO] [stderr]    Compiling syn v2.0.117
[INFO] [stderr]     Checking hybrid-array v0.4.12
[INFO] [stderr]     Checking wait-timeout v0.2.1
[INFO] [stderr]     Checking block-buffer v0.12.0
[INFO] [stderr]     Checking crypto-common v0.2.1
[INFO] [stderr]     Checking rand_core v0.9.5
[INFO] [stderr]     Checking rand_xorshift v0.4.0
[INFO] [stderr]     Checking rand v0.9.4
[INFO] [stderr]     Checking digest v0.11.3
[INFO] [stderr]     Checking sha2 v0.11.0
[INFO] [stderr]     Checking tempfile v3.27.0
[INFO] [stderr]     Checking rusty-fork v0.3.1
[INFO] [stderr]     Checking ppv-lite86 v0.2.21
[INFO] [stderr]     Checking rand_chacha v0.9.0
[INFO] [stderr]     Checking proptest v1.11.0
[INFO] [stderr]    Compiling thiserror-impl v2.0.18
[INFO] [stderr]    Compiling serde_derive v1.0.228
[INFO] [stderr]    Compiling strum_macros v0.28.0
[INFO] [stderr]    Compiling async-trait v0.1.89
[INFO] [stderr]    Compiling typed-builder-macro v0.20.1
[INFO] [stderr]    Compiling tracing-attributes v0.1.31
[INFO] [stderr]     Checking tracing v0.1.44
[INFO] [stderr]     Checking strum v0.28.0
[INFO] [stderr]     Checking typed-builder v0.20.1
[INFO] [stderr]     Checking converge-provider v3.9.3
[INFO] [stderr]     Checking converge-pack v3.9.3
[INFO] [stderr]     Checking converge-core v3.9.3
[INFO] [stderr]     Checking converge-model v3.9.3 (/opt/rustwide/workdir)
[INFO] [stderr]     Checking converge-model-tests v0.0.0 (/opt/rustwide/target/tests/trybuild/converge-model)
[INFO] [stderr]     Finished `dev` profile [unoptimized + debuginfo] target(s) in 37.85s
[INFO] [stderr] 
[INFO] [stderr] 
[INFO] [stdout] test compile_fail_tests ... FAILED
[INFO] [stderr] test tests/ui/fail_validated_deserialize.rs ... mismatch
[INFO] [stdout] 
[INFO] [stderr] 
[INFO] [stdout] failures:
[INFO] [stderr] EXPECTED:
[INFO] [stdout] 
[INFO] [stderr] ┈┈┈┈┈┈┈┈┈┈┈┈┈┈┈┈┈┈┈┈┈┈┈┈┈┈┈┈┈┈┈┈┈┈┈┈┈┈┈┈┈┈┈┈┈┈┈┈┈┈┈┈┈┈┈┈┈┈┈┈
[INFO] [stdout] ---- compile_fail_tests stdout ----
[INFO] [stderr] error[E0277]: the trait bound `Proposal<Validated>: serde::Deserialize<'de>` is not satisfied
[INFO] [stdout] 
[INFO] [stderr]   --> tests/ui/fail_validated_deserialize.rs:10:34
[INFO] [stdout] thread 'compile_fail_tests' (1073) panicked at /opt/rustwide/cargo-home/registry/src/index.crates.io-1949cf8c6b5b557f/trybuild-1.0.117/src/run.rs:102:13:
[INFO] [stderr]    |
[INFO] [stdout] 2 of 2 tests failed
[INFO] [stderr] 10 |     let _: Proposal<Validated> = serde_json::from_str(json).unwrap();
[INFO] [stdout] stack backtrace:
[INFO] [stderr]    |                                  ^^^^^^^^^^^^^^^^^^^^^^^^^^ the trait `serde_core::de::Deserialize<'_>` is not implemented for `Proposal<Validated>`
[INFO] [stdout]    0:     0x6245e82b24d1 - <<std[617be2ca0a6fd877]::sys::backtrace::BacktraceLock>::print::DisplayBacktrace as core[a373ad73a504971]::fmt::Display>::fmt
[INFO] [stderr]    |
[INFO] [stdout]    1:     0x6245e82c87ba - core[a373ad73a504971]::fmt::write
[INFO] [stderr]    = note: for local types consider adding `#[derive(serde::Deserialize)]` to your `Proposal<Validated>` type
[INFO] [stdout]    2:     0x6245e82b6d1c - <alloc[2e1b2a31b91974c5]::vec::Vec<u8> as core[a373ad73a504971]::io::write::Write>::write_fmt
[INFO] [stderr]    = note: for types from other crates check whether the crate offers a `serde` feature flag
[INFO] [stdout]    3:     0x6245e828b936 - std[617be2ca0a6fd877]::panicking::default_hook::{closure#0}
[INFO] [stderr] help: the trait `serde_core::de::Deserialize<'_>` is not implemented for `Proposal<Validated>`
[INFO] [stdout]    4:     0x6245e82a9a79 - std[617be2ca0a6fd877]::panicking::default_hook
[INFO] [stderr]       but it is implemented for `Proposal<converge_core::types::proposal::Draft>`
[INFO] [stdout]    5:     0x6245e8243080 - test[aada8e7e76ba119b]::test_main_inner::{closure#0}
[INFO] [stderr]   --> $WORKSPACE/crates/core/src/types/proposal.rs
[INFO] [stdout]    6:     0x6245e82a9c32 - std[617be2ca0a6fd877]::panicking::panic_with_hook
[INFO] [stderr]    |
[INFO] [stdout]    7:     0x6245e828b9e2 - std[617be2ca0a6fd877]::panicking::panic_handler::{closure#0}
[INFO] [stderr]    | impl<'de> Deserialize<'de> for Proposal<Draft> {
[INFO] [stdout]    8:     0x6245e8284239 - std[617be2ca0a6fd877]::sys::backtrace::__rust_end_short_backtrace::<std[617be2ca0a6fd877]::panicking::panic_handler::{closure#0}, !>
[INFO] [stderr]    | ^^^^^^^^^^^^^^^^^^^^^^^^^^^^^^^^^^^^^^^^^^^^^^
[INFO] [stdout]    9:     0x6245e828c5ed - __rustc[ea4f61d10b84890b]::rust_begin_unwind
[INFO] [stderr]    = help: for that trait implementation, expected `converge_core::types::proposal::Draft`, found `Validated`
[INFO] [stdout]   10:     0x6245e82c8f2c - core[a373ad73a504971]::panicking::panic_fmt
[INFO] [stderr] note: required by a bound in `serde_json::from_str`
[INFO] [stdout]   11:     0x6245e8192b58 - <trybuild[9b447415db1bd251]::Runner>::run
[INFO] [stderr]   --> $CARGO/serde_json-$VERSION/src/de.rs
[INFO] [stdout]   12:     0x6245e81964e0 - <trybuild[9b447415db1bd251]::TestCases as core[a373ad73a504971]::ops::drop::Drop>::drop
[INFO] [stderr]    |
[INFO] [stdout]   13:     0x6245e818d788 - compile_fail[8cef35be9b2a1102]::compile_fail_tests
[INFO] [stderr]    | pub fn from_str<'a, T>(s: &'a str) -> Result<T>
[INFO] [stdout]   14:     0x6245e818d989 - <compile_fail[8cef35be9b2a1102]::compile_fail_tests::{closure#0} as core[a373ad73a504971]::ops::function::FnOnce<()>>::call_once
[INFO] [stderr]    |        -------- required by a bound in this function
[INFO] [stdout]   15:     0x6245e82364cb - test[aada8e7e76ba119b]::__rust_begin_short_backtrace::<core[a373ad73a504971]::result::Result<(), alloc[2e1b2a31b91974c5]::string::String>, fn() -> core[a373ad73a504971]::result::Result<(), alloc[2e1b2a31b91974c5]::string::String>>
[INFO] [stderr]    | where
[INFO] [stdout]   16:     0x6245e82436a5 - test[aada8e7e76ba119b]::run_test::{closure#0}
[INFO] [stderr]    |     T: de::Deserialize<'a>,
[INFO] [stdout]   17:     0x6245e823cf94 - std[617be2ca0a6fd877]::sys::backtrace::__rust_begin_short_backtrace::<test[aada8e7e76ba119b]::run_test::{closure#1}, ()>
[INFO] [stderr]    |        ^^^^^^^^^^^^^^^^^^^ required by this bound in `from_str`
[INFO] [stdout]   18:     0x6245e8246732 - <std[617be2ca0a6fd877]::thread::lifecycle::spawn_unchecked<test[aada8e7e76ba119b]::run_test::{closure#1}, ()>::{closure#1} as core[a373ad73a504971]::ops::function::FnOnce<()>>::call_once::{shim:vtable#0}
[INFO] [stderr] ┈┈┈┈┈┈┈┈┈┈┈┈┈┈┈┈┈┈┈┈┈┈┈┈┈┈┈┈┈┈┈┈┈┈┈┈┈┈┈┈┈┈┈┈┈┈┈┈┈┈┈┈┈┈┈┈┈┈┈┈
[INFO] [stdout]   19:     0x6245e82b172f - <std[617be2ca0a6fd877]::sys::thread::unix::Thread>::new::thread_start
[INFO] [stderr] 
[INFO] [stdout]   20:     0x745afd8f9dfa - <unknown>
[INFO] [stderr] ACTUAL OUTPUT:
[INFO] [stdout]   21:     0x745afd98d3d4 - clone
[INFO] [stderr] ┈┈┈┈┈┈┈┈┈┈┈┈┈┈┈┈┈┈┈┈┈┈┈┈┈┈┈┈┈┈┈┈┈┈┈┈┈┈┈┈┈┈┈┈┈┈┈┈┈┈┈┈┈┈┈┈┈┈┈┈
[INFO] [stdout]   22:                0x0 - <unknown>
[INFO] [stderr] error[E0277]: the trait bound `Proposal<Validated>: serde::Deserialize<'de>` is not satisfied
[INFO] [stdout] 
[INFO] [stderr]   --> tests/ui/fail_validated_deserialize.rs:10:34
[INFO] [stdout] 
[INFO] [stderr]    |
[INFO] [stdout] failures:
[INFO] [stderr] 10 |     let _: Proposal<Validated> = serde_json::from_str(json).unwrap();
[INFO] [stdout]     compile_fail_tests
[INFO] [stderr]    |                                  ^^^^^^^^^^^^^^^^^^^^^^^^^^ the trait `serde_core::de::Deserialize<'_>` is not implemented for `Proposal<Validated>`
[INFO] [stdout] 
[INFO] [stderr]    |
[INFO] [stdout] test result: FAILED. 0 passed; 1 failed; 0 ignored; 0 measured; 0 filtered out; finished in 58.85s
[INFO] [stderr]    = note: for local types consider adding `#[derive(serde::Deserialize)]` to your `Proposal<Validated>` type
[INFO] [stdout] 
[INFO] [stderr]    = note: for types from other crates check whether the crate offers a `serde` feature flag
[INFO] [stderr] help: the trait `serde_core::de::Deserialize<'_>` is not implemented for `Proposal<Validated>`
[INFO] [stderr]       but it is implemented for `Proposal<converge_core::types::proposal::Draft>`
[INFO] [stderr]   --> $CARGO/converge-core-$VERSION/src/types/proposal.rs
[INFO] [stderr]    |
[INFO] [stderr]    | impl<'de> Deserialize<'de> for Proposal<Draft> {
[INFO] [stderr]    | ^^^^^^^^^^^^^^^^^^^^^^^^^^^^^^^^^^^^^^^^^^^^^^
[INFO] [stderr]    = help: for that trait implementation, expected `converge_core::types::proposal::Draft`, found `Validated`
[INFO] [stderr] note: required by a bound in `serde_json::from_str`
[INFO] [stderr]   --> $CARGO/serde_json-$VERSION/src/de.rs
[INFO] [stderr]    |
[INFO] [stderr]    | pub fn from_str<'a, T>(s: &'a str) -> Result<T>
[INFO] [stderr]    | where
[INFO] [stderr]    |     T: de::Deserialize<'a>,
[INFO] [stderr]    |        ^^^^^^^^^^^^^^^^^^^ required by this bound in `from_str`
[INFO] [stderr] ┈┈┈┈┈┈┈┈┈┈┈┈┈┈┈┈┈┈┈┈┈┈┈┈┈┈┈┈┈┈┈┈┈┈┈┈┈┈┈┈┈┈┈┈┈┈┈┈┈┈┈┈┈┈┈┈┈┈┈┈
[INFO] [stderr] note: If the actual output is the correct output you can bless it by rerunning
[INFO] [stderr]       your test with the environment variable TRYBUILD=overwrite
[INFO] [stderr] 
[INFO] [stderr] test tests/ui/fail_validated_proposal_construction.rs ... mismatch
[INFO] [stderr] 
[INFO] [stderr] EXPECTED:
[INFO] [stderr] ┈┈┈┈┈┈┈┈┈┈┈┈┈┈┈┈┈┈┈┈┈┈┈┈┈┈┈┈┈┈┈┈┈┈┈┈┈┈┈┈┈┈┈┈┈┈┈┈┈┈┈┈┈┈┈┈┈┈┈┈
[INFO] [stderr] error[E0624]: associated function `from_validated` is private
[INFO] [stderr]   --> tests/ui/fail_validated_proposal_construction.rs:19:45
[INFO] [stderr]    |
[INFO] [stderr] 19 |       let _validated = Proposal::<Validated>::from_validated(
[INFO] [stderr]    |                                               ^^^^^^^^^^^^^^ private associated function
[INFO] [stderr]    |
[INFO] [stderr]   ::: $WORKSPACE/crates/core/src/types/proposal.rs
[INFO] [stderr]    |
[INFO] [stderr]    | /     pub(crate) fn from_validated(
[INFO] [stderr]    | |         id: ProposalId,
[INFO] [stderr]    | |         content: ProposedContent,
[INFO] [stderr]    | |         provenance: ObservationProvenance,
[INFO] [stderr]    | |     ) -> Self {
[INFO] [stderr]    | |_____________- private associated function defined here
[INFO] [stderr] ┈┈┈┈┈┈┈┈┈┈┈┈┈┈┈┈┈┈┈┈┈┈┈┈┈┈┈┈┈┈┈┈┈┈┈┈┈┈┈┈┈┈┈┈┈┈┈┈┈┈┈┈┈┈┈┈┈┈┈┈
[INFO] [stderr] 
[INFO] [stderr] ACTUAL OUTPUT:
[INFO] [stderr] ┈┈┈┈┈┈┈┈┈┈┈┈┈┈┈┈┈┈┈┈┈┈┈┈┈┈┈┈┈┈┈┈┈┈┈┈┈┈┈┈┈┈┈┈┈┈┈┈┈┈┈┈┈┈┈┈┈┈┈┈
[INFO] [stderr] error[E0624]: associated function `from_validated` is private
[INFO] [stderr]   --> tests/ui/fail_validated_proposal_construction.rs:19:45
[INFO] [stderr]    |
[INFO] [stderr] 19 |       let _validated = Proposal::<Validated>::from_validated(
[INFO] [stderr]    |                                               ^^^^^^^^^^^^^^ private associated function
[INFO] [stderr]    |
[INFO] [stderr]   ::: $CARGO/converge-core-$VERSION/src/types/proposal.rs
[INFO] [stderr]    |
[INFO] [stderr]    | /     pub(crate) fn from_validated(
[INFO] [stderr]    | |         id: ProposalId,
[INFO] [stderr]    | |         content: ProposedContent,
[INFO] [stderr]    | |         provenance: ObservationProvenance,
[INFO] [stderr]    | |     ) -> Self {
[INFO] [stderr]    | |_____________- private associated function defined here
[INFO] [stderr] ┈┈┈┈┈┈┈┈┈┈┈┈┈┈┈┈┈┈┈┈┈┈┈┈┈┈┈┈┈┈┈┈┈┈┈┈┈┈┈┈┈┈┈┈┈┈┈┈┈┈┈┈┈┈┈┈┈┈┈┈
[INFO] [stderr] note: If the actual output is the correct output you can bless it by rerunning
[INFO] [stderr]       your test with the environment variable TRYBUILD=overwrite
[INFO] [stderr] 
[INFO] [stderr] 
[INFO] [stderr] 
[INFO] [stderr] error: test failed, to rerun pass `--test compile_fail`
[INFO] running `Command { std: "docker" "inspect" "4c52984eb75ee0ebe08c0b8a9234bdb288eb5d891913dd011090f4ff3aec6ef4", kill_on_drop: false }`
[INFO] running `Command { std: "docker" "rm" "-f" "4c52984eb75ee0ebe08c0b8a9234bdb288eb5d891913dd011090f4ff3aec6ef4", kill_on_drop: false }`
[INFO] [stdout] 4c52984eb75ee0ebe08c0b8a9234bdb288eb5d891913dd011090f4ff3aec6ef4
