[INFO] fetching crate contextgraph-conformance 2.0.0...
[INFO] testing contextgraph-conformance-2.0.0 against 1.100.0-beta.1+cargoflags=--release for beta-release-1.100-2
[INFO] extracting crate contextgraph-conformance 2.0.0 into /workspace/builds/worker-1-tc2/source
[INFO] started tweaking crates.io crate contextgraph-conformance 2.0.0
[INFO] removed 0 missing tests
[INFO] finished tweaking crates.io crate contextgraph-conformance 2.0.0
[INFO] tweaked toml for crates.io crate contextgraph-conformance 2.0.0 written to /workspace/builds/worker-1-tc2/source/Cargo.toml
[INFO] validating manifest of crates.io crate contextgraph-conformance 2.0.0 on toolchain 1.100.0-beta.1
[INFO] running `Command { std: CARGO_HOME="/workspace/cargo-home" RUSTUP_HOME="/workspace/rustup-home" "/workspace/cargo-home/bin/cargo" "+1.100.0-beta.1" "metadata" "--manifest-path" "Cargo.toml" "--no-deps", kill_on_drop: false }`
[INFO] crate crates.io crate contextgraph-conformance 2.0.0 already has a lockfile, it will not be regenerated
[INFO] running `Command { std: CARGO_HOME="/workspace/cargo-home" RUSTUP_HOME="/workspace/rustup-home" "/workspace/cargo-home/bin/cargo" "+1.100.0-beta.1" "fetch" "--manifest-path" "Cargo.toml", kill_on_drop: false }`
[INFO] running `Command { std: "docker" "create" "-v" "/var/lib/crater-agent-workspace/builds/worker-1-tc2/source:/opt/rustwide/workdir:ro,Z" "-v" "/var/lib/crater-agent-workspace/builds/worker-1-tc2/target:/opt/rustwide/target:rw,Z" "-v" "/var/lib/crater-agent-workspace/cargo-home:/opt/rustwide/cargo-home:ro,Z" "-v" "/var/lib/crater-agent-workspace/rustup-home:/opt/rustwide/rustup-home:ro,Z" "-m" "1610612736" "--network" "none" "ghcr.io/rust-lang/crates-build-env/linux@sha256:77db811e55d90add9212f6832c23229e3de5f1c1f9905e8cb07319ea15df73ac" "sleep" "infinity", kill_on_drop: false }`
[INFO] [stdout] decede9ef22ccd00206fc4b0df0a968115d90372e35f8ea85df9aa73604e1d28
[INFO] running `Command { std: "docker" "start" "decede9ef22ccd00206fc4b0df0a968115d90372e35f8ea85df9aa73604e1d28", kill_on_drop: false }`
[INFO] running `Command { std: "docker" "inspect" "decede9ef22ccd00206fc4b0df0a968115d90372e35f8ea85df9aa73604e1d28", kill_on_drop: false }`
[INFO] running `Command { std: "docker" "exec" "-e" "SOURCE_DIR=/opt/rustwide/workdir" "-e" "CARGO_HOME=/opt/rustwide/cargo-home" "-e" "RUSTUP_HOME=/opt/rustwide/rustup-home" "-e" "CARGO_TARGET_DIR=/opt/rustwide/target" "-w" "/opt/rustwide/workdir" "--user" "0:0" "decede9ef22ccd00206fc4b0df0a968115d90372e35f8ea85df9aa73604e1d28" "/opt/rustwide/cargo-home/bin/cargo" "+1.100.0-beta.1" "metadata" "--no-deps" "--format-version=1", kill_on_drop: false }`
[INFO] running `Command { std: "docker" "inspect" "decede9ef22ccd00206fc4b0df0a968115d90372e35f8ea85df9aa73604e1d28", kill_on_drop: false }`
[INFO] running `Command { std: "docker" "exec" "-e" "SOURCE_DIR=/opt/rustwide/workdir" "-e" "CARGO_HOME=/opt/rustwide/cargo-home" "-e" "RUSTUP_HOME=/opt/rustwide/rustup-home" "-e" "CARGO_TARGET_DIR=/opt/rustwide/target" "-e" "CARGO_INCREMENTAL=0" "-e" "RUST_BACKTRACE=full" "-e" "RUSTFLAGS=--cap-lints=warn" "-e" "RUSTDOCFLAGS=--cap-lints=warn" "-w" "/opt/rustwide/workdir" "--user" "0:0" "decede9ef22ccd00206fc4b0df0a968115d90372e35f8ea85df9aa73604e1d28" "/opt/rustwide/cargo-home/bin/cargo" "+1.100.0-beta.1" "build" "--frozen" "--message-format=json" "--release", kill_on_drop: false }`
[INFO] [stderr]    Compiling syn v2.0.119
[INFO] [stderr]    Compiling semver v1.0.28
[INFO] [stderr]    Compiling socket2 v0.6.5
[INFO] [stderr]    Compiling mio v1.2.2
[INFO] [stderr]    Compiling futures-channel v0.3.32
[INFO] [stderr]    Compiling rustls v0.23.42
[INFO] [stderr]    Compiling signature v2.2.0
[INFO] [stderr]    Compiling sha2 v0.10.9
[INFO] [stderr]    Compiling http-body-util v0.1.4
[INFO] [stderr]    Compiling serde_json v1.0.150
[INFO] [stderr]    Compiling colored v3.1.1
[INFO] [stderr]    Compiling ed25519 v2.2.3
[INFO] [stderr]    Compiling rustc_version v0.4.1
[INFO] [stderr]    Compiling curve25519-dalek v4.1.3
[INFO] [stderr]    Compiling synstructure v0.13.2
[INFO] [stderr]    Compiling zerovec-derive v0.11.3
[INFO] [stderr]    Compiling displaydoc v0.2.6
[INFO] [stderr]    Compiling tokio-macros v2.7.1
[INFO] [stderr]    Compiling futures-macro v0.3.32
[INFO] [stderr]    Compiling serde_derive v1.0.228
[INFO] [stderr]    Compiling curve25519-dalek-derive v0.1.1
[INFO] [stderr]    Compiling thiserror-impl v2.0.18
[INFO] [stderr]    Compiling clap_derive v4.6.1
[INFO] [stderr]    Compiling async-trait v0.1.89
[INFO] [stderr]    Compiling zerofrom-derive v0.1.7
[INFO] [stderr]    Compiling yoke-derive v0.8.2
[INFO] [stderr]    Compiling tokio v1.53.0
[INFO] [stderr]    Compiling futures-util v0.3.32
[INFO] [stderr]    Compiling zerofrom v0.1.8
[INFO] [stderr]    Compiling yoke v0.8.3
[INFO] [stderr]    Compiling zerovec v0.11.6
[INFO] [stderr]    Compiling zerotrie v0.2.4
[INFO] [stderr]    Compiling thiserror v2.0.18
[INFO] [stderr]    Compiling clap v4.6.2
[INFO] [stderr]    Compiling tinystr v0.8.3
[INFO] [stderr]    Compiling icu_locale_core v2.2.0
[INFO] [stderr]    Compiling potential_utf v0.1.5
[INFO] [stderr]    Compiling ed25519-dalek v2.2.0
[INFO] [stderr]    Compiling icu_collections v2.2.0
[INFO] [stderr]    Compiling serde v1.0.228
[INFO] [stderr]    Compiling icu_provider v2.2.0
[INFO] [stderr]    Compiling serde_urlencoded v0.7.1
[INFO] [stderr]    Compiling contextgraph-types v2.0.0
[INFO] [stderr]    Compiling icu_normalizer v2.2.0
[INFO] [stderr]    Compiling icu_properties v2.2.0
[INFO] [stderr]    Compiling idna_adapter v1.2.2
[INFO] [stderr]    Compiling idna v1.1.0
[INFO] [stderr]    Compiling url v2.5.8
[INFO] [stderr]    Compiling hyper v1.10.1
[INFO] [stderr]    Compiling tokio-rustls v0.26.4
[INFO] [stderr]    Compiling tower v0.5.3
[INFO] [stderr]    Compiling tokio-util v0.7.18
[INFO] [stderr]    Compiling tower-http v0.6.11
[INFO] [stderr]    Compiling hyper-util v0.1.20
[INFO] [stderr]    Compiling hyper-rustls v0.27.9
[INFO] [stderr]    Compiling reqwest v0.12.28
[INFO] [stderr]    Compiling contextgraph-host v2.0.0
[INFO] [stderr]    Compiling contextgraph-conformance v2.0.0 (/opt/rustwide/workdir)
[INFO] [stderr]     Finished `release` profile [optimized] target(s) in 1m 42s
[INFO] running `Command { std: "docker" "inspect" "decede9ef22ccd00206fc4b0df0a968115d90372e35f8ea85df9aa73604e1d28", kill_on_drop: false }`
[INFO] running `Command { std: "docker" "exec" "-e" "SOURCE_DIR=/opt/rustwide/workdir" "-e" "CARGO_HOME=/opt/rustwide/cargo-home" "-e" "RUSTUP_HOME=/opt/rustwide/rustup-home" "-e" "CARGO_TARGET_DIR=/opt/rustwide/target" "-e" "CARGO_INCREMENTAL=0" "-e" "RUST_BACKTRACE=full" "-e" "RUSTFLAGS=--cap-lints=warn" "-e" "RUSTDOCFLAGS=--cap-lints=warn" "-w" "/opt/rustwide/workdir" "--user" "0:0" "decede9ef22ccd00206fc4b0df0a968115d90372e35f8ea85df9aa73604e1d28" "/opt/rustwide/cargo-home/bin/cargo" "+1.100.0-beta.1" "test" "--frozen" "--no-run" "--message-format=json" "--release", kill_on_drop: false }`
[INFO] [stderr]    Compiling serde_json v1.0.150
[INFO] [stderr]    Compiling ryu-js v1.0.3
[INFO] [stderr]    Compiling serde_json_canonicalizer v0.3.2
[INFO] [stderr]    Compiling reqwest v0.12.28
[INFO] [stderr]    Compiling contextgraph-types v2.0.0
[INFO] [stderr]    Compiling contextgraph-host v2.0.0
[INFO] [stderr]    Compiling contextgraph-conformance v2.0.0 (/opt/rustwide/workdir)
[INFO] [stderr]     Finished `release` profile [optimized] target(s) in 1m 52s
[INFO] running `Command { std: "docker" "inspect" "decede9ef22ccd00206fc4b0df0a968115d90372e35f8ea85df9aa73604e1d28", kill_on_drop: false }`
[INFO] running `Command { std: "docker" "exec" "-e" "SOURCE_DIR=/opt/rustwide/workdir" "-e" "CARGO_HOME=/opt/rustwide/cargo-home" "-e" "RUSTUP_HOME=/opt/rustwide/rustup-home" "-e" "CARGO_TARGET_DIR=/opt/rustwide/target" "-e" "CARGO_INCREMENTAL=0" "-e" "RUST_BACKTRACE=full" "-e" "RUSTFLAGS=--cap-lints=warn" "-e" "RUSTDOCFLAGS=--cap-lints=warn" "-w" "/opt/rustwide/workdir" "--user" "0:0" "decede9ef22ccd00206fc4b0df0a968115d90372e35f8ea85df9aa73604e1d28" "/opt/rustwide/cargo-home/bin/cargo" "+1.100.0-beta.1" "test" "--frozen" "--release", kill_on_drop: false }`
[INFO] [stderr]     Finished `release` profile [optimized] target(s) in 0.29s
[INFO] [stderr]      Running unittests src/lib.rs (/opt/rustwide/target/release/build/contextgraph-conformance/eea2f76919869c06/out/contextgraph_conformance-eea2f76919869c06)
[INFO] [stdout] 
[INFO] [stdout] running 10 tests
[INFO] [stdout] test host_conformance::tests::an_unreceipted_scope_is_refused_and_names_what_would_leave ... ok
[INFO] [stdout] test report::tests::a_run_passes_only_when_nothing_failed ... ok
[INFO] [stdout] test composition_conformance::tests::a_host_that_admits_nothing_passes_no_check_vacuously ... ok
[INFO] [stdout] test host_conformance::tests::an_unconsented_egress_provider_never_sees_the_query ... ok
[INFO] [stdout] test report::tests::report_is_serde_roundtrippable_for_json_output ... ok
[INFO] [stdout] test composition_conformance::tests::composing_from_raw_provider_results_fails_quarantine ... ok
[INFO] [stdout] test composition_conformance::tests::silent_truncation_fails_the_total_partition ... ok
[INFO] [stdout] test composition_conformance::tests::admitting_every_frame_fails_the_cross_provider_budget_bound ... ok
[INFO] [stdout] test composition_conformance::tests::an_order_that_varies_between_identical_calls_fails_determinism ... ok
[INFO] [stdout] test composition_conformance::tests::the_reference_composing_host_passes_every_check ... ok
[INFO] [stdout] 
[INFO] [stdout] test result: ok. 10 passed; 0 failed; 0 ignored; 0 measured; 0 filtered out; finished in 0.01s
[INFO] [stdout] 
[INFO] [stderr]      Running unittests src/bin/contextgraph-example-docs.rs (/opt/rustwide/target/release/build/contextgraph-conformance/df1566f38f14839b/out/contextgraph_example_docs-df1566f38f14839b)
[INFO] [stderr]      Running unittests src/bin/contextgraph-inspect.rs (/opt/rustwide/target/release/build/contextgraph-conformance/7e11fd697ab08cb6/out/contextgraph_inspect-7e11fd697ab08cb6)
[INFO] [stdout] 
[INFO] [stdout] running 0 tests
[INFO] [stdout] 
[INFO] [stdout] test result: ok. 0 passed; 0 failed; 0 ignored; 0 measured; 0 filtered out; finished in 0.00s
[INFO] [stdout] 
[INFO] [stdout] 
[INFO] [stderr]      Running tests/attestation_conformance.rs (/opt/rustwide/target/release/build/contextgraph-conformance/fb026d47739fb1e1/out/attestation_conformance-fb026d47739fb1e1)
[INFO] [stdout] running 0 tests
[INFO] [stdout] 
[INFO] [stdout] test result: ok. 0 passed; 0 failed; 0 ignored; 0 measured; 0 filtered out; finished in 0.00s
[INFO] [stdout] 
[INFO] [stdout] 
[INFO] [stdout] running 5 tests
[INFO] [stdout] test an_attestation_is_detached_and_never_rides_inside_the_frame_it_signs ... ok
[INFO] [stdout] test an_attestation_lift_differs_only_in_the_frame_id ... ok
[INFO] [stdout] test a_forged_signature_leaves_the_commitment_intact ... ok
[INFO] [stdout] test the_honest_fixture_publishes_a_key_and_signs_every_frame_it_serves ... ok
[INFO] [stdout] test truncation_hides_a_derivation_link_the_signature_still_covers ... ok
[INFO] [stdout] 
[INFO] [stdout] test result: ok. 5 passed; 0 failed; 0 ignored; 0 measured; 0 filtered out; finished in 0.01s
[INFO] [stdout] 
[INFO] [stderr]      Running tests/attestation_wire.rs (/opt/rustwide/target/release/build/contextgraph-conformance/93cec642a72b6fb0/out/attestation_wire-93cec642a72b6fb0)
[INFO] [stdout] 
[INFO] [stdout] running 7 tests
[INFO] [stdout] test every_shipped_inclusion_proof_recomputes_the_signed_root ... FAILED
[INFO] [stdout] test every_shipped_per_frame_attestation_signs_the_commitment_it_claims ... FAILED
[INFO] [stdout] test the_repository_ships_at_least_one_attested_wire_example ... FAILED
[INFO] [stdout] test no_shipped_attestation_names_a_frame_the_example_does_not_carry ... FAILED
[INFO] [stdout] test every_shipped_result_attestation_signs_the_root_over_exactly_the_frames_carried ... FAILED
[INFO] [stdout] test the_signed_root_is_a_function_of_canonical_order_not_arrival_order ... FAILED
[INFO] [stdout] test a_tampered_frame_is_caught_as_a_commitment_mismatch_not_a_bad_signature ... FAILED
[INFO] [stdout] 
[INFO] [stdout] failures:
[INFO] [stdout] 
[INFO] [stdout] ---- every_shipped_inclusion_proof_recomputes_the_signed_root stdout ----
[INFO] [stdout] 
[INFO] [stdout] thread 'every_shipped_inclusion_proof_recomputes_the_signed_root' (2504) panicked at tests/attestation_wire.rs:67:33:
[INFO] [stdout] could not read /opt/rustwide/examples/full-stdio-session.ndjson: No such file or directory (os error 2)
[INFO] [stdout] stack backtrace:
[INFO] [stdout]    0:     0x5ec04958d181 - <<std[617be2ca0a6fd877]::sys::backtrace::BacktraceLock>::print::DisplayBacktrace as core[a373ad73a504971]::fmt::Display>::fmt
[INFO] [stdout]    1:     0x5ec0495a19ea - core[a373ad73a504971]::fmt::write
[INFO] [stdout]    2:     0x5ec0495913bc - <alloc[2e1b2a31b91974c5]::vec::Vec<u8> as core[a373ad73a504971]::io::write::Write>::write_fmt
[INFO] [stdout]    3:     0x5ec049568ff6 - std[617be2ca0a6fd877]::panicking::default_hook::{closure#0}
[INFO] [stdout]    4:     0x5ec0495854b9 - std[617be2ca0a6fd877]::panicking::default_hook
[INFO] [stdout]    5:     0x5ec0494fb440 - test[aada8e7e76ba119b]::test_main_inner::{closure#0}
[INFO] [stdout]    6:     0x5ec049585672 - std[617be2ca0a6fd877]::panicking::panic_with_hook
[INFO] [stdout]    7:     0x5ec0495690a2 - std[617be2ca0a6fd877]::panicking::panic_handler::{closure#0}
[INFO] [stdout]    8:     0x5ec049561c29 - std[617be2ca0a6fd877]::sys::backtrace::__rust_end_short_backtrace::<std[617be2ca0a6fd877]::panicking::panic_handler::{closure#0}, !>
[INFO] [stdout]    9:     0x5ec049569cad - __rustc[ea4f61d10b84890b]::rust_begin_unwind
[INFO] [stdout]   10:     0x5ec0495a211c - core[a373ad73a504971]::panicking::panic_fmt
[INFO] [stdout]   11:     0x5ec0494d13a9 - attestation_wire[4fd6823831d5d75e]::attested_results::{closure#0}
[INFO] [stdout]   12:     0x5ec0494d1e22 - attestation_wire[4fd6823831d5d75e]::attested_results
[INFO] [stdout]   13:     0x5ec0494d2876 - <attestation_wire[4fd6823831d5d75e]::every_shipped_inclusion_proof_recomputes_the_signed_root::{closure#0} as core[a373ad73a504971]::ops::function::FnOnce<()>>::call_once
[INFO] [stdout]   14:     0x5ec0494ee88b - test[aada8e7e76ba119b]::__rust_begin_short_backtrace::<core[a373ad73a504971]::result::Result<(), alloc[2e1b2a31b91974c5]::string::String>, fn() -> core[a373ad73a504971]::result::Result<(), alloc[2e1b2a31b91974c5]::string::String>>
[INFO] [stdout]   15:     0x5ec0494fba65 - test[aada8e7e76ba119b]::run_test::{closure#0}
[INFO] [stdout]   16:     0x5ec0494f5354 - std[617be2ca0a6fd877]::sys::backtrace::__rust_begin_short_backtrace::<test[aada8e7e76ba119b]::run_test::{closure#1}, ()>
[INFO] [stdout]   17:     0x5ec0494feaf2 - <std[617be2ca0a6fd877]::thread::lifecycle::spawn_unchecked<test[aada8e7e76ba119b]::run_test::{closure#1}, ()>::{closure#1} as core[a373ad73a504971]::ops::function::FnOnce<()>>::call_once::{shim:vtable#0}
[INFO] [stdout]   18:     0x5ec04958c67f - <std[617be2ca0a6fd877]::sys::thread::unix::Thread>::new::thread_start
[INFO] [stdout]   19:     0x7b0e20d68dfa - <unknown>
[INFO] [stdout]   20:     0x7b0e20dfc3d4 - clone
[INFO] [stdout]   21:                0x0 - <unknown>
[INFO] [stdout] 
[INFO] [stdout] ---- every_shipped_per_frame_attestation_signs_the_commitment_it_claims stdout ----
[INFO] [stdout] 
[INFO] [stdout] thread 'every_shipped_per_frame_attestation_signs_the_commitment_it_claims' (2505) panicked at tests/attestation_wire.rs:67:33:
[INFO] [stdout] could not read /opt/rustwide/examples/full-stdio-session.ndjson: No such file or directory (os error 2)
[INFO] [stdout] stack backtrace:
[INFO] [stdout]    0:     0x5ec04958d181 - <<std[617be2ca0a6fd877]::sys::backtrace::BacktraceLock>::print::DisplayBacktrace as core[a373ad73a504971]::fmt::Display>::fmt
[INFO] [stdout]    1:     0x5ec0495a19ea - core[a373ad73a504971]::fmt::write
[INFO] [stderr] error: test failed, to rerun pass `--test attestation_wire`
[INFO] [stdout]    2:     0x5ec0495913bc - <alloc[2e1b2a31b91974c5]::vec::Vec<u8> as core[a373ad73a504971]::io::write::Write>::write_fmt
[INFO] [stdout]    3:     0x5ec049568ff6 - std[617be2ca0a6fd877]::panicking::default_hook::{closure#0}
[INFO] [stdout]    4:     0x5ec0495854b9 - std[617be2ca0a6fd877]::panicking::default_hook
[INFO] [stdout]    5:     0x5ec0494fb440 - test[aada8e7e76ba119b]::test_main_inner::{closure#0}
[INFO] [stdout]    6:     0x5ec049585672 - std[617be2ca0a6fd877]::panicking::panic_with_hook
[INFO] [stdout]    7:     0x5ec0495690a2 - std[617be2ca0a6fd877]::panicking::panic_handler::{closure#0}
[INFO] [stdout]    8:     0x5ec049561c29 - std[617be2ca0a6fd877]::sys::backtrace::__rust_end_short_backtrace::<std[617be2ca0a6fd877]::panicking::panic_handler::{closure#0}, !>
[INFO] [stdout]    9:     0x5ec049569cad - __rustc[ea4f61d10b84890b]::rust_begin_unwind
[INFO] [stdout]   10:     0x5ec0495a211c - core[a373ad73a504971]::panicking::panic_fmt
[INFO] [stdout]   11:     0x5ec0494d13a9 - attestation_wire[4fd6823831d5d75e]::attested_results::{closure#0}
[INFO] [stdout]   12:     0x5ec0494d1e22 - attestation_wire[4fd6823831d5d75e]::attested_results
[INFO] [stdout]   13:     0x5ec0494d35f6 - <attestation_wire[4fd6823831d5d75e]::every_shipped_per_frame_attestation_signs_the_commitment_it_claims::{closure#0} as core[a373ad73a504971]::ops::function::FnOnce<()>>::call_once
[INFO] [stdout]   14:     0x5ec0494ee88b - test[aada8e7e76ba119b]::__rust_begin_short_backtrace::<core[a373ad73a504971]::result::Result<(), alloc[2e1b2a31b91974c5]::string::String>, fn() -> core[a373ad73a504971]::result::Result<(), alloc[2e1b2a31b91974c5]::string::String>>
[INFO] [stdout]   15:     0x5ec0494fba65 - test[aada8e7e76ba119b]::run_test::{closure#0}
[INFO] [stdout]   16:     0x5ec0494f5354 - std[617be2ca0a6fd877]::sys::backtrace::__rust_begin_short_backtrace::<test[aada8e7e76ba119b]::run_test::{closure#1}, ()>
[INFO] [stdout]   17:     0x5ec0494feaf2 - <std[617be2ca0a6fd877]::thread::lifecycle::spawn_unchecked<test[aada8e7e76ba119b]::run_test::{closure#1}, ()>::{closure#1} as core[a373ad73a504971]::ops::function::FnOnce<()>>::call_once::{shim:vtable#0}
[INFO] [stdout]   18:     0x5ec04958c67f - <std[617be2ca0a6fd877]::sys::thread::unix::Thread>::new::thread_start
[INFO] [stdout]   19:     0x7b0e20d68dfa - <unknown>
[INFO] [stdout]   20:     0x7b0e20dfc3d4 - clone
[INFO] [stdout]   21:                0x0 - <unknown>
[INFO] [stdout] 
[INFO] [stdout] ---- the_repository_ships_at_least_one_attested_wire_example stdout ----
[INFO] [stdout] 
[INFO] [stdout] thread 'the_repository_ships_at_least_one_attested_wire_example' (2508) panicked at tests/attestation_wire.rs:67:33:
[INFO] [stdout] could not read /opt/rustwide/examples/full-stdio-session.ndjson: No such file or directory (os error 2)
[INFO] [stdout] stack backtrace:
[INFO] [stdout]    0:     0x5ec04958d181 - <<std[617be2ca0a6fd877]::sys::backtrace::BacktraceLock>::print::DisplayBacktrace as core[a373ad73a504971]::fmt::Display>::fmt
[INFO] [stdout]    1:     0x5ec0495a19ea - core[a373ad73a504971]::fmt::write
[INFO] [stdout]    2:     0x5ec0495913bc - <alloc[2e1b2a31b91974c5]::vec::Vec<u8> as core[a373ad73a504971]::io::write::Write>::write_fmt
[INFO] [stdout]    3:     0x5ec049568ff6 - std[617be2ca0a6fd877]::panicking::default_hook::{closure#0}
[INFO] [stdout]    4:     0x5ec0495854b9 - std[617be2ca0a6fd877]::panicking::default_hook
[INFO] [stdout]    5:     0x5ec0494fb440 - test[aada8e7e76ba119b]::test_main_inner::{closure#0}
[INFO] [stdout]    6:     0x5ec049585672 - std[617be2ca0a6fd877]::panicking::panic_with_hook
[INFO] [stdout]    7:     0x5ec0495690a2 - std[617be2ca0a6fd877]::panicking::panic_handler::{closure#0}
[INFO] [stdout]    8:     0x5ec049561c29 - std[617be2ca0a6fd877]::sys::backtrace::__rust_end_short_backtrace::<std[617be2ca0a6fd877]::panicking::panic_handler::{closure#0}, !>
[INFO] [stdout]    9:     0x5ec049569cad - __rustc[ea4f61d10b84890b]::rust_begin_unwind
[INFO] [stdout]   10:     0x5ec0495a211c - core[a373ad73a504971]::panicking::panic_fmt
[INFO] [stdout]   11:     0x5ec0494d13a9 - attestation_wire[4fd6823831d5d75e]::attested_results::{closure#0}
[INFO] [stdout]   12:     0x5ec0494d1e22 - attestation_wire[4fd6823831d5d75e]::attested_results
[INFO] [stdout]   13:     0x5ec0494d2719 - <attestation_wire[4fd6823831d5d75e]::the_repository_ships_at_least_one_attested_wire_example::{closure#0} as core[a373ad73a504971]::ops::function::FnOnce<()>>::call_once
[INFO] [stdout]   14:     0x5ec0494ee88b - test[aada8e7e76ba119b]::__rust_begin_short_backtrace::<core[a373ad73a504971]::result::Result<(), alloc[2e1b2a31b91974c5]::string::String>, fn() -> core[a373ad73a504971]::result::Result<(), alloc[2e1b2a31b91974c5]::string::String>>
[INFO] [stdout]   15:     0x5ec0494fba65 - test[aada8e7e76ba119b]::run_test::{closure#0}
[INFO] [stdout]   16:     0x5ec0494f5354 - std[617be2ca0a6fd877]::sys::backtrace::__rust_begin_short_backtrace::<test[aada8e7e76ba119b]::run_test::{closure#1}, ()>
[INFO] [stdout]   17:     0x5ec0494feaf2 - <std[617be2ca0a6fd877]::thread::lifecycle::spawn_unchecked<test[aada8e7e76ba119b]::run_test::{closure#1}, ()>::{closure#1} as core[a373ad73a504971]::ops::function::FnOnce<()>>::call_once::{shim:vtable#0}
[INFO] [stdout]   18:     0x5ec04958c67f - <std[617be2ca0a6fd877]::sys::thread::unix::Thread>::new::thread_start
[INFO] [stdout]   19:     0x7b0e20d68dfa - <unknown>
[INFO] [stdout]   20:     0x7b0e20dfc3d4 - clone
[INFO] [stdout]   21:                0x0 - <unknown>
[INFO] [stdout] 
[INFO] [stdout] ---- no_shipped_attestation_names_a_frame_the_example_does_not_carry stdout ----
[INFO] [stdout] 
[INFO] [stdout] thread 'no_shipped_attestation_names_a_frame_the_example_does_not_carry' (2507) panicked at tests/attestation_wire.rs:67:33:
[INFO] [stdout] could not read /opt/rustwide/examples/full-stdio-session.ndjson: No such file or directory (os error 2)
[INFO] [stdout] stack backtrace:
[INFO] [stdout]    0:     0x5ec04958d181 - <<std[617be2ca0a6fd877]::sys::backtrace::BacktraceLock>::print::DisplayBacktrace as core[a373ad73a504971]::fmt::Display>::fmt
[INFO] [stdout]    1:     0x5ec0495a19ea - core[a373ad73a504971]::fmt::write
[INFO] [stdout]    2:     0x5ec0495913bc - <alloc[2e1b2a31b91974c5]::vec::Vec<u8> as core[a373ad73a504971]::io::write::Write>::write_fmt
[INFO] [stdout]    3:     0x5ec049568ff6 - std[617be2ca0a6fd877]::panicking::default_hook::{closure#0}
[INFO] [stdout]    4:     0x5ec0495854b9 - std[617be2ca0a6fd877]::panicking::default_hook
[INFO] [stdout]    5:     0x5ec0494fb440 - test[aada8e7e76ba119b]::test_main_inner::{closure#0}
[INFO] [stdout]    6:     0x5ec049585672 - std[617be2ca0a6fd877]::panicking::panic_with_hook
[INFO] [stdout]    7:     0x5ec0495690a2 - std[617be2ca0a6fd877]::panicking::panic_handler::{closure#0}
[INFO] [stdout]    8:     0x5ec049561c29 - std[617be2ca0a6fd877]::sys::backtrace::__rust_end_short_backtrace::<std[617be2ca0a6fd877]::panicking::panic_handler::{closure#0}, !>
[INFO] [stdout]    9:     0x5ec049569cad - __rustc[ea4f61d10b84890b]::rust_begin_unwind
[INFO] [stdout]   10:     0x5ec0495a211c - core[a373ad73a504971]::panicking::panic_fmt
[INFO] [stdout]   11:     0x5ec0494d13a9 - attestation_wire[4fd6823831d5d75e]::attested_results::{closure#0}
[INFO] [stdout]   12:     0x5ec0494d1e22 - attestation_wire[4fd6823831d5d75e]::attested_results
[INFO] [stdout]   13:     0x5ec0494d31e1 - <attestation_wire[4fd6823831d5d75e]::no_shipped_attestation_names_a_frame_the_example_does_not_carry::{closure#0} as core[a373ad73a504971]::ops::function::FnOnce<()>>::call_once
[INFO] [stdout]   14:     0x5ec0494ee88b - test[aada8e7e76ba119b]::__rust_begin_short_backtrace::<core[a373ad73a504971]::result::Result<(), alloc[2e1b2a31b91974c5]::string::String>, fn() -> core[a373ad73a504971]::result::Result<(), alloc[2e1b2a31b91974c5]::string::String>>
[INFO] [stdout]   15:     0x5ec0494fba65 - test[aada8e7e76ba119b]::run_test::{closure#0}
[INFO] [stdout]   16:     0x5ec0494f5354 - std[617be2ca0a6fd877]::sys::backtrace::__rust_begin_short_backtrace::<test[aada8e7e76ba119b]::run_test::{closure#1}, ()>
[INFO] [stdout]   17:     0x5ec0494feaf2 - <std[617be2ca0a6fd877]::thread::lifecycle::spawn_unchecked<test[aada8e7e76ba119b]::run_test::{closure#1}, ()>::{closure#1} as core[a373ad73a504971]::ops::function::FnOnce<()>>::call_once::{shim:vtable#0}
[INFO] [stdout]   18:     0x5ec04958c67f - <std[617be2ca0a6fd877]::sys::thread::unix::Thread>::new::thread_start
[INFO] [stdout]   19:     0x7b0e20d68dfa - <unknown>
[INFO] [stdout]   20:     0x7b0e20dfc3d4 - clone
[INFO] [stdout]   21:                0x0 - <unknown>
[INFO] [stdout] 
[INFO] [stdout] ---- every_shipped_result_attestation_signs_the_root_over_exactly_the_frames_carried stdout ----
[INFO] [stdout] 
[INFO] [stdout] thread 'every_shipped_result_attestation_signs_the_root_over_exactly_the_frames_carried' (2506) panicked at tests/attestation_wire.rs:67:33:
[INFO] [stdout] could not read /opt/rustwide/examples/full-stdio-session.ndjson: No such file or directory (os error 2)
[INFO] [stdout] stack backtrace:
[INFO] [stdout]    0:     0x5ec04958d181 - <<std[617be2ca0a6fd877]::sys::backtrace::BacktraceLock>::print::DisplayBacktrace as core[a373ad73a504971]::fmt::Display>::fmt
[INFO] [stdout]    1:     0x5ec0495a19ea - core[a373ad73a504971]::fmt::write
[INFO] [stdout]    2:     0x5ec0495913bc - <alloc[2e1b2a31b91974c5]::vec::Vec<u8> as core[a373ad73a504971]::io::write::Write>::write_fmt
[INFO] [stdout]    3:     0x5ec049568ff6 - std[617be2ca0a6fd877]::panicking::default_hook::{closure#0}
[INFO] [stdout]    4:     0x5ec0495854b9 - std[617be2ca0a6fd877]::panicking::default_hook
[INFO] [stdout]    5:     0x5ec0494fb440 - test[aada8e7e76ba119b]::test_main_inner::{closure#0}
[INFO] [stdout]    6:     0x5ec049585672 - std[617be2ca0a6fd877]::panicking::panic_with_hook
[INFO] [stdout]    7:     0x5ec0495690a2 - std[617be2ca0a6fd877]::panicking::panic_handler::{closure#0}
[INFO] [stdout]    8:     0x5ec049561c29 - std[617be2ca0a6fd877]::sys::backtrace::__rust_end_short_backtrace::<std[617be2ca0a6fd877]::panicking::panic_handler::{closure#0}, !>
[INFO] [stdout]    9:     0x5ec049569cad - __rustc[ea4f61d10b84890b]::rust_begin_unwind
[INFO] [stdout]   10:     0x5ec0495a211c - core[a373ad73a504971]::panicking::panic_fmt
[INFO] [stdout]   11:     0x5ec0494d13a9 - attestation_wire[4fd6823831d5d75e]::attested_results::{closure#0}
[INFO] [stdout]   12:     0x5ec0494d1e22 - attestation_wire[4fd6823831d5d75e]::attested_results
[INFO] [stdout]   13:     0x5ec0494d5e73 - <attestation_wire[4fd6823831d5d75e]::every_shipped_result_attestation_signs_the_root_over_exactly_the_frames_carried::{closure#0} as core[a373ad73a504971]::ops::function::FnOnce<()>>::call_once
[INFO] [stdout]   14:     0x5ec0494ee88b - test[aada8e7e76ba119b]::__rust_begin_short_backtrace::<core[a373ad73a504971]::result::Result<(), alloc[2e1b2a31b91974c5]::string::String>, fn() -> core[a373ad73a504971]::result::Result<(), alloc[2e1b2a31b91974c5]::string::String>>
[INFO] [stdout]   15:     0x5ec0494fba65 - test[aada8e7e76ba119b]::run_test::{closure#0}
[INFO] [stdout]   16:     0x5ec0494f5354 - std[617be2ca0a6fd877]::sys::backtrace::__rust_begin_short_backtrace::<test[aada8e7e76ba119b]::run_test::{closure#1}, ()>
[INFO] [stdout]   17:     0x5ec0494feaf2 - <std[617be2ca0a6fd877]::thread::lifecycle::spawn_unchecked<test[aada8e7e76ba119b]::run_test::{closure#1}, ()>::{closure#1} as core[a373ad73a504971]::ops::function::FnOnce<()>>::call_once::{shim:vtable#0}
[INFO] [stdout]   18:     0x5ec04958c67f - <std[617be2ca0a6fd877]::sys::thread::unix::Thread>::new::thread_start
[INFO] [stdout]   19:     0x7b0e20d68dfa - <unknown>
[INFO] [stdout]   20:     0x7b0e20dfc3d4 - clone
[INFO] [stdout]   21:                0x0 - <unknown>
[INFO] [stdout] 
[INFO] [stdout] ---- the_signed_root_is_a_function_of_canonical_order_not_arrival_order stdout ----
[INFO] [stdout] 
[INFO] [stdout] thread 'the_signed_root_is_a_function_of_canonical_order_not_arrival_order' (2509) panicked at tests/attestation_wire.rs:67:33:
[INFO] [stdout] could not read /opt/rustwide/examples/full-stdio-session.ndjson: No such file or directory (os error 2)
[INFO] [stdout] stack backtrace:
[INFO] [stdout]    0:     0x5ec04958d181 - <<std[617be2ca0a6fd877]::sys::backtrace::BacktraceLock>::print::DisplayBacktrace as core[a373ad73a504971]::fmt::Display>::fmt
[INFO] [stdout]    1:     0x5ec0495a19ea - core[a373ad73a504971]::fmt::write
[INFO] [stdout]    2:     0x5ec0495913bc - <alloc[2e1b2a31b91974c5]::vec::Vec<u8> as core[a373ad73a504971]::io::write::Write>::write_fmt
[INFO] [stdout]    3:     0x5ec049568ff6 - std[617be2ca0a6fd877]::panicking::default_hook::{closure#0}
[INFO] [stdout]    4:     0x5ec0495854b9 - std[617be2ca0a6fd877]::panicking::default_hook
[INFO] [stdout]    5:     0x5ec0494fb440 - test[aada8e7e76ba119b]::test_main_inner::{closure#0}
[INFO] [stdout]    6:     0x5ec049585672 - std[617be2ca0a6fd877]::panicking::panic_with_hook
[INFO] [stdout]    7:     0x5ec0495690a2 - std[617be2ca0a6fd877]::panicking::panic_handler::{closure#0}
[INFO] [stdout]    8:     0x5ec049561c29 - std[617be2ca0a6fd877]::sys::backtrace::__rust_end_short_backtrace::<std[617be2ca0a6fd877]::panicking::panic_handler::{closure#0}, !>
[INFO] [stdout]    9:     0x5ec049569cad - __rustc[ea4f61d10b84890b]::rust_begin_unwind
[INFO] [stdout]   10:     0x5ec0495a211c - core[a373ad73a504971]::panicking::panic_fmt
[INFO] [stdout]   11:     0x5ec0494d13a9 - attestation_wire[4fd6823831d5d75e]::attested_results::{closure#0}
[INFO] [stdout]   12:     0x5ec0494d1e22 - attestation_wire[4fd6823831d5d75e]::attested_results
[INFO] [stdout]   13:     0x5ec0494d3ef3 - <attestation_wire[4fd6823831d5d75e]::the_signed_root_is_a_function_of_canonical_order_not_arrival_order::{closure#0} as core[a373ad73a504971]::ops::function::FnOnce<()>>::call_once
[INFO] [stdout]   14:     0x5ec0494ee88b - test[aada8e7e76ba119b]::__rust_begin_short_backtrace::<core[a373ad73a504971]::result::Result<(), alloc[2e1b2a31b91974c5]::string::String>, fn() -> core[a373ad73a504971]::result::Result<(), alloc[2e1b2a31b91974c5]::string::String>>
[INFO] [stdout]   15:     0x5ec0494fba65 - test[aada8e7e76ba119b]::run_test::{closure#0}
[INFO] [stdout]   16:     0x5ec0494f5354 - std[617be2ca0a6fd877]::sys::backtrace::__rust_begin_short_backtrace::<test[aada8e7e76ba119b]::run_test::{closure#1}, ()>
[INFO] [stdout]   17:     0x5ec0494feaf2 - <std[617be2ca0a6fd877]::thread::lifecycle::spawn_unchecked<test[aada8e7e76ba119b]::run_test::{closure#1}, ()>::{closure#1} as core[a373ad73a504971]::ops::function::FnOnce<()>>::call_once::{shim:vtable#0}
[INFO] [stdout]   18:     0x5ec04958c67f - <std[617be2ca0a6fd877]::sys::thread::unix::Thread>::new::thread_start
[INFO] [stdout]   19:     0x7b0e20d68dfa - <unknown>
[INFO] [stdout]   20:     0x7b0e20dfc3d4 - clone
[INFO] [stdout]   21:                0x0 - <unknown>
[INFO] [stdout] 
[INFO] [stdout] ---- a_tampered_frame_is_caught_as_a_commitment_mismatch_not_a_bad_signature stdout ----
[INFO] [stdout] 
[INFO] [stdout] thread 'a_tampered_frame_is_caught_as_a_commitment_mismatch_not_a_bad_signature' (2503) panicked at tests/attestation_wire.rs:67:33:
[INFO] [stdout] could not read /opt/rustwide/examples/full-stdio-session.ndjson: No such file or directory (os error 2)
[INFO] [stdout] stack backtrace:
[INFO] [stdout]    0:     0x5ec04958d181 - <<std[617be2ca0a6fd877]::sys::backtrace::BacktraceLock>::print::DisplayBacktrace as core[a373ad73a504971]::fmt::Display>::fmt
[INFO] [stdout]    1:     0x5ec0495a19ea - core[a373ad73a504971]::fmt::write
[INFO] [stdout]    2:     0x5ec0495913bc - <alloc[2e1b2a31b91974c5]::vec::Vec<u8> as core[a373ad73a504971]::io::write::Write>::write_fmt
[INFO] [stdout]    3:     0x5ec049568ff6 - std[617be2ca0a6fd877]::panicking::default_hook::{closure#0}
[INFO] [stdout]    4:     0x5ec0495854b9 - std[617be2ca0a6fd877]::panicking::default_hook
[INFO] [stdout]    5:     0x5ec0494fb440 - test[aada8e7e76ba119b]::test_main_inner::{closure#0}
[INFO] [stdout]    6:     0x5ec049585672 - std[617be2ca0a6fd877]::panicking::panic_with_hook
[INFO] [stdout]    7:     0x5ec0495690a2 - std[617be2ca0a6fd877]::panicking::panic_handler::{closure#0}
[INFO] [stdout]    8:     0x5ec049561c29 - std[617be2ca0a6fd877]::sys::backtrace::__rust_end_short_backtrace::<std[617be2ca0a6fd877]::panicking::panic_handler::{closure#0}, !>
[INFO] [stdout]    9:     0x5ec049569cad - __rustc[ea4f61d10b84890b]::rust_begin_unwind
[INFO] [stdout]   10:     0x5ec0495a211c - core[a373ad73a504971]::panicking::panic_fmt
[INFO] [stdout]   11:     0x5ec0494d13a9 - attestation_wire[4fd6823831d5d75e]::attested_results::{closure#0}
[INFO] [stdout]   12:     0x5ec0494d1e22 - attestation_wire[4fd6823831d5d75e]::attested_results
[INFO] [stdout]   13:     0x5ec0494d4536 - <attestation_wire[4fd6823831d5d75e]::a_tampered_frame_is_caught_as_a_commitment_mismatch_not_a_bad_signature::{closure#0} as core[a373ad73a504971]::ops::function::FnOnce<()>>::call_once
[INFO] [stdout]   14:     0x5ec0494ee88b - test[aada8e7e76ba119b]::__rust_begin_short_backtrace::<core[a373ad73a504971]::result::Result<(), alloc[2e1b2a31b91974c5]::string::String>, fn() -> core[a373ad73a504971]::result::Result<(), alloc[2e1b2a31b91974c5]::string::String>>
[INFO] [stdout]   15:     0x5ec0494fba65 - test[aada8e7e76ba119b]::run_test::{closure#0}
[INFO] [stdout]   16:     0x5ec0494f5354 - std[617be2ca0a6fd877]::sys::backtrace::__rust_begin_short_backtrace::<test[aada8e7e76ba119b]::run_test::{closure#1}, ()>
[INFO] [stdout]   17:     0x5ec0494feaf2 - <std[617be2ca0a6fd877]::thread::lifecycle::spawn_unchecked<test[aada8e7e76ba119b]::run_test::{closure#1}, ()>::{closure#1} as core[a373ad73a504971]::ops::function::FnOnce<()>>::call_once::{shim:vtable#0}
[INFO] [stdout]   18:     0x5ec04958c67f - <std[617be2ca0a6fd877]::sys::thread::unix::Thread>::new::thread_start
[INFO] [stdout]   19:     0x7b0e20d68dfa - <unknown>
[INFO] [stdout]   20:     0x7b0e20dfc3d4 - clone
[INFO] [stdout]   21:                0x0 - <unknown>
[INFO] [stdout] 
[INFO] [stdout] 
[INFO] [stdout] failures:
[INFO] [stdout]     a_tampered_frame_is_caught_as_a_commitment_mismatch_not_a_bad_signature
[INFO] [stdout]     every_shipped_inclusion_proof_recomputes_the_signed_root
[INFO] [stdout]     every_shipped_per_frame_attestation_signs_the_commitment_it_claims
[INFO] [stdout]     every_shipped_result_attestation_signs_the_root_over_exactly_the_frames_carried
[INFO] [stdout]     no_shipped_attestation_names_a_frame_the_example_does_not_carry
[INFO] [stdout]     the_repository_ships_at_least_one_attested_wire_example
[INFO] [stdout]     the_signed_root_is_a_function_of_canonical_order_not_arrival_order
[INFO] [stdout] 
[INFO] [stdout] test result: FAILED. 0 passed; 7 failed; 0 ignored; 0 measured; 0 filtered out; finished in 0.01s
[INFO] [stdout] 
[INFO] running `Command { std: "docker" "inspect" "decede9ef22ccd00206fc4b0df0a968115d90372e35f8ea85df9aa73604e1d28", kill_on_drop: false }`
[INFO] running `Command { std: "docker" "rm" "-f" "decede9ef22ccd00206fc4b0df0a968115d90372e35f8ea85df9aa73604e1d28", kill_on_drop: false }`
[INFO] [stdout] decede9ef22ccd00206fc4b0df0a968115d90372e35f8ea85df9aa73604e1d28
