[INFO] fetching crate context_error 0.3.0...
[INFO] testing context_error-0.3.0 against 1.100.0-beta.1+cargoflags=--release for beta-release-1.100-2
[INFO] extracting crate context_error 0.3.0 into /workspace/builds/worker-3-tc2/source
[INFO] started tweaking crates.io crate context_error 0.3.0
[INFO] finished tweaking crates.io crate context_error 0.3.0
[INFO] tweaked toml for crates.io crate context_error 0.3.0 written to /workspace/builds/worker-3-tc2/source/Cargo.toml
[INFO] validating manifest of crates.io crate context_error 0.3.0 on toolchain 1.100.0-beta.1
[INFO] running `Command { std: CARGO_HOME="/workspace/cargo-home" RUSTUP_HOME="/workspace/rustup-home" "/workspace/cargo-home/bin/cargo" "+1.100.0-beta.1" "metadata" "--manifest-path" "Cargo.toml" "--no-deps", kill_on_drop: false }`
[INFO] crate crates.io crate context_error 0.3.0 already has a lockfile, it will not be regenerated
[INFO] running `Command { std: CARGO_HOME="/workspace/cargo-home" RUSTUP_HOME="/workspace/rustup-home" "/workspace/cargo-home/bin/cargo" "+1.100.0-beta.1" "fetch" "--manifest-path" "Cargo.toml", kill_on_drop: false }`
[INFO] running `Command { std: "docker" "create" "-v" "/var/lib/crater-agent-workspace/builds/worker-3-tc2/source:/opt/rustwide/workdir:ro,Z" "-v" "/var/lib/crater-agent-workspace/builds/worker-3-tc2/target:/opt/rustwide/target:rw,Z" "-v" "/var/lib/crater-agent-workspace/cargo-home:/opt/rustwide/cargo-home:ro,Z" "-v" "/var/lib/crater-agent-workspace/rustup-home:/opt/rustwide/rustup-home:ro,Z" "-m" "1610612736" "--network" "none" "ghcr.io/rust-lang/crates-build-env/linux@sha256:77db811e55d90add9212f6832c23229e3de5f1c1f9905e8cb07319ea15df73ac" "sleep" "infinity", kill_on_drop: false }`
[INFO] [stdout] 6befe0fb1abb79ad9e7e9519fc51d558a3ec6401739382a91dc3196c9e45ab3f
[INFO] running `Command { std: "docker" "start" "6befe0fb1abb79ad9e7e9519fc51d558a3ec6401739382a91dc3196c9e45ab3f", kill_on_drop: false }`
[INFO] running `Command { std: "docker" "inspect" "6befe0fb1abb79ad9e7e9519fc51d558a3ec6401739382a91dc3196c9e45ab3f", kill_on_drop: false }`
[INFO] running `Command { std: "docker" "exec" "-e" "SOURCE_DIR=/opt/rustwide/workdir" "-e" "CARGO_HOME=/opt/rustwide/cargo-home" "-e" "RUSTUP_HOME=/opt/rustwide/rustup-home" "-e" "CARGO_TARGET_DIR=/opt/rustwide/target" "-w" "/opt/rustwide/workdir" "--user" "0:0" "6befe0fb1abb79ad9e7e9519fc51d558a3ec6401739382a91dc3196c9e45ab3f" "/opt/rustwide/cargo-home/bin/cargo" "+1.100.0-beta.1" "metadata" "--no-deps" "--format-version=1", kill_on_drop: false }`
[INFO] running `Command { std: "docker" "inspect" "6befe0fb1abb79ad9e7e9519fc51d558a3ec6401739382a91dc3196c9e45ab3f", kill_on_drop: false }`
[INFO] running `Command { std: "docker" "exec" "-e" "SOURCE_DIR=/opt/rustwide/workdir" "-e" "CARGO_HOME=/opt/rustwide/cargo-home" "-e" "RUSTUP_HOME=/opt/rustwide/rustup-home" "-e" "CARGO_TARGET_DIR=/opt/rustwide/target" "-e" "CARGO_INCREMENTAL=0" "-e" "RUST_BACKTRACE=full" "-e" "RUSTFLAGS=--cap-lints=warn" "-e" "RUSTDOCFLAGS=--cap-lints=warn" "-w" "/opt/rustwide/workdir" "--user" "0:0" "6befe0fb1abb79ad9e7e9519fc51d558a3ec6401739382a91dc3196c9e45ab3f" "/opt/rustwide/cargo-home/bin/cargo" "+1.100.0-beta.1" "build" "--frozen" "--message-format=json" "--release", kill_on_drop: false }`
[INFO] [stderr]    Compiling context_error v0.3.0 (/opt/rustwide/workdir)
[INFO] [stdout] warning: use of deprecated associated function `context::Context::<'text>::line_range_with_comment`: use builder methods
[INFO] [stdout]    --> src/context.rs:148:15
[INFO] [stdout]     |
[INFO] [stdout] 148 |         Self::line_range_with_comment(line_index, line, range, None)
[INFO] [stdout]     |               ^^^^^^^^^^^^^^^^^^^^^^^
[INFO] [stdout]     |
[INFO] [stdout]     = note: `#[warn(deprecated)]` on by default
[INFO] [stdout] 
[INFO] [stdout] 
[INFO] [stdout] warning: use of deprecated associated function `context::Context::<'text>::show`: use builder methods
[INFO] [stdout]    --> src/context.rs:161:49
[INFO] [stdout]     |
[INFO] [stdout] 161 |                 line_index.map_or_else(|| Self::show(line), |i| Self::full_line(i, line))
[INFO] [stdout]     |                                                 ^^^^
[INFO] [stdout] 
[INFO] [stdout] 
[INFO] [stdout] warning: use of deprecated associated function `context::Context::<'text>::full_line`: use builder methods
[INFO] [stdout]    --> src/context.rs:161:71
[INFO] [stdout]     |
[INFO] [stdout] 161 |                 line_index.map_or_else(|| Self::show(line), |i| Self::full_line(i, line))
[INFO] [stdout]     |                                                                       ^^^^^^^^^
[INFO] [stdout] 
[INFO] [stdout] 
[INFO] [stdout] warning: use of deprecated associated function `context::Context::<'text>::line_with_comment`: use builder methods
[INFO] [stdout]    --> src/context.rs:169:23
[INFO] [stdout]     |
[INFO] [stdout] 169 |                 Self::line_with_comment(
[INFO] [stdout]     |                       ^^^^^^^^^^^^^^^^^
[INFO] [stdout] 
[INFO] [stdout] 
[INFO] [stdout] warning: value assigned to `last_offset` is never read
[INFO] [stdout]    --> src/context.rs:717:29
[INFO] [stdout]     |
[INFO] [stdout] 717 |                               last_offset = index; // TODO: fix, allow putting comments on the same line if possible
[INFO] [stdout]     |                               ^^^^^^^^^^^^^^^^^^^ this value is reassigned later and never used
[INFO] [stdout] 718 |                           }
[INFO] [stdout] 719 | /                         last_offset = high.offset
[INFO] [stdout] 720 | |                             + high
[INFO] [stdout] 721 | |                                 .length
[INFO] [stdout] 722 | |                                 .max(1)
[INFO] [stdout] 723 | |                                 .min(length.saturating_sub(high.offset.saturating_sub(start)))
[INFO] [stdout] 724 | |                             + high.comment.as_ref().map_or(0, |c| c.chars().count())
[INFO] [stdout] 725 | |                             + usize::from(front_trimmed && self.first_line_offset == 0);
[INFO] [stdout]     | |_______________________________________________________________________________________- `last_offset` is overwritten here before the previous value is read
[INFO] [stdout]     |
[INFO] [stdout]     = note: `#[warn(unused_assignments)]` (part of `#[warn(unused)]`) on by default
[INFO] [stdout] 
[INFO] [stdout] 
[INFO] [stderr]     Finished `release` profile [optimized] target(s) in 0.94s
[INFO] running `Command { std: "docker" "inspect" "6befe0fb1abb79ad9e7e9519fc51d558a3ec6401739382a91dc3196c9e45ab3f", kill_on_drop: false }`
[INFO] running `Command { std: "docker" "exec" "-e" "SOURCE_DIR=/opt/rustwide/workdir" "-e" "CARGO_HOME=/opt/rustwide/cargo-home" "-e" "RUSTUP_HOME=/opt/rustwide/rustup-home" "-e" "CARGO_TARGET_DIR=/opt/rustwide/target" "-e" "CARGO_INCREMENTAL=0" "-e" "RUST_BACKTRACE=full" "-e" "RUSTFLAGS=--cap-lints=warn" "-e" "RUSTDOCFLAGS=--cap-lints=warn" "-w" "/opt/rustwide/workdir" "--user" "0:0" "6befe0fb1abb79ad9e7e9519fc51d558a3ec6401739382a91dc3196c9e45ab3f" "/opt/rustwide/cargo-home/bin/cargo" "+1.100.0-beta.1" "test" "--frozen" "--no-run" "--message-format=json" "--release", kill_on_drop: false }`
[INFO] [stderr]    Compiling context_error v0.3.0 (/opt/rustwide/workdir)
[INFO] [stdout] warning: use of deprecated associated function `context::Context::<'text>::line_range_with_comment`: use builder methods
[INFO] [stdout]    --> src/context.rs:148:15
[INFO] [stdout]     |
[INFO] [stdout] 148 |         Self::line_range_with_comment(line_index, line, range, None)
[INFO] [stdout]     |               ^^^^^^^^^^^^^^^^^^^^^^^
[INFO] [stdout]     |
[INFO] [stdout]     = note: `#[warn(deprecated)]` on by default
[INFO] [stdout] 
[INFO] [stdout] 
[INFO] [stdout] warning: use of deprecated associated function `context::Context::<'text>::show`: use builder methods
[INFO] [stdout]    --> src/context.rs:161:49
[INFO] [stdout]     |
[INFO] [stdout] 161 |                 line_index.map_or_else(|| Self::show(line), |i| Self::full_line(i, line))
[INFO] [stdout]     |                                                 ^^^^
[INFO] [stdout] 
[INFO] [stdout] 
[INFO] [stdout] warning: use of deprecated associated function `context::Context::<'text>::full_line`: use builder methods
[INFO] [stdout]    --> src/context.rs:161:71
[INFO] [stdout]     |
[INFO] [stdout] 161 |                 line_index.map_or_else(|| Self::show(line), |i| Self::full_line(i, line))
[INFO] [stdout]     |                                                                       ^^^^^^^^^
[INFO] [stdout] 
[INFO] [stdout] 
[INFO] [stdout] warning: use of deprecated associated function `context::Context::<'text>::line_with_comment`: use builder methods
[INFO] [stdout]    --> src/context.rs:169:23
[INFO] [stdout]     |
[INFO] [stdout] 169 |                 Self::line_with_comment(
[INFO] [stdout]     |                       ^^^^^^^^^^^^^^^^^
[INFO] [stdout] 
[INFO] [stdout] 
[INFO] [stdout] warning: value assigned to `last_offset` is never read
[INFO] [stdout]    --> src/context.rs:717:29
[INFO] [stdout]     |
[INFO] [stdout] 717 |                               last_offset = index; // TODO: fix, allow putting comments on the same line if possible
[INFO] [stdout]     |                               ^^^^^^^^^^^^^^^^^^^ this value is reassigned later and never used
[INFO] [stdout] 718 |                           }
[INFO] [stdout] 719 | /                         last_offset = high.offset
[INFO] [stdout] 720 | |                             + high
[INFO] [stdout] 721 | |                                 .length
[INFO] [stdout] 722 | |                                 .max(1)
[INFO] [stdout] 723 | |                                 .min(length.saturating_sub(high.offset.saturating_sub(start)))
[INFO] [stdout] 724 | |                             + high.comment.as_ref().map_or(0, |c| c.chars().count())
[INFO] [stdout] 725 | |                             + usize::from(front_trimmed && self.first_line_offset == 0);
[INFO] [stdout]     | |_______________________________________________________________________________________- `last_offset` is overwritten here before the previous value is read
[INFO] [stdout]     |
[INFO] [stdout]     = note: `#[warn(unused_assignments)]` (part of `#[warn(unused)]`) on by default
[INFO] [stdout] 
[INFO] [stdout] 
[INFO] [stdout] warning: use of deprecated associated function `context::Context::<'text>::line_range_with_comment`: use builder methods
[INFO] [stdout]    --> src/context.rs:148:15
[INFO] [stdout]     |
[INFO] [stdout] 148 |         Self::line_range_with_comment(line_index, line, range, None)
[INFO] [stdout]     |               ^^^^^^^^^^^^^^^^^^^^^^^
[INFO] [stdout]     |
[INFO] [stdout]     = note: `#[warn(deprecated)]` on by default
[INFO] [stdout] 
[INFO] [stdout] 
[INFO] [stdout] warning: use of deprecated associated function `context::Context::<'text>::show`: use builder methods
[INFO] [stdout]    --> src/context.rs:161:49
[INFO] [stdout]     |
[INFO] [stdout] 161 |                 line_index.map_or_else(|| Self::show(line), |i| Self::full_line(i, line))
[INFO] [stdout]     |                                                 ^^^^
[INFO] [stdout] 
[INFO] [stdout] 
[INFO] [stdout] warning: use of deprecated associated function `context::Context::<'text>::full_line`: use builder methods
[INFO] [stdout]    --> src/context.rs:161:71
[INFO] [stdout]     |
[INFO] [stdout] 161 |                 line_index.map_or_else(|| Self::show(line), |i| Self::full_line(i, line))
[INFO] [stdout]     |                                                                       ^^^^^^^^^
[INFO] [stdout] 
[INFO] [stdout] 
[INFO] [stdout] warning: use of deprecated associated function `context::Context::<'text>::line_with_comment`: use builder methods
[INFO] [stdout]    --> src/context.rs:169:23
[INFO] [stdout]     |
[INFO] [stdout] 169 |                 Self::line_with_comment(
[INFO] [stdout]     |                       ^^^^^^^^^^^^^^^^^
[INFO] [stdout] 
[INFO] [stdout] 
[INFO] [stdout] warning: use of deprecated associated function `context::Context::<'text>::none`: use Self::default
[INFO] [stdout]    --> src/custom_error.rs:226:78
[INFO] [stdout]     |
[INFO] [stdout] 226 |     test!(empty: CustomError::new(BasicKind::Error, "test", "test", Context::none()) => "error: test\ntest\n");
[INFO] [stdout]     |                                                                              ^^^^
[INFO] [stdout] 
[INFO] [stdout] 
[INFO] [stdout] warning: use of deprecated associated function `context::Context::<'text>::full_line`: use builder methods
[INFO] [stdout]    --> src/custom_error.rs:227:84
[INFO] [stdout]     |
[INFO] [stdout] 227 |     test!(full_line: CustomError::new(BasicKind::Warning, "test", "test", Context::full_line(0, "testing line")) 
[INFO] [stdout]     |                                                                                    ^^^^^^^^^
[INFO] [stdout] 
[INFO] [stdout] 
[INFO] [stdout] warning: use of deprecated associated function `context::Context::<'text>::range`: renamed to 'from_range'
[INFO] [stdout]    --> src/custom_error.rs:229:87
[INFO] [stdout]     |
[INFO] [stdout] 229 |     test!(range:  CustomError::new(BasicKind::Warning, "test", "test error", Context::range(&FilePosition {text: "hello world\nthis...
[INFO] [stdout]     |                                                                                       ^^^^^
[INFO] [stdout] 
[INFO] [stdout] 
[INFO] [stdout] warning: use of deprecated associated function `context::Context::<'text>::show`: use builder methods
[INFO] [stdout]    --> src/custom_error.rs:231:111
[INFO] [stdout]     |
[INFO] [stdout] 231 |     test!(suggestion: CustomError::new(BasicKind::Error, "Invalid path", "This file does not exist", Context::show("fileee.txt")).s...
[INFO] [stdout]     |                                                                                                               ^^^^
[INFO] [stdout] 
[INFO] [stdout] 
[INFO] [stdout] warning: use of deprecated associated function `context::Context::<'text>::show`: use builder methods
[INFO] [stdout]    --> src/custom_error.rs:233:112
[INFO] [stdout]     |
[INFO] [stdout] 233 |     test!(suggestions: CustomError::new(BasicKind::Error, "Invalid path", "This file does not exist", Context::show("fileee.txt"))....
[INFO] [stdout]     |                                                                                                                ^^^^
[INFO] [stdout] 
[INFO] [stdout] 
[INFO] [stdout] warning: use of deprecated associated function `context::Context::<'text>::none`: use Self::default
[INFO] [stdout]    --> src/custom_error.rs:251:77
[INFO] [stdout]     |
[INFO] [stdout] 251 |         let a = CustomError::new(BasicKind::Error, "test", "test", Context::none());
[INFO] [stdout]     |                                                                             ^^^^
[INFO] [stdout] 
[INFO] [stdout] 
[INFO] [stdout] warning: use of deprecated associated function `context::Context::<'text>::none`: use Self::default
[INFO] [stdout]    --> src/custom_error.rs:253:79
[INFO] [stdout]     |
[INFO] [stdout] 253 |         let a = CustomError::new(BasicKind::Warning, "test", "test", Context::none());
[INFO] [stdout]     |                                                                               ^^^^
[INFO] [stdout] 
[INFO] [stdout] 
[INFO] [stdout] warning: use of deprecated associated function `context::Context::<'text>::none`: use Self::default
[INFO] [stdout]    --> src/custom_error.rs:259:77
[INFO] [stdout]     |
[INFO] [stdout] 259 |         let a = CustomError::new(BasicKind::Error, "test", "test", Context::none());
[INFO] [stdout]     |                                                                             ^^^^
[INFO] [stdout] 
[INFO] [stdout] 
[INFO] [stdout] warning: value assigned to `last_offset` is never read
[INFO] [stdout]    --> src/context.rs:717:29
[INFO] [stdout]     |
[INFO] [stdout] 717 |                               last_offset = index; // TODO: fix, allow putting comments on the same line if possible
[INFO] [stdout]     |                               ^^^^^^^^^^^^^^^^^^^ this value is reassigned later and never used
[INFO] [stdout] 718 |                           }
[INFO] [stdout] 719 | /                         last_offset = high.offset
[INFO] [stdout] 720 | |                             + high
[INFO] [stdout] 721 | |                                 .length
[INFO] [stdout] 722 | |                                 .max(1)
[INFO] [stdout] 723 | |                                 .min(length.saturating_sub(high.offset.saturating_sub(start)))
[INFO] [stdout] 724 | |                             + high.comment.as_ref().map_or(0, |c| c.chars().count())
[INFO] [stdout] 725 | |                             + usize::from(front_trimmed && self.first_line_offset == 0);
[INFO] [stdout]     | |_______________________________________________________________________________________- `last_offset` is overwritten here before the previous value is read
[INFO] [stdout]     |
[INFO] [stdout]     = note: `#[warn(unused_assignments)]` (part of `#[warn(unused)]`) on by default
[INFO] [stdout] 
[INFO] [stdout] 
[INFO] [stderr]     Finished `release` profile [optimized] target(s) in 1.78s
[INFO] running `Command { std: "docker" "inspect" "6befe0fb1abb79ad9e7e9519fc51d558a3ec6401739382a91dc3196c9e45ab3f", kill_on_drop: false }`
[INFO] running `Command { std: "docker" "exec" "-e" "SOURCE_DIR=/opt/rustwide/workdir" "-e" "CARGO_HOME=/opt/rustwide/cargo-home" "-e" "RUSTUP_HOME=/opt/rustwide/rustup-home" "-e" "CARGO_TARGET_DIR=/opt/rustwide/target" "-e" "CARGO_INCREMENTAL=0" "-e" "RUST_BACKTRACE=full" "-e" "RUSTFLAGS=--cap-lints=warn" "-e" "RUSTDOCFLAGS=--cap-lints=warn" "-w" "/opt/rustwide/workdir" "--user" "0:0" "6befe0fb1abb79ad9e7e9519fc51d558a3ec6401739382a91dc3196c9e45ab3f" "/opt/rustwide/cargo-home/bin/cargo" "+1.100.0-beta.1" "test" "--frozen" "--release", kill_on_drop: false }`
[INFO] [stderr] warning: use of deprecated associated function `context::Context::<'text>::line_range_with_comment`: use builder methods
[INFO] [stderr]    --> src/context.rs:148:15
[INFO] [stderr]     |
[INFO] [stderr] 148 |         Self::line_range_with_comment(line_index, line, range, None)
[INFO] [stderr]     |               ^^^^^^^^^^^^^^^^^^^^^^^
[INFO] [stderr]     |
[INFO] [stderr]     = note: `#[warn(deprecated)]` on by default
[INFO] [stderr] 
[INFO] [stderr] warning: use of deprecated associated function `context::Context::<'text>::show`: use builder methods
[INFO] [stderr]    --> src/context.rs:161:49
[INFO] [stderr]     |
[INFO] [stderr] 161 |                 line_index.map_or_else(|| Self::show(line), |i| Self::full_line(i, line))
[INFO] [stderr]     |                                                 ^^^^
[INFO] [stderr] 
[INFO] [stderr] warning: use of deprecated associated function `context::Context::<'text>::full_line`: use builder methods
[INFO] [stderr]    --> src/context.rs:161:71
[INFO] [stderr]     |
[INFO] [stderr] 161 |                 line_index.map_or_else(|| Self::show(line), |i| Self::full_line(i, line))
[INFO] [stderr]     |                                                                       ^^^^^^^^^
[INFO] [stderr] 
[INFO] [stderr] warning: use of deprecated associated function `context::Context::<'text>::line_with_comment`: use builder methods
[INFO] [stderr]    --> src/context.rs:169:23
[INFO] [stderr]     |
[INFO] [stderr] 169 |                 Self::line_with_comment(
[INFO] [stderr]     |                       ^^^^^^^^^^^^^^^^^
[INFO] [stderr] 
[INFO] [stderr] warning: value assigned to `last_offset` is never read
[INFO] [stderr]    --> src/context.rs:717:29
[INFO] [stderr]     |
[INFO] [stderr] 717 |                               last_offset = index; // TODO: fix, allow putting comments on the same line if possible
[INFO] [stderr]     |                               ^^^^^^^^^^^^^^^^^^^ this value is reassigned later and never used
[INFO] [stderr] 718 |                           }
[INFO] [stderr] 719 | /                         last_offset = high.offset
[INFO] [stderr] 720 | |                             + high
[INFO] [stderr] 721 | |                                 .length
[INFO] [stderr] 722 | |                                 .max(1)
[INFO] [stderr] 723 | |                                 .min(length.saturating_sub(high.offset.saturating_sub(start)))
[INFO] [stderr] 724 | |                             + high.comment.as_ref().map_or(0, |c| c.chars().count())
[INFO] [stderr] 725 | |                             + usize::from(front_trimmed && self.first_line_offset == 0);
[INFO] [stderr]     | |_______________________________________________________________________________________- `last_offset` is overwritten here before the previous value is read
[INFO] [stderr]     |
[INFO] [stderr]     = note: `#[warn(unused_assignments)]` (part of `#[warn(unused)]`) on by default
[INFO] [stderr] 
[INFO] [stderr] warning: `context_error` (lib) generated 5 warnings
[INFO] [stderr] warning: use of deprecated associated function `context::Context::<'text>::none`: use Self::default
[INFO] [stderr]    --> src/custom_error.rs:226:78
[INFO] [stderr]     |
[INFO] [stderr] 226 |     test!(empty: CustomError::new(BasicKind::Error, "test", "test", Context::none()) => "error: test\ntest\n");
[INFO] [stderr]     |                                                                              ^^^^
[INFO] [stderr] 
[INFO] [stderr] warning: use of deprecated associated function `context::Context::<'text>::full_line`: use builder methods
[INFO] [stderr]    --> src/custom_error.rs:227:84
[INFO] [stderr]     |
[INFO] [stderr] 227 |     test!(full_line: CustomError::new(BasicKind::Warning, "test", "test", Context::full_line(0, "testing line")) 
[INFO] [stderr]     |                                                                                    ^^^^^^^^^
[INFO] [stderr] 
[INFO] [stderr] warning: use of deprecated associated function `context::Context::<'text>::range`: renamed to 'from_range'
[INFO] [stderr]    --> src/custom_error.rs:229:87
[INFO] [stderr]     |
[INFO] [stderr] 229 |     test!(range:  CustomError::new(BasicKind::Warning, "test", "test error", Context::range(&FilePosition {text: "hello world\nthis...
[INFO] [stderr]     |                                                                                       ^^^^^
[INFO] [stderr] 
[INFO] [stderr] warning: use of deprecated associated function `context::Context::<'text>::show`: use builder methods
[INFO] [stderr]    --> src/custom_error.rs:231:111
[INFO] [stderr]     |
[INFO] [stderr] 231 |     test!(suggestion: CustomError::new(BasicKind::Error, "Invalid path", "This file does not exist", Context::show("fileee.txt")).s...
[INFO] [stderr]     |                                                                                                               ^^^^
[INFO] [stderr] 
[INFO] [stderr] warning: use of deprecated associated function `context::Context::<'text>::show`: use builder methods
[INFO] [stderr]    --> src/custom_error.rs:233:112
[INFO] [stderr]     |
[INFO] [stderr] 233 |     test!(suggestions: CustomError::new(BasicKind::Error, "Invalid path", "This file does not exist", Context::show("fileee.txt"))....
[INFO] [stderr]     |                                                                                                                ^^^^
[INFO] [stderr] 
[INFO] [stderr] warning: use of deprecated associated function `context::Context::<'text>::none`: use Self::default
[INFO] [stderr]    --> src/custom_error.rs:251:77
[INFO] [stderr]     |
[INFO] [stderr] 251 |         let a = CustomError::new(BasicKind::Error, "test", "test", Context::none());
[INFO] [stderr]     |                                                                             ^^^^
[INFO] [stderr] 
[INFO] [stderr] warning: use of deprecated associated function `context::Context::<'text>::none`: use Self::default
[INFO] [stderr]    --> src/custom_error.rs:253:79
[INFO] [stderr]     |
[INFO] [stderr] 253 |         let a = CustomError::new(BasicKind::Warning, "test", "test", Context::none());
[INFO] [stderr]     |                                                                               ^^^^
[INFO] [stderr] 
[INFO] [stderr] warning: use of deprecated associated function `context::Context::<'text>::none`: use Self::default
[INFO] [stderr]    --> src/custom_error.rs:259:77
[INFO] [stderr]     |
[INFO] [stderr] 259 |         let a = CustomError::new(BasicKind::Error, "test", "test", Context::none());
[INFO] [stderr]     |                                                                             ^^^^
[INFO] [stderr] 
[INFO] [stderr] warning: `context_error` (lib test) generated 13 warnings (5 duplicates)
[INFO] [stderr]     Finished `release` profile [optimized] target(s) in 0.03s
[INFO] [stdout] 
[INFO] [stderr]      Running unittests src/lib.rs (/opt/rustwide/target/release/build/context_error/22446bc963b222e5/out/context_error-22446bc963b222e5)
[INFO] [stdout] running 42 tests
[INFO] [stdout] test context::tests::full_line_1 ... ok
[INFO] [stdout] test context::tests::empty_line_offset ... ok
[INFO] [stdout] test context::tests::empty_source_offset ... ok
[INFO] [stdout] test context::tests::builder_source_line_2 ... ok
[INFO] [stdout] test context::tests::full_line ... ok
[INFO] [stdout] test context::tests::builder_source_line_offset ... ok
[INFO] [stdout] test context::tests::empty_line ... ok
[INFO] [stdout] test context::tests::builder_source ... ok
[INFO] [stdout] test context::tests::csv_try ... ok
[INFO] [stdout] test context::tests::line_range_comment ... FAILED
[INFO] [stdout] test context::tests::multi_source_line_highlight ... ok
[INFO] [stdout] test context::tests::multi ... ok
[INFO] [stdout] test context::tests::multi_together ... ok
[INFO] [stdout] test context::tests::show ... ok
[INFO] [stdout] test context::tests::single_line_multiple_highlights ... FAILED
[INFO] [stdout] test context::tests::single_line_multiple_highlights_comments ... FAILED
[INFO] [stdout] test context::tests::show_characters ... ok
[INFO] [stdout] test context::tests::builder_source_offset ... ok
[INFO] [stdout] test context::tests::builder_line_offset ... ok
[INFO] [stdout] test context::tests::wrapping_1 ... ok
[INFO] [stdout] test context::tests::builder_source_line_1 ... ok
[INFO] [stdout] test context::tests::line ... ok
[INFO] [stdout] test context::tests::line_comment ... ok
[INFO] [stdout] test context::tests::multi_highlight_1 ... ok
[INFO] [stdout] test context::tests::line_range ... FAILED
[INFO] [stdout] test context::tests::empty_source ... ok
[INFO] [stdout] test custom_error::tests::range ... ok
[INFO] [stdout] test context::tests::multi_source_highlight ... ok
[INFO] [stdout] test context::tests::multi_highlight_2 ... ok
[INFO] [stdout] test context::tests::empty ... ok
[INFO] [stdout] test context::tests::builder ... ok
[INFO] [stdout] test context::tests::empty_source_line_offset ... ok
[INFO] [stdout] test custom_error::tests::merged ... ok
[INFO] [stdout] test custom_error::tests::empty ... ok
[INFO] [stdout] test custom_error::tests::full_line ... ok
[INFO] [stdout] test context::tests::wrapping_2 ... ok
[INFO] [stdout] test custom_error::tests::test_level ... ok
[INFO] [stdout] test custom_error::tests::suggestions ... ok
[INFO] [stdout] test custom_error::tests::test_well_behaved ... ok
[INFO] [stdout] test custom_error::tests::suggestion ... ok
[INFO] [stdout] test custom_error::tests::underlying_error ... ok
[INFO] [stdout] test custom_error::tests::version ... ok
[INFO] [stdout] 
[INFO] [stdout] failures:
[INFO] [stdout] 
[INFO] [stdout] ---- context::tests::line_range_comment stdout ----
[INFO] [stdout] 
[INFO] [stdout] thread 'context::tests::line_range_comment' (174) panicked at src/context.rs:1010:5:
[INFO] [stdout] Generated context:
[INFO] [stdout]   ╷
[INFO] [stdout] 1 │ ␉pub column; usize,
[INFO] [stdout]   ╎            ╶╴Use colon instead
[INFO] [stdout]   ╵
[INFO] [stdout] Not identical to expected:
[INFO] [stdout]   ╷
[INFO] [stdout] 1 │ ␉pub column; usize,
[INFO] [stdout]   ╎            ⁃Use colon instead
[INFO] [stdout]   ╵
[INFO] [stdout] This is the generated string if this actually is correct: "  ╷\n1 │ ␉pub column; usize,\n  ╎            ╶╴Use colon instead\n  ╵"
[INFO] [stdout] stack backtrace:
[INFO] [stdout]    0:     0x5cb1a1d083f1 - <<std[617be2ca0a6fd877]::sys::backtrace::BacktraceLock>::print::DisplayBacktrace as core[a373ad73a504971]::fmt::Display>::fmt
[INFO] [stdout]    1:     0x5cb1a1d1c3da - core[a373ad73a504971]::fmt::write
[INFO] [stdout]    2:     0x5cb1a1d0c60c - <alloc[2e1b2a31b91974c5]::vec::Vec<u8> as core[a373ad73a504971]::io::write::Write>::write_fmt
[INFO] [stdout]    3:     0x5cb1a1ce4856 - std[617be2ca0a6fd877]::panicking::default_hook::{closure#0}
[INFO] [stdout]    4:     0x5cb1a1d00a89 - std[617be2ca0a6fd877]::panicking::default_hook
[INFO] [stdout]    5:     0x5cb1a1c9d130 - test[aada8e7e76ba119b]::test_main_inner::{closure#0}
[INFO] [stdout]    6:     0x5cb1a1d00c42 - std[617be2ca0a6fd877]::panicking::panic_with_hook
[INFO] [stdout]    7:     0x5cb1a1ce4902 - std[617be2ca0a6fd877]::panicking::panic_handler::{closure#0}
[INFO] [stdout]    8:     0x5cb1a1cdd619 - std[617be2ca0a6fd877]::sys::backtrace::__rust_end_short_backtrace::<std[617be2ca0a6fd877]::panicking::panic_handler::{closure#0}, !>
[INFO] [stdout]    9:     0x5cb1a1ce550d - __rustc[ea4f61d10b84890b]::rust_begin_unwind
[INFO] [stdout]   10:     0x5cb1a1d1cb0c - core[a373ad73a504971]::panicking::panic_fmt
[INFO] [stdout]   11:     0x5cb1a1c888d7 - <context_error[793d4a9e82a32871]::context::tests::line_range_comment::{closure#0} as core[a373ad73a504971]::ops::function::FnOnce<()>>::call_once
[INFO] [stdout]   12:     0x5cb1a1c9057b - test[aada8e7e76ba119b]::__rust_begin_short_backtrace::<core[a373ad73a504971]::result::Result<(), alloc[2e1b2a31b91974c5]::string::String>, fn() -> core[a373ad73a504971]::result::Result<(), alloc[2e1b2a31b91974c5]::string::String>>
[INFO] [stdout]   13:     0x5cb1a1c9d755 - test[aada8e7e76ba119b]::run_test::{closure#0}
[INFO] [stdout]   14:     0x5cb1a1c97044 - std[617be2ca0a6fd877]::sys::backtrace::__rust_begin_short_backtrace::<test[aada8e7e76ba119b]::run_test::{closure#1}, ()>
[INFO] [stdout]   15:     0x5cb1a1ca07e2 - <std[617be2ca0a6fd877]::thread::lifecycle::spawn_unchecked<test[aada8e7e76ba119b]::run_test::{closure#1}, ()>::{closure#1} as core[a373ad73a504971]::ops::function::FnOnce<()>>::call_once::{shim:vtable#0}
[INFO] [stdout]   16:     0x5cb1a1d07c4f - <std[617be2ca0a6fd877]::sys::thread::unix::Thread>::new::thread_start
[INFO] [stdout]   17:     0x722232e3bdfa - <unknown>
[INFO] [stdout]   18:     0x722232ecf3d4 - clone
[INFO] [stdout]   19:                0x0 - <unknown>
[INFO] [stdout] 
[INFO] [stdout] ---- context::tests::single_line_multiple_highlights stdout ----
[INFO] [stdout] 
[INFO] [stdout] thread 'context::tests::single_line_multiple_highlights' (183) panicked at src/context.rs:1014:5:
[INFO] [stdout] Generated context:
[INFO] [stdout]   ╷
[INFO] [stdout] 1 │ 0,3␉null␉many␉0.0001
[INFO] [stdout]   ╎ ╶╴  ╶─╴  ╶─╴
[INFO] [stdout]   ╵
[INFO] [stdout] Not identical to expected:
[INFO] [stdout]   ╷
[INFO] [stdout] 1 │ 0,3␉null␉many␉0.0001
[INFO] [stdout]   ╎ ╶─╴ ╶──╴ ╶──╴
[INFO] [stdout]   ╵
[INFO] [stdout] This is the generated string if this actually is correct: "  ╷\n1 │ 0,3␉null␉many␉0.0001\n  ╎ ╶╴  ╶─╴  ╶─╴\n  ╵"
[INFO] [stdout] stack backtrace:
[INFO] [stdout]    0:     0x5cb1a1d083f1 - <<std[617be2ca0a6fd877]::sys::backtrace::BacktraceLock>::print::DisplayBacktrace as core[a373ad73a504971]::fmt::Display>::fmt
[INFO] [stdout]    1:     0x5cb1a1d1c3da - core[a373ad73a504971]::fmt::write
[INFO] [stdout]    2:     0x5cb1a1d0c60c - <alloc[2e1b2a31b91974c5]::vec::Vec<u8> as core[a373ad73a504971]::io::write::Write>::write_fmt
[INFO] [stdout]    3:     0x5cb1a1ce4856 - std[617be2ca0a6fd877]::panicking::default_hook::{closure#0}
[INFO] [stdout]    4:     0x5cb1a1d00a89 - std[617be2ca0a6fd877]::panicking::default_hook
[INFO] [stdout]    5:     0x5cb1a1c9d130 - test[aada8e7e76ba119b]::test_main_inner::{closure#0}
[INFO] [stdout]    6:     0x5cb1a1d00c42 - std[617be2ca0a6fd877]::panicking::panic_with_hook
[INFO] [stdout]    7:     0x5cb1a1ce4902 - std[617be2ca0a6fd877]::panicking::panic_handler::{closure#0}
[INFO] [stdout]    8:     0x5cb1a1cdd619 - std[617be2ca0a6fd877]::sys::backtrace::__rust_end_short_backtrace::<std[617be2ca0a6fd877]::panicking::panic_handler::{closure#0}, !>
[INFO] [stdout]    9:     0x5cb1a1ce550d - __rustc[ea4f61d10b84890b]::rust_begin_unwind
[INFO] [stdout]   10:     0x5cb1a1d1cb0c - core[a373ad73a504971]::panicking::panic_fmt
[INFO] [stdout]   11:     0x5cb1a1c8a77c - <context_error[793d4a9e82a32871]::context::tests::single_line_multiple_highlights::{closure#0} as core[a373ad73a504971]::ops::function::FnOnce<()>>::call_once
[INFO] [stdout]   12:     0x5cb1a1c9057b - test[aada8e7e76ba119b]::__rust_begin_short_backtrace::<core[a373ad73a504971]::result::Result<(), alloc[2e1b2a31b91974c5]::string::String>, fn() -> core[a373ad73a504971]::result::Result<(), alloc[2e1b2a31b91974c5]::string::String>>
[INFO] [stdout]   13:     0x5cb1a1c9d755 - test[aada8e7e76ba119b]::run_test::{closure#0}
[INFO] [stdout]   14:     0x5cb1a1c97044 - std[617be2ca0a6fd877]::sys::backtrace::__rust_begin_short_backtrace::<test[aada8e7e76ba119b]::run_test::{closure#1}, ()>
[INFO] [stdout]   15:     0x5cb1a1ca07e2 - <std[617be2ca0a6fd877]::thread::lifecycle::spawn_unchecked<test[aada8e7e76ba119b]::run_test::{closure#1}, ()>::{closure#1} as core[a373ad73a504971]::ops::function::FnOnce<()>>::call_once::{shim:vtable#0}
[INFO] [stdout]   16:     0x5cb1a1d07c4f - <std[617be2ca0a6fd877]::sys::thread::unix::Thread>::new::thread_start
[INFO] [stdout]   17:     0x722232e3bdfa - <unknown>
[INFO] [stdout]   18:     0x722232ecf3d4 - clone
[INFO] [stdout]   19:                0x0 - <unknown>
[INFO] [stdout] 
[INFO] [stdout] ---- context::tests::single_line_multiple_highlights_comments stdout ----
[INFO] [stdout] 
[INFO] [stdout] thread 'context::tests::single_line_multiple_highlights_comments' (184) panicked at src/context.rs:1016:5:
[INFO] [stdout] Generated context:
[INFO] [stdout]   ╷
[INFO] [stdout] 1 │ 0,3␉null␉many␉0.0001
[INFO] [stdout]   ╎ ╶──╴Score
[INFO] [stdout]   ╎     ╶───╴RT
[INFO] [stdout]   ╎          ╶───╴Method
[INFO] [stdout]   ╵
[INFO] [stdout] Not identical to expected:
[INFO] [stdout]   ╷
[INFO] [stdout] 1 │ 0,3␉null␉many␉0.0001
[INFO] [stdout]   ╎ ╶─╴Score
[INFO] [stdout]   ╎     ╶──╴RT
[INFO] [stdout]   ╎          ╶──╴Method
[INFO] [stdout]   ╵
[INFO] [stdout] This is the generated string if this actually is correct: "  ╷\n1 │ 0,3␉null␉many␉0.0001\n  ╎ ╶──╴Score\n  ╎     ╶───╴RT\n  ╎          ╶───╴Method\n  ╵"
[INFO] [stdout] stack backtrace:
[INFO] [stdout]    0:     0x5cb1a1d083f1 - <<std[617be2ca0a6fd877]::sys::backtrace::BacktraceLock>::print::DisplayBacktrace as core[a373ad73a504971]::fmt::Display>::fmt
[INFO] [stdout]    1:     0x5cb1a1d1c3da - core[a373ad73a504971]::fmt::write
[INFO] [stdout]    2:     0x5cb1a1d0c60c - <alloc[2e1b2a31b91974c5]::vec::Vec<u8> as core[a373ad73a504971]::io::write::Write>::write_fmt
[INFO] [stdout]    3:     0x5cb1a1ce4856 - std[617be2ca0a6fd877]::panicking::default_hook::{closure#0}
[INFO] [stdout]    4:     0x5cb1a1d00a89 - std[617be2ca0a6fd877]::panicking::default_hook
[INFO] [stdout]    5:     0x5cb1a1c9d130 - test[aada8e7e76ba119b]::test_main_inner::{closure#0}
[INFO] [stdout]    6:     0x5cb1a1d00c42 - std[617be2ca0a6fd877]::panicking::panic_with_hook
[INFO] [stdout]    7:     0x5cb1a1ce4902 - std[617be2ca0a6fd877]::panicking::panic_handler::{closure#0}
[INFO] [stdout]    8:     0x5cb1a1cdd619 - std[617be2ca0a6fd877]::sys::backtrace::__rust_end_short_backtrace::<std[617be2ca0a6fd877]::panicking::panic_handler::{closure#0}, !>
[INFO] [stdout]    9:     0x5cb1a1ce550d - __rustc[ea4f61d10b84890b]::rust_begin_unwind
[INFO] [stdout]   10:     0x5cb1a1d1cb0c - core[a373ad73a504971]::panicking::panic_fmt
[INFO] [stdout]   11:     0x5cb1a1c8ab03 - <context_error[793d4a9e82a32871]::context::tests::single_line_multiple_highlights_comments::{closure#0} as core[a373ad73a504971]::ops::function::FnOnce<()>>::call_once
[INFO] [stdout]   12:     0x5cb1a1c9057b - test[aada8e7e76ba119b]::__rust_begin_short_backtrace::<core[a373ad73a504971]::result::Result<(), alloc[2e1b2a31b91974c5]::string::String>, fn() -> core[a373ad73a504971]::result::Result<(), alloc[2e1b2a31b91974c5]::string::String>>
[INFO] [stdout]   13:     0x5cb1a1c9d755 - test[aada8e7e76ba119b]::run_test::{closure#0}
[INFO] [stdout]   14:     0x5cb1a1c97044 - std[617be2ca0a6fd877]::sys::backtrace::__rust_begin_short_backtrace::<test[aada8e7e76ba119b]::run_test::{closure#1}, ()>
[INFO] [stdout]   15:     0x5cb1a1ca07e2 - <std[617be2ca0a6fd877]::thread::lifecycle::spawn_unchecked<test[aada8e7e76ba119b]::run_test::{closure#1}, ()>::{closure#1} as core[a373ad73a504971]::ops::function::FnOnce<()>>::call_once::{shim:vtable#0}
[INFO] [stdout]   16:     0x5cb1a1d07c4f - <std[617be2ca0a6fd877]::sys::thread::unix::Thread>::new::thread_start
[INFO] [stdout]   17:     0x722232e3bdfa - <unknown>
[INFO] [stdout]   18:     0x722232ecf3d4 - clone
[INFO] [stdout]   19:                0x0 - <unknown>
[INFO] [stdout] 
[INFO] [stdout] ---- context::tests::line_range stdout ----
[INFO] [stdout] 
[INFO] [stdout] thread 'context::tests::line_range' (173) panicked at src/context.rs:1008:5:
[INFO] [stdout] Generated context:
[INFO] [stdout]   ╷
[INFO] [stdout] 1 │ ␉pub column; usize,
[INFO] [stdout]   ╎            ╶╴
[INFO] [stdout]   ╵
[INFO] [stdout] Not identical to expected:
[INFO] [stdout]   ╷
[INFO] [stdout] 1 │ ␉pub column; usize,
[INFO] [stdout]   ╎            ⁃
[INFO] [stdout]   ╵
[INFO] [stdout] This is the generated string if this actually is correct: "  ╷\n1 │ ␉pub column; usize,\n  ╎            ╶╴\n  ╵"
[INFO] [stdout] stack backtrace:
[INFO] [stdout]    0:     0x5cb1a1d083f1 - <<std[617be2ca0a6fd877]::sys::backtrace::BacktraceLock>::print::DisplayBacktrace as core[a373ad73a504971]::fmt::Display>::fmt
[INFO] [stdout]    1:     0x5cb1a1d1c3da - core[a373ad73a504971]::fmt::write
[INFO] [stdout]    2:     0x5cb1a1d0c60c - <alloc[2e1b2a31b91974c5]::vec::Vec<u8> as core[a373ad73a504971]::io::write::Write>::write_fmt
[INFO] [stdout]    3:     0x5cb1a1ce4856 - std[617be2ca0a6fd877]::panicking::default_hook::{closure#0}
[INFO] [stdout]    4:     0x5cb1a1d00a89 - std[617be2ca0a6fd877]::panicking::default_hook
[INFO] [stdout]    5:     0x5cb1a1c9d130 - test[aada8e7e76ba119b]::test_main_inner::{closure#0}
[INFO] [stdout]    6:     0x5cb1a1d00c42 - std[617be2ca0a6fd877]::panicking::panic_with_hook
[INFO] [stdout]    7:     0x5cb1a1ce4902 - std[617be2ca0a6fd877]::panicking::panic_handler::{closure#0}
[INFO] [stdout]    8:     0x5cb1a1cdd619 - std[617be2ca0a6fd877]::sys::backtrace::__rust_end_short_backtrace::<std[617be2ca0a6fd877]::panicking::panic_handler::{closure#0}, !>
[INFO] [stdout]    9:     0x5cb1a1ce550d - __rustc[ea4f61d10b84890b]::rust_begin_unwind
[INFO] [stdout]   10:     0x5cb1a1d1cb0c - core[a373ad73a504971]::panicking::panic_fmt
[INFO] [stdout]   11:     0x5cb1a1c860d4 - <context_error[793d4a9e82a32871]::context::tests::line_range::{closure#0} as core[a373ad73a504971]::ops::function::FnOnce<()>>::call_once
[INFO] [stdout]   12:     0x5cb1a1c9057b - test[aada8e7e76ba119b]::__rust_begin_short_backtrace::<core[a373ad73a504971]::result::Result<(), alloc[2e1b2a31b91974c5]::string::String>, fn() -> core[a373ad73a504971]::result::Result<(), alloc[2e1b2a31b91974c5]::string::String>>
[INFO] [stdout]   13:     0x5cb1a1c9d755 - test[aada8e7e76ba119b]::run_test::{closure#0}
[INFO] [stdout]   14:     0x5cb1a1c97044 - std[617be2ca0a6fd877]::sys::backtrace::__rust_begin_short_backtrace::<test[aada8e7e76ba119b]::run_test::{closure#1}, ()>
[INFO] [stdout]   15:     0x5cb1a1ca07e2 - <std[617be2ca0a6fd877]::thread::lifecycle::spawn_unchecked<test[aada8e7e76ba119b]::run_test::{closure#1}, ()>::{closure#1} as core[a373ad73a504971]::ops::function::FnOnce<()>>::call_once::{shim:vtable#0}
[INFO] [stdout]   16:     0x5cb1a1d07c4f - <std[617be2ca0a6fd877]::sys::thread::unix::Thread>::new::thread_start
[INFO] [stdout]   17:     0x722232e3bdfa - <unknown>
[INFO] [stdout]   18:     0x722232ecf3d4 - clone
[INFO] [stdout]   19:                0x0 - <unknown>
[INFO] [stdout] 
[INFO] [stdout] 
[INFO] [stdout] failures:
[INFO] [stdout]     context::tests::line_range
[INFO] [stdout]     context::tests::line_range_comment
[INFO] [stdout]     context::tests::single_line_multiple_highlights
[INFO] [stdout]     context::tests::single_line_multiple_highlights_comments
[INFO] [stdout] 
[INFO] [stdout] test result: FAILED. 38 passed; 4 failed; 0 ignored; 0 measured; 0 filtered out; finished in 0.03s
[INFO] [stdout] 
[INFO] [stderr] error: test failed, to rerun pass `--lib`
[INFO] running `Command { std: "docker" "inspect" "6befe0fb1abb79ad9e7e9519fc51d558a3ec6401739382a91dc3196c9e45ab3f", kill_on_drop: false }`
[INFO] running `Command { std: "docker" "rm" "-f" "6befe0fb1abb79ad9e7e9519fc51d558a3ec6401739382a91dc3196c9e45ab3f", kill_on_drop: false }`
[INFO] [stdout] 6befe0fb1abb79ad9e7e9519fc51d558a3ec6401739382a91dc3196c9e45ab3f
