[INFO] fetching crate context-logger-derive 0.2.1...
[INFO] testing context-logger-derive-0.2.1 against 1.99.0-beta.8+cargoflags=--release for beta-release-1.100-2
[INFO] extracting crate context-logger-derive 0.2.1 into /workspace/builds/worker-5-tc1/source
[INFO] started tweaking crates.io crate context-logger-derive 0.2.1
[INFO] removed 0 missing tests
[INFO] finished tweaking crates.io crate context-logger-derive 0.2.1
[INFO] tweaked toml for crates.io crate context-logger-derive 0.2.1 written to /workspace/builds/worker-5-tc1/source/Cargo.toml
[INFO] validating manifest of crates.io crate context-logger-derive 0.2.1 on toolchain 1.99.0-beta.8
[INFO] running `Command { std: CARGO_HOME="/workspace/cargo-home" RUSTUP_HOME="/workspace/rustup-home" "/workspace/cargo-home/bin/cargo" "+1.99.0-beta.8" "metadata" "--manifest-path" "Cargo.toml" "--no-deps", kill_on_drop: false }`
[INFO] crate crates.io crate context-logger-derive 0.2.1 already has a lockfile, it will not be regenerated
[INFO] running `Command { std: CARGO_HOME="/workspace/cargo-home" RUSTUP_HOME="/workspace/rustup-home" "/workspace/cargo-home/bin/cargo" "+1.99.0-beta.8" "fetch" "--manifest-path" "Cargo.toml", kill_on_drop: false }`
[INFO] [stderr]  Downloading crates ...
[INFO] [stderr]   Downloaded manyhow-macros v0.14.0
[INFO] [stderr]   Downloaded manyhow v0.14.0
[INFO] [stderr]   Downloaded trybuild v1.0.119
[INFO] running `Command { std: "docker" "create" "-v" "/var/lib/crater-agent-workspace/builds/worker-5-tc1/source:/opt/rustwide/workdir:ro,Z" "-v" "/var/lib/crater-agent-workspace/builds/worker-5-tc1/target:/opt/rustwide/target:rw,Z" "-v" "/var/lib/crater-agent-workspace/cargo-home:/opt/rustwide/cargo-home:ro,Z" "-v" "/var/lib/crater-agent-workspace/rustup-home:/opt/rustwide/rustup-home:ro,Z" "-m" "1610612736" "--network" "none" "ghcr.io/rust-lang/crates-build-env/linux@sha256:77db811e55d90add9212f6832c23229e3de5f1c1f9905e8cb07319ea15df73ac" "sleep" "infinity", kill_on_drop: false }`
[INFO] [stdout] 35922533f11fd596ab1ead2377682854bee1172611bdbd918f9ba94e2e19515d
[INFO] running `Command { std: "docker" "start" "35922533f11fd596ab1ead2377682854bee1172611bdbd918f9ba94e2e19515d", kill_on_drop: false }`
[INFO] running `Command { std: "docker" "inspect" "35922533f11fd596ab1ead2377682854bee1172611bdbd918f9ba94e2e19515d", kill_on_drop: false }`
[INFO] running `Command { std: "docker" "exec" "-e" "SOURCE_DIR=/opt/rustwide/workdir" "-e" "CARGO_HOME=/opt/rustwide/cargo-home" "-e" "RUSTUP_HOME=/opt/rustwide/rustup-home" "-e" "CARGO_TARGET_DIR=/opt/rustwide/target" "-w" "/opt/rustwide/workdir" "--user" "0:0" "35922533f11fd596ab1ead2377682854bee1172611bdbd918f9ba94e2e19515d" "/opt/rustwide/cargo-home/bin/cargo" "+1.99.0-beta.8" "metadata" "--no-deps" "--format-version=1", kill_on_drop: false }`
[INFO] running `Command { std: "docker" "inspect" "35922533f11fd596ab1ead2377682854bee1172611bdbd918f9ba94e2e19515d", kill_on_drop: false }`
[INFO] running `Command { std: "docker" "exec" "-e" "SOURCE_DIR=/opt/rustwide/workdir" "-e" "CARGO_HOME=/opt/rustwide/cargo-home" "-e" "RUSTUP_HOME=/opt/rustwide/rustup-home" "-e" "CARGO_TARGET_DIR=/opt/rustwide/target" "-e" "CARGO_INCREMENTAL=0" "-e" "RUST_BACKTRACE=full" "-e" "RUSTFLAGS=--cap-lints=warn" "-e" "RUSTDOCFLAGS=--cap-lints=warn" "-w" "/opt/rustwide/workdir" "--user" "0:0" "35922533f11fd596ab1ead2377682854bee1172611bdbd918f9ba94e2e19515d" "/opt/rustwide/cargo-home/bin/cargo" "+1.99.0-beta.8" "build" "--frozen" "--message-format=json" "--release", kill_on_drop: false }`
[INFO] [stderr]    Compiling unicode-ident v1.0.26
[INFO] [stderr]    Compiling winnow v1.0.4
[INFO] [stderr]    Compiling smallvec v1.16.1
[INFO] [stderr]    Compiling toml_datetime v1.1.1+spec-1.1.0
[INFO] [stderr]    Compiling indexmap v2.14.2
[INFO] [stderr]    Compiling proc-macro2 v1.0.107
[INFO] [stderr]    Compiling quote v1.0.47
[INFO] [stderr]    Compiling syn v2.0.119
[INFO] [stderr]    Compiling proc-macro-utils v0.10.0
[INFO] [stderr]    Compiling syn v3.0.6
[INFO] [stderr]    Compiling manyhow-macros v0.14.0
[INFO] [stderr]    Compiling toml_parser v1.1.3+spec-1.1.0
[INFO] [stderr]    Compiling toml_edit v0.25.15+spec-1.1.0
[INFO] [stderr]    Compiling strum_macros v0.28.0
[INFO] [stderr]    Compiling proc-macro-crate v3.5.0
[INFO] [stderr]    Compiling strum v0.28.0
[INFO] [stderr]    Compiling manyhow v0.14.0
[INFO] [stderr]    Compiling context-logger-derive v0.2.1 (/opt/rustwide/workdir)
[INFO] [stderr]     Finished `release` profile [optimized] target(s) in 21.19s
[INFO] running `Command { std: "docker" "inspect" "35922533f11fd596ab1ead2377682854bee1172611bdbd918f9ba94e2e19515d", kill_on_drop: false }`
[INFO] running `Command { std: "docker" "exec" "-e" "SOURCE_DIR=/opt/rustwide/workdir" "-e" "CARGO_HOME=/opt/rustwide/cargo-home" "-e" "RUSTUP_HOME=/opt/rustwide/rustup-home" "-e" "CARGO_TARGET_DIR=/opt/rustwide/target" "-e" "CARGO_INCREMENTAL=0" "-e" "RUST_BACKTRACE=full" "-e" "RUSTFLAGS=--cap-lints=warn" "-e" "RUSTDOCFLAGS=--cap-lints=warn" "-w" "/opt/rustwide/workdir" "--user" "0:0" "35922533f11fd596ab1ead2377682854bee1172611bdbd918f9ba94e2e19515d" "/opt/rustwide/cargo-home/bin/cargo" "+1.99.0-beta.8" "test" "--frozen" "--no-run" "--message-format=json" "--release", kill_on_drop: false }`
[INFO] [stderr]    Compiling serde_core v1.0.229
[INFO] [stderr]    Compiling serde_json v1.0.151
[INFO] [stderr]    Compiling serde v1.0.229
[INFO] [stderr]    Compiling target-triple v1.0.1
[INFO] [stderr]    Compiling winnow v1.0.4
[INFO] [stderr]    Compiling serde_derive v1.0.229
[INFO] [stderr]    Compiling proc-macro2 v1.0.107
[INFO] [stderr]    Compiling unicode-ident v1.0.26
[INFO] [stderr]    Compiling zmij v1.0.23
[INFO] [stderr]    Compiling quote v1.0.47
[INFO] [stderr]    Compiling toml_writer v1.1.2+spec-1.1.0
[INFO] [stderr]    Compiling indexmap v2.14.2
[INFO] [stderr]    Compiling termcolor v1.4.1
[INFO] [stderr]    Compiling yansi v1.0.1
[INFO] [stderr]    Compiling diff v0.1.13
[INFO] [stderr]    Compiling memchr v2.8.3
[INFO] [stderr]    Compiling glob v0.3.4
[INFO] [stderr]    Compiling pretty_assertions v1.4.1
[INFO] [stderr]    Compiling syn v3.0.6
[INFO] [stderr]    Compiling toml_parser v1.1.3+spec-1.1.0
[INFO] [stderr]    Compiling toml_datetime v1.1.1+spec-1.1.0
[INFO] [stderr]    Compiling toml_edit v0.25.15+spec-1.1.0
[INFO] [stderr]    Compiling serde_spanned v1.1.1
[INFO] [stderr]    Compiling toml v1.1.6+spec-1.1.0
[INFO] [stderr]    Compiling proc-macro-crate v3.5.0
[INFO] [stderr]    Compiling context-logger-derive v0.2.1 (/opt/rustwide/workdir)
[INFO] [stderr]    Compiling trybuild v1.0.119
[INFO] [stderr]    Compiling strum v0.28.0
[INFO] [stderr]    Compiling manyhow v0.14.0
[INFO] [stderr]     Finished `release` profile [optimized] target(s) in 1m 43s
[INFO] running `Command { std: "docker" "inspect" "35922533f11fd596ab1ead2377682854bee1172611bdbd918f9ba94e2e19515d", kill_on_drop: false }`
[INFO] running `Command { std: "docker" "exec" "-e" "SOURCE_DIR=/opt/rustwide/workdir" "-e" "CARGO_HOME=/opt/rustwide/cargo-home" "-e" "RUSTUP_HOME=/opt/rustwide/rustup-home" "-e" "CARGO_TARGET_DIR=/opt/rustwide/target" "-e" "CARGO_INCREMENTAL=0" "-e" "RUST_BACKTRACE=full" "-e" "RUSTFLAGS=--cap-lints=warn" "-e" "RUSTDOCFLAGS=--cap-lints=warn" "-w" "/opt/rustwide/workdir" "--user" "0:0" "35922533f11fd596ab1ead2377682854bee1172611bdbd918f9ba94e2e19515d" "/opt/rustwide/cargo-home/bin/cargo" "+1.99.0-beta.8" "test" "--frozen" "--release", kill_on_drop: false }`
[INFO] [stderr]     Finished `release` profile [optimized] target(s) in 0.09s
[INFO] [stderr]      Running unittests src/lib.rs (/opt/rustwide/target/release/deps/context_logger_derive-5afec85ff26a6c6f)
[INFO] [stderr]      Running tests/trybuild.rs (/opt/rustwide/target/release/deps/trybuild-f417a97c7caa3540)
[INFO] [stdout] 
[INFO] [stdout] running 5 tests
[INFO] [stdout] test args::tests::rejects_duplicate_sections_and_keys ... ok
[INFO] [stdout] test args::tests::rejects_string_shorthand ... ok
[INFO] [stdout] test args::tests::rejects_missing_section_separator ... ok
[INFO] [stdout] test args::tests::parses_sections_and_capture_modes ... ok
[INFO] [stdout] test args::tests::parses_all_modifier_spellings ... ok
[INFO] [stdout] 
[INFO] [stdout] test result: ok. 5 passed; 0 failed; 0 ignored; 0 measured; 0 filtered out; finished in 0.00s
[INFO] [stdout] 
[INFO] [stdout] 
[INFO] [stdout] running 1 test
[INFO] [stderr]    Compiling proc-macro2 v1.0.107
[INFO] [stderr]    Compiling quote v1.0.47
[INFO] [stderr]    Compiling unicode-ident v1.0.26
[INFO] [stderr]    Compiling smallvec v1.16.1
[INFO] [stderr]    Compiling heck v0.5.0
[INFO] [stderr]    Compiling hashbrown v0.17.1
[INFO] [stderr]    Compiling equivalent v1.0.2
[INFO] [stderr]    Compiling winnow v1.0.4
[INFO] [stderr]    Compiling toml_datetime v1.1.1+spec-1.1.0
[INFO] [stderr]    Compiling yansi v1.0.1
[INFO] [stderr]    Compiling diff v0.1.13
[INFO] [stderr]    Compiling pretty_assertions v1.4.1
[INFO] [stderr]    Compiling indexmap v2.14.2
[INFO] [stderr]    Compiling proc-macro-utils v0.10.0
[INFO] [stderr]    Compiling syn v2.0.119
[INFO] [stderr]    Compiling syn v3.0.6
[INFO] [stderr]    Compiling toml_parser v1.1.3+spec-1.1.0
[INFO] [stderr]    Compiling manyhow-macros v0.14.0
[INFO] [stderr]    Compiling toml_edit v0.25.15+spec-1.1.0
[INFO] [stderr]    Compiling proc-macro-crate v3.5.0
[INFO] [stderr]    Compiling strum_macros v0.28.0
[INFO] [stderr]    Compiling manyhow v0.14.0
[INFO] [stderr]    Compiling strum v0.28.0
[INFO] [stderr]    Compiling context-logger-derive v0.2.1 (/opt/rustwide/workdir)
[INFO] [stderr]    Compiling context-logger-derive-tests v0.0.0 (/opt/rustwide/target/tests/trybuild/context-logger-derive)
[INFO] [stderr]     Finished `dev` profile [unoptimized + debuginfo] target(s) in 37.59s
[INFO] [stderr] 
[INFO] [stderr] 
[INFO] [stderr] test tests/ui/pass/log_scope.rs [should pass] ... error
[INFO] [stderr] ┈┈┈┈┈┈┈┈┈┈┈┈┈┈┈┈┈┈┈┈┈┈┈┈┈┈┈┈┈┈┈┈┈┈┈┈┈┈┈┈┈┈┈┈┈┈┈┈┈┈┈┈┈┈┈┈┈┈┈┈
[INFO] [stderr] error[E0432]: unresolved import `context_logger`
[INFO] [stderr]  --> tests/ui/pass/log_scope.rs:1:5
[INFO] [stderr]   |
[INFO] [stderr] 1 | use context_logger::log_scope;
[INFO] [stderr]   |     ^^^^^^^^^^^^^^ use of unresolved module or unlinked crate `context_logger`
[INFO] [stderr]   |
[INFO] [stderr]   = help: if you wanted to use a crate named `context_logger`, use `cargo add context_logger` to add it to your `Cargo.toml`
[INFO] [stderr] 
[INFO] [stderr] warning: unused variable: `request_id`
[INFO] [stderr]  --> tests/ui/pass/log_scope.rs:7:15
[INFO] [stderr]   |
[INFO] [stderr] 7 | async fn load(request_id: String, user: u32, method: String) {}
[INFO] [stderr]   |               ^^^^^^^^^^ help: if this is intentional, prefix it with an underscore: `_request_id`
[INFO] [stderr]   |
[INFO] [stderr]   = note: `#[warn(unused_variables)]` (part of `#[warn(unused)]`) on by default
[INFO] [stderr] 
[INFO] [stderr] warning: unused variable: `user`
[INFO] [stderr]  --> tests/ui/pass/log_scope.rs:7:35
[INFO] [stderr]   |
[INFO] [stderr] 7 | async fn load(request_id: String, user: u32, method: String) {}
[INFO] [stderr]   |                                   ^^^^ help: if this is intentional, prefix it with an underscore: `_user`
[INFO] [stderr] 
[INFO] [stderr] warning: unused variable: `method`
[INFO] [stderr]  --> tests/ui/pass/log_scope.rs:7:46
[INFO] [stderr]   |
[INFO] [stderr] 7 | async fn load(request_id: String, user: u32, method: String) {}
[INFO] [stderr]   |                                              ^^^^^^ help: if this is intentional, prefix it with an underscore: `_method`
[INFO] [stderr] 
[INFO] [stderr] warning: unused variable: `value`
[INFO] [stderr]   --> tests/ui/pass/log_scope.rs:10:9
[INFO] [stderr]    |
[INFO] [stderr] 10 | fn sync(value: String) {}
[INFO] [stderr]    |         ^^^^^ help: if this is intentional, prefix it with an underscore: `_value`
[INFO] [stderr] 
[INFO] [stderr] warning: unused variable: `r#type`
[INFO] [stderr]   --> tests/ui/pass/log_scope.rs:26:20
[INFO] [stderr]    |
[INFO] [stderr] 26 | fn all_named_modes(r#type: u32, method: String, error: std::io::Error) {}
[INFO] [stderr]    |                    ^^^^^^ help: if this is intentional, prefix it with an underscore: `_type`
[INFO] [stderr] 
[INFO] [stderr] warning: unused variable: `method`
[INFO] [stderr]   --> tests/ui/pass/log_scope.rs:26:33
[INFO] [stderr]    |
[INFO] [stderr] 26 | fn all_named_modes(r#type: u32, method: String, error: std::io::Error) {}
[INFO] [stderr]    |                                 ^^^^^^ help: if this is intentional, prefix it with an underscore: `_method`
[INFO] [stderr] 
[INFO] [stderr] warning: unused variable: `error`
[INFO] [stderr]   --> tests/ui/pass/log_scope.rs:26:49
[INFO] [stderr]    |
[INFO] [stderr] 26 | fn all_named_modes(r#type: u32, method: String, error: std::io::Error) {}
[INFO] [stderr]    |                                                 ^^^^^ help: if this is intentional, prefix it with an underscore: `_error`
[INFO] [stderr] 
[INFO] [stderr] warning: unused variable: `value`
[INFO] [stderr]   --> tests/ui/pass/log_scope.rs:29:47
[INFO] [stderr]    |
[INFO] [stderr] 29 | fn generic<T: Into<context_logger::LogValue>>(value: T) {}
[INFO] [stderr]    |                                               ^^^^^ help: if this is intentional, prefix it with an underscore: `_value`
[INFO] [stderr] 
[INFO] [stderr] error[E0433]: cannot find module or crate `context_logger` in this scope
[INFO] [stderr]   --> tests/ui/pass/log_scope.rs:29:20
[INFO] [stderr]    |
[INFO] [stderr] 29 | fn generic<T: Into<context_logger::LogValue>>(value: T) {}
[INFO] [stderr]    |                    ^^^^^^^^^^^^^^ use of unresolved module or unlinked crate `context_logger`
[INFO] [stderr]    |
[INFO] [stderr]    = help: if you wanted to use a crate named `context_logger`, use `cargo add context_logger` to add it to your `Cargo.toml`
[INFO] [stderr] ┈┈┈┈┈┈┈┈┈┈┈┈┈┈┈┈┈┈┈┈┈┈┈┈┈┈┈┈┈┈┈┈┈┈┈┈┈┈┈┈┈┈┈┈┈┈┈┈┈┈┈┈┈┈┈┈┈┈┈┈
[INFO] [stderr] 
[INFO] [stderr] test tests/ui/fail/const_function.rs [should fail to compile] ... mismatch
[INFO] [stderr] 
[INFO] [stderr] EXPECTED:
[INFO] [stderr] ┈┈┈┈┈┈┈┈┈┈┈┈┈┈┈┈┈┈┈┈┈┈┈┈┈┈┈┈┈┈┈┈┈┈┈┈┈┈┈┈┈┈┈┈┈┈┈┈┈┈┈┈┈┈┈┈┈┈┈┈
[INFO] [stderr] error: #[log_scope] cannot be applied to const functions
[INFO] [stderr]  --> tests/ui/fail/const_function.rs:4:1
[INFO] [stderr]   |
[INFO] [stderr] 4 | const fn invalid() {}
[INFO] [stderr]   | ^^^^^
[INFO] [stderr] ┈┈┈┈┈┈┈┈┈┈┈┈┈┈┈┈┈┈┈┈┈┈┈┈┈┈┈┈┈┈┈┈┈┈┈┈┈┈┈┈┈┈┈┈┈┈┈┈┈┈┈┈┈┈┈┈┈┈┈┈
[INFO] [stderr] 
[INFO] [stderr] ACTUAL OUTPUT:
[INFO] [stderr] ┈┈┈┈┈┈┈┈┈┈┈┈┈┈┈┈┈┈┈┈┈┈┈┈┈┈┈┈┈┈┈┈┈┈┈┈┈┈┈┈┈┈┈┈┈┈┈┈┈┈┈┈┈┈┈┈┈┈┈┈
[INFO] [stderr] error[E0432]: unresolved import `context_logger`
[INFO] [stderr]  --> tests/ui/fail/const_function.rs:1:5
[INFO] [stderr]   |
[INFO] [stderr] 1 | use context_logger::log_scope;
[INFO] [stderr]   |     ^^^^^^^^^^^^^^ use of unresolved module or unlinked crate `context_logger`
[INFO] [stderr]   |
[INFO] [stderr]   = help: if you wanted to use a crate named `context_logger`, use `cargo add context_logger` to add it to your `Cargo.toml`
[INFO] [stderr] ┈┈┈┈┈┈┈┈┈┈┈┈┈┈┈┈┈┈┈┈┈┈┈┈┈┈┈┈┈┈┈┈┈┈┈┈┈┈┈┈┈┈┈┈┈┈┈┈┈┈┈┈┈┈┈┈┈┈┈┈
[INFO] [stderr] note: If the actual output is the correct output you can bless it by rerunning
[INFO] [stderr]       your test with the environment variable TRYBUILD=overwrite
[INFO] [stderr] 
[INFO] [stderr] test tests/ui/fail/duplicate_field.rs [should fail to compile] ... mismatch
[INFO] [stderr] 
[INFO] [stderr] EXPECTED:
[INFO] [stderr] ┈┈┈┈┈┈┈┈┈┈┈┈┈┈┈┈┈┈┈┈┈┈┈┈┈┈┈┈┈┈┈┈┈┈┈┈┈┈┈┈┈┈┈┈┈┈┈┈┈┈┈┈┈┈┈┈┈┈┈┈
[INFO] [stderr] error: duplicate log_scope field
[INFO] [stderr]  --> tests/ui/fail/duplicate_field.rs:3:55
[INFO] [stderr]   |
[INFO] [stderr] 3 | #[log_scope(inherited_fields(value = 1), local_fields(value = 2))]
[INFO] [stderr]   |                                                       ^^^^^
[INFO] [stderr] ┈┈┈┈┈┈┈┈┈┈┈┈┈┈┈┈┈┈┈┈┈┈┈┈┈┈┈┈┈┈┈┈┈┈┈┈┈┈┈┈┈┈┈┈┈┈┈┈┈┈┈┈┈┈┈┈┈┈┈┈
[INFO] [stderr] 
[INFO] [stderr] ACTUAL OUTPUT:
[INFO] [stderr] ┈┈┈┈┈┈┈┈┈┈┈┈┈┈┈┈┈┈┈┈┈┈┈┈┈┈┈┈┈┈┈┈┈┈┈┈┈┈┈┈┈┈┈┈┈┈┈┈┈┈┈┈┈┈┈┈┈┈┈┈
[INFO] [stderr] error[E0432]: unresolved import `context_logger`
[INFO] [stderr]  --> tests/ui/fail/duplicate_field.rs:1:5
[INFO] [stderr]   |
[INFO] [stderr] 1 | use context_logger::log_scope;
[INFO] [stderr]   |     ^^^^^^^^^^^^^^ use of unresolved module or unlinked crate `context_logger`
[INFO] [stderr]   |
[INFO] [stderr]   = help: if you wanted to use a crate named `context_logger`, use `cargo add context_logger` to add it to your `Cargo.toml`
[INFO] [stderr] ┈┈┈┈┈┈┈┈┈┈┈┈┈┈┈┈┈┈┈┈┈┈┈┈┈┈┈┈┈┈┈┈┈┈┈┈┈┈┈┈┈┈┈┈┈┈┈┈┈┈┈┈┈┈┈┈┈┈┈┈
[INFO] [stderr] note: If the actual output is the correct output you can bless it by rerunning
[INFO] [stderr]       your test with the environment variable TRYBUILD=overwrite
[INFO] [stderr] 
[INFO] [stderr] test tests/ui/fail/sval.rs [should fail to compile] ... mismatch
[INFO] [stderr] 
[INFO] [stderr] EXPECTED:
[INFO] [stderr] ┈┈┈┈┈┈┈┈┈┈┈┈┈┈┈┈┈┈┈┈┈┈┈┈┈┈┈┈┈┈┈┈┈┈┈┈┈┈┈┈┈┈┈┈┈┈┈┈┈┈┈┈┈┈┈┈┈┈┈┈
[INFO] [stderr] error: `sval` capture is not supported by context-logger
[INFO] [stderr]  --> tests/ui/fail/sval.rs:3:26
[INFO] [stderr]   |
[INFO] [stderr] 3 | #[log_scope(local_fields(value:sval = value))]
[INFO] [stderr]   |                          ^^^^^
[INFO] [stderr] ┈┈┈┈┈┈┈┈┈┈┈┈┈┈┈┈┈┈┈┈┈┈┈┈┈┈┈┈┈┈┈┈┈┈┈┈┈┈┈┈┈┈┈┈┈┈┈┈┈┈┈┈┈┈┈┈┈┈┈┈
[INFO] [stderr] 
[INFO] [stderr] ACTUAL OUTPUT:
[INFO] [stderr] ┈┈┈┈┈┈┈┈┈┈┈┈┈┈┈┈┈┈┈┈┈┈┈┈┈┈┈┈┈┈┈┈┈┈┈┈┈┈┈┈┈┈┈┈┈┈┈┈┈┈┈┈┈┈┈┈┈┈┈┈
[INFO] [stderr] error[E0432]: unresolved import `context_logger`
[INFO] [stderr]  --> tests/ui/fail/sval.rs:1:5
[INFO] [stderr]   |
[INFO] [stderr] 1 | use context_logger::log_scope;
[INFO] [stderr]   |     ^^^^^^^^^^^^^^ use of unresolved module or unlinked crate `context_logger`
[INFO] [stderr]   |
[INFO] [stderr]   = help: if you wanted to use a crate named `context_logger`, use `cargo add context_logger` to add it to your `Cargo.toml`
[INFO] [stderr] 
[INFO] [stderr] warning: unused variable: `value`
[INFO] [stderr]  --> tests/ui/fail/sval.rs:4:12
[INFO] [stderr]   |
[INFO] [stderr] 4 | fn invalid(value: u32) {}
[INFO] [stderr]   |            ^^^^^ help: if this is intentional, prefix it with an underscore: `_value`
[INFO] [stderr]   |
[INFO] [stderr]   = note: `#[warn(unused_variables)]` (part of `#[warn(unused)]`) on by default
[INFO] [stderr] ┈┈┈┈┈┈┈┈┈┈┈┈┈┈┈┈┈┈┈┈┈┈┈┈┈┈┈┈┈┈┈┈┈┈┈┈┈┈┈┈┈┈┈┈┈┈┈┈┈┈┈┈┈┈┈┈┈┈┈┈
[INFO] [stderr] note: If the actual output is the correct output you can bless it by rerunning
[INFO] [stderr]       your test with the environment variable TRYBUILD=overwrite
[INFO] [stderr] 
[INFO] [stderr] test tests/ui/fail/unknown_mode.rs [should fail to compile] ... mismatch
[INFO] [stderr] 
[INFO] [stderr] EXPECTED:
[INFO] [stderr] ┈┈┈┈┈┈┈┈┈┈┈┈┈┈┈┈┈┈┈┈┈┈┈┈┈┈┈┈┈┈┈┈┈┈┈┈┈┈┈┈┈┈┈┈┈┈┈┈┈┈┈┈┈┈┈┈┈┈┈┈
[INFO] [stderr] error: unknown log_scope capture modifier
[INFO] [stderr]  --> tests/ui/fail/unknown_mode.rs:3:32
[INFO] [stderr]   |
[INFO] [stderr] 3 | #[log_scope(local_fields(value:unknown = value))]
[INFO] [stderr]   |                                ^^^^^^^
[INFO] [stderr] ┈┈┈┈┈┈┈┈┈┈┈┈┈┈┈┈┈┈┈┈┈┈┈┈┈┈┈┈┈┈┈┈┈┈┈┈┈┈┈┈┈┈┈┈┈┈┈┈┈┈┈┈┈┈┈┈┈┈┈┈
[INFO] [stderr] 
[INFO] [stderr] ACTUAL OUTPUT:
[INFO] [stderr] ┈┈┈┈┈┈┈┈┈┈┈┈┈┈┈┈┈┈┈┈┈┈┈┈┈┈┈┈┈┈┈┈┈┈┈┈┈┈┈┈┈┈┈┈┈┈┈┈┈┈┈┈┈┈┈┈┈┈┈┈
[INFO] [stderr] error[E0432]: unresolved import `context_logger`
[INFO] [stderr]  --> tests/ui/fail/unknown_mode.rs:1:5
[INFO] [stderr]   |
[INFO] [stderr] 1 | use context_logger::log_scope;
[INFO] [stderr]   |     ^^^^^^^^^^^^^^ use of unresolved module or unlinked crate `context_logger`
[INFO] [stderr]   |
[INFO] [stderr]   = help: if you wanted to use a crate named `context_logger`, use `cargo add context_logger` to add it to your `Cargo.toml`
[INFO] [stderr] 
[INFO] [stderr] warning: unused variable: `value`
[INFO] [stderr]  --> tests/ui/fail/unknown_mode.rs:4:12
[INFO] [stderr]   |
[INFO] [stderr] 4 | fn invalid(value: u32) {}
[INFO] [stderr]   |            ^^^^^ help: if this is intentional, prefix it with an underscore: `_value`
[INFO] [stderr]   |
[INFO] [stderr]   = note: `#[warn(unused_variables)]` (part of `#[warn(unused)]`) on by default
[INFO] [stderr] ┈┈┈┈┈┈┈┈┈┈┈┈┈┈┈┈┈┈┈┈┈┈┈┈┈┈┈┈┈┈┈┈┈┈┈┈┈┈┈┈┈┈┈┈┈┈┈┈┈┈┈┈┈┈┈┈┈┈┈┈
[INFO] [stderr] note: If the actual output is the correct output you can bless it by rerunning
[INFO] [stderr]       your test with the environment variable TRYBUILD=overwrite
[INFO] [stderr] 
[INFO] [stderr] test tests/ui/fail/unknown_section.rs [should fail to compile] ... mismatch
[INFO] [stdout] test log_scope ... FAILED
[INFO] [stderr] 
[INFO] [stdout] 
[INFO] [stderr] EXPECTED:
[INFO] [stdout] failures:
[INFO] [stderr] ┈┈┈┈┈┈┈┈┈┈┈┈┈┈┈┈┈┈┈┈┈┈┈┈┈┈┈┈┈┈┈┈┈┈┈┈┈┈┈┈┈┈┈┈┈┈┈┈┈┈┈┈┈┈┈┈┈┈┈┈
[INFO] [stdout] 
[INFO] [stderr] error: unknown log_scope section: other_fields
[INFO] [stdout] ---- log_scope stdout ----
[INFO] [stderr]  --> tests/ui/fail/unknown_section.rs:3:13
[INFO] [stdout] 
[INFO] [stderr]   |
[INFO] [stdout] thread 'log_scope' (1142) panicked at /opt/rustwide/cargo-home/registry/src/index.crates.io-1949cf8c6b5b557f/trybuild-1.0.119/src/run.rs:102:13:
[INFO] [stderr] 3 | #[log_scope(other_fields(value = 42))]
[INFO] [stdout] 6 of 6 tests failed
[INFO] [stderr]   |             ^^^^^^^^^^^^
[INFO] [stdout] stack backtrace:
[INFO] [stderr] ┈┈┈┈┈┈┈┈┈┈┈┈┈┈┈┈┈┈┈┈┈┈┈┈┈┈┈┈┈┈┈┈┈┈┈┈┈┈┈┈┈┈┈┈┈┈┈┈┈┈┈┈┈┈┈┈┈┈┈┈
[INFO] [stdout]    0:     0x55b13540b641 - <<std[70759c8f55707aa4]::sys::backtrace::BacktraceLock>::print::DisplayBacktrace as core[df12db4294e9bfd3]::fmt::Display>::fmt
[INFO] [stderr] 
[INFO] [stdout]    1:     0x55b135421cca - core[df12db4294e9bfd3]::fmt::write
[INFO] [stderr] ACTUAL OUTPUT:
[INFO] [stdout]    2:     0x55b13541010c - <alloc[2182bb758b4b3781]::vec::Vec<u8> as core[df12db4294e9bfd3]::io::write::Write>::write_fmt
[INFO] [stderr] ┈┈┈┈┈┈┈┈┈┈┈┈┈┈┈┈┈┈┈┈┈┈┈┈┈┈┈┈┈┈┈┈┈┈┈┈┈┈┈┈┈┈┈┈┈┈┈┈┈┈┈┈┈┈┈┈┈┈┈┈
[INFO] [stdout]    3:     0x55b1353e4b26 - std[70759c8f55707aa4]::panicking::default_hook::{closure#0}
[INFO] [stderr] error[E0432]: unresolved import `context_logger`
[INFO] [stdout]    4:     0x55b135402cb9 - std[70759c8f55707aa4]::panicking::default_hook
[INFO] [stderr]  --> tests/ui/fail/unknown_section.rs:1:5
[INFO] [stdout]    5:     0x55b13539bf90 - test[9d35eded1c95d3be]::test_main_inner::<test[9d35eded1c95d3be]::test_main_static::{closure#0}>::{closure#0}
[INFO] [stderr]   |
[INFO] [stdout]    6:     0x55b135402e72 - std[70759c8f55707aa4]::panicking::panic_with_hook
[INFO] [stderr] 1 | use context_logger::log_scope;
[INFO] [stdout]    7:     0x55b1353e4bd2 - std[70759c8f55707aa4]::panicking::panic_handler::{closure#0}
[INFO] [stderr]   |     ^^^^^^^^^^^^^^ use of unresolved module or unlinked crate `context_logger`
[INFO] [stdout]    8:     0x55b1353dd499 - std[70759c8f55707aa4]::sys::backtrace::__rust_end_short_backtrace::<std[70759c8f55707aa4]::panicking::panic_handler::{closure#0}, !>
[INFO] [stderr]   |
[INFO] [stdout]    9:     0x55b1353e57cd - __rustc[8fa7c3cbc660c2b3]::rust_begin_unwind
[INFO] [stderr]   = help: if you wanted to use a crate named `context_logger`, use `cargo add context_logger` to add it to your `Cargo.toml`
[INFO] [stdout]   10:     0x55b13542243c - core[df12db4294e9bfd3]::panicking::panic_fmt
[INFO] [stderr] ┈┈┈┈┈┈┈┈┈┈┈┈┈┈┈┈┈┈┈┈┈┈┈┈┈┈┈┈┈┈┈┈┈┈┈┈┈┈┈┈┈┈┈┈┈┈┈┈┈┈┈┈┈┈┈┈┈┈┈┈
[INFO] [stdout]   11:     0x55b1352ef5a4 - <trybuild[6c34e403c7e4bf]::Runner>::run
[INFO] [stderr] note: If the actual output is the correct output you can bless it by rerunning
[INFO] [stdout]   12:     0x55b1352f2d60 - <trybuild[6c34e403c7e4bf]::TestCases as core[df12db4294e9bfd3]::ops::drop::Drop>::drop
[INFO] [stderr]       your test with the environment variable TRYBUILD=overwrite
[INFO] [stdout]   13:     0x55b1352e9c46 - trybuild[51274ab051766337]::log_scope
[INFO] [stderr] 
[INFO] [stdout]   14:     0x55b1352e9e79 - <trybuild[51274ab051766337]::log_scope::{closure#0} as core[df12db4294e9bfd3]::ops::function::FnOnce<()>>::call_once
[INFO] [stderr] 
[INFO] [stdout]   15:     0x55b13538f27b - test[9d35eded1c95d3be]::__rust_begin_short_backtrace::<core[df12db4294e9bfd3]::result::Result<(), alloc[2182bb758b4b3781]::string::String>, fn() -> core[df12db4294e9bfd3]::result::Result<(), alloc[2182bb758b4b3781]::string::String>>
[INFO] [stderr] 
[INFO] [stdout]   16:     0x55b13539c8e5 - test[9d35eded1c95d3be]::run_test::{closure#0}
[INFO] [stdout]   17:     0x55b1353961a4 - std[70759c8f55707aa4]::sys::backtrace::__rust_begin_short_backtrace::<test[9d35eded1c95d3be]::run_test::{closure#1}, ()>
[INFO] [stdout]   18:     0x55b13539fa42 - <std[70759c8f55707aa4]::thread::lifecycle::spawn_unchecked<test[9d35eded1c95d3be]::run_test::{closure#1}, ()>::{closure#1} as core[df12db4294e9bfd3]::ops::function::FnOnce<()>>::call_once::{shim:vtable#0}
[INFO] [stdout]   19:     0x55b13540a8f9 - <std[70759c8f55707aa4]::sys::thread::unix::Thread>::new::thread_start
[INFO] [stdout]   20:     0x7ee4be227dfa - <unknown>
[INFO] [stdout]   21:     0x7ee4be2bb3d4 - clone
[INFO] [stdout]   22:                0x0 - <unknown>
[INFO] [stdout] 
[INFO] [stdout] 
[INFO] [stdout] failures:
[INFO] [stdout]     log_scope
[INFO] [stdout] 
[INFO] [stdout] test result: FAILED. 0 passed; 1 failed; 0 ignored; 0 measured; 0 filtered out; finished in 52.48s
[INFO] [stdout] 
[INFO] [stderr] error: test failed, to rerun pass `--test trybuild`
[INFO] running `Command { std: "docker" "inspect" "35922533f11fd596ab1ead2377682854bee1172611bdbd918f9ba94e2e19515d", kill_on_drop: false }`
[INFO] running `Command { std: "docker" "rm" "-f" "35922533f11fd596ab1ead2377682854bee1172611bdbd918f9ba94e2e19515d", kill_on_drop: false }`
[INFO] [stdout] 35922533f11fd596ab1ead2377682854bee1172611bdbd918f9ba94e2e19515d
