[INFO] fetching crate context-footprint 0.1.0...
[INFO] testing context-footprint-0.1.0 against 1.100.0-beta.1+cargoflags=--release for beta-release-1.100-2
[INFO] extracting crate context-footprint 0.1.0 into /workspace/builds/worker-6-tc2/source
[INFO] started tweaking crates.io crate context-footprint 0.1.0
[INFO] removed 0 missing tests
[INFO] finished tweaking crates.io crate context-footprint 0.1.0
[INFO] tweaked toml for crates.io crate context-footprint 0.1.0 written to /workspace/builds/worker-6-tc2/source/Cargo.toml
[INFO] validating manifest of crates.io crate context-footprint 0.1.0 on toolchain 1.100.0-beta.1
[INFO] running `Command { std: CARGO_HOME="/workspace/cargo-home" RUSTUP_HOME="/workspace/rustup-home" "/workspace/cargo-home/bin/cargo" "+1.100.0-beta.1" "metadata" "--manifest-path" "Cargo.toml" "--no-deps", kill_on_drop: false }`
[INFO] crate crates.io crate context-footprint 0.1.0 already has a lockfile, it will not be regenerated
[INFO] running `Command { std: CARGO_HOME="/workspace/cargo-home" RUSTUP_HOME="/workspace/rustup-home" "/workspace/cargo-home/bin/cargo" "+1.100.0-beta.1" "fetch" "--manifest-path" "Cargo.toml", kill_on_drop: false }`
[INFO] running `Command { std: "docker" "create" "-v" "/var/lib/crater-agent-workspace/builds/worker-6-tc2/source:/opt/rustwide/workdir:ro,Z" "-v" "/var/lib/crater-agent-workspace/builds/worker-6-tc2/target:/opt/rustwide/target:rw,Z" "-v" "/var/lib/crater-agent-workspace/cargo-home:/opt/rustwide/cargo-home:ro,Z" "-v" "/var/lib/crater-agent-workspace/rustup-home:/opt/rustwide/rustup-home:ro,Z" "-m" "1610612736" "--network" "none" "ghcr.io/rust-lang/crates-build-env/linux@sha256:77db811e55d90add9212f6832c23229e3de5f1c1f9905e8cb07319ea15df73ac" "sleep" "infinity", kill_on_drop: false }`
[INFO] [stdout] 2ffaaeea393c00ae9cadef46d191e45386b7d9af33507aae3119d70c3e584a08
[INFO] running `Command { std: "docker" "start" "2ffaaeea393c00ae9cadef46d191e45386b7d9af33507aae3119d70c3e584a08", kill_on_drop: false }`
[INFO] running `Command { std: "docker" "inspect" "2ffaaeea393c00ae9cadef46d191e45386b7d9af33507aae3119d70c3e584a08", kill_on_drop: false }`
[INFO] running `Command { std: "docker" "exec" "-e" "SOURCE_DIR=/opt/rustwide/workdir" "-e" "CARGO_HOME=/opt/rustwide/cargo-home" "-e" "RUSTUP_HOME=/opt/rustwide/rustup-home" "-e" "CARGO_TARGET_DIR=/opt/rustwide/target" "-w" "/opt/rustwide/workdir" "--user" "0:0" "2ffaaeea393c00ae9cadef46d191e45386b7d9af33507aae3119d70c3e584a08" "/opt/rustwide/cargo-home/bin/cargo" "+1.100.0-beta.1" "metadata" "--no-deps" "--format-version=1", kill_on_drop: false }`
[INFO] running `Command { std: "docker" "inspect" "2ffaaeea393c00ae9cadef46d191e45386b7d9af33507aae3119d70c3e584a08", kill_on_drop: false }`
[INFO] running `Command { std: "docker" "exec" "-e" "SOURCE_DIR=/opt/rustwide/workdir" "-e" "CARGO_HOME=/opt/rustwide/cargo-home" "-e" "RUSTUP_HOME=/opt/rustwide/rustup-home" "-e" "CARGO_TARGET_DIR=/opt/rustwide/target" "-e" "CARGO_INCREMENTAL=0" "-e" "RUST_BACKTRACE=full" "-e" "RUSTFLAGS=--cap-lints=warn" "-e" "RUSTDOCFLAGS=--cap-lints=warn" "-w" "/opt/rustwide/workdir" "--user" "0:0" "2ffaaeea393c00ae9cadef46d191e45386b7d9af33507aae3119d70c3e584a08" "/opt/rustwide/cargo-home/bin/cargo" "+1.100.0-beta.1" "build" "--frozen" "--message-format=json" "--release", kill_on_drop: false }`
[INFO] [stderr]    Compiling anyhow v1.0.100
[INFO] [stderr]    Compiling libc v0.2.180
[INFO] [stderr]    Compiling bitflags v2.10.0
[INFO] [stderr]    Compiling linux-raw-sys v0.11.0
[INFO] [stderr]    Compiling regex-syntax v0.8.8
[INFO] [stderr]    Compiling bytes v1.11.0
[INFO] [stderr]    Compiling fastrand v2.3.0
[INFO] [stderr]    Compiling syn v2.0.114
[INFO] [stderr]    Compiling rustix v1.1.3
[INFO] [stderr]    Compiling petgraph v0.7.1
[INFO] [stderr]    Compiling zmij v1.0.17
[INFO] [stderr]    Compiling clap_builder v4.5.54
[INFO] [stderr]    Compiling memchr v2.7.6
[INFO] [stderr]    Compiling fixedbitset v0.4.2
[INFO] [stderr]    Compiling petgraph v0.6.5
[INFO] [stderr]    Compiling serde_json v1.0.149
[INFO] [stderr]    Compiling getrandom v0.3.4
[INFO] [stderr]    Compiling memmap2 v0.9.9
[INFO] [stderr]    Compiling regex-automata v0.4.13
[INFO] [stderr]    Compiling tempfile v3.24.0
[INFO] [stderr]    Compiling regex v1.12.2
[INFO] [stderr]    Compiling prettyplease v0.2.37
[INFO] [stderr]    Compiling prost-derive v0.13.5
[INFO] [stderr]    Compiling clap_derive v4.5.49
[INFO] [stderr]    Compiling serde_derive v1.0.228
[INFO] [stderr]    Compiling prost v0.13.5
[INFO] [stderr]    Compiling clap v4.5.54
[INFO] [stderr]    Compiling prost-types v0.13.5
[INFO] [stderr]    Compiling serde v1.0.228
[INFO] [stderr]    Compiling prost-build v0.13.5
[INFO] [stderr]    Compiling context-footprint v0.1.0 (/opt/rustwide/workdir)
[INFO] [stderr] warning: unused dependency `prost-types`
[INFO] [stderr]   --> Cargo.toml:24:15
[INFO] [stderr]    |
[INFO] [stderr] 24 | [dependencies.prost-types]
[INFO] [stderr]    |               ^^^^^^^^^^^^
[INFO] [stderr]    |
[INFO] [stderr]    = note: `cargo::unused_dependencies` is set to `warn` by default
[INFO] [stderr] help: consider removing the dependency on `prost-types`
[INFO] [stderr] warning: unused dependency `serde`
[INFO] [stderr]   --> Cargo.toml:27:15
[INFO] [stderr]    |
[INFO] [stderr] 27 | [dependencies.serde]
[INFO] [stderr]    |               ^^^^^^
[INFO] [stderr]    |
[INFO] [stderr] help: consider removing the dependency on `serde`
[INFO] [stderr] warning: unused dependency `serde_json`
[INFO] [stderr]   --> Cargo.toml:31:15
[INFO] [stderr]    |
[INFO] [stderr] 31 | [dependencies.serde_json]
[INFO] [stderr]    |               ^^^^^^^^^^^
[INFO] [stderr]    |
[INFO] [stderr] help: consider removing the dependency on `serde_json`
[INFO] [stderr] warning: `context-footprint` (manifest) generated 3 warnings
[INFO] [stderr]     Finished `release` profile [optimized] target(s) in 28.67s
[INFO] running `Command { std: "docker" "inspect" "2ffaaeea393c00ae9cadef46d191e45386b7d9af33507aae3119d70c3e584a08", kill_on_drop: false }`
[INFO] running `Command { std: "docker" "exec" "-e" "SOURCE_DIR=/opt/rustwide/workdir" "-e" "CARGO_HOME=/opt/rustwide/cargo-home" "-e" "RUSTUP_HOME=/opt/rustwide/rustup-home" "-e" "CARGO_TARGET_DIR=/opt/rustwide/target" "-e" "CARGO_INCREMENTAL=0" "-e" "RUST_BACKTRACE=full" "-e" "RUSTFLAGS=--cap-lints=warn" "-e" "RUSTDOCFLAGS=--cap-lints=warn" "-w" "/opt/rustwide/workdir" "--user" "0:0" "2ffaaeea393c00ae9cadef46d191e45386b7d9af33507aae3119d70c3e584a08" "/opt/rustwide/cargo-home/bin/cargo" "+1.100.0-beta.1" "test" "--frozen" "--no-run" "--message-format=json" "--release", kill_on_drop: false }`
[INFO] [stderr]    Compiling once_cell v1.21.3
[INFO] [stderr]    Compiling getrandom v0.3.4
[INFO] [stderr]    Compiling rustix v1.1.3
[INFO] [stderr]    Compiling tempfile v3.24.0
[INFO] [stderr]    Compiling context-footprint v0.1.0 (/opt/rustwide/workdir)
[INFO] [stderr] warning: unused dependency `prost-types`
[INFO] [stderr]   --> Cargo.toml:24:15
[INFO] [stderr]    |
[INFO] [stderr] 24 | [dependencies.prost-types]
[INFO] [stderr]    |               ^^^^^^^^^^^^
[INFO] [stderr]    |
[INFO] [stderr]    = note: `cargo::unused_dependencies` is set to `warn` by default
[INFO] [stderr] help: consider removing the dependency on `prost-types`
[INFO] [stderr] warning: unused dependency `serde`
[INFO] [stderr]   --> Cargo.toml:27:15
[INFO] [stderr]    |
[INFO] [stderr] 27 | [dependencies.serde]
[INFO] [stderr]    |               ^^^^^^
[INFO] [stderr]    |
[INFO] [stderr] help: consider removing the dependency on `serde`
[INFO] [stderr] warning: unused dependency `serde_json`
[INFO] [stderr]   --> Cargo.toml:31:15
[INFO] [stderr]    |
[INFO] [stderr] 31 | [dependencies.serde_json]
[INFO] [stderr]    |               ^^^^^^^^^^^
[INFO] [stderr]    |
[INFO] [stderr] help: consider removing the dependency on `serde_json`
[INFO] [stderr] warning: `context-footprint` (manifest) generated 3 warnings
[INFO] [stderr]     Finished `release` profile [optimized] target(s) in 10.51s
[INFO] running `Command { std: "docker" "inspect" "2ffaaeea393c00ae9cadef46d191e45386b7d9af33507aae3119d70c3e584a08", kill_on_drop: false }`
[INFO] running `Command { std: "docker" "exec" "-e" "SOURCE_DIR=/opt/rustwide/workdir" "-e" "CARGO_HOME=/opt/rustwide/cargo-home" "-e" "RUSTUP_HOME=/opt/rustwide/rustup-home" "-e" "CARGO_TARGET_DIR=/opt/rustwide/target" "-e" "CARGO_INCREMENTAL=0" "-e" "RUST_BACKTRACE=full" "-e" "RUSTFLAGS=--cap-lints=warn" "-e" "RUSTDOCFLAGS=--cap-lints=warn" "-w" "/opt/rustwide/workdir" "--user" "0:0" "2ffaaeea393c00ae9cadef46d191e45386b7d9af33507aae3119d70c3e584a08" "/opt/rustwide/cargo-home/bin/cargo" "+1.100.0-beta.1" "test" "--frozen" "--release", kill_on_drop: false }`
[INFO] [stderr] warning: unused dependency `prost-types`
[INFO] [stderr]   --> Cargo.toml:24:15
[INFO] [stderr]    |
[INFO] [stderr] 24 | [dependencies.prost-types]
[INFO] [stderr]    |               ^^^^^^^^^^^^
[INFO] [stderr]    |
[INFO] [stderr]    = note: `cargo::unused_dependencies` is set to `warn` by default
[INFO] [stderr] help: consider removing the dependency on `prost-types`
[INFO] [stderr] warning: unused dependency `serde`
[INFO] [stderr]   --> Cargo.toml:27:15
[INFO] [stderr]    |
[INFO] [stderr] 27 | [dependencies.serde]
[INFO] [stderr]    |               ^^^^^^
[INFO] [stderr]    |
[INFO] [stderr] help: consider removing the dependency on `serde`
[INFO] [stderr] warning: unused dependency `serde_json`
[INFO] [stderr]   --> Cargo.toml:31:15
[INFO] [stderr]    |
[INFO] [stderr] 31 | [dependencies.serde_json]
[INFO] [stderr]    |               ^^^^^^^^^^^
[INFO] [stderr]    |
[INFO] [stderr] help: consider removing the dependency on `serde_json`
[INFO] [stderr] warning: `context-footprint` (manifest) generated 3 warnings
[INFO] [stderr]     Finished `release` profile [optimized] target(s) in 0.09s
[INFO] [stdout] 
[INFO] [stderr]      Running unittests src/lib.rs (/opt/rustwide/target/release/build/context-footprint/d9a92434ff7ecaaf/out/context_footprint-d9a92434ff7ecaaf)
[INFO] [stdout] running 108 tests
[INFO] [stdout] test adapters::doc_scorer::heuristic::tests::test_empty_doc_is_zero ... ok
[INFO] [stdout] test adapters::doc_scorer::simple::tests::test_empty_doc_returns_zero ... ok
[INFO] [stdout] test adapters::fs::reader::tests::test_file_source_reader_read_lines ... ok
[INFO] [stdout] test adapters::fs::reader::tests::test_file_source_reader_read ... ok
[INFO] [stdout] test adapters::doc_scorer::heuristic::tests::test_ignore_self_in_signatures ... ok
[INFO] [stdout] test adapters::doc_scorer::heuristic::tests::test_python_param_coverage ... ok
[INFO] [stdout] test adapters::doc_scorer::heuristic::tests::test_keyword_fallback ... ok
[INFO] [stdout] test adapters::fs::reader::tests::test_file_source_reader_read_nonexistent ... ok
[INFO] [stdout] test adapters::doc_scorer::heuristic::tests::test_partial_parameter_score ... ok
[INFO] [stdout] test adapters::doc_scorer::heuristic::tests::test_no_params_no_return ... ok
[INFO] [stdout] test adapters::doc_scorer::simple::tests::test_no_doc_returns_zero ... ok
[INFO] [stdout] test adapters::doc_scorer::heuristic::tests::test_word_boundary_matching ... ok
[INFO] [stdout] test adapters::policy::academic::tests::test_call_in_depends_on_signature_completeness ... ok
[INFO] [stdout] test adapters::doc_scorer::heuristic::tests::test_complex_python_args ... ok
[INFO] [stdout] test adapters::policy::academic::tests::test_poorly_documented_function_is_transparent ... ok
[INFO] [stdout] test adapters::policy::academic::tests::test_shared_state_write_always_transparent ... ok
[INFO] [stdout] test adapters::doc_scorer::heuristic::tests::test_rust_param_coverage ... ok
[INFO] [stdout] test adapters::policy::strict::tests::test_call_in_with_complete_signature_is_boundary ... ok
[INFO] [stdout] test adapters::policy::academic::tests::test_variable_always_transparent ... ok
[INFO] [stdout] test adapters::policy::strict::tests::test_call_in_with_incomplete_signature_is_transparent ... ok
[INFO] [stdout] test adapters::policy::academic::tests::test_well_documented_function_is_boundary ... ok
[INFO] [stdout] test adapters::policy::strict::tests::test_abstract_type_high_doc_is_boundary ... ok
[INFO] [stdout] test adapters::policy::strict::tests::test_abstract_type_low_doc_is_transparent ... ok
[INFO] [stdout] test adapters::policy::strict::tests::test_concrete_type_is_transparent ... ok
[INFO] [stdout] test adapters::policy::academic::tests::test_abstract_type_with_doc_is_boundary ... ok
[INFO] [stdout] test adapters::policy::academic::tests::test_concrete_type_is_transparent ... ok
[INFO] [stdout] test adapters::policy::academic::tests::test_abstract_factory_is_boundary ... ok
[INFO] [stdout] test adapters::policy::academic::tests::test_doc_threshold_below_returns_transparent ... ok
[INFO] [stdout] test adapters::doc_scorer::simple::tests::test_valid_doc_returns_one ... ok
[INFO] [stdout] test adapters::policy::academic::tests::test_external_node_is_boundary ... ok
[INFO] [stdout] test adapters::policy::strict::tests::test_variable_always_transparent ... ok
[INFO] [stdout] test adapters::scip::adapter::tests::test_convert_role ... ok
[INFO] [stdout] test adapters::policy::academic::tests::test_poorly_documented_factory_returning_abstract_becomes_boundary ... ok
[INFO] [stdout] test adapters::scip::adapter::tests::test_convert_symbol_kind ... ok
[INFO] [stdout] test adapters::policy::strict::tests::test_doc_threshold_configurable ... ok
[INFO] [stdout] test adapters::policy::strict::tests::test_external_node_is_boundary ... ok
[INFO] [stdout] test adapters::policy::strict::tests::test_function_always_transparent ... ok
[INFO] [stdout] test adapters::policy::strict::tests::test_shared_state_write_always_transparent ... ok
[INFO] [stdout] test adapters::scip::adapter::tests::test_infer_kind_from_symbol ... ok
[INFO] [stdout] test adapters::scip::adapter::tests::test_empty_scip_index_returns_empty_data ... ok
[INFO] [stdout] test adapters::scip::adapter::tests::test_load_invalid_protobuf_returns_error ... ok
[INFO] [stdout] test adapters::scip::adapter::tests::test_load_nonexistent_file_returns_error ... ok
[INFO] [stdout] test adapters::scip::adapter::tests::test_is_python_return_type_annotation ... ok
[INFO] [stdout] test adapters::size_function::tiktoken::tests::test_multi_line_span ... ok
[INFO] [stdout] test adapters::test_detector::java::tests::test_detects_java_test_directories ... ok
[INFO] [stdout] test adapters::scip::parser::tests::test_encloses ... ok
[INFO] [stdout] test adapters::scip::parser::tests::test_find_enclosing_definition ... ok
[INFO] [stdout] test adapters::test_detector::java::tests::test_detects_java_test_file_suffix ... ok
[INFO] [stdout] test adapters::scip::parser::tests::test_parse_range ... ok
[INFO] [stdout] test adapters::test_detector::javascript::tests::test_detects_js_test_directories ... ok
[INFO] [stdout] test adapters::test_detector::java::tests::test_language_returns_java ... ok
[INFO] [stdout] test adapters::size_function::tiktoken::tests::test_out_of_range_line_returns_zero ... ok
[INFO] [stdout] test adapters::size_function::tiktoken::tests::test_boundary_handling ... ok
[INFO] [stdout] test adapters::test_detector::javascript::tests::test_detects_js_test_file_patterns ... ok
[INFO] [stdout] test adapters::size_function::tiktoken::tests::test_empty_span_returns_zero ... ok
[INFO] [stdout] test adapters::test_detector::go::tests::test_detects_go_test_file ... ok
[INFO] [stdout] test adapters::size_function::tiktoken::tests::test_exclude_comments ... ok
[INFO] [stdout] test adapters::size_function::tiktoken::tests::test_single_line_span ... ok
[INFO] [stdout] test adapters::test_detector::go::tests::test_language_returns_go ... ok
[INFO] [stdout] test adapters::test_detector::javascript::tests::test_language_returns_javascript ... ok
[INFO] [stdout] test adapters::test_detector::python::tests::test_detects_test_directory ... ok
[INFO] [stdout] test adapters::test_detector::python::tests::test_detects_test_file_suffix ... ok
[INFO] [stdout] test adapters::test_detector::python::tests::test_detects_test_function ... ok
[INFO] [stdout] test adapters::test_detector::rust::tests::test_detects_rust_test_file_suffix ... ok
[INFO] [stdout] test adapters::test_detector::rust::tests::test_detects_rust_tests_directory ... ok
[INFO] [stdout] test adapters::test_detector::tests::test_universal_default_constructs ... ok
[INFO] [stdout] test adapters::test_detector::tests::test_universal_fallback_when_no_extension ... ok
[INFO] [stdout] test adapters::test_detector::tests::test_universal_routes_by_extension ... ok
[INFO] [stdout] test cli::tests::test_compute_cf_for_symbol_basic ... ok
[INFO] [stdout] test cli::tests::test_display_context_code_basic ... ok
[INFO] [stdout] test cli::tests::test_display_top_cf_nodes_filtering ... ok
[INFO] [stdout] test cli::tests::test_print_cf_distribution_logic ... ok
[INFO] [stdout] test cli::tests::test_search_symbols_variations ... ok
[INFO] [stdout] test adapters::test_detector::python::tests::test_detects_test_class ... ok
[INFO] [stdout] test cli::tests::test_symbol_is_parameter_logic ... ok
[INFO] [stdout] test adapters::test_detector::python::tests::test_detects_test_file_prefix ... ok
[INFO] [stdout] test domain::builder::tests::test_infer_node_type_from_kind ... ok
[INFO] [stdout] test domain::builder::tests::test_create_node_from_definition_class_vs_protocol ... ok
[INFO] [stdout] test domain::graph::tests::test_add_node_returns_index ... ok
[INFO] [stdout] test domain::graph::tests::test_add_three_nodes_linear_chain ... ok
[INFO] [stdout] test domain::graph::tests::test_add_edge_creates_connection ... ok
[INFO] [stdout] test adapters::test_detector::rust::tests::test_language_returns_rust ... ok
[INFO] [stdout] test domain::graph::tests::test_different_edge_kinds ... ok
[INFO] [stdout] test cli::tests::test_compute_and_display_cf_stats_variations ... ok
[INFO] [stdout] test domain::graph::tests::test_create_empty_graph ... ok
[INFO] [stdout] test domain::graph::tests::test_duplicate_symbol_overwrites ... ok
[INFO] [stdout] test domain::graph::tests::test_empty_neighbors ... ok
[INFO] [stdout] test domain::graph::tests::test_get_node_by_symbol ... ok
[INFO] [stdout] test domain::graph::tests::test_neighbors_iterator ... ok
[INFO] [stdout] test domain::graph::tests::test_node_content_preserved ... ok
[INFO] [stdout] test domain::graph::tests::test_symbol_to_node_consistency ... ok
[INFO] [stdout] test domain::solver::tests::test_multiple_edges_from_same_source ... ok
[INFO] [stdout] test domain::solver::tests::test_shared_state_write_expansion ... ok
[INFO] [stdout] test domain::solver::tests::test_single_node_cf ... ok
[INFO] [stdout] test domain::solver::tests::test_start_at_middle_of_chain ... ok
[INFO] [stdout] test domain::solver::tests::test_transparent_node_continues ... ok
[INFO] [stdout] test domain::solver::tests::test_boundary_node_still_in_reachable_set ... ok
[INFO] [stderr]      Running unittests src/main.rs (/opt/rustwide/target/release/build/context-footprint/6b76a0ce415a5311/out/cftool-6b76a0ce415a5311)
[INFO] [stdout] test domain::graph::tests::test_multiple_edges_same_direction ... ok
[INFO] [stdout] test domain::solver::tests::test_call_in_expansion ... ok
[INFO] [stdout] test domain::graph::tests::test_neighbors_only_outgoing ... ok
[INFO] [stdout] test domain::solver::tests::test_disconnected_component_not_reached ... ok
[INFO] [stdout] test domain::solver::tests::test_linear_dependency_chain ... ok
[INFO] [stdout] test domain::solver::tests::test_cycle_detection ... ok
[INFO] [stdout] test domain::graph::tests::test_nonexistent_symbol_returns_none ... ok
[INFO] [stdout] test domain::solver::tests::test_diamond_dependency ... ok
[INFO] [stdout] test domain::solver::tests::test_different_policies_different_results ... ok
[INFO] [stdout] test domain::policy::tests::test_default_doc_threshold ... ok
[INFO] [stdout] test domain::solver::tests::test_boundary_stops_traversal ... ok
[INFO] [stdout] 
[INFO] [stdout] test result: ok. 108 passed; 0 failed; 0 ignored; 0 measured; 0 filtered out; finished in 0.02s
[INFO] [stdout] 
[INFO] [stderr]      Running tests/cli_integration_test.rs (/opt/rustwide/target/release/build/context-footprint/5aad83595bbcfcb5/out/cli_integration_test-5aad83595bbcfcb5)
[INFO] [stdout] 
[INFO] [stdout] running 0 tests
[INFO] [stdout] 
[INFO] [stdout] test result: ok. 0 passed; 0 failed; 0 ignored; 0 measured; 0 filtered out; finished in 0.00s
[INFO] [stdout] 
[INFO] [stdout] 
[INFO] [stdout] running 7 tests
[INFO] [stderr]      Running tests/end_to_end_test.rs (/opt/rustwide/target/release/build/context-footprint/e6863cd13f636125/out/end_to_end_test-e6863cd13f636125)
[INFO] [stdout] test test_cli_help_succeeds ... ok
[INFO] [stdout] test test_cli_search_when_fixture_present ... ok
[INFO] [stdout] test test_cli_stats_when_fixture_present ... ok
[INFO] [stdout] test test_cli_top_when_fixture_present ... ok
[INFO] [stdout] test test_cli_context_when_fixture_present ... ok
[INFO] [stdout] test test_cli_compute_symbol_not_found ... ok
[INFO] [stdout] test test_cli_load_error_when_scip_missing ... ok
[INFO] [stdout] 
[INFO] [stdout] test result: ok. 7 passed; 0 failed; 0 ignored; 0 measured; 0 filtered out; finished in 0.00s
[INFO] [stdout] 
[INFO] [stderr]      Running tests/graph_builder_test.rs (/opt/rustwide/target/release/build/context-footprint/379974e8b4383b92/out/graph_builder_test-379974e8b4383b92)
[INFO] [stdout] 
[INFO] [stdout] running 2 tests
[INFO] [stdout] test test_fastapi_project ... ok
[INFO] [stdout] test test_simple_python_project_when_scip_present ... ok
[INFO] [stdout] 
[INFO] [stdout] test result: ok. 2 passed; 0 failed; 0 ignored; 0 measured; 0 filtered out; finished in 0.00s
[INFO] [stdout] 
[INFO] [stdout] 
[INFO] [stdout] running 8 tests
[INFO] [stdout] test test_cycle_fixture_produces_cycle_edges ... ok
[INFO] [stdout] test test_build_graph_from_semantic_data_simple ... ok
[INFO] [stdout] test test_empty_document_produces_no_nodes ... ok
[INFO] [stdout] test test_build_graph_two_files ... ok
[INFO] [stdout] test test_multiple_callers_all_connected_to_callee ... ok
[INFO] [stdout] test test_multiple_writers_all_connected_to_reader ... ok
[INFO] [stdout] test test_shared_state_fixture_produces_shared_state_write_edges ... ok
[INFO] [stdout] test test_three_pass_creates_nodes_then_edges ... ok
[INFO] [stdout] 
[INFO] [stdout] test result: ok. 8 passed; 0 failed; 0 ignored; 0 measured; 0 filtered out; finished in 0.00s
[INFO] [stdout] 
[INFO] [stderr]      Running tests/lib_accessible.rs (/opt/rustwide/target/release/build/context-footprint/aba526b2698e0b4e/out/lib_accessible-aba526b2698e0b4e)
[INFO] [stdout] 
[INFO] [stdout] running 4 tests
[INFO] [stderr]      Running tests/policy_comparison_test.rs (/opt/rustwide/target/release/build/context-footprint/01f3e412c7bbdada/out/policy_comparison_test-01f3e412c7bbdada)
[INFO] [stdout] test test_mock_size_function ... ok
[INFO] [stdout] test test_mock_source_reader ... ok
[INFO] [stdout] test test_library_accessible ... ok
[INFO] [stdout] test test_mock_doc_scorer ... ok
[INFO] [stdout] 
[INFO] [stdout] test result: ok. 4 passed; 0 failed; 0 ignored; 0 measured; 0 filtered out; finished in 0.00s
[INFO] [stdout] 
[INFO] [stdout] 
[INFO] [stdout] running 3 tests
[INFO] [stderr]      Running tests/python_abstract_factory_test.rs (/opt/rustwide/target/release/build/context-footprint/1bf33efa9d3a33bf/out/python_abstract_factory_test-1bf33efa9d3a33bf)
[INFO] [stdout] test test_strict_policy_smaller_context_footprint ... ok
[INFO] [stdout] test test_academic_vs_strict_different_cf ... ok
[INFO] [stdout] test test_heuristic_scorer_vs_simple_scorer ... ok
[INFO] [stdout] 
[INFO] [stdout] test result: ok. 3 passed; 0 failed; 0 ignored; 0 measured; 0 filtered out; finished in 0.00s
[INFO] [stdout] 
[INFO] [stdout] 
[INFO] [stdout] running 4 tests
[INFO] [stdout] test test_llmrelay_auth_port_is_abstract ... ok
[INFO] [stdout] test test_llmrelay_get_auth_port_is_abstract_factory ... ok
[INFO] [stdout] test test_llmrelay_caller_of_get_auth_port_cf_excludes_implementation ... ok
[INFO] [stdout] test test_llmrelay_get_auth_port_has_return_type_edge ... ok
[INFO] [stderr]    Doc-tests context_footprint
[INFO] [stdout] 
[INFO] [stdout] test result: ok. 4 passed; 0 failed; 0 ignored; 0 measured; 0 filtered out; finished in 0.00s
[INFO] [stdout] 
[INFO] [stdout] 
[INFO] [stdout] running 3 tests
[INFO] [stdout] test /opt/rustwide/target/release/build/context-footprint/8a30b0c154600722/out/scip.rs - scip::Symbol (line 116) ... FAILED
[INFO] [stdout] test /opt/rustwide/target/release/build/context-footprint/8a30b0c154600722/out/scip.rs - scip::Occurrence::enclosing_range (line 811) ... FAILED
[INFO] [stdout] test /opt/rustwide/target/release/build/context-footprint/8a30b0c154600722/out/scip.rs - scip::Occurrence::enclosing_range (line 839) ... FAILED
[INFO] [stdout] 
[INFO] [stdout] failures:
[INFO] [stdout] 
[INFO] [stdout] ---- /opt/rustwide/target/release/build/context-footprint/8a30b0c154600722/out/scip.rs - scip::Symbol (line 116) stdout ----
[INFO] [stdout] error[E0762]: unterminated character literal
[INFO] [stdout]    --> /opt/rustwide/target/release/build/context-footprint/8a30b0c154600722/out/scip.rs:119:80
[INFO] [stdout]     |
[INFO] [stdout] 119 | <symbol>               ::= <scheme> ' ' <package> ' ' (<descriptor>)+ | 'local ' <local-id>
[INFO] [stdout]     |                                                                                ^^^^^^^^^^^^
[INFO] [stdout]     |
[INFO] [stdout] help: if you meant to write a string literal, use double quotes
[INFO] [stdout]     |
[INFO] [stdout] 119 - <symbol>               ::= <scheme> ' ' <package> ' ' (<descriptor>)+ | 'local ' <local-id>
[INFO] [stdout] 119 + <symbol>               ::= <scheme> ' ' <package> ' ' (<descriptor>)+ | "local " <local-id>
[INFO] [stdout]     |
[INFO] [stdout] 
[INFO] [stdout] error: aborting due to 1 previous error
[INFO] [stdout] 
[INFO] [stdout] For more information about this error, try `rustc --explain E0762`.
[INFO] [stdout] Couldn't compile the test.
[INFO] [stdout] ---- /opt/rustwide/target/release/build/context-footprint/8a30b0c154600722/out/scip.rs - scip::Occurrence::enclosing_range (line 811) stdout ----
[INFO] [stdout] error: expected expression, found `^`
[INFO] [stdout]    --> /opt/rustwide/target/release/build/context-footprint/8a30b0c154600722/out/scip.rs:814:2
[INFO] [stdout]     |
[INFO] [stdout] 814 | ^^^^^^^^^^^ enclosing_range
[INFO] [stdout]     |  ^ expected expression
[INFO] [stdout] 
[INFO] [stdout] error: missing type for `const` item
[INFO] [stdout]    --> /opt/rustwide/target/release/build/context-footprint/8a30b0c154600722/out/scip.rs:812:8
[INFO] [stdout]     |
[INFO] [stdout] 812 | const n = 3
[INFO] [stdout]     |        ^
[INFO] [stdout]     |
[INFO] [stdout] help: provide a type for the item
[INFO] [stdout]     |
[INFO] [stdout] 812 | const n: <type> = 3
[INFO] [stdout]     |        ++++++++
[INFO] [stdout] 
[INFO] [stdout] error: aborting due to 2 previous errors
[INFO] [stdout] 
[INFO] [stdout] Couldn't compile the test.
[INFO] [stdout] ---- /opt/rustwide/target/release/build/context-footprint/8a30b0c154600722/out/scip.rs - scip::Occurrence::enclosing_range (line 839) stdout ----
[INFO] [stdout] error: expected expression, found `^`
[INFO] [stdout]    --> /opt/rustwide/target/release/build/context-footprint/8a30b0c154600722/out/scip.rs:842:13
[INFO] [stdout]     |
[INFO] [stdout] 842 |            ^^^ enclosing_range
[INFO] [stdout]     |             ^ expected expression
[INFO] [stdout] 
[INFO] [stdout] error: missing type for `const` item
[INFO] [stdout]    --> /opt/rustwide/target/release/build/context-footprint/8a30b0c154600722/out/scip.rs:840:8
[INFO] [stdout]     |
[INFO] [stdout] 840 | const a = a.b
[INFO] [stdout]     |        ^
[INFO] [stdout]     |
[INFO] [stdout] help: provide a type for the item
[INFO] [stdout]     |
[INFO] [stdout] 840 | const a: <type> = a.b
[INFO] [stdout]     |        ++++++++
[INFO] [stdout] 
[INFO] [stdout] error: aborting due to 2 previous errors
[INFO] [stdout] 
[INFO] [stdout] Couldn't compile the test.
[INFO] [stdout] 
[INFO] [stdout] failures:
[INFO] [stdout]     /opt/rustwide/target/release/build/context-footprint/8a30b0c154600722/out/scip.rs - scip::Occurrence::enclosing_range (line 811)
[INFO] [stdout]     /opt/rustwide/target/release/build/context-footprint/8a30b0c154600722/out/scip.rs - scip::Occurrence::enclosing_range (line 839)
[INFO] [stdout]     /opt/rustwide/target/release/build/context-footprint/8a30b0c154600722/out/scip.rs - scip::Symbol (line 116)
[INFO] [stdout] 
[INFO] [stdout] test result: FAILED. 0 passed; 3 failed; 0 ignored; 0 measured; 0 filtered out; finished in 0.07s
[INFO] [stdout] 
[INFO] [stderr] error: doctest failed, to rerun pass `--doc`
[INFO] running `Command { std: "docker" "inspect" "2ffaaeea393c00ae9cadef46d191e45386b7d9af33507aae3119d70c3e584a08", kill_on_drop: false }`
[INFO] running `Command { std: "docker" "rm" "-f" "2ffaaeea393c00ae9cadef46d191e45386b7d9af33507aae3119d70c3e584a08", kill_on_drop: false }`
[INFO] [stdout] 2ffaaeea393c00ae9cadef46d191e45386b7d9af33507aae3119d70c3e584a08
