[INFO] fetching crate context-builder 0.11.0...
[INFO] testing context-builder-0.11.0 against 1.99.0-beta.8+cargoflags=--release for beta-release-1.100-2
[INFO] extracting crate context-builder 0.11.0 into /workspace/builds/worker-7-tc1/source
[INFO] started tweaking crates.io crate context-builder 0.11.0
[INFO] removed 0 missing tests
[INFO] finished tweaking crates.io crate context-builder 0.11.0
[INFO] tweaked toml for crates.io crate context-builder 0.11.0 written to /workspace/builds/worker-7-tc1/source/Cargo.toml
[INFO] validating manifest of crates.io crate context-builder 0.11.0 on toolchain 1.99.0-beta.8
[INFO] running `Command { std: CARGO_HOME="/workspace/cargo-home" RUSTUP_HOME="/workspace/rustup-home" "/workspace/cargo-home/bin/cargo" "+1.99.0-beta.8" "metadata" "--manifest-path" "Cargo.toml" "--no-deps", kill_on_drop: false }`
[INFO] crate crates.io crate context-builder 0.11.0 already has a lockfile, it will not be regenerated
[INFO] running `Command { std: CARGO_HOME="/workspace/cargo-home" RUSTUP_HOME="/workspace/rustup-home" "/workspace/cargo-home/bin/cargo" "+1.99.0-beta.8" "fetch" "--manifest-path" "Cargo.toml", kill_on_drop: false }`
[INFO] [stderr]     Updating crates.io index
[INFO] [stderr]  Downloading crates ...
[INFO] [stderr]   Downloaded tree-sitter v0.26.13
[INFO] [stderr]   Downloaded fancy-regex v0.19.2
[INFO] [stderr]   Downloaded tiktoken-rs v0.12.1
[INFO] running `Command { std: "docker" "create" "-v" "/var/lib/crater-agent-workspace/builds/worker-7-tc1/source:/opt/rustwide/workdir:ro,Z" "-v" "/var/lib/crater-agent-workspace/builds/worker-7-tc1/target:/opt/rustwide/target:rw,Z" "-v" "/var/lib/crater-agent-workspace/cargo-home:/opt/rustwide/cargo-home:ro,Z" "-v" "/var/lib/crater-agent-workspace/rustup-home:/opt/rustwide/rustup-home:ro,Z" "-m" "1610612736" "--network" "none" "ghcr.io/rust-lang/crates-build-env/linux@sha256:77db811e55d90add9212f6832c23229e3de5f1c1f9905e8cb07319ea15df73ac" "sleep" "infinity", kill_on_drop: false }`
[INFO] [stdout] 9509631cbfb3c087621dfc3d8cea97f9b325a4f4dd30090cf1a36974c267ab66
[INFO] running `Command { std: "docker" "start" "9509631cbfb3c087621dfc3d8cea97f9b325a4f4dd30090cf1a36974c267ab66", kill_on_drop: false }`
[INFO] running `Command { std: "docker" "inspect" "9509631cbfb3c087621dfc3d8cea97f9b325a4f4dd30090cf1a36974c267ab66", kill_on_drop: false }`
[INFO] running `Command { std: "docker" "exec" "-e" "SOURCE_DIR=/opt/rustwide/workdir" "-e" "CARGO_HOME=/opt/rustwide/cargo-home" "-e" "RUSTUP_HOME=/opt/rustwide/rustup-home" "-e" "CARGO_TARGET_DIR=/opt/rustwide/target" "-w" "/opt/rustwide/workdir" "--user" "0:0" "9509631cbfb3c087621dfc3d8cea97f9b325a4f4dd30090cf1a36974c267ab66" "/opt/rustwide/cargo-home/bin/cargo" "+1.99.0-beta.8" "metadata" "--no-deps" "--format-version=1", kill_on_drop: false }`
[INFO] running `Command { std: "docker" "inspect" "9509631cbfb3c087621dfc3d8cea97f9b325a4f4dd30090cf1a36974c267ab66", kill_on_drop: false }`
[INFO] running `Command { std: "docker" "exec" "-e" "SOURCE_DIR=/opt/rustwide/workdir" "-e" "CARGO_HOME=/opt/rustwide/cargo-home" "-e" "RUSTUP_HOME=/opt/rustwide/rustup-home" "-e" "CARGO_TARGET_DIR=/opt/rustwide/target" "-e" "CARGO_INCREMENTAL=0" "-e" "RUST_BACKTRACE=full" "-e" "RUSTFLAGS=--cap-lints=warn" "-e" "RUSTDOCFLAGS=--cap-lints=warn" "-w" "/opt/rustwide/workdir" "--user" "0:0" "9509631cbfb3c087621dfc3d8cea97f9b325a4f4dd30090cf1a36974c267ab66" "/opt/rustwide/cargo-home/bin/cargo" "+1.99.0-beta.8" "build" "--frozen" "--message-format=json" "--release", kill_on_drop: false }`
[INFO] [stderr]    Compiling regex-syntax v0.8.11
[INFO] [stderr]    Compiling libc v0.2.189
[INFO] [stderr]    Compiling bit-vec v0.8.0
[INFO] [stderr]    Compiling syn v3.0.4
[INFO] [stderr]    Compiling encoding_rs v0.8.42
[INFO] [stderr]    Compiling jiff-core v0.1.0
[INFO] [stderr]    Compiling clap_builder v4.6.7
[INFO] [stderr]    Compiling serde_spanned v1.1.1
[INFO] [stderr]    Compiling toml_datetime v1.1.1+spec-1.1.0
[INFO] [stderr]    Compiling simdutf8 v0.1.5
[INFO] [stderr]    Compiling core_detect v1.0.0
[INFO] [stderr]    Compiling multiversion_no_op v1.0.0
[INFO] [stderr]    Compiling crossbeam-channel v0.5.17
[INFO] [stderr]    Compiling xxhash-rust v0.8.19
[INFO] [stderr]    Compiling similar v3.2.0
[INFO] [stderr]    Compiling bit-set v0.8.0
[INFO] [stderr]    Compiling toml v1.1.6+spec-1.1.0
[INFO] [stderr]    Compiling jiff v0.2.35
[INFO] [stderr]    Compiling getrandom v0.4.3
[INFO] [stderr]    Compiling tempfile v3.27.0
[INFO] [stderr]    Compiling regex-automata v0.4.18
[INFO] [stderr]    Compiling serde_derive v1.0.229
[INFO] [stderr]    Compiling clap_derive v4.6.7
[INFO] [stderr]    Compiling clap v4.6.7
[INFO] [stderr]    Compiling bstr v1.13.1
[INFO] [stderr]    Compiling regex v1.13.1
[INFO] [stderr]    Compiling fancy-regex v0.19.2
[INFO] [stderr]    Compiling serde v1.0.229
[INFO] [stderr]    Compiling env_filter v2.0.0
[INFO] [stderr]    Compiling env_logger v0.11.11
[INFO] [stderr]    Compiling globset v0.4.20
[INFO] [stderr]    Compiling chrono v0.4.45
[INFO] [stderr]    Compiling ignore v0.4.33
[INFO] [stderr]    Compiling tiktoken-rs v0.12.1
[INFO] [stderr]    Compiling context-builder v0.11.0 (/opt/rustwide/workdir)
[INFO] [stderr]     Finished `release` profile [optimized] target(s) in 1m 21s
[INFO] running `Command { std: "docker" "inspect" "9509631cbfb3c087621dfc3d8cea97f9b325a4f4dd30090cf1a36974c267ab66", kill_on_drop: false }`
[INFO] running `Command { std: "docker" "exec" "-e" "SOURCE_DIR=/opt/rustwide/workdir" "-e" "CARGO_HOME=/opt/rustwide/cargo-home" "-e" "RUSTUP_HOME=/opt/rustwide/rustup-home" "-e" "CARGO_TARGET_DIR=/opt/rustwide/target" "-e" "CARGO_INCREMENTAL=0" "-e" "RUST_BACKTRACE=full" "-e" "RUSTFLAGS=--cap-lints=warn" "-e" "RUSTDOCFLAGS=--cap-lints=warn" "-w" "/opt/rustwide/workdir" "--user" "0:0" "9509631cbfb3c087621dfc3d8cea97f9b325a4f4dd30090cf1a36974c267ab66" "/opt/rustwide/cargo-home/bin/cargo" "+1.99.0-beta.8" "test" "--frozen" "--no-run" "--message-format=json" "--release", kill_on_drop: false }`
[INFO] [stderr]    Compiling syn v2.0.119
[INFO] [stderr]    Compiling num-traits v0.2.19
[INFO] [stderr]    Compiling either v1.18.0
[INFO] [stderr]    Compiling zerocopy v0.8.56
[INFO] [stderr]    Compiling serde v1.0.229
[INFO] [stderr]    Compiling cc v1.4.4
[INFO] [stderr]    Compiling getrandom v0.4.3
[INFO] [stderr]    Compiling ciborium-io v0.2.2
[INFO] [stderr]    Compiling futures-core v0.3.34
[INFO] [stderr]    Compiling smallvec v1.15.2
[INFO] [stderr]    Compiling plotters-backend v0.3.7
[INFO] [stderr]    Compiling cast v0.3.0
[INFO] [stderr]    Compiling page_size v0.6.0
[INFO] [stderr]    Compiling yansi v1.0.1
[INFO] [stderr]    Compiling oorandom v11.1.5
[INFO] [stderr]    Compiling anes v0.1.6
[INFO] [stderr]    Compiling futures-util v0.3.34
[INFO] [stderr]    Compiling tempfile v3.27.0
[INFO] [stderr]    Compiling plotters-svg v0.3.7
[INFO] [stderr]    Compiling parking_lot_core v0.9.12
[INFO] [stderr]    Compiling rayon v1.12.0
[INFO] [stderr]    Compiling itertools v0.13.0
[INFO] [stderr]    Compiling pretty_assertions v1.4.1
[INFO] [stderr]    Compiling tinytemplate v1.2.1
[INFO] [stderr]    Compiling parking_lot v0.12.5
[INFO] [stderr]    Compiling chrono v0.4.45
[INFO] [stderr]    Compiling plotters v0.3.7
[INFO] [stderr]    Compiling alloca v0.4.0
[INFO] [stderr]    Compiling criterion-plot v0.8.2
[INFO] [stderr]    Compiling futures-executor v0.3.34
[INFO] [stderr]    Compiling zerocopy-derive v0.8.56
[INFO] [stderr]    Compiling serial_test_derive v3.5.0
[INFO] [stderr]    Compiling serial_test v3.5.0
[INFO] [stderr]    Compiling context-builder v0.11.0 (/opt/rustwide/workdir)
[INFO] [stderr]    Compiling half v2.7.1
[INFO] [stderr]    Compiling ciborium-ll v0.2.2
[INFO] [stderr]    Compiling ciborium v0.2.2
[INFO] [stderr]    Compiling criterion v0.8.2
[INFO] [stderr]     Finished `release` profile [optimized] target(s) in 1m 28s
[INFO] running `Command { std: "docker" "inspect" "9509631cbfb3c087621dfc3d8cea97f9b325a4f4dd30090cf1a36974c267ab66", kill_on_drop: false }`
[INFO] running `Command { std: "docker" "exec" "-e" "SOURCE_DIR=/opt/rustwide/workdir" "-e" "CARGO_HOME=/opt/rustwide/cargo-home" "-e" "RUSTUP_HOME=/opt/rustwide/rustup-home" "-e" "CARGO_TARGET_DIR=/opt/rustwide/target" "-e" "CARGO_INCREMENTAL=0" "-e" "RUST_BACKTRACE=full" "-e" "RUSTFLAGS=--cap-lints=warn" "-e" "RUSTDOCFLAGS=--cap-lints=warn" "-w" "/opt/rustwide/workdir" "--user" "0:0" "9509631cbfb3c087621dfc3d8cea97f9b325a4f4dd30090cf1a36974c267ab66" "/opt/rustwide/cargo-home/bin/cargo" "+1.99.0-beta.8" "test" "--frozen" "--release", kill_on_drop: false }`
[INFO] [stderr]     Finished `release` profile [optimized] target(s) in 0.16s
[INFO] [stderr]      Running unittests src/lib.rs (/opt/rustwide/target/release/deps/context_builder-7f2ae5292bc64fe8)
[INFO] [stdout] 
[INFO] [stdout] running 305 tests
[INFO] [stdout] test cache::tests::test_cache_read_corrupted_file ... ok
[INFO] [stdout] test cache::tests::test_cache_read_nonexistent_file ... ok
[INFO] [stdout] test cache::tests::test_hash_config ... ok
[INFO] [stdout] test cache::tests::test_normalize_project_path_absolute ... ok
[INFO] [stdout] test cache::tests::test_cache_operations ... ok
[INFO] [stdout] test cache::tests::test_migrate_old_cache_preserves_new_files ... ok
[INFO] [stdout] test cache::tests::test_normalize_path_format ... ok
[INFO] [stdout] test cache::tests::test_normalize_project_path_relative ... ok
[INFO] [stdout] test cli::tests::help_documents_skip_policy ... ok
[INFO] [stdout] test cli::tests::defaults_for_options_when_not_provided ... ok
[INFO] [stdout] test cli::tests::ignore_comma_delimiter_splits_and_repeated_flags_append ... ok
[INFO] [stdout] test cli::tests::filter_help_documents_ripgrep_types ... ok
[INFO] [stdout] test cli::tests::output_flag_value_source_distinguishes_explicit_from_default ... ok
[INFO] [stdout] test cli::tests::ignore_help_documents_globs_paths_and_a_working_example ... ok
[INFO] [stdout] test cache::tests::test_different_configs_different_cache_files ... ok
[INFO] [stdout] test cache::tests::test_old_cache_migration ... ok
[INFO] [stdout] test cache::tests::test_cache_write_read_roundtrip ... ok
[INFO] [stdout] test cache::tests::test_hash_path ... ok
[INFO] [stdout] test cli::tests::parses_all_flags_and_options ... ok
[INFO] [stdout] test cli::tests::parses_clear_cache_flag ... ok
[INFO] [stdout] test cli::tests::parses_diff_only_flag ... ok
[INFO] [stdout] test cache::tests::test_hash_config_same_values ... ok
[INFO] [stdout] test cli::tests::parses_encoding_flag_with_default ... ok
[INFO] [stdout] test cli::tests::parses_file_metadata_flag ... ok
[INFO] [stdout] test cache::tests::test_cache_consistency_across_path_representations ... ok
[INFO] [stdout] test cli::tests::parses_signatures_flag ... ok
[INFO] [stdout] test cli::tests::rejects_invalid_enum_values ... ok
[INFO] [stdout] test cli::tests::parses_truncate_mode ... ok
[INFO] [stdout] test config::tests::config_default_implementation ... ok
[INFO] [stdout] test cli::tests::parses_visibility_filter ... ok
[INFO] [stdout] test cli::tests::parses_with_no_args ... ok
[INFO] [stdout] test config::tests::load_config_from_path_valid_config ... ok
[INFO] [stdout] test config::tests::load_config_from_path_nonexistent_file ... ok
[INFO] [stdout] test config::tests::load_config_from_path_partial_config ... ok
[INFO] [stdout] test config_resolver::tests::explicit_cli_default_value_overrides_config ... ok
[INFO] [stdout] test config::tests::load_config_invalid_toml_in_cwd ... ok
[INFO] [stdout] test config_resolver::tests::explicit_default_output_name_is_not_rewritten ... ok
[INFO] [stdout] test config::tests::load_config_nonexistent_file ... ok
[INFO] [stdout] test config::tests::load_config_valid_in_cwd ... ok
[INFO] [stdout] test config_resolver::tests::explicit_output_is_verbatim_absolute_and_relative ... ok
[INFO] [stdout] test config_resolver::tests::include_lockfiles_cli_wins_over_config ... ok
[INFO] [stdout] test config_resolver::tests::omitted_output_anchors_folder_at_project_root ... ok
[INFO] [stdout] test config_resolver::tests::stdout_output_bypasses_folder_and_timestamp ... ok
[INFO] [stdout] test config_resolver::tests::test_auto_diff_without_timestamping_warning ... ok
[INFO] [stdout] test cli::tests::parses_include_lockfiles_flag ... ok
[INFO] [stdout] test config::tests::load_config_from_path_invalid_toml ... ok
[INFO] [stdout] test cli::tests::parses_structure_flag ... ok
[INFO] [stdout] test cli::tests::parses_content_filter_flags ... ok
[INFO] [stdout] test config::tests::load_config_accepts_size_string_or_integer ... ok
[INFO] [stdout] test config_resolver::tests::test_config_applies_when_cli_uses_defaults ... ok
[INFO] [stdout] test config_resolver::tests::absolute_output_folder_is_not_rerooted ... ok
[INFO] [stdout] test config_resolver::tests::test_config_precedence_cli_over_config ... ok
[INFO] [stdout] test cli::tests::short_flags_parse_correctly ... ok
[INFO] [stdout] test config_resolver::tests::content_filter_config_precedence ... ok
[INFO] [stdout] test content_filter::tests::asset_extensions_are_sorted_and_unique ... ok
[INFO] [stdout] test config::tests::config_fingerprint_sensitivity ... ok
[INFO] [stdout] test config::tests::load_config_from_path_empty_config ... ok
[INFO] [stdout] test config_resolver::tests::relative_project_root_anchors_output_folder ... ok
[INFO] [stdout] test config_resolver::tests::test_no_config_uses_cli_defaults ... ok
[INFO] [stdout] test config_resolver::tests::test_output_folder_resolution ... ok
[INFO] [stdout] test config_resolver::tests::explicit_stdout_stays_stdout_with_folder_and_timestamp ... ok
[INFO] [stdout] test config_resolver::tests::test_output_folder_with_timestamping ... ok
[INFO] [stdout] test config_resolver::tests::file_metadata_cli_overrides_config_false ... ok
[INFO] [stdout] test config_resolver::tests::test_timestamped_output_resolution ... ok
[INFO] [stdout] test content_filter::tests::skipped_section_lists_path_and_reason ... ok
[INFO] [stdout] test diff::tests::added_file_diff ... ok
[INFO] [stdout] test content_filter::tests::parses_size_specifications ... ok
[INFO] [stdout] test diff::tests::include_unchanged_when_requested ... ok
[INFO] [stdout] test content_filter::tests::private_key_names_are_sorted ... ok
[INFO] [stdout] test content_filter::tests::skipped_list_uses_adaptive_inline_code_for_backticks ... ok
[INFO] [stdout] test diff::tests::added_file_fence_outgrows_four_backticks ... ok
[INFO] [stdout] test diff::tests::modified_file_diff ... ok
[INFO] [stdout] test diff::tests::diff_heading_escapes_backtick_in_path ... ok
[INFO] [stdout] test diff::tests::render_output_basic ... ok
[INFO] [stdout] test diff::tests::test_generate_diff_with_multiple_groups ... ok
[INFO] [stdout] test content_filter::tests::assets_are_skipped_unless_the_extension_is_filtered ... ok
[INFO] [stdout] test diff::tests::test_generate_diff_with_changes ... ok
[INFO] [stdout] test diff::tests::test_content_to_empty ... ok
[INFO] [stdout] test diff::tests::test_render_per_file_diffs_empty ... ok
[INFO] [stdout] test diff::tests::test_render_per_file_diffs_unchanged ... ok
[INFO] [stdout] test diff::tests::test_resolve_context_lines_explicit ... ok
[INFO] [stdout] test diff::tests::test_resolve_context_lines_zero_fallback ... ok
[INFO] [stdout] test diff::tests::test_unicode_content_diff ... ok
[INFO] [stdout] test diff::tests::test_unified_no_header_with_multiple_groups ... ok
[INFO] [stdout] test diff::tests::test_diff_with_windows_line_endings ... ok
[INFO] [stdout] test diff::tests::test_unified_no_header_with_windows_line_endings ... ok
[INFO] [stdout] test diff::tests::removed_file_diff ... ok
[INFO] [stdout] test diff::tests::test_resolve_context_lines_default ... ok
[INFO] [stdout] test diff::tests::unchanged_is_skipped ... ok
[INFO] [stdout] test content_filter::tests::each_secret_pattern_is_skipped_with_a_warning_and_templates_are_kept ... ok
[INFO] [stdout] test diff::tests::test_windows_line_endings ... ok
[INFO] [stdout] test content_filter::tests::env_references_are_not_credentials_in_npmrc_or_pypirc ... ok
[INFO] [stdout] test diff::tests::test_empty_to_content ... ok
[INFO] [stdout] test diff::tests::test_per_file_diff_is_changed ... ok
[INFO] [stdout] test content_filter::tests::size_limit_skips_and_zero_disables_it ... ok
[INFO] [stdout] test fences::tests::fence_is_at_least_three_and_longer_than_any_run ... ok
[INFO] [stdout] test diff::tests::test_empty_files ... ok
[INFO] [stdout] test diff::tests::test_generate_diff_identical_content ... ok
[INFO] [stdout] test diff::tests::test_render_per_file_diffs_without_trailing_newline ... ok
[INFO] [stdout] test fences::tests::closer_uses_the_open_fence_length ... ok
[INFO] [stdout] test fences::tests::indented_shorter_run_does_not_close_a_longer_fence ... ok
[INFO] [stdout] test fences::tests::inline_code_round_trips_commonmark ... ok
[INFO] [stdout] test file_utils::tests::collect_files_ignores_config_file ... ok
[INFO] [stdout] test file_utils::tests::anchored_auto_ignore_keeps_nested_same_basename ... ok
[INFO] [stdout] test file_utils::tests::collect_files_respects_ignores_for_dirs_and_files ... ok
[INFO] [stdout] test file_utils::tests::collect_files_no_matching_filters ... ok
[INFO] [stdout] test diff::tests::diff_fence_outgrows_inner_backticks ... ok
[INFO] [stdout] test fences::tests::fenced_block_preserves_body_and_grows ... ok
[INFO] [stdout] test file_utils::tests::collect_files_empty_directory ... ok
[INFO] [stdout] test diff::tests::test_multiline_modifications ... ok
[INFO] [stdout] test file_utils::tests::collect_files_respects_filters ... ok
[INFO] [stdout] test file_utils::tests::can_prompt_requires_stdin_and_stderr_terminals ... ok
[INFO] [stdout] test file_utils::tests::find_latest_file_empty_directory ... ok
[INFO] [stdout] test file_utils::tests::collect_files_unrecognized_filter_is_an_error ... ok
[INFO] [stdout] test file_utils::tests::find_latest_file_ignores_directories ... ok
[INFO] [stdout] test file_utils::tests::cmake_lists_txt_is_a_build_manifest ... ok
[INFO] [stdout] test file_utils::tests::collect_files_handles_invalid_ignore_pattern ... ok
[INFO] [stdout] test file_utils::tests::collect_files_normalizes_dotted_glob_and_case_filters ... ok
[INFO] [stdout] test file_utils::tests::find_latest_file_nonexistent_directory ... ok
[INFO] [stdout] test file_utils::tests::justfile_is_matched_case_insensitively ... ok
[INFO] [stdout] test file_utils::tests::find_latest_file_single_file ... ok
[INFO] [stdout] test file_utils::tests::new_manifests_are_category_0 ... ok
[INFO] [stdout] test file_utils::tests::nested_package_json_is_grouped_with_its_directory ... ok
[INFO] [stdout] test file_utils::tests::hidden_includes_cargo_config ... ok
[INFO] [stdout] test file_utils::tests::new_lockfiles_are_category_5 ... ok
[INFO] [stdout] test file_utils::tests::lockfiles_are_skipped_unless_opted_in ... ok
[INFO] [stdout] test file_utils::tests::root_readme_precedes_changelog_and_changelog_is_docs ... ok
[INFO] [stdout] test file_utils::tests::parent_gitignore_without_git_keeps_tree_files ... ok
[INFO] [stdout] test file_utils::tests::test_confirm_overwrite_function_exists ... ok
[INFO] [stdout] test file_utils::tests::test_collect_files_handles_permission_errors ... ok
[INFO] [stdout] test file_utils::tests::test_collect_files_with_symlinks ... ok
[INFO] [stdout] test file_utils::tests::skips_prior_auto_diff_report_but_not_near_misses ... ok
[INFO] [stdout] test file_utils::tests::skips_prior_report_header_but_not_near_misses ... ok
[INFO] [stdout] test file_utils::tests::find_latest_file_multiple_files ... ok
[INFO] [stdout] test file_utils::tests::hidden_files_stay_out_unless_requested_and_git_metadata_stays_out ... ok
[INFO] [stdout] test file_utils::tests::no_git_honors_gitignore_cachedir_tag_and_target ... ok
[INFO] [stdout] test file_utils::tests::test_file_relevance_ci_directories ... ok
[INFO] [stdout] test file_utils::tests::test_find_latest_file_permission_error ... ok
[INFO] [stdout] test file_utils::tests::test_file_relevance_category_lockfiles ... ok
[INFO] [stdout] test file_utils::tests::test_file_relevance_docs_scripts_dirs ... ok
[INFO] [stdout] test file_utils::tests::test_file_relevance_category_test_file_patterns ... ok
[INFO] [stdout] test file_utils::tests::pnpm_monorepo_leads_with_root_readme_and_manifest ... ok
[INFO] [stdout] test file_utils::tests::test_suffixes_are_detected_at_any_depth ... ok
[INFO] [stdout] test file_utils::tests::testdata_and_fixtures_directories_are_tests ... ok
[INFO] [stdout] test languages::tests::core_languages ... ok
[INFO] [stdout] test file_utils::tests::test_file_relevance_category_build_files_without_extension ... ok
[INFO] [stdout] test languages::tests::ts_family_folds_to_typescript ... ok
[INFO] [stdout] test languages::tests::js_family_folds_to_javascript_except_jsx ... ok
[INFO] [stdout] test file_utils::tests::gitdir_file_counts_as_a_repo ... ok
[INFO] [stdout] test file_utils::tests::test_file_relevance_category_benchmarks_in_src ... ok
[INFO] [stdout] test file_utils::tests::test_collect_files_with_auto_ignores ... ok
[INFO] [stdout] test file_utils::tests::test_file_relevance_various_source_extensions ... ok
[INFO] [stdout] test file_utils::tests::test_file_entry_point_priority_various_names ... ok
[INFO] [stdout] test file_utils::tests::hidden_walk_prunes_vcs_metadata_and_cachedir_tag_together ... ok
[INFO] [stdout] test languages::tests::unknown_extension_falls_back_to_raw ... ok
[INFO] [stdout] test markdown::tests::test_binary_sniff_rules ... ok
[INFO] [stdout] test languages::tests::shell_folds_to_bash ... ok
[INFO] [stdout] test markdown::tests::line_numbers_keep_a_fence_longer_than_inner_backticks ... ok
[INFO] [stdout] test markdown::tests::test_binary_file_handling ... ok
[INFO] [stdout] test markdown::tests::nested_fences_are_longer_than_the_inner_run_and_preserve_content ... ok
[INFO] [stdout] test markdown::tests::test_code_block_formatting ... ok
[INFO] [stdout] test markdown::tests::test_detect_text_encoding ... ok
[INFO] [stdout] test file_utils::tests::test_collect_files_config_files_priority ... ok
[INFO] [stdout] test markdown::tests::test_detect_text_encoding_shift_jis ... ok
[INFO] [stdout] test markdown::tests::test_detect_text_encoding_utf16 ... ok
[INFO] [stdout] test markdown::tests::test_embedded_nul_without_bom_is_binary ... ok
[INFO] [stdout] test file_utils::tests::type_filter_does_not_include_lockfiles ... ok
[INFO] [stdout] test markdown::tests::counting_writer_counts_bytes_and_flushes ... ok
[INFO] [stdout] test file_utils::tests::repo_root_gitignore_applies_inside_nested_project ... ok
[INFO] [stdout] test file_utils::tests::test_file_relevance_category_test_files_in_src ... ok
[INFO] [stdout] test markdown::tests::test_is_likely_text ... ok
[INFO] [stdout] test markdown::tests::test_latin1_text_still_transcoded ... ok
[INFO] [stdout] test markdown::tests::test_line_numbered_code_blocks ... ok
[INFO] [stdout] test markdown::tests::test_markdown_file_formatting ... ok
[INFO] [stdout] test markdown::tests::test_encoding_strategy_skip ... ok
[INFO] [stdout] test file_utils::tests::windows_style_separators_match_test_directories ... ok
[INFO] [stdout] test markdown::tests::test_encoding_detection_and_transcoding ... ok
[INFO] [stdout] test markdown::tests::test_ogg_and_flac_ascii_prefixes_are_binary ... ok
[INFO] [stdout] test markdown::tests::filename_with_backtick_uses_longer_inline_code ... ok
[INFO] [stdout] test markdown::tests::test_pdf_header_is_binary ... ok
[INFO] [stdout] test markdown::tests::test_png_header_is_binary ... ok
[INFO] [stdout] test markdown::tests::test_generate_markdown_with_ignores_list ... ok
[INFO] [stdout] test markdown::tests::test_mz_text_stays_text_and_pe_header_is_binary ... ok
[INFO] [stdout] test markdown::tests::test_process_file_java_cpp_extensions ... ok
[INFO] [stdout] test markdown::tests::test_generate_markdown_creates_output_directory ... ok
[INFO] [stdout] test markdown::tests::test_encoding_strategy_strict ... ok
[INFO] [stdout] test markdown::tests::test_process_file_jsx_tsx_extensions ... ok
[INFO] [stdout] test markdown::tests::test_process_file_various_lock_extensions ... ok
[INFO] [stdout] test markdown::tests::test_process_file_with_bom ... ok
[INFO] [stdout] test markdown::tests::test_process_file_with_metadata_error ... ok
[INFO] [stdout] test markdown::tests::test_process_file_with_seek_error_handling ... ok
[INFO] [stdout] test markdown::tests::test_process_file_with_multibyte_utf8 ... ok
[INFO] [stdout] test markdown::tests::test_generate_markdown_with_current_directory ... ok
[INFO] [stdout] test markdown::tests::test_truncate_byte_clamps_to_char_boundary ... ok
[INFO] [stdout] test markdown::tests::test_content_hash_reflects_output_options ... ok
[INFO] [stdout] test markdown::tests::test_transcode_file_content ... ok
[INFO] [stdout] test markdown::tests::test_generate_markdown_with_filters_and_ignores ... ok
[INFO] [stdout] test markdown::tests::test_write_text_content_without_line_numbers ... ok
[INFO] [stdout] test markdown::tests::test_write_text_content_with_line_numbers ... ok
[INFO] [stdout] test markdown::tests::test_write_text_content_without_trailing_newline ... ok
[INFO] [stdout] test markdown::tests::test_write_tree_sitter_enrichment_no_feature ... ok
[INFO] [stdout] test markdown::tests::test_process_file_empty_file ... ok
[INFO] [stdout] test state::tests::test_binary_file_handling ... ok
[INFO] [stdout] test markdown::tests::test_truncate_no_limit_emits_full_content ... ok
[INFO] [stdout] test markdown::tests::test_transcode_file_content_with_errors ... ok
[INFO] [stdout] test state::tests::content_hash_and_diff_ignore_mtime ... ok
[INFO] [stdout] test state::tests::test_binary_magic_with_valid_utf8_header_is_placeholder ... ok
[INFO] [stdout] test markdown::tests::test_truncate_smart_cuts_at_function_boundary ... ok
[INFO] [stdout] test markdown::tests::test_truncate_limit_above_content_no_marker ... ok
[INFO] [stdout] test state::tests::test_change_summary_no_changes ... ok
[INFO] [stdout] test state::tests::test_compute_config_hash_differences ... ok
[INFO] [stdout] test state::tests::test_change_summary_empty_outputs_nothing ... ok
[INFO] [stdout] test state::tests::test_change_summary_markdown ... ok
[INFO] [stdout] test state::tests::test_compute_config_hash_with_all_options ... ok
[INFO] [stdout] test state::tests::test_config_hash_generation ... ok
[INFO] [stdout] test markdown::tests::test_utf16le_bom_still_transcoded_as_text ... ok
[INFO] [stdout] test state::tests::test_project_metadata_with_filters_and_ignores ... ok
[INFO] [stdout] test markdown::tests::test_multibyte_char_split_by_sniff_boundary_stays_text ... ok
[INFO] [stdout] test state::tests::test_has_changes_different_file_count ... ok
[INFO] [stdout] test state::tests::test_file_state_creation ... ok
[INFO] [stdout] test state::tests::test_has_changes_identical_states ... ok
[INFO] [stdout] test state::tests::test_file_state_from_path_missing_file ... ok
[INFO] [stdout] test state::tests::test_from_files_with_config ... ok
[INFO] [stdout] test state::tests::test_change_summary_backtick_path ... ok
[INFO] [stdout] test state::tests::test_has_changes_content_different ... ok
[INFO] [stdout] test state::tests::test_project_name_extraction_from_path ... ok
[INFO] [stdout] test state::tests::test_project_state_timestamp_format ... ok
[INFO] [stdout] test tests::advice_line_pads_to_a_column_or_uses_two_spaces ... ok
[INFO] [stdout] test tests::auto_diff_content_fence_outgrows_inner_backticks ... ok
[INFO] [stdout] # Directory Structure Report
[INFO] [stdout] 
[INFO] [stdout] This document contains all files from the `/tmp/.tmp3A3BxU` directory, optimized for LLM consumption.
[INFO] [stdout] Content hash: 2a216deda23274d6
[INFO] [stdout] 
[INFO] [stdout] ## File Tree Structure
[INFO] [stdout] 
[INFO] [stdout] - 📄 a.txt
[INFO] [stdout] 
[INFO] [stdout] test tests::auto_diff_added_file_fence_outgrows_inner_backticks ... ok
[INFO] [stdout] 
[INFO] [stdout] ### File: `a.txt`
[INFO] [stdout] 
[INFO] [stdout] ```txt
[INFO] [stdout] a
[INFO] [stdout] ```
[INFO] [stdout] test markdown::tests::test_process_file_with_different_extensions ... ok
[INFO] [stdout] test state::tests::test_project_state_comparison ... ok
[INFO] [stdout] test state::tests::test_state_comparison_with_removed_files ... ok
[INFO] [stdout] test tests::test_auto_diff_cache_write_failure_handling ... ok
[INFO] [stdout] test tests::output_to_stdout_pipe_mode_succeeds ... ok
[INFO] [stdout] test tests::test_auto_diff_without_previous_state ... ok
[INFO] [stdout] test tests::test_context_window_suggestions_omit_filter_without_extensions ... ok
[INFO] [stdout] test tests::test_context_window_warning_over_limit ... ok
[INFO] [stdout] test tests::test_context_window_warning_under_limit ... ok
[INFO] [stdout] test tests::test_context_window_warning_with_max_tokens ... ok
[INFO] [stdout] test tests::test_context_window_suggestions_follow_detected_extensions ... ok
[INFO] [stdout] test tests::test_diff_config_custom ... ok
[INFO] [stdout] test tests::test_diff_config_default ... ok
[INFO] [stdout] test tests::empty_walk_and_unmatched_filters_still_succeed ... ok
[INFO] [stdout] test tests::test_detect_major_file_types ... ok
[INFO] [stdout] test tests::test_detect_major_file_types_empty_dir ... ok
[INFO] [stdout] test tests::test_generate_markdown_with_diff_and_ignores ... ok
[INFO] [stdout] test tests::test_generate_markdown_with_diff_line_numbers ... ok
[INFO] [stdout] test tests::test_init_config_already_exists ... ok
[INFO] [stdout] test tests::test_generate_markdown_with_diff_and_modifications ... ok
[INFO] [stdout] test tests::test_init_config_creates_new_file ... ok
[INFO] [stdout] test tests::test_generate_markdown_with_diff_no_comparison ... ok
[INFO] [stdout] test tests::test_print_context_window_warning_exact_limit ... ok
[INFO] [stdout] test tests::test_print_context_window_warning_various_sizes ... ok
[INFO] [stdout] test tests::test_run_creates_output_directory ... ok
[INFO] [stdout] test tests::test_run_with_args_nonexistent_directory ... ok
[INFO] [stdout] test tests::test_auto_diff_max_tokens_truncation ... ok
[INFO] [stdout] test tests::test_generate_markdown_with_diff_and_filters ... ok
[INFO] [stdout] test tests::test_run_with_args_large_file_warning ... FAILED
[INFO] [stdout] test tests::test_run_with_args_output_dir_creation_failure_is_handled ... ok
[INFO] [stdout] test tests::test_run_with_args_preview_only_token_count ... ok
[INFO] [stdout] test file_utils::tests::collect_files_keeps_ripgrep_type_expansion ... ok
[INFO] [stdout] test tests::test_run_with_args_token_count_mode ... ok
[INFO] [stdout] test tests::test_run_with_args_user_cancels_overwrite ... FAILED
[INFO] [stdout] test tests::test_run_with_args_preview_and_token_count ... ok
[INFO] [stdout] test tests::test_run_with_args_with_existing_output_file ... ok
[INFO] [stdout] test tests::test_diff_only_mode_with_added_files ... ok
[INFO] [stdout] test tests::test_run_with_args_with_yes_flag ... ok
[INFO] [stdout] test tests::test_auto_diff_with_changes ... ok
[INFO] [stdout] test token_count::tests::test_count_tree_tokens_empty_tree ... ok
[INFO] [stdout] test tests::test_auto_diff_config_hash_change ... ok
[INFO] [stdout] test tests::test_run_with_args_with_filters ... ok
[INFO] [stdout] test tests::test_run_with_args_with_ignores ... ok
[INFO] [stdout] test tests::test_run_with_args_multiple_files ... ok
[INFO] [stdout] test tests::test_run_with_args_preview_mode ... FAILED
[INFO] [stdout] test tests::test_run_with_args_many_files_does_not_prompt ... ok
[INFO] [stdout] test tests::skipped_section_counts_toward_token_estimate ... ok
[INFO] [stdout] test tree::tests::test_build_file_tree_absolute_path_fallback ... ok
[INFO] [stdout] test markdown::tests::test_render_truncated_to_fit_fits_or_none ... ok
[INFO] [stdout] test tree::tests::test_build_file_tree_empty ... ok
[INFO] [stdout] test markdown::tests::test_max_tokens_truncates_single_oversized_first_file ... ok
[INFO] [stdout] test markdown::tests::test_budget_truncates_crossing_file_instead_of_omitting ... ok
[INFO] [stdout] test markdown::tests::test_generate_markdown_max_tokens_budget ... ok
[INFO] [stdout] test tree::tests::test_build_file_tree_with_collected_files ... ok
[INFO] [stdout] test tree::tests::test_build_file_tree_nested_directories ... ok
[INFO] [stdout] test tree::tests::test_insert_path_empty_components ... ok
[INFO] [stdout] test tree::tests::test_build_file_tree_multiple_files_same_directory ... ok
[INFO] [stdout] test tree::tests::test_file_node_equality ... ok
[INFO] [stdout] test tree::tests::test_build_file_tree_single_file ... ok
[INFO] [stdout] test tree::tests::test_write_tree_to_file_with_depth ... ok
[INFO] [stdout] test tree::tests::test_write_tree_to_file ... ok
[INFO] [stdout] test tree::tests::test_build_file_tree_unicode_filenames ... ok
[INFO] [stdout] test tree_sitter::tests::test_no_tree_sitter_support ... ok
[INFO] [stdout] test tree::tests::test_write_tree_to_file_empty_tree ... ok
[INFO] [stdout] test token_count::tests::test_count_tree_tokens_nested_directories ... ok
[INFO] [stdout] test token_count::tests::test_token_estimation_format_consistency ... ok
[INFO] [stdout] test token_count::tests::test_count_tree_tokens ... ok
[INFO] [stdout] test token_count::tests::test_estimate_tokens_whitespace_only ... ok
[INFO] [stdout] test token_count::tests::test_count_file_tokens_with_line_numbers ... ok
[INFO] [stdout] test token_count::tests::test_count_file_tokens_unreadable_file ... ok
[INFO] [stdout] test token_count::tests::test_estimate_tokens_empty_string ... ok
[INFO] [stdout] test token_count::tests::test_encoding_default_and_parse ... ok
[INFO] [stdout] test token_count::tests::test_count_tree_tokens_mixed_content ... ok
[INFO] [stdout] test token_count::tests::test_estimate_tokens ... ok
[INFO] [stdout] test token_count::tests::test_estimate_tokens_unicode ... ok
[INFO] [stdout] 
[INFO] [stdout] failures:
[INFO] [stdout] 
[INFO] [stdout] ---- tests::test_run_with_args_large_file_warning stdout ----
[INFO] [stdout] 
[INFO] [stdout] thread 'tests::test_run_with_args_large_file_warning' (2568) panicked at src/lib.rs:2104:9:
[INFO] [stdout] assertion failed: result.is_ok()
[INFO] [stdout] stack backtrace:
[INFO] [stdout]    0:     0x587714b910d1 - <<std[70759c8f55707aa4]::sys::backtrace::BacktraceLock>::print::DisplayBacktrace as core[df12db4294e9bfd3]::fmt::Display>::fmt
[INFO] [stdout]    1:     0x587714ba9e9a - core[df12db4294e9bfd3]::fmt::write
[INFO] [stdout]    2:     0x587714b96f6c - <alloc[2182bb758b4b3781]::vec::Vec<u8> as core[df12db4294e9bfd3]::io::write::Write>::write_fmt
[INFO] [stdout]    3:     0x587714b69076 - std[70759c8f55707aa4]::panicking::default_hook::{closure#0}
[INFO] [stdout]    4:     0x587714b87869 - std[70759c8f55707aa4]::panicking::default_hook
[INFO] [stdout]    5:     0x587714956e50 - test[9d35eded1c95d3be]::test_main_inner::<test[9d35eded1c95d3be]::test_main_static::{closure#0}>::{closure#0}
[INFO] [stdout]    6:     0x587714b87b92 - std[70759c8f55707aa4]::panicking::panic_with_hook
[INFO] [stdout]    7:     0x587714b69154 - std[70759c8f55707aa4]::panicking::panic_handler::{closure#0}
[INFO] [stdout]    8:     0x587714b612a9 - std[70759c8f55707aa4]::sys::backtrace::__rust_end_short_backtrace::<std[70759c8f55707aa4]::panicking::panic_handler::{closure#0}, !>
[INFO] [stdout]    9:     0x587714b6a22d - __rustc[8fa7c3cbc660c2b3]::rust_begin_unwind
[INFO] [stdout]   10:     0x587714baa6bc - core[df12db4294e9bfd3]::panicking::panic_fmt
[INFO] [stdout]   11:     0x587714baa682 - core[df12db4294e9bfd3]::panicking::panic
[INFO] [stdout]   12:     0x5877148e82f3 - context_builder[6b23bec01971ee71]::tests::test_run_with_args_large_file_warning
[INFO] [stdout]   13:     0x587714894ae9 - <context_builder[6b23bec01971ee71]::tests::test_run_with_args_large_file_warning::{closure#0} as core[df12db4294e9bfd3]::ops::function::FnOnce<()>>::call_once
[INFO] [stdout]   14:     0x58771494a13b - test[9d35eded1c95d3be]::__rust_begin_short_backtrace::<core[df12db4294e9bfd3]::result::Result<(), alloc[2182bb758b4b3781]::string::String>, fn() -> core[df12db4294e9bfd3]::result::Result<(), alloc[2182bb758b4b3781]::string::String>>
[INFO] [stdout]   15:     0x5877149577a5 - test[9d35eded1c95d3be]::run_test::{closure#0}
[INFO] [stdout]   16:     0x587714951064 - std[70759c8f55707aa4]::sys::backtrace::__rust_begin_short_backtrace::<test[9d35eded1c95d3be]::run_test::{closure#1}, ()>
[INFO] [stdout]   17:     0x58771495a902 - <std[70759c8f55707aa4]::thread::lifecycle::spawn_unchecked<test[9d35eded1c95d3be]::run_test::{closure#1}, ()>::{closure#1} as core[df12db4294e9bfd3]::ops::function::FnOnce<()>>::call_once::{shim:vtable#0}
[INFO] [stdout]   18:     0x587714b900e9 - <std[70759c8f55707aa4]::sys::thread::unix::Thread>::new::thread_start
[INFO] [stdout]   19:     0x7da58f21edfa - <unknown>
[INFO] [stdout]   20:     0x7da58f2b23d4 - clone
[INFO] [stdout]   21:                0x0 - <unknown>
[INFO] [stdout] 
[INFO] [stdout] ---- tests::test_run_with_args_user_cancels_overwrite stdout ----
[INFO] [stdout] 
[INFO] [stdout] thread 'tests::test_run_with_args_user_cancels_overwrite' (2578) panicked at src/lib.rs:1542:9:
[INFO] [stdout] assertion failed: result.unwrap_err().to_string().contains("cancelled")
[INFO] [stdout] stack backtrace:
[INFO] [stdout]    0:     0x587714b910d1 - <<std[70759c8f55707aa4]::sys::backtrace::BacktraceLock>::print::DisplayBacktrace as core[df12db4294e9bfd3]::fmt::Display>::fmt
[INFO] [stdout]    1:     0x587714ba9e9a - core[df12db4294e9bfd3]::fmt::write
[INFO] [stdout]    2:     0x587714b96f6c - <alloc[2182bb758b4b3781]::vec::Vec<u8> as core[df12db4294e9bfd3]::io::write::Write>::write_fmt
[INFO] [stdout]    3:     0x587714b69076 - std[70759c8f55707aa4]::panicking::default_hook::{closure#0}
[INFO] [stdout]    4:     0x587714b87869 - std[70759c8f55707aa4]::panicking::default_hook
[INFO] [stdout]    5:     0x587714956e50 - test[9d35eded1c95d3be]::test_main_inner::<test[9d35eded1c95d3be]::test_main_static::{closure#0}>::{closure#0}
[INFO] [stdout]    6:     0x587714b87b92 - std[70759c8f55707aa4]::panicking::panic_with_hook
[INFO] [stdout]    7:     0x587714b69154 - std[70759c8f55707aa4]::panicking::panic_handler::{closure#0}
[INFO] [stdout]    8:     0x587714b612a9 - std[70759c8f55707aa4]::sys::backtrace::__rust_end_short_backtrace::<std[70759c8f55707aa4]::panicking::panic_handler::{closure#0}, !>
[INFO] [stdout]    9:     0x587714b6a22d - __rustc[8fa7c3cbc660c2b3]::rust_begin_unwind
[INFO] [stdout]   10:     0x587714baa6bc - core[df12db4294e9bfd3]::panicking::panic_fmt
[INFO] [stdout]   11:     0x587714baa682 - core[df12db4294e9bfd3]::panicking::panic
[INFO] [stdout]   12:     0x5877148e957e - context_builder[6b23bec01971ee71]::tests::test_run_with_args_user_cancels_overwrite
[INFO] [stdout]   13:     0x587714894bf9 - <context_builder[6b23bec01971ee71]::tests::test_run_with_args_user_cancels_overwrite::{closure#0} as core[df12db4294e9bfd3]::ops::function::FnOnce<()>>::call_once
[INFO] [stdout]   14:     0x58771494a13b - test[9d35eded1c95d3be]::__rust_begin_short_backtrace::<core[df12db4294e9bfd3]::result::Result<(), alloc[2182bb758b4b3781]::string::String>, fn() -> core[df12db4294e9bfd3]::result::Result<(), alloc[2182bb758b4b3781]::string::String>>
[INFO] [stdout]   15:     0x5877149577a5 - test[9d35eded1c95d3be]::run_test::{closure#0}
[INFO] [stdout]   16:     0x587714951064 - std[70759c8f55707aa4]::sys::backtrace::__rust_begin_short_backtrace::<test[9d35eded1c95d3be]::run_test::{closure#1}, ()>
[INFO] [stdout]   17:     0x58771495a902 - <std[70759c8f55707aa4]::thread::lifecycle::spawn_unchecked<test[9d35eded1c95d3be]::run_test::{closure#1}, ()>::{closure#1} as core[df12db4294e9bfd3]::ops::function::FnOnce<()>>::call_once::{shim:vtable#0}
[INFO] [stdout]   18:     0x587714b900e9 - <std[70759c8f55707aa4]::sys::thread::unix::Thread>::new::thread_start
[INFO] [stdout]   19:     0x7da58f21edfa - <unknown>
[INFO] [stdout]   20:     0x7da58f2b23d4 - clone
[INFO] [stdout]   21:                0x0 - <unknown>
[INFO] [stdout] 
[INFO] [stdout] ---- tests::test_run_with_args_preview_mode stdout ----
[INFO] [stdout] 
[INFO] [stdout] thread 'tests::test_run_with_args_preview_mode' (2575) panicked at src/lib.rs:1390:9:
[INFO] [stdout] assertion failed: result.is_ok()
[INFO] [stdout] stack backtrace:
[INFO] [stdout]    0:     0x587714b910d1 - <<std[70759c8f55707aa4]::sys::backtrace::BacktraceLock>::print::DisplayBacktrace as core[df12db4294e9bfd3]::fmt::Display>::fmt
[INFO] [stdout]    1:     0x587714ba9e9a - core[df12db4294e9bfd3]::fmt::write
[INFO] [stdout]    2:     0x587714b96f6c - <alloc[2182bb758b4b3781]::vec::Vec<u8> as core[df12db4294e9bfd3]::io::write::Write>::write_fmt
[INFO] [stdout]    3:     0x587714b69076 - std[70759c8f55707aa4]::panicking::default_hook::{closure#0}
[INFO] [stdout]    4:     0x587714b87869 - std[70759c8f55707aa4]::panicking::default_hook
[INFO] [stdout]    5:     0x587714956e50 - test[9d35eded1c95d3be]::test_main_inner::<test[9d35eded1c95d3be]::test_main_static::{closure#0}>::{closure#0}
[INFO] [stdout]    6:     0x587714b87b92 - std[70759c8f55707aa4]::panicking::panic_with_hook
[INFO] [stdout]    7:     0x587714b69154 - std[70759c8f55707aa4]::panicking::panic_handler::{closure#0}
[INFO] [stdout]    8:     0x587714b612a9 - std[70759c8f55707aa4]::sys::backtrace::__rust_end_short_backtrace::<std[70759c8f55707aa4]::panicking::panic_handler::{closure#0}, !>
[INFO] [stdout]    9:     0x587714b6a22d - __rustc[8fa7c3cbc660c2b3]::rust_begin_unwind
[INFO] [stdout]   10:     0x587714baa6bc - core[df12db4294e9bfd3]::panicking::panic_fmt
[INFO] [stdout]   11:     0x587714baa682 - core[df12db4294e9bfd3]::panicking::panic
[INFO] [stdout]   12:     0x5877148df6ef - context_builder[6b23bec01971ee71]::tests::test_run_with_args_preview_mode
[INFO] [stdout]   13:     0x5877148948e9 - <context_builder[6b23bec01971ee71]::tests::test_run_with_args_preview_mode::{closure#0} as core[df12db4294e9bfd3]::ops::function::FnOnce<()>>::call_once
[INFO] [stdout]   14:     0x58771494a13b - test[9d35eded1c95d3be]::__rust_begin_short_backtrace::<core[df12db4294e9bfd3]::result::Result<(), alloc[2182bb758b4b3781]::string::String>, fn() -> core[df12db4294e9bfd3]::result::Result<(), alloc[2182bb758b4b3781]::string::String>>
[INFO] [stdout]   15:     0x5877149577a5 - test[9d35eded1c95d3be]::run_test::{closure#0}
[INFO] [stdout]   16:     0x587714951064 - std[70759c8f55707aa4]::sys::backtrace::__rust_begin_short_backtrace::<test[9d35eded1c95d3be]::run_test::{closure#1}, ()>
[INFO] [stdout]   17:     0x58771495a902 - <std[70759c8f55707aa4]::thread::lifecycle::spawn_unchecked<test[9d35eded1c95d3be]::run_test::{closure#1}, ()>::{closure#1} as core[df12db4294e9bfd3]::ops::function::FnOnce<()>>::call_once::{shim:vtable#0}
[INFO] [stdout]   18:     0x587714b900e9 - <std[70759c8f55707aa4]::sys::thread::unix::Thread>::new::thread_start
[INFO] [stdout]   19:     0x7da58f21edfa - <unknown>
[INFO] [stdout]   20:     0x7da58f2b23d4 - clone
[INFO] [stdout]   21:                0x0 - <unknown>
[INFO] [stdout] 
[INFO] [stdout] 
[INFO] [stdout] failures:
[INFO] [stdout]     tests::test_run_with_args_large_file_warning
[INFO] [stdout]     tests::test_run_with_args_preview_mode
[INFO] [stdout]     tests::test_run_with_args_user_cancels_overwrite
[INFO] [stdout] 
[INFO] [stdout] test result: FAILED. 302 passed; 3 failed; 0 ignored; 0 measured; 0 filtered out; finished in 0.46s
[INFO] [stdout] 
[INFO] [stderr] error: test failed, to rerun pass `--lib`
[INFO] running `Command { std: "docker" "inspect" "9509631cbfb3c087621dfc3d8cea97f9b325a4f4dd30090cf1a36974c267ab66", kill_on_drop: false }`
[INFO] running `Command { std: "docker" "rm" "-f" "9509631cbfb3c087621dfc3d8cea97f9b325a4f4dd30090cf1a36974c267ab66", kill_on_drop: false }`
[INFO] [stdout] 9509631cbfb3c087621dfc3d8cea97f9b325a4f4dd30090cf1a36974c267ab66
